{"id":16,"date":"2018-01-24T14:30:10","date_gmt":"2018-01-24T12:30:10","guid":{"rendered":"https:\/\/blogit.gradia.fi\/yhdessaenemman\/?page_id=16"},"modified":"2018-02-16T13:03:16","modified_gmt":"2018-02-16T11:03:16","slug":"gradia-tyoelama-ja-yritypalvelut","status":"publish","type":"page","link":"https:\/\/blogit.gradia.fi\/yhdessaenemman\/gradia-tyoelama-ja-yritypalvelut\/","title":{"rendered":"Gradia Ty\u00f6el\u00e4m\u00e4- ja yrityspalvelut"},"content":{"rendered":"<p style=\"text-align: left;\">Yhdess\u00e4 enemm\u00e4n.<\/p>\n<p><img loading=\"lazy\" decoding=\"async\" class=\"aligncenter wp-image-60 size-full\" src=\"https:\/\/blogit.gradia.fi\/yhdessaenemman\/wp-content\/uploads\/sites\/17\/2018\/01\/gradia-tyo\u0308ryhma\u0308-uusi-web-1500px.jpg\" alt=\"\" width=\"1500\" height=\"911\" srcset=\"https:\/\/blogit.gradia.fi\/yhdessaenemman\/wp-content\/uploads\/sites\/17\/2018\/01\/gradia-tyo\u0308ryhma\u0308-uusi-web-1500px.jpg 1500w, https:\/\/blogit.gradia.fi\/yhdessaenemman\/wp-content\/uploads\/sites\/17\/2018\/01\/gradia-tyo\u0308ryhma\u0308-uusi-web-1500px-300x182.jpg 300w, https:\/\/blogit.gradia.fi\/yhdessaenemman\/wp-content\/uploads\/sites\/17\/2018\/01\/gradia-tyo\u0308ryhma\u0308-uusi-web-1500px-768x466.jpg 768w, https:\/\/blogit.gradia.fi\/yhdessaenemman\/wp-content\/uploads\/sites\/17\/2018\/01\/gradia-tyo\u0308ryhma\u0308-uusi-web-1500px-1024x622.jpg 1024w\" sizes=\"auto, (max-width: 1500px) 100vw, 1500px\" \/><\/p>\n<p style=\"text-align: left;\">Gradia ty\u00f6el\u00e4m\u00e4-ja yrityspalvelut tarjoavat yrityksesi kasvun tueksi koko ammatillisen koulutuksen laajan koulutustarjonnan sek\u00e4 asiakaskohtaiset r\u00e4\u00e4t\u00e4l\u00f6idyt osaamisen kehitt\u00e4misen ratkaisut.<\/p>\n<p>T\u00e4ss\u00e4 blogissa esittelemme asiakaskokemuksia sek\u00e4 ajankohtaisia n\u00e4k\u00f6kulmia.<\/p>\n<p>Kasvetaan yhdess\u00e4.<\/p>\n<p>&nbsp;<\/p>\n<p>&nbsp;<\/p>\n<p>&nbsp;<\/p>\n","protected":false},"excerpt":{"rendered":"<p>Yhdess\u00e4 enemm\u00e4n. Gradia ty\u00f6el\u00e4m\u00e4-ja yrityspalvelut tarjoavat yrityksesi kasvun tueksi koko ammatillisen koulutuksen laajan koulutustarjonnan sek\u00e4 asiakaskohtaiset r\u00e4\u00e4t\u00e4l\u00f6idyt osaamisen kehitt\u00e4misen ratkaisut. T\u00e4ss\u00e4 blogissa esittelemme asiakaskokemuksia sek\u00e4 ajankohtaisia n\u00e4k\u00f6kulmia. Kasvetaan yhdess\u00e4. &nbsp; &nbsp; &nbsp;<\/p>\n","protected":false},"author":109,"featured_media":0,"parent":0,"menu_order":0,"comment_status":"closed","ping_status":"closed","template":"","meta":{"_uag_custom_page_level_css":"","footnotes":""},"class_list":["post-16","page","type-page","status-publish","hentry"],"yoast_head":"<!-- This site is optimized with the Yoast SEO plugin v27.5 - https:\/\/yoast.com\/product\/yoast-seo-wordpress\/ -->\n<title>Gradia Ty\u00f6el\u00e4m\u00e4- ja yrityspalvelut - Yhdess\u00e4 enemm\u00e4n<\/title>\n<meta name=\"robots\" content=\"index, follow, max-snippet:-1, max-image-preview:large, max-video-preview:-1\" \/>\n<link rel=\"canonical\" href=\"https:\/\/blogit.gradia.fi\/yhdessaenemman\/gradia-tyoelama-ja-yritypalvelut\/\" \/>\n<meta property=\"og:locale\" content=\"fi_FI\" \/>\n<meta property=\"og:type\" content=\"article\" \/>\n<meta property=\"og:title\" content=\"Gradia Ty\u00f6el\u00e4m\u00e4- ja yrityspalvelut - Yhdess\u00e4 enemm\u00e4n\" \/>\n<meta property=\"og:description\" content=\"Yhdess\u00e4 enemm\u00e4n. Gradia ty\u00f6el\u00e4m\u00e4-ja yrityspalvelut tarjoavat yrityksesi kasvun tueksi koko ammatillisen koulutuksen laajan koulutustarjonnan sek\u00e4 asiakaskohtaiset r\u00e4\u00e4t\u00e4l\u00f6idyt osaamisen kehitt\u00e4misen ratkaisut. T\u00e4ss\u00e4 blogissa esittelemme asiakaskokemuksia sek\u00e4 ajankohtaisia n\u00e4k\u00f6kulmia. Kasvetaan yhdess\u00e4. &nbsp; &nbsp; &nbsp;\" \/>\n<meta property=\"og:url\" content=\"https:\/\/blogit.gradia.fi\/yhdessaenemman\/gradia-tyoelama-ja-yritypalvelut\/\" \/>\n<meta property=\"og:site_name\" content=\"Yhdess\u00e4 enemm\u00e4n\" \/>\n<meta property=\"article:modified_time\" content=\"2018-02-16T11:03:16+00:00\" \/>\n<meta property=\"og:image\" content=\"https:\/\/blogit.gradia.fi\/yhdessaenemman\/wp-content\/uploads\/sites\/17\/2018\/01\/gradia-tyo\u0308ryhma\u0308-uusi-web-1500px.jpg\" \/>\n<meta name=\"twitter:card\" content=\"summary_large_image\" \/>\n<script type=\"application\/ld+json\" class=\"yoast-schema-graph\">{\"@context\":\"https:\\\/\\\/schema.org\",\"@graph\":[{\"@type\":\"WebPage\",\"@id\":\"https:\\\/\\\/blogit.gradia.fi\\\/yhdessaenemman\\\/gradia-tyoelama-ja-yritypalvelut\\\/\",\"url\":\"https:\\\/\\\/blogit.gradia.fi\\\/yhdessaenemman\\\/gradia-tyoelama-ja-yritypalvelut\\\/\",\"name\":\"Gradia Ty\u00f6el\u00e4m\u00e4- ja yrityspalvelut - Yhdess\u00e4 enemm\u00e4n\",\"isPartOf\":{\"@id\":\"https:\\\/\\\/blogit.gradia.fi\\\/yhdessaenemman\\\/#website\"},\"datePublished\":\"2018-01-24T12:30:10+00:00\",\"dateModified\":\"2018-02-16T11:03:16+00:00\",\"breadcrumb\":{\"@id\":\"https:\\\/\\\/blogit.gradia.fi\\\/yhdessaenemman\\\/gradia-tyoelama-ja-yritypalvelut\\\/#breadcrumb\"},\"inLanguage\":\"fi\",\"potentialAction\":[{\"@type\":\"ReadAction\",\"target\":[\"https:\\\/\\\/blogit.gradia.fi\\\/yhdessaenemman\\\/gradia-tyoelama-ja-yritypalvelut\\\/\"]}]},{\"@type\":\"BreadcrumbList\",\"@id\":\"https:\\\/\\\/blogit.gradia.fi\\\/yhdessaenemman\\\/gradia-tyoelama-ja-yritypalvelut\\\/#breadcrumb\",\"itemListElement\":[{\"@type\":\"ListItem\",\"position\":1,\"name\":\"Home\",\"item\":\"https:\\\/\\\/blogit.gradia.fi\\\/yhdessaenemman\\\/\"},{\"@type\":\"ListItem\",\"position\":2,\"name\":\"Gradia Ty\u00f6el\u00e4m\u00e4- ja yrityspalvelut\"}]},{\"@type\":\"WebSite\",\"@id\":\"https:\\\/\\\/blogit.gradia.fi\\\/yhdessaenemman\\\/#website\",\"url\":\"https:\\\/\\\/blogit.gradia.fi\\\/yhdessaenemman\\\/\",\"name\":\"Yhdess\u00e4 enemm\u00e4n\",\"description\":\"Gradia Ty\u00f6el\u00e4m\u00e4- ja yrityspalvelut kumppaninasi\",\"potentialAction\":[{\"@type\":\"SearchAction\",\"target\":{\"@type\":\"EntryPoint\",\"urlTemplate\":\"https:\\\/\\\/blogit.gradia.fi\\\/yhdessaenemman\\\/?s={search_term_string}\"},\"query-input\":{\"@type\":\"PropertyValueSpecification\",\"valueRequired\":true,\"valueName\":\"search_term_string\"}}],\"inLanguage\":\"fi\"}]}<\/script>\n<!-- \/ Yoast SEO plugin. -->","yoast_head_json":{"title":"Gradia Ty\u00f6el\u00e4m\u00e4- ja yrityspalvelut - Yhdess\u00e4 enemm\u00e4n","robots":{"index":"index","follow":"follow","max-snippet":"max-snippet:-1","max-image-preview":"max-image-preview:large","max-video-preview":"max-video-preview:-1"},"canonical":"https:\/\/blogit.gradia.fi\/yhdessaenemman\/gradia-tyoelama-ja-yritypalvelut\/","og_locale":"fi_FI","og_type":"article","og_title":"Gradia Ty\u00f6el\u00e4m\u00e4- ja yrityspalvelut - Yhdess\u00e4 enemm\u00e4n","og_description":"Yhdess\u00e4 enemm\u00e4n. Gradia ty\u00f6el\u00e4m\u00e4-ja yrityspalvelut tarjoavat yrityksesi kasvun tueksi koko ammatillisen koulutuksen laajan koulutustarjonnan sek\u00e4 asiakaskohtaiset r\u00e4\u00e4t\u00e4l\u00f6idyt osaamisen kehitt\u00e4misen ratkaisut. T\u00e4ss\u00e4 blogissa esittelemme asiakaskokemuksia sek\u00e4 ajankohtaisia n\u00e4k\u00f6kulmia. Kasvetaan yhdess\u00e4. &nbsp; &nbsp; &nbsp;","og_url":"https:\/\/blogit.gradia.fi\/yhdessaenemman\/gradia-tyoelama-ja-yritypalvelut\/","og_site_name":"Yhdess\u00e4 enemm\u00e4n","article_modified_time":"2018-02-16T11:03:16+00:00","og_image":[{"url":"https:\/\/blogit.gradia.fi\/yhdessaenemman\/wp-content\/uploads\/sites\/17\/2018\/01\/gradia-tyo\u0308ryhma\u0308-uusi-web-1500px.jpg","type":"","width":"","height":""}],"twitter_card":"summary_large_image","schema":{"@context":"https:\/\/schema.org","@graph":[{"@type":"WebPage","@id":"https:\/\/blogit.gradia.fi\/yhdessaenemman\/gradia-tyoelama-ja-yritypalvelut\/","url":"https:\/\/blogit.gradia.fi\/yhdessaenemman\/gradia-tyoelama-ja-yritypalvelut\/","name":"Gradia Ty\u00f6el\u00e4m\u00e4- ja yrityspalvelut - Yhdess\u00e4 enemm\u00e4n","isPartOf":{"@id":"https:\/\/blogit.gradia.fi\/yhdessaenemman\/#website"},"datePublished":"2018-01-24T12:30:10+00:00","dateModified":"2018-02-16T11:03:16+00:00","breadcrumb":{"@id":"https:\/\/blogit.gradia.fi\/yhdessaenemman\/gradia-tyoelama-ja-yritypalvelut\/#breadcrumb"},"inLanguage":"fi","potentialAction":[{"@type":"ReadAction","target":["https:\/\/blogit.gradia.fi\/yhdessaenemman\/gradia-tyoelama-ja-yritypalvelut\/"]}]},{"@type":"BreadcrumbList","@id":"https:\/\/blogit.gradia.fi\/yhdessaenemman\/gradia-tyoelama-ja-yritypalvelut\/#breadcrumb","itemListElement":[{"@type":"ListItem","position":1,"name":"Home","item":"https:\/\/blogit.gradia.fi\/yhdessaenemman\/"},{"@type":"ListItem","position":2,"name":"Gradia Ty\u00f6el\u00e4m\u00e4- ja yrityspalvelut"}]},{"@type":"WebSite","@id":"https:\/\/blogit.gradia.fi\/yhdessaenemman\/#website","url":"https:\/\/blogit.gradia.fi\/yhdessaenemman\/","name":"Yhdess\u00e4 enemm\u00e4n","description":"Gradia Ty\u00f6el\u00e4m\u00e4- ja yrityspalvelut kumppaninasi","potentialAction":[{"@type":"SearchAction","target":{"@type":"EntryPoint","urlTemplate":"https:\/\/blogit.gradia.fi\/yhdessaenemman\/?s={search_term_string}"},"query-input":{"@type":"PropertyValueSpecification","valueRequired":true,"valueName":"search_term_string"}}],"inLanguage":"fi"}]}},"uagb_featured_image_src":{"full":false,"thumbnail":false,"medium":false,"medium_large":false,"large":false,"1536x1536":false,"2048x2048":false,"post-thumbnail":false,"twentyfourteen-full-width":false},"uagb_author_info":{"display_name":"Riikka \u00c5lander","author_link":"https:\/\/blogit.gradia.fi\/yhdessaenemman\/author\/ao184244\/"},"uagb_comment_info":0,"uagb_excerpt":"Yhdess\u00e4 enemm\u00e4n. Gradia ty\u00f6el\u00e4m\u00e4-ja yrityspalvelut tarjoavat yrityksesi kasvun tueksi koko ammatillisen koulutuksen laajan koulutustarjonnan sek\u00e4 asiakaskohtaiset r\u00e4\u00e4t\u00e4l\u00f6idyt osaamisen kehitt\u00e4misen ratkaisut. T\u00e4ss\u00e4 blogissa esittelemme asiakaskokemuksia sek\u00e4 ajankohtaisia n\u00e4k\u00f6kulmia. Kasvetaan yhdess\u00e4. &nbsp; &nbsp; &nbsp;","_links":{"self":[{"href":"https:\/\/blogit.gradia.fi\/yhdessaenemman\/wp-json\/wp\/v2\/pages\/16","targetHints":{"allow":["GET"]}}],"collection":[{"href":"https:\/\/blogit.gradia.fi\/yhdessaenemman\/wp-json\/wp\/v2\/pages"}],"about":[{"href":"https:\/\/blogit.gradia.fi\/yhdessaenemman\/wp-json\/wp\/v2\/types\/page"}],"author":[{"embeddable":true,"href":"https:\/\/blogit.gradia.fi\/yhdessaenemman\/wp-json\/wp\/v2\/users\/109"}],"replies":[{"embeddable":true,"href":"https:\/\/blogit.gradia.fi\/yhdessaenemman\/wp-json\/wp\/v2\/comments?post=16"}],"version-history":[{"count":0,"href":"https:\/\/blogit.gradia.fi\/yhdessaenemman\/wp-json\/wp\/v2\/pages\/16\/revisions"}],"wp:attachment":[{"href":"https:\/\/blogit.gradia.fi\/yhdessaenemman\/wp-json\/wp\/v2\/media?parent=16"}],"curies":[{"name":"wp","href":"https:\/\/api.w.org\/{rel}","templated":true}]}}

Gradia Työelämä- ja yrityspalvelut

<p style="text-align: left;">Yhdessä enemmän.</p>
<p><img loading="lazy" decoding="async" class="aligncenter wp-image-60 size-full" src="https://blogit.gradia.fi/yhdessaenemman/wp-content/uploads/sites/17/2018/01/gradia-työryhmä-uusi-web-1500px.jpg" alt="" width="1500" height="911" srcset="https://blogit.gradia.fi/yhdessaenemman/wp-content/uploads/sites/17/2018/01/gradia-työryhmä-uusi-web-1500px.jpg 1500w, https://blogit.gradia.fi/yhdessaenemman/wp-content/uploads/sites/17/2018/01/gradia-työryhmä-uusi-web-1500px-300x182.jpg 300w, https://blogit.gradia.fi/yhdessaenemman/wp-content/uploads/sites/17/2018/01/gradia-työryhmä-uusi-web-1500px-768x466.jpg 768w, https://blogit.gradia.fi/yhdessaenemman/wp-content/uploads/sites/17/2018/01/gradia-työryhmä-uusi-web-1500px-1024x622.jpg 1024w" sizes="auto, (max-width: 1500px) 100vw, 1500px" /></p>
<p style="text-align: left;">Gradia työelämä-ja yrityspalvelut tarjoavat yrityksesi kasvun tueksi koko ammatillisen koulutuksen laajan koulutustarjonnan sekä asiakaskohtaiset räätälöidyt osaamisen kehittämisen ratkaisut.</p>
<p>Tässä blogissa esittelemme asiakaskokemuksia sekä ajankohtaisia näkökulmia.</p>
<p>Kasvetaan yhdessä.</p>
<p>&nbsp;</p>
<p>&nbsp;</p>
<p>&nbsp;</p>

<p>Yhdessä enemmän. Gradia työelämä-ja yrityspalvelut tarjoavat yrityksesi kasvun tueksi koko ammatillisen koulutuksen laajan koulutustarjonnan sekä asiakaskohtaiset räätälöidyt osaamisen kehittämisen ratkaisut. Tässä blogissa esittelemme asiakaskokemuksia sekä ajankohtaisia näkökulmia. Kasvetaan yhdessä. &nbsp; &nbsp; &nbsp;</p>

<!-- This site is optimized with the Yoast SEO plugin v27.5 - https://yoast.com/product/yoast-seo-wordpress/ -->
<title>Gradia Työelämä- ja yrityspalvelut - Yhdessä enemmän</title>
<meta name="robots" content="index, follow, max-snippet:-1, max-image-preview:large, max-video-preview:-1" />
<link rel="canonical" href="https://blogit.gradia.fi/yhdessaenemman/gradia-tyoelama-ja-yritypalvelut/" />
<meta property="og:locale" content="fi_FI" />
<meta property="og:type" content="article" />
<meta property="og:title" content="Gradia Työelämä- ja yrityspalvelut - Yhdessä enemmän" />
<meta property="og:description" content="Yhdessä enemmän. Gradia työelämä-ja yrityspalvelut tarjoavat yrityksesi kasvun tueksi koko ammatillisen koulutuksen laajan koulutustarjonnan sekä asiakaskohtaiset räätälöidyt osaamisen kehittämisen ratkaisut. Tässä blogissa esittelemme asiakaskokemuksia sekä ajankohtaisia näkökulmia. Kasvetaan yhdessä. &nbsp; &nbsp; &nbsp;" />
<meta property="og:url" content="https://blogit.gradia.fi/yhdessaenemman/gradia-tyoelama-ja-yritypalvelut/" />
<meta property="og:site_name" content="Yhdessä enemmän" />
<meta property="article:modified_time" content="2018-02-16T11:03:16+00:00" />
<meta property="og:image" content="https://blogit.gradia.fi/yhdessaenemman/wp-content/uploads/sites/17/2018/01/gradia-työryhmä-uusi-web-1500px.jpg" />
<meta name="twitter:card" content="summary_large_image" />
<script type="application/ld+json" class="yoast-schema-graph">{"@context":"https:\/\/schema.org","@graph":[{"@type":"WebPage","@id":"https:\/\/blogit.gradia.fi\/yhdessaenemman\/gradia-tyoelama-ja-yritypalvelut\/","url":"https:\/\/blogit.gradia.fi\/yhdessaenemman\/gradia-tyoelama-ja-yritypalvelut\/","name":"Gradia Työelämä- ja yrityspalvelut - Yhdessä enemmän","isPartOf":{"@id":"https:\/\/blogit.gradia.fi\/yhdessaenemman\/#website"},"datePublished":"2018-01-24T12:30:10+00:00","dateModified":"2018-02-16T11:03:16+00:00","breadcrumb":{"@id":"https:\/\/blogit.gradia.fi\/yhdessaenemman\/gradia-tyoelama-ja-yritypalvelut\/#breadcrumb"},"inLanguage":"fi","potentialAction":[{"@type":"ReadAction","target":["https:\/\/blogit.gradia.fi\/yhdessaenemman\/gradia-tyoelama-ja-yritypalvelut\/"]}]},{"@type":"BreadcrumbList","@id":"https:\/\/blogit.gradia.fi\/yhdessaenemman\/gradia-tyoelama-ja-yritypalvelut\/#breadcrumb","itemListElement":[{"@type":"ListItem","position":1,"name":"Home","item":"https:\/\/blogit.gradia.fi\/yhdessaenemman\/"},{"@type":"ListItem","position":2,"name":"Gradia Työelämä- ja yrityspalvelut"}]},{"@type":"WebSite","@id":"https:\/\/blogit.gradia.fi\/yhdessaenemman\/#website","url":"https:\/\/blogit.gradia.fi\/yhdessaenemman\/","name":"Yhdessä enemmän","description":"Gradia Työelämä- ja yrityspalvelut kumppaninasi","potentialAction":[{"@type":"SearchAction","target":{"@type":"EntryPoint","urlTemplate":"https:\/\/blogit.gradia.fi\/yhdessaenemman\/?s={search_term_string}"},"query-input":{"@type":"PropertyValueSpecification","valueRequired":true,"valueName":"search_term_string"}}],"inLanguage":"fi"}]}</script>
<!-- / Yoast SEO plugin. -->

Gradia Työelämä- ja yrityspalvelut - Yhdessä enemmän

Yhdessä enemmän. Gradia työelämä-ja yrityspalvelut tarjoavat yrityksesi kasvun tueksi koko ammatillisen koulutuksen laajan koulutustarjonnan sekä asiakaskohtaiset räätälöidyt osaamisen kehittämisen ratkaisut. Tässä blogissa esittelemme asiakaskokemuksia sekä ajankohtaisia näkökulmia. Kasvetaan yhdessä. &nbsp; &nbsp; &nbsp;

Yhdessä enemmän

Gradia Työelämä- ja yrityspalvelut kumppaninasi

Riikka Ålander
