{"id":32,"date":"2021-11-18T12:59:19","date_gmt":"2021-11-18T10:59:19","guid":{"rendered":"https:\/\/blogit.gradia.fi\/vastuullisesti\/?page_id=32"},"modified":"2022-11-01T13:13:52","modified_gmt":"2022-11-01T11:13:52","slug":"yhteystiedot","status":"publish","type":"page","link":"https:\/\/blogit.gradia.fi\/vastuullisesti\/yhteystiedot\/","title":{"rendered":"Yhteystiedot"},"content":{"rendered":"\n<p>Gradiassa on meneill\u00e4\u00e4n useita kest\u00e4vyyden ja vastuullisuuden teemoihin liittyvi\u00e4 hankkeita, joihin voit tutustua alla. <\/p>\n\n\n\n<div class=\"wp-block-columns is-layout-flex wp-container-core-columns-is-layout-9d6595d7 wp-block-columns-is-layout-flex\">\n<div class=\"wp-block-column is-layout-flow wp-block-column-is-layout-flow\">\n<h2 class=\"wp-block-heading\"><a href=\"https:\/\/blogit.gradia.fi\/vastuullisesti\/yhteystiedot\/askelmerkkeja-kestavaan-yrittajyyteen\/\">Askelmerkkej\u00e4 kest\u00e4v\u00e4\u00e4n yritt\u00e4jyyteen<\/a><\/h2>\n\n\n\n<p>Askelmerkkej\u00e4 kest\u00e4v\u00e4\u00e4n yritt\u00e4jyyteen -hankkeen (ESR) tavoitteina ovat kest\u00e4v\u00e4n liiketoiminnan kehitt\u00e4minen ja kest\u00e4v\u00e4n yritt\u00e4jyyden toimintatavan mallintaminen Keski-Suomessa. Hankkeessa m\u00e4\u00e4ritet\u00e4\u00e4n kest\u00e4v\u00e4n liiketoiminnan kehitt\u00e4misen edellytykset ja osaamistarpeet pilotoimalla kest\u00e4v\u00e4n yritt\u00e4jyyden polku yrityksille ja opiskelijoille.<\/p>\n\n\n\n<p><strong>Markus Vehni\u00e4inen<\/strong><br>projektip\u00e4\u00e4llikk\u00f6<br>puh. 040 341 6377<br>markus.vehniainen(a)gradia.fi<\/p>\n\n\n\n<p><strong>Sarita Jylh\u00e4-Rastas<\/strong><br>projektikoordinaattori<br>puh. 040 132 5014<br>sarita.jylha-rastas(a)poke.fi<\/p>\n<\/div>\n\n\n\n<div class=\"wp-block-column is-layout-flow wp-block-column-is-layout-flow\">\n<h2 class=\"wp-block-heading\"><a href=\"https:\/\/blogit.gradia.fi\/vastuullisesti\/yhteystiedot\/kokema\/\">KoKeMa<\/a><\/h2>\n\n\n\n<p>KoKeMa \u2013 Konkretiaa kest\u00e4v\u00e4\u00e4n matkailuun-hankkeen tarkoituksena on\u202fkehitt\u00e4\u00e4 matkailutoimialalle suunnattua koulutusta ja&nbsp;edist\u00e4\u00e4&nbsp;kest\u00e4v\u00e4n kehityksen&nbsp;k\u00e4yt\u00e4nn\u00f6n&nbsp;osaamista&nbsp;alan&nbsp;eri ammattiryhmiss\u00e4. Painopisteen\u00e4 on osaamisen kehitt\u00e4minen matkailijalle v\u00e4litt\u00f6m\u00e4sti n\u00e4kyvien ruoka-, puhtaus- ja kiinteist\u00f6palvelujen tuottamisessa. N\u00e4iden palvelujen vastuullinen, kest\u00e4v\u00e4 ja hygieeninen tuottaminen vastaa asiakastarpeisiin ja edist\u00e4\u00e4 ty\u00f6llisyytt\u00e4, erityisesti COVID19-pandeminen muuttamassa kysynt\u00e4ymp\u00e4rist\u00f6ss\u00e4.<\/p>\n\n\n\n<p><strong>Eija Kinnunen<\/strong><br>projektip\u00e4\u00e4llikk\u00f6<br>puh. 040 341 6478<br>eija.kinnunen(a)gradia.fi<br><\/p>\n<\/div>\n<\/div>\n\n\n\n<div class=\"wp-block-columns is-layout-flex wp-container-core-columns-is-layout-9d6595d7 wp-block-columns-is-layout-flex\">\n<div class=\"wp-block-column is-layout-flow wp-block-column-is-layout-flow\">\n<h2 class=\"wp-block-heading\"><a href=\"https:\/\/blogit.gradia.fi\/vastuullisesti\/yhteystiedot\/polku-2-0\/\">Polku 2.0<\/a><\/h2>\n\n\n\n<p>POLKU 2.0 tavoitteena on bio- ja kiertotalouden osaamisen kehitt\u00e4minen Keski-Suomessa. Hankkeen tarkoituksena on bio- ja kiertotalouden jatkuvan oppimisen tarjonnan, laadun ja osuvuuden parantaminen.<\/p>\n\n\n\n<p><strong>Mira Ruth-Viitanen<\/strong><br>projektip\u00e4\u00e4llikk\u00f6<br>puh. 040 341 5832<br>mira.ruth-viitanen(a)gradia.fi<\/p>\n\n\n\n<p><a href=\"https:\/\/www.jyu.fi\/fi\/tutkimus\/wisdom\/polkukartta\/polku-2-0-hanke\">Lis\u00e4tietoja<\/a><\/p>\n\n\n\n<h2 class=\"wp-block-heading\"><a href=\"https:\/\/blogit.gradia.fi\/vastuullisesti\/yhteystiedot\/gradian-vihrea-siirtyma\/\">Gradian vihre\u00e4 siirtym\u00e4<\/a><\/h2>\n\n\n\n<p>Gradian vihre\u00e4n siirtym\u00e4n tavoitteena on kest\u00e4v\u00e4n Gradian toimintakulttuurin luominen. Hanke on ty\u00f6kalu ja resurssi, jonka avulla vauhditetaan ja tuetaan Gradian hallituksen hyv\u00e4ksym\u00e4n strategian ja Green book &#8211; Kest\u00e4v\u00e4n tulevaisuuden kehitt\u00e4misohjelman mukaista kehitt\u00e4mist\u00e4.<\/p>\n\n\n\n<p><strong>Jaana Tuppurainen<\/strong><br>projektip\u00e4\u00e4llikk\u00f6<br>puh. 040\u00a0341 4553        jaana.tuppurainen@gradia.fi<\/p>\n\n\n\n<p><\/p>\n\n\n\n<p><\/p>\n<\/div>\n\n\n\n<div class=\"wp-block-column is-layout-flow wp-block-column-is-layout-flow\">\n<h2 class=\"wp-block-heading\"><a href=\"https:\/\/blogit.gradia.fi\/vastuullisesti\/yhteystiedot\/greenpppup4all-erasmus-hanke\/\">GreenPOPUP4All- Erasmus + hanke<\/a><\/h2>\n\n\n\n<p>GreenPpPUp4All- hanke on kaksivuotinen Erasmus + hanke, joka pyrkii lis\u00e4\u00e4m\u00e4\u00e4n kiinnostusta ravintola- ja cateringalan ammatilliseen koulutukseen ja ravintola- ja cateringalaan sek\u00e4 antamaan opiskelijoille ja opettajille kokemuksia kansainv\u00e4lisess\u00e4 ty\u00f6- ja opiskeluymp\u00e4rist\u00f6ss\u00e4 toimimisesta, digitaitojen vahvistumisesta niin opettajan ty\u00f6v\u00e4lineen\u00e4 kuin opiskelun tukena sek\u00e4 synnytt\u00e4m\u00e4\u00e4n ymm\u00e4rryst\u00e4 kulttuuristen yht\u00e4l\u00e4isyyksien ja erojen kohtaamiseen.<\/p>\n\n\n\n<p><strong>Pia S\u00e4rkk\u00e4<\/strong><br>projektikoordinaattori<br>puh. 040\u00a0341 6439<br>pia.sarkka@gradia.fi<\/p>\n\n\n\n<p><strong>Birgit H\u00e4rk\u00f6nen<\/strong><br>projektity\u00f6ntekij\u00e4<br>puh. 040\u00a0341 5043<br>birgit.harkonen@gradia.fi<\/p>\n<\/div>\n<\/div>\n\n\n\n<div class=\"wp-block-columns is-layout-flex wp-container-core-columns-is-layout-9d6595d7 wp-block-columns-is-layout-flex\">\n<div class=\"wp-block-column is-layout-flow wp-block-column-is-layout-flow\"><\/div>\n<\/div>\n","protected":false},"excerpt":{"rendered":"<p>Gradiassa on meneill\u00e4\u00e4n useita kest\u00e4vyyden ja vastuullisuuden teemoihin liittyvi\u00e4 hankkeita, joihin voit tutustua alla. Askelmerkkej\u00e4 kest\u00e4v\u00e4\u00e4n yritt\u00e4jyyteen Askelmerkkej\u00e4 kest\u00e4v\u00e4\u00e4n yritt\u00e4jyyteen -hankkeen (ESR) tavoitteina ovat kest\u00e4v\u00e4n liiketoiminnan kehitt\u00e4minen ja kest\u00e4v\u00e4n yritt\u00e4jyyden toimintatavan mallintaminen Keski-Suomessa. Hankkeessa m\u00e4\u00e4ritet\u00e4\u00e4n kest\u00e4v\u00e4n liiketoiminnan kehitt\u00e4misen edellytykset ja osaamistarpeet pilotoimalla kest\u00e4v\u00e4n yritt\u00e4jyyden polku yrityksille ja opiskelijoille. Markus Vehni\u00e4inenprojektip\u00e4\u00e4llikk\u00f6puh. 040 341 6377markus.vehniainen(a)gradia.fi Sarita Jylh\u00e4-Rastasprojektikoordinaattoripuh. [&hellip;]<\/p>\n","protected":false},"author":814,"featured_media":0,"parent":0,"menu_order":0,"comment_status":"closed","ping_status":"closed","template":"","meta":{"_uag_custom_page_level_css":"","footnotes":""},"class_list":["post-32","page","type-page","status-publish","hentry"],"yoast_head":"<!-- This site is optimized with the Yoast SEO plugin v27.3 - https:\/\/yoast.com\/product\/yoast-seo-wordpress\/ -->\n<title>Yhteystiedot - Vastuullinen tulevaisuus<\/title>\n<meta name=\"robots\" content=\"index, follow, max-snippet:-1, max-image-preview:large, max-video-preview:-1\" \/>\n<link rel=\"canonical\" href=\"https:\/\/blogit.gradia.fi\/vastuullisesti\/yhteystiedot\/\" \/>\n<meta property=\"og:locale\" content=\"fi_FI\" \/>\n<meta property=\"og:type\" content=\"article\" \/>\n<meta property=\"og:title\" content=\"Yhteystiedot - Vastuullinen tulevaisuus\" \/>\n<meta property=\"og:description\" content=\"Gradiassa on meneill\u00e4\u00e4n useita kest\u00e4vyyden ja vastuullisuuden teemoihin liittyvi\u00e4 hankkeita, joihin voit tutustua alla. Askelmerkkej\u00e4 kest\u00e4v\u00e4\u00e4n yritt\u00e4jyyteen Askelmerkkej\u00e4 kest\u00e4v\u00e4\u00e4n yritt\u00e4jyyteen -hankkeen (ESR) tavoitteina ovat kest\u00e4v\u00e4n liiketoiminnan kehitt\u00e4minen ja kest\u00e4v\u00e4n yritt\u00e4jyyden toimintatavan mallintaminen Keski-Suomessa. Hankkeessa m\u00e4\u00e4ritet\u00e4\u00e4n kest\u00e4v\u00e4n liiketoiminnan kehitt\u00e4misen edellytykset ja osaamistarpeet pilotoimalla kest\u00e4v\u00e4n yritt\u00e4jyyden polku yrityksille ja opiskelijoille. Markus Vehni\u00e4inenprojektip\u00e4\u00e4llikk\u00f6puh. 040 341 6377markus.vehniainen(a)gradia.fi Sarita Jylh\u00e4-Rastasprojektikoordinaattoripuh. [&hellip;]\" \/>\n<meta property=\"og:url\" content=\"https:\/\/blogit.gradia.fi\/vastuullisesti\/yhteystiedot\/\" \/>\n<meta property=\"og:site_name\" content=\"Vastuullinen tulevaisuus\" \/>\n<meta property=\"article:modified_time\" content=\"2022-11-01T11:13:52+00:00\" \/>\n<meta name=\"twitter:card\" content=\"summary_large_image\" \/>\n<meta name=\"twitter:label1\" content=\"Arvioitu lukuaika\" \/>\n\t<meta name=\"twitter:data1\" content=\"2 minuuttia\" \/>\n<script type=\"application\/ld+json\" class=\"yoast-schema-graph\">{\"@context\":\"https:\\\/\\\/schema.org\",\"@graph\":[{\"@type\":\"WebPage\",\"@id\":\"https:\\\/\\\/blogit.gradia.fi\\\/vastuullisesti\\\/yhteystiedot\\\/\",\"url\":\"https:\\\/\\\/blogit.gradia.fi\\\/vastuullisesti\\\/yhteystiedot\\\/\",\"name\":\"Yhteystiedot - Vastuullinen tulevaisuus\",\"isPartOf\":{\"@id\":\"https:\\\/\\\/blogit.gradia.fi\\\/vastuullisesti\\\/#website\"},\"datePublished\":\"2021-11-18T10:59:19+00:00\",\"dateModified\":\"2022-11-01T11:13:52+00:00\",\"breadcrumb\":{\"@id\":\"https:\\\/\\\/blogit.gradia.fi\\\/vastuullisesti\\\/yhteystiedot\\\/#breadcrumb\"},\"inLanguage\":\"fi\",\"potentialAction\":[{\"@type\":\"ReadAction\",\"target\":[\"https:\\\/\\\/blogit.gradia.fi\\\/vastuullisesti\\\/yhteystiedot\\\/\"]}]},{\"@type\":\"BreadcrumbList\",\"@id\":\"https:\\\/\\\/blogit.gradia.fi\\\/vastuullisesti\\\/yhteystiedot\\\/#breadcrumb\",\"itemListElement\":[{\"@type\":\"ListItem\",\"position\":1,\"name\":\"Etusivu\",\"item\":\"https:\\\/\\\/blogit.gradia.fi\\\/vastuullisesti\\\/\"},{\"@type\":\"ListItem\",\"position\":2,\"name\":\"Yhteystiedot\"}]},{\"@type\":\"WebSite\",\"@id\":\"https:\\\/\\\/blogit.gradia.fi\\\/vastuullisesti\\\/#website\",\"url\":\"https:\\\/\\\/blogit.gradia.fi\\\/vastuullisesti\\\/\",\"name\":\"Vastuullinen tulevaisuus\",\"description\":\"Hankkeita yhteisty\u00f6ss\u00e4 ty\u00f6el\u00e4m\u00e4n ja opetusmaailman kanssa\",\"potentialAction\":[{\"@type\":\"SearchAction\",\"target\":{\"@type\":\"EntryPoint\",\"urlTemplate\":\"https:\\\/\\\/blogit.gradia.fi\\\/vastuullisesti\\\/?s={search_term_string}\"},\"query-input\":{\"@type\":\"PropertyValueSpecification\",\"valueRequired\":true,\"valueName\":\"search_term_string\"}}],\"inLanguage\":\"fi\"}]}<\/script>\n<!-- \/ Yoast SEO plugin. -->","yoast_head_json":{"title":"Yhteystiedot - Vastuullinen tulevaisuus","robots":{"index":"index","follow":"follow","max-snippet":"max-snippet:-1","max-image-preview":"max-image-preview:large","max-video-preview":"max-video-preview:-1"},"canonical":"https:\/\/blogit.gradia.fi\/vastuullisesti\/yhteystiedot\/","og_locale":"fi_FI","og_type":"article","og_title":"Yhteystiedot - Vastuullinen tulevaisuus","og_description":"Gradiassa on meneill\u00e4\u00e4n useita kest\u00e4vyyden ja vastuullisuuden teemoihin liittyvi\u00e4 hankkeita, joihin voit tutustua alla. Askelmerkkej\u00e4 kest\u00e4v\u00e4\u00e4n yritt\u00e4jyyteen Askelmerkkej\u00e4 kest\u00e4v\u00e4\u00e4n yritt\u00e4jyyteen -hankkeen (ESR) tavoitteina ovat kest\u00e4v\u00e4n liiketoiminnan kehitt\u00e4minen ja kest\u00e4v\u00e4n yritt\u00e4jyyden toimintatavan mallintaminen Keski-Suomessa. Hankkeessa m\u00e4\u00e4ritet\u00e4\u00e4n kest\u00e4v\u00e4n liiketoiminnan kehitt\u00e4misen edellytykset ja osaamistarpeet pilotoimalla kest\u00e4v\u00e4n yritt\u00e4jyyden polku yrityksille ja opiskelijoille. Markus Vehni\u00e4inenprojektip\u00e4\u00e4llikk\u00f6puh. 040 341 6377markus.vehniainen(a)gradia.fi Sarita Jylh\u00e4-Rastasprojektikoordinaattoripuh. [&hellip;]","og_url":"https:\/\/blogit.gradia.fi\/vastuullisesti\/yhteystiedot\/","og_site_name":"Vastuullinen tulevaisuus","article_modified_time":"2022-11-01T11:13:52+00:00","twitter_card":"summary_large_image","twitter_misc":{"Arvioitu lukuaika":"2 minuuttia"},"schema":{"@context":"https:\/\/schema.org","@graph":[{"@type":"WebPage","@id":"https:\/\/blogit.gradia.fi\/vastuullisesti\/yhteystiedot\/","url":"https:\/\/blogit.gradia.fi\/vastuullisesti\/yhteystiedot\/","name":"Yhteystiedot - Vastuullinen tulevaisuus","isPartOf":{"@id":"https:\/\/blogit.gradia.fi\/vastuullisesti\/#website"},"datePublished":"2021-11-18T10:59:19+00:00","dateModified":"2022-11-01T11:13:52+00:00","breadcrumb":{"@id":"https:\/\/blogit.gradia.fi\/vastuullisesti\/yhteystiedot\/#breadcrumb"},"inLanguage":"fi","potentialAction":[{"@type":"ReadAction","target":["https:\/\/blogit.gradia.fi\/vastuullisesti\/yhteystiedot\/"]}]},{"@type":"BreadcrumbList","@id":"https:\/\/blogit.gradia.fi\/vastuullisesti\/yhteystiedot\/#breadcrumb","itemListElement":[{"@type":"ListItem","position":1,"name":"Etusivu","item":"https:\/\/blogit.gradia.fi\/vastuullisesti\/"},{"@type":"ListItem","position":2,"name":"Yhteystiedot"}]},{"@type":"WebSite","@id":"https:\/\/blogit.gradia.fi\/vastuullisesti\/#website","url":"https:\/\/blogit.gradia.fi\/vastuullisesti\/","name":"Vastuullinen tulevaisuus","description":"Hankkeita yhteisty\u00f6ss\u00e4 ty\u00f6el\u00e4m\u00e4n ja opetusmaailman kanssa","potentialAction":[{"@type":"SearchAction","target":{"@type":"EntryPoint","urlTemplate":"https:\/\/blogit.gradia.fi\/vastuullisesti\/?s={search_term_string}"},"query-input":{"@type":"PropertyValueSpecification","valueRequired":true,"valueName":"search_term_string"}}],"inLanguage":"fi"}]}},"uagb_featured_image_src":{"full":false,"thumbnail":false,"medium":false,"medium_large":false,"large":false,"1536x1536":false,"2048x2048":false,"post-thumbnail":false},"uagb_author_info":{"display_name":"Riina Virkkunen","author_link":"https:\/\/blogit.gradia.fi\/vastuullisesti\/author\/virkkrii\/"},"uagb_comment_info":0,"uagb_excerpt":"Gradiassa on meneill\u00e4\u00e4n useita kest\u00e4vyyden ja vastuullisuuden teemoihin liittyvi\u00e4 hankkeita, joihin voit tutustua alla. Askelmerkkej\u00e4 kest\u00e4v\u00e4\u00e4n yritt\u00e4jyyteen Askelmerkkej\u00e4 kest\u00e4v\u00e4\u00e4n yritt\u00e4jyyteen -hankkeen (ESR) tavoitteina ovat kest\u00e4v\u00e4n liiketoiminnan kehitt\u00e4minen ja kest\u00e4v\u00e4n yritt\u00e4jyyden toimintatavan mallintaminen Keski-Suomessa. Hankkeessa m\u00e4\u00e4ritet\u00e4\u00e4n kest\u00e4v\u00e4n liiketoiminnan kehitt\u00e4misen edellytykset ja osaamistarpeet pilotoimalla kest\u00e4v\u00e4n yritt\u00e4jyyden polku yrityksille ja opiskelijoille. Markus Vehni\u00e4inenprojektip\u00e4\u00e4llikk\u00f6puh. 040 341 6377markus.vehniainen(a)gradia.fi Sarita Jylh\u00e4-Rastasprojektikoordinaattoripuh.&hellip;","_links":{"self":[{"href":"https:\/\/blogit.gradia.fi\/vastuullisesti\/wp-json\/wp\/v2\/pages\/32","targetHints":{"allow":["GET"]}}],"collection":[{"href":"https:\/\/blogit.gradia.fi\/vastuullisesti\/wp-json\/wp\/v2\/pages"}],"about":[{"href":"https:\/\/blogit.gradia.fi\/vastuullisesti\/wp-json\/wp\/v2\/types\/page"}],"author":[{"embeddable":true,"href":"https:\/\/blogit.gradia.fi\/vastuullisesti\/wp-json\/wp\/v2\/users\/814"}],"replies":[{"embeddable":true,"href":"https:\/\/blogit.gradia.fi\/vastuullisesti\/wp-json\/wp\/v2\/comments?post=32"}],"version-history":[{"count":12,"href":"https:\/\/blogit.gradia.fi\/vastuullisesti\/wp-json\/wp\/v2\/pages\/32\/revisions"}],"predecessor-version":[{"id":359,"href":"https:\/\/blogit.gradia.fi\/vastuullisesti\/wp-json\/wp\/v2\/pages\/32\/revisions\/359"}],"wp:attachment":[{"href":"https:\/\/blogit.gradia.fi\/vastuullisesti\/wp-json\/wp\/v2\/media?parent=32"}],"curies":[{"name":"wp","href":"https:\/\/api.w.org\/{rel}","templated":true}]}}