{"id":122,"date":"2020-03-30T16:35:26","date_gmt":"2020-03-30T13:35:26","guid":{"rendered":"https:\/\/blogit.gradia.fi\/tyte\/?page_id=122"},"modified":"2020-10-08T12:51:49","modified_gmt":"2020-10-08T09:51:49","slug":"toimintamallit-ja-materiaalit","status":"publish","type":"page","link":"https:\/\/blogit.gradia.fi\/tyte\/toimintamallit-ja-materiaalit\/","title":{"rendered":"Toimintamallit ja materiaalit"},"content":{"rendered":"\n<div class=\"wp-block-file\"><a href=\"https:\/\/blogit.gradia.fi\/tyte\/wp-content\/uploads\/sites\/157\/2020\/04\/Ty\u00f6el\u00e4m\u00e4-ja-teknologia-\u2013hanke-2019-2021.pptx\" target=\"_blank\" rel=\"noreferrer noopener\">Digitutor<br><br>Ty\u00f6el\u00e4m\u00e4 ja teknologia \u2013hanke 21.4.2020<\/a><\/div>\n\n\n\n<div class=\"wp-block-file\"><a href=\"https:\/\/blogit.gradia.fi\/tyte\/wp-content\/uploads\/sites\/157\/2020\/04\/TYTE-Gradia-digituki-et\u00e4ajassa.pptx\" target=\"_blank\" rel=\"noreferrer noopener\">Digitutor-toiminta Gradiassa et\u00e4opetusajassa &#8211; ohjausta opiskelijalta opiskelijalle<\/a><\/div>\n\n\n\n<p><a href=\"https:\/\/blogit.gradia.fi\/tyte\/wp-content\/uploads\/sites\/157\/2020\/10\/tyoelama-ja-teknologia-Sampo-2020.pptx\" target=\"_blank\" rel=\"noreferrer noopener\">Sampon toteutus 1.9.2020<\/a> <\/p>\n\n\n\n<p><a rel=\"noreferrer noopener\" href=\"https:\/\/blogit.gradia.fi\/tyte\/wp-content\/uploads\/sites\/157\/2020\/10\/digitutor_toiminnan_esittely_video.mp4\" target=\"_blank\">REDU:n digitutor toiminta video<\/a><\/p>\n\n\n\n<p><a href=\"https:\/\/blogit.gradia.fi\/tyte\/wp-content\/uploads\/sites\/157\/2020\/10\/REDU-Digitutor.pptx\" target=\"_blank\" rel=\"noreferrer noopener\">REDU:n digitutor toiminta<\/a> <\/p>\n","protected":false},"excerpt":{"rendered":"<p>Sampon toteutus 1.9.2020 REDU:n digitutor toiminta video REDU:n digitutor toiminta<\/p>\n","protected":false},"author":702,"featured_media":0,"parent":0,"menu_order":0,"comment_status":"closed","ping_status":"closed","template":"","meta":{"_uag_custom_page_level_css":"","footnotes":""},"class_list":["post-122","page","type-page","status-publish"],"yoast_head":"<!-- This site is optimized with the Yoast SEO plugin v27.5 - https:\/\/yoast.com\/product\/yoast-seo-wordpress\/ -->\n<title>Toimintamallit ja materiaalit - Ty\u00f6el\u00e4m\u00e4 ja teknologia-hanke<\/title>\n<meta name=\"robots\" content=\"index, follow, max-snippet:-1, max-image-preview:large, max-video-preview:-1\" \/>\n<link rel=\"canonical\" href=\"https:\/\/blogit.gradia.fi\/tyte\/toimintamallit-ja-materiaalit\/\" \/>\n<meta property=\"og:locale\" content=\"fi_FI\" \/>\n<meta property=\"og:type\" content=\"article\" \/>\n<meta property=\"og:title\" content=\"Toimintamallit ja materiaalit - Ty\u00f6el\u00e4m\u00e4 ja teknologia-hanke\" \/>\n<meta property=\"og:description\" content=\"Sampon toteutus 1.9.2020 REDU:n digitutor toiminta video REDU:n digitutor toiminta\" \/>\n<meta property=\"og:url\" content=\"https:\/\/blogit.gradia.fi\/tyte\/toimintamallit-ja-materiaalit\/\" \/>\n<meta property=\"og:site_name\" content=\"Ty\u00f6el\u00e4m\u00e4 ja teknologia-hanke\" \/>\n<meta property=\"article:modified_time\" content=\"2020-10-08T09:51:49+00:00\" \/>\n<meta name=\"twitter:card\" content=\"summary_large_image\" \/>\n<script type=\"application\/ld+json\" class=\"yoast-schema-graph\">{\"@context\":\"https:\\\/\\\/schema.org\",\"@graph\":[{\"@type\":\"WebPage\",\"@id\":\"https:\\\/\\\/blogit.gradia.fi\\\/tyte\\\/toimintamallit-ja-materiaalit\\\/\",\"url\":\"https:\\\/\\\/blogit.gradia.fi\\\/tyte\\\/toimintamallit-ja-materiaalit\\\/\",\"name\":\"Toimintamallit ja materiaalit - Ty\u00f6el\u00e4m\u00e4 ja teknologia-hanke\",\"isPartOf\":{\"@id\":\"https:\\\/\\\/blogit.gradia.fi\\\/tyte\\\/#website\"},\"datePublished\":\"2020-03-30T13:35:26+00:00\",\"dateModified\":\"2020-10-08T09:51:49+00:00\",\"breadcrumb\":{\"@id\":\"https:\\\/\\\/blogit.gradia.fi\\\/tyte\\\/toimintamallit-ja-materiaalit\\\/#breadcrumb\"},\"inLanguage\":\"fi\",\"potentialAction\":[{\"@type\":\"ReadAction\",\"target\":[\"https:\\\/\\\/blogit.gradia.fi\\\/tyte\\\/toimintamallit-ja-materiaalit\\\/\"]}]},{\"@type\":\"BreadcrumbList\",\"@id\":\"https:\\\/\\\/blogit.gradia.fi\\\/tyte\\\/toimintamallit-ja-materiaalit\\\/#breadcrumb\",\"itemListElement\":[{\"@type\":\"ListItem\",\"position\":1,\"name\":\"Home\",\"item\":\"https:\\\/\\\/blogit.gradia.fi\\\/tyte\\\/\"},{\"@type\":\"ListItem\",\"position\":2,\"name\":\"Toimintamallit ja materiaalit\"}]},{\"@type\":\"WebSite\",\"@id\":\"https:\\\/\\\/blogit.gradia.fi\\\/tyte\\\/#website\",\"url\":\"https:\\\/\\\/blogit.gradia.fi\\\/tyte\\\/\",\"name\":\"Ty\u00f6el\u00e4m\u00e4 ja teknologia-hanke\",\"description\":\"\",\"publisher\":{\"@id\":\"https:\\\/\\\/blogit.gradia.fi\\\/tyte\\\/#organization\"},\"potentialAction\":[{\"@type\":\"SearchAction\",\"target\":{\"@type\":\"EntryPoint\",\"urlTemplate\":\"https:\\\/\\\/blogit.gradia.fi\\\/tyte\\\/?s={search_term_string}\"},\"query-input\":{\"@type\":\"PropertyValueSpecification\",\"valueRequired\":true,\"valueName\":\"search_term_string\"}}],\"inLanguage\":\"fi\"},{\"@type\":\"Organization\",\"@id\":\"https:\\\/\\\/blogit.gradia.fi\\\/tyte\\\/#organization\",\"name\":\"Ty\u00f6el\u00e4m\u00e4 ja teknologia-hanke\",\"url\":\"https:\\\/\\\/blogit.gradia.fi\\\/tyte\\\/\",\"logo\":{\"@type\":\"ImageObject\",\"inLanguage\":\"fi\",\"@id\":\"https:\\\/\\\/blogit.gradia.fi\\\/tyte\\\/#\\\/schema\\\/logo\\\/image\\\/\",\"url\":\"https:\\\/\\\/blogit.gradia.fi\\\/tyte\\\/wp-content\\\/uploads\\\/sites\\\/157\\\/2020\\\/03\\\/cropped-DigitutorOsaaAuttaa_logo-150x150-1.jpg\",\"contentUrl\":\"https:\\\/\\\/blogit.gradia.fi\\\/tyte\\\/wp-content\\\/uploads\\\/sites\\\/157\\\/2020\\\/03\\\/cropped-DigitutorOsaaAuttaa_logo-150x150-1.jpg\",\"width\":150,\"height\":150,\"caption\":\"Ty\u00f6el\u00e4m\u00e4 ja teknologia-hanke\"},\"image\":{\"@id\":\"https:\\\/\\\/blogit.gradia.fi\\\/tyte\\\/#\\\/schema\\\/logo\\\/image\\\/\"}}]}<\/script>\n<!-- \/ Yoast SEO plugin. -->","yoast_head_json":{"title":"Toimintamallit ja materiaalit - Ty\u00f6el\u00e4m\u00e4 ja teknologia-hanke","robots":{"index":"index","follow":"follow","max-snippet":"max-snippet:-1","max-image-preview":"max-image-preview:large","max-video-preview":"max-video-preview:-1"},"canonical":"https:\/\/blogit.gradia.fi\/tyte\/toimintamallit-ja-materiaalit\/","og_locale":"fi_FI","og_type":"article","og_title":"Toimintamallit ja materiaalit - Ty\u00f6el\u00e4m\u00e4 ja teknologia-hanke","og_description":"Sampon toteutus 1.9.2020 REDU:n digitutor toiminta video REDU:n digitutor toiminta","og_url":"https:\/\/blogit.gradia.fi\/tyte\/toimintamallit-ja-materiaalit\/","og_site_name":"Ty\u00f6el\u00e4m\u00e4 ja teknologia-hanke","article_modified_time":"2020-10-08T09:51:49+00:00","twitter_card":"summary_large_image","schema":{"@context":"https:\/\/schema.org","@graph":[{"@type":"WebPage","@id":"https:\/\/blogit.gradia.fi\/tyte\/toimintamallit-ja-materiaalit\/","url":"https:\/\/blogit.gradia.fi\/tyte\/toimintamallit-ja-materiaalit\/","name":"Toimintamallit ja materiaalit - Ty\u00f6el\u00e4m\u00e4 ja teknologia-hanke","isPartOf":{"@id":"https:\/\/blogit.gradia.fi\/tyte\/#website"},"datePublished":"2020-03-30T13:35:26+00:00","dateModified":"2020-10-08T09:51:49+00:00","breadcrumb":{"@id":"https:\/\/blogit.gradia.fi\/tyte\/toimintamallit-ja-materiaalit\/#breadcrumb"},"inLanguage":"fi","potentialAction":[{"@type":"ReadAction","target":["https:\/\/blogit.gradia.fi\/tyte\/toimintamallit-ja-materiaalit\/"]}]},{"@type":"BreadcrumbList","@id":"https:\/\/blogit.gradia.fi\/tyte\/toimintamallit-ja-materiaalit\/#breadcrumb","itemListElement":[{"@type":"ListItem","position":1,"name":"Home","item":"https:\/\/blogit.gradia.fi\/tyte\/"},{"@type":"ListItem","position":2,"name":"Toimintamallit ja materiaalit"}]},{"@type":"WebSite","@id":"https:\/\/blogit.gradia.fi\/tyte\/#website","url":"https:\/\/blogit.gradia.fi\/tyte\/","name":"Ty\u00f6el\u00e4m\u00e4 ja teknologia-hanke","description":"","publisher":{"@id":"https:\/\/blogit.gradia.fi\/tyte\/#organization"},"potentialAction":[{"@type":"SearchAction","target":{"@type":"EntryPoint","urlTemplate":"https:\/\/blogit.gradia.fi\/tyte\/?s={search_term_string}"},"query-input":{"@type":"PropertyValueSpecification","valueRequired":true,"valueName":"search_term_string"}}],"inLanguage":"fi"},{"@type":"Organization","@id":"https:\/\/blogit.gradia.fi\/tyte\/#organization","name":"Ty\u00f6el\u00e4m\u00e4 ja teknologia-hanke","url":"https:\/\/blogit.gradia.fi\/tyte\/","logo":{"@type":"ImageObject","inLanguage":"fi","@id":"https:\/\/blogit.gradia.fi\/tyte\/#\/schema\/logo\/image\/","url":"https:\/\/blogit.gradia.fi\/tyte\/wp-content\/uploads\/sites\/157\/2020\/03\/cropped-DigitutorOsaaAuttaa_logo-150x150-1.jpg","contentUrl":"https:\/\/blogit.gradia.fi\/tyte\/wp-content\/uploads\/sites\/157\/2020\/03\/cropped-DigitutorOsaaAuttaa_logo-150x150-1.jpg","width":150,"height":150,"caption":"Ty\u00f6el\u00e4m\u00e4 ja teknologia-hanke"},"image":{"@id":"https:\/\/blogit.gradia.fi\/tyte\/#\/schema\/logo\/image\/"}}]}},"uagb_featured_image_src":{"full":false,"thumbnail":false,"medium":false,"medium_large":false,"large":false,"1536x1536":false,"2048x2048":false},"uagb_author_info":{"display_name":"ao178638","author_link":"https:\/\/blogit.gradia.fi\/tyte\/author\/ao178638\/"},"uagb_comment_info":0,"uagb_excerpt":"Sampon toteutus 1.9.2020 REDU:n digitutor toiminta video REDU:n digitutor toiminta","_links":{"self":[{"href":"https:\/\/blogit.gradia.fi\/tyte\/wp-json\/wp\/v2\/pages\/122","targetHints":{"allow":["GET"]}}],"collection":[{"href":"https:\/\/blogit.gradia.fi\/tyte\/wp-json\/wp\/v2\/pages"}],"about":[{"href":"https:\/\/blogit.gradia.fi\/tyte\/wp-json\/wp\/v2\/types\/page"}],"author":[{"embeddable":true,"href":"https:\/\/blogit.gradia.fi\/tyte\/wp-json\/wp\/v2\/users\/702"}],"replies":[{"embeddable":true,"href":"https:\/\/blogit.gradia.fi\/tyte\/wp-json\/wp\/v2\/comments?post=122"}],"version-history":[{"count":16,"href":"https:\/\/blogit.gradia.fi\/tyte\/wp-json\/wp\/v2\/pages\/122\/revisions"}],"predecessor-version":[{"id":208,"href":"https:\/\/blogit.gradia.fi\/tyte\/wp-json\/wp\/v2\/pages\/122\/revisions\/208"}],"wp:attachment":[{"href":"https:\/\/blogit.gradia.fi\/tyte\/wp-json\/wp\/v2\/media?parent=122"}],"curies":[{"name":"wp","href":"https:\/\/api.w.org\/{rel}","templated":true}]}}

<div class="wp-block-file"><a href="https://blogit.gradia.fi/tyte/wp-content/uploads/sites/157/2020/04/Työelämä-ja-teknologia-–hanke-2019-2021.pptx" target="_blank" rel="noreferrer noopener">Digitutor<br><br>Työelämä ja teknologia –hanke 21.4.2020</a></div>



<div class="wp-block-file"><a href="https://blogit.gradia.fi/tyte/wp-content/uploads/sites/157/2020/04/TYTE-Gradia-digituki-etäajassa.pptx" target="_blank" rel="noreferrer noopener">Digitutor-toiminta Gradiassa etäopetusajassa &#8211; ohjausta opiskelijalta opiskelijalle</a></div>



<p><a href="https://blogit.gradia.fi/tyte/wp-content/uploads/sites/157/2020/10/tyoelama-ja-teknologia-Sampo-2020.pptx" target="_blank" rel="noreferrer noopener">Sampon toteutus 1.9.2020</a> </p>



<p><a rel="noreferrer noopener" href="https://blogit.gradia.fi/tyte/wp-content/uploads/sites/157/2020/10/digitutor_toiminnan_esittely_video.mp4" target="_blank">REDU:n digitutor toiminta video</a></p>



<p><a href="https://blogit.gradia.fi/tyte/wp-content/uploads/sites/157/2020/10/REDU-Digitutor.pptx" target="_blank" rel="noreferrer noopener">REDU:n digitutor toiminta</a> </p>

<!-- This site is optimized with the Yoast SEO plugin v27.5 - https://yoast.com/product/yoast-seo-wordpress/ -->
<title>Toimintamallit ja materiaalit - Työelämä ja teknologia-hanke</title>
<meta name="robots" content="index, follow, max-snippet:-1, max-image-preview:large, max-video-preview:-1" />
<link rel="canonical" href="https://blogit.gradia.fi/tyte/toimintamallit-ja-materiaalit/" />
<meta property="og:locale" content="fi_FI" />
<meta property="og:type" content="article" />
<meta property="og:title" content="Toimintamallit ja materiaalit - Työelämä ja teknologia-hanke" />
<meta property="og:description" content="Sampon toteutus 1.9.2020 REDU:n digitutor toiminta video REDU:n digitutor toiminta" />
<meta property="og:url" content="https://blogit.gradia.fi/tyte/toimintamallit-ja-materiaalit/" />
<meta property="og:site_name" content="Työelämä ja teknologia-hanke" />
<meta property="article:modified_time" content="2020-10-08T09:51:49+00:00" />
<meta name="twitter:card" content="summary_large_image" />
<script type="application/ld+json" class="yoast-schema-graph">{"@context":"https:\/\/schema.org","@graph":[{"@type":"WebPage","@id":"https:\/\/blogit.gradia.fi\/tyte\/toimintamallit-ja-materiaalit\/","url":"https:\/\/blogit.gradia.fi\/tyte\/toimintamallit-ja-materiaalit\/","name":"Toimintamallit ja materiaalit - Työelämä ja teknologia-hanke","isPartOf":{"@id":"https:\/\/blogit.gradia.fi\/tyte\/#website"},"datePublished":"2020-03-30T13:35:26+00:00","dateModified":"2020-10-08T09:51:49+00:00","breadcrumb":{"@id":"https:\/\/blogit.gradia.fi\/tyte\/toimintamallit-ja-materiaalit\/#breadcrumb"},"inLanguage":"fi","potentialAction":[{"@type":"ReadAction","target":["https:\/\/blogit.gradia.fi\/tyte\/toimintamallit-ja-materiaalit\/"]}]},{"@type":"BreadcrumbList","@id":"https:\/\/blogit.gradia.fi\/tyte\/toimintamallit-ja-materiaalit\/#breadcrumb","itemListElement":[{"@type":"ListItem","position":1,"name":"Home","item":"https:\/\/blogit.gradia.fi\/tyte\/"},{"@type":"ListItem","position":2,"name":"Toimintamallit ja materiaalit"}]},{"@type":"WebSite","@id":"https:\/\/blogit.gradia.fi\/tyte\/#website","url":"https:\/\/blogit.gradia.fi\/tyte\/","name":"Työelämä ja teknologia-hanke","description":"","publisher":{"@id":"https:\/\/blogit.gradia.fi\/tyte\/#organization"},"potentialAction":[{"@type":"SearchAction","target":{"@type":"EntryPoint","urlTemplate":"https:\/\/blogit.gradia.fi\/tyte\/?s={search_term_string}"},"query-input":{"@type":"PropertyValueSpecification","valueRequired":true,"valueName":"search_term_string"}}],"inLanguage":"fi"},{"@type":"Organization","@id":"https:\/\/blogit.gradia.fi\/tyte\/#organization","name":"Työelämä ja teknologia-hanke","url":"https:\/\/blogit.gradia.fi\/tyte\/","logo":{"@type":"ImageObject","inLanguage":"fi","@id":"https:\/\/blogit.gradia.fi\/tyte\/#\/schema\/logo\/image\/","url":"https:\/\/blogit.gradia.fi\/tyte\/wp-content\/uploads\/sites\/157\/2020\/03\/cropped-DigitutorOsaaAuttaa_logo-150x150-1.jpg","contentUrl":"https:\/\/blogit.gradia.fi\/tyte\/wp-content\/uploads\/sites\/157\/2020\/03\/cropped-DigitutorOsaaAuttaa_logo-150x150-1.jpg","width":150,"height":150,"caption":"Työelämä ja teknologia-hanke"},"image":{"@id":"https:\/\/blogit.gradia.fi\/tyte\/#\/schema\/logo\/image\/"}}]}</script>
<!-- / Yoast SEO plugin. -->

Toimintamallit ja materiaalit - Työelämä ja teknologia-hanke

Työelämä ja teknologia-hanke
