{"id":7,"date":"2015-03-02T13:46:38","date_gmt":"2015-03-02T13:46:38","guid":{"rendered":"https:\/\/blogit.gradia.fi\/topmerkonomi14r\/?page_id=7"},"modified":"2015-03-02T13:46:38","modified_gmt":"2015-03-02T13:46:38","slug":"top-luokan-opintosuunnitelma","status":"publish","type":"page","link":"https:\/\/blogit.gradia.fi\/topmerkonomi14r\/top-luokan-opintosuunnitelma\/","title":{"rendered":"Top-luokan opintosuunnitelma"},"content":{"rendered":"<p>Top-merkonomin eli R-luokan opinnot koostuvat seuraavista alla olevan kuvan mukaisista opinnoista.<\/p>\n<p><a href=\"https:\/\/blogit.gradia.fi\/topmerkonomi14r\/wp-content\/uploads\/sites\/128\/2015\/03\/kuva.jpg\"><img loading=\"lazy\" decoding=\"async\" class=\"alignnone size-medium wp-image-10\" src=\"https:\/\/blogit.gradia.fi\/topmerkonomi14r\/wp-content\/uploads\/sites\/128\/2015\/03\/kuva-300x194.jpg\" alt=\"kuva\" width=\"300\" height=\"194\" srcset=\"https:\/\/blogit.gradia.fi\/topmerkonomi14r\/wp-content\/uploads\/sites\/128\/2015\/03\/kuva-300x194.jpg 300w, https:\/\/blogit.gradia.fi\/topmerkonomi14r\/wp-content\/uploads\/sites\/128\/2015\/03\/kuva.jpg 1020w\" sizes=\"auto, (max-width: 300px) 100vw, 300px\" \/><\/a><\/p>\n<p>&nbsp;<\/p>\n<p>Kuvasta puuttuvat ammattitaitoa t\u00e4ydent\u00e4v\u00e4t aineet eli ATTO-aineet, joita opiskellaan yhden jakson ajan sek\u00e4 toisena ett\u00e4 kolmantena vuonna.<\/p>\n<p>Mik\u00e4li teet kes\u00e4t\u00f6it\u00e4 muista tuoda ty\u00f6ti\u00fannit sis\u00e4lt\u00e4v\u00e4t ty\u00f6todistukset mahdollisia hyv\u00e4ksilukuja varten mm. vapaavaaalintaisiin opintoihin.<\/p>\n<p>&nbsp;<\/p>\n<p><strong>Blogit \u00a0oman osaamisen portfoliona sek\u00e4 opinn\u00e4ytteen\u00e4<\/strong><\/p>\n<p>Opintojen ohessa opiskelijat pit\u00e4v\u00e4t omaa blogiaan. Tarkoituksena on ker\u00e4t\u00e4 blogiin t\u00f6it\u00e4 opintojen ajalta ja osoittaa niiden avulla oman osaamisen kertymist\u00e4.<\/p>\n<p>Aloita helposti esittelem\u00e4ll\u00e4 oma top paikkasi ja t\u00e4m\u00e4n j\u00e4lkeen lis\u00e4\u00e4t sinne muutamia kuvia. Kurssien aikana saat top-teht\u00e4vi\u00e4, jotka tulisi tehd\u00e4 tai linkitt\u00e4\u00e4 omaan blogiisi.<\/p>\n<p><a href=\"http:\/\/prezi.com\/ci1r-igo0obo\/?utm_campaign=share&amp;utm_medium=copy\" target=\"_blank\"><span style=\"text-decoration: underline\"><span style=\"color: #0066cc\"><strong>T\u00e4\u00e4lt\u00e4 linkist\u00e4<\/strong><\/span><\/span><strong>\u00a0<\/strong><\/a>l\u00f6yd\u00e4t tunnilla k\u00e4ymi\u00e4mme pelis\u00e4\u00e4nt\u00f6j\u00e4 blogin kirjoittamisesta. Mik\u00e4li olet ep\u00e4varma jostakin sis\u00e4ll\u00f6st\u00e4, niin kysy asiaa meilt\u00e4 opettajilta, niin pohditaan asiaa yhdess\u00e4.<\/p>\n<p>&nbsp;<\/p>\n","protected":false},"excerpt":{"rendered":"<p>Top-merkonomin eli R-luokan opinnot koostuvat seuraavista alla olevan kuvan mukaisista opinnoista. &nbsp; Kuvasta puuttuvat ammattitaitoa t\u00e4ydent\u00e4v\u00e4t aineet eli ATTO-aineet, joita opiskellaan yhden jakson ajan sek\u00e4 toisena ett\u00e4 kolmantena vuonna. Mik\u00e4li teet kes\u00e4t\u00f6it\u00e4 muista tuoda ty\u00f6ti\u00fannit sis\u00e4lt\u00e4v\u00e4t ty\u00f6todistukset mahdollisia hyv\u00e4ksilukuja varten mm. vapaavaaalintaisiin opintoihin. &nbsp; Blogit \u00a0oman osaamisen portfoliona sek\u00e4 opinn\u00e4ytteen\u00e4 Opintojen ohessa opiskelijat pit\u00e4v\u00e4t omaa &hellip; <a href=\"https:\/\/blogit.gradia.fi\/topmerkonomi14r\/top-luokan-opintosuunnitelma\/\" class=\"more-link\">Jatka lukemista <span class=\"screen-reader-text\">Top-luokan opintosuunnitelma<\/span> <span class=\"meta-nav\">&rarr;<\/span><\/a><\/p>\n","protected":false},"author":165,"featured_media":0,"parent":0,"menu_order":0,"comment_status":"open","ping_status":"open","template":"","meta":{"_uag_custom_page_level_css":"","footnotes":""},"class_list":["post-7","page","type-page","status-publish","hentry"],"yoast_head":"<!-- This site is optimized with the Yoast SEO plugin v27.2 - https:\/\/yoast.com\/product\/yoast-seo-wordpress\/ -->\n<title>Top-luokan opintosuunnitelma - TOP Merkonomi 14R<\/title>\n<meta name=\"robots\" content=\"index, follow, max-snippet:-1, max-image-preview:large, max-video-preview:-1\" \/>\n<link rel=\"canonical\" href=\"https:\/\/blogit.gradia.fi\/topmerkonomi14r\/top-luokan-opintosuunnitelma\/\" \/>\n<meta property=\"og:locale\" content=\"fi_FI\" \/>\n<meta property=\"og:type\" content=\"article\" \/>\n<meta property=\"og:title\" content=\"Top-luokan opintosuunnitelma - TOP Merkonomi 14R\" \/>\n<meta property=\"og:description\" content=\"Top-merkonomin eli R-luokan opinnot koostuvat seuraavista alla olevan kuvan mukaisista opinnoista. &nbsp; Kuvasta puuttuvat ammattitaitoa t\u00e4ydent\u00e4v\u00e4t aineet eli ATTO-aineet, joita opiskellaan yhden jakson ajan sek\u00e4 toisena ett\u00e4 kolmantena vuonna. Mik\u00e4li teet kes\u00e4t\u00f6it\u00e4 muista tuoda ty\u00f6ti\u00fannit sis\u00e4lt\u00e4v\u00e4t ty\u00f6todistukset mahdollisia hyv\u00e4ksilukuja varten mm. vapaavaaalintaisiin opintoihin. &nbsp; Blogit \u00a0oman osaamisen portfoliona sek\u00e4 opinn\u00e4ytteen\u00e4 Opintojen ohessa opiskelijat pit\u00e4v\u00e4t omaa &hellip; Jatka lukemista Top-luokan opintosuunnitelma &rarr;\" \/>\n<meta property=\"og:url\" content=\"https:\/\/blogit.gradia.fi\/topmerkonomi14r\/top-luokan-opintosuunnitelma\/\" \/>\n<meta property=\"og:site_name\" content=\"TOP Merkonomi 14R\" \/>\n<meta property=\"og:image\" content=\"https:\/\/blogit.gradia.fi\/topmerkonomi14r\/wp-content\/uploads\/sites\/128\/2015\/03\/kuva-300x194.jpg\" \/>\n<meta name=\"twitter:card\" content=\"summary_large_image\" \/>\n<meta name=\"twitter:label1\" content=\"Arvioitu lukuaika\" \/>\n\t<meta name=\"twitter:data1\" content=\"1 minuutti\" \/>\n<script type=\"application\/ld+json\" class=\"yoast-schema-graph\">{\"@context\":\"https:\/\/schema.org\",\"@graph\":[{\"@type\":\"WebPage\",\"@id\":\"https:\/\/blogit.gradia.fi\/topmerkonomi14r\/top-luokan-opintosuunnitelma\/\",\"url\":\"https:\/\/blogit.gradia.fi\/topmerkonomi14r\/top-luokan-opintosuunnitelma\/\",\"name\":\"Top-luokan opintosuunnitelma - TOP Merkonomi 14R\",\"isPartOf\":{\"@id\":\"https:\/\/blogit.gradia.fi\/topmerkonomi14r\/#website\"},\"primaryImageOfPage\":{\"@id\":\"https:\/\/blogit.gradia.fi\/topmerkonomi14r\/top-luokan-opintosuunnitelma\/#primaryimage\"},\"image\":{\"@id\":\"https:\/\/blogit.gradia.fi\/topmerkonomi14r\/top-luokan-opintosuunnitelma\/#primaryimage\"},\"thumbnailUrl\":\"https:\/\/blogit.gradia.fi\/topmerkonomi14r\/wp-content\/uploads\/sites\/128\/2015\/03\/kuva-300x194.jpg\",\"datePublished\":\"2015-03-02T13:46:38+00:00\",\"inLanguage\":\"fi\",\"potentialAction\":[{\"@type\":\"ReadAction\",\"target\":[\"https:\/\/blogit.gradia.fi\/topmerkonomi14r\/top-luokan-opintosuunnitelma\/\"]}]},{\"@type\":\"ImageObject\",\"inLanguage\":\"fi\",\"@id\":\"https:\/\/blogit.gradia.fi\/topmerkonomi14r\/top-luokan-opintosuunnitelma\/#primaryimage\",\"url\":\"https:\/\/blogit.gradia.fi\/topmerkonomi14r\/wp-content\/uploads\/sites\/128\/2015\/03\/kuva.jpg\",\"contentUrl\":\"https:\/\/blogit.gradia.fi\/topmerkonomi14r\/wp-content\/uploads\/sites\/128\/2015\/03\/kuva.jpg\",\"width\":1020,\"height\":660},{\"@type\":\"WebSite\",\"@id\":\"https:\/\/blogit.gradia.fi\/topmerkonomi14r\/#website\",\"url\":\"https:\/\/blogit.gradia.fi\/topmerkonomi14r\/\",\"name\":\"TOP Merkonomi 14R\",\"description\":\"Uusi ao-blogit -sivusto\",\"potentialAction\":[{\"@type\":\"SearchAction\",\"target\":{\"@type\":\"EntryPoint\",\"urlTemplate\":\"https:\/\/blogit.gradia.fi\/topmerkonomi14r\/?s={search_term_string}\"},\"query-input\":{\"@type\":\"PropertyValueSpecification\",\"valueRequired\":true,\"valueName\":\"search_term_string\"}}],\"inLanguage\":\"fi\"}]}<\/script>\n<!-- \/ Yoast SEO plugin. -->","yoast_head_json":{"title":"Top-luokan opintosuunnitelma - TOP Merkonomi 14R","robots":{"index":"index","follow":"follow","max-snippet":"max-snippet:-1","max-image-preview":"max-image-preview:large","max-video-preview":"max-video-preview:-1"},"canonical":"https:\/\/blogit.gradia.fi\/topmerkonomi14r\/top-luokan-opintosuunnitelma\/","og_locale":"fi_FI","og_type":"article","og_title":"Top-luokan opintosuunnitelma - TOP Merkonomi 14R","og_description":"Top-merkonomin eli R-luokan opinnot koostuvat seuraavista alla olevan kuvan mukaisista opinnoista. &nbsp; Kuvasta puuttuvat ammattitaitoa t\u00e4ydent\u00e4v\u00e4t aineet eli ATTO-aineet, joita opiskellaan yhden jakson ajan sek\u00e4 toisena ett\u00e4 kolmantena vuonna. Mik\u00e4li teet kes\u00e4t\u00f6it\u00e4 muista tuoda ty\u00f6ti\u00fannit sis\u00e4lt\u00e4v\u00e4t ty\u00f6todistukset mahdollisia hyv\u00e4ksilukuja varten mm. vapaavaaalintaisiin opintoihin. &nbsp; Blogit \u00a0oman osaamisen portfoliona sek\u00e4 opinn\u00e4ytteen\u00e4 Opintojen ohessa opiskelijat pit\u00e4v\u00e4t omaa &hellip; Jatka lukemista Top-luokan opintosuunnitelma &rarr;","og_url":"https:\/\/blogit.gradia.fi\/topmerkonomi14r\/top-luokan-opintosuunnitelma\/","og_site_name":"TOP Merkonomi 14R","og_image":[{"url":"https:\/\/blogit.gradia.fi\/topmerkonomi14r\/wp-content\/uploads\/sites\/128\/2015\/03\/kuva-300x194.jpg","type":"","width":"","height":""}],"twitter_card":"summary_large_image","twitter_misc":{"Arvioitu lukuaika":"1 minuutti"},"schema":{"@context":"https:\/\/schema.org","@graph":[{"@type":"WebPage","@id":"https:\/\/blogit.gradia.fi\/topmerkonomi14r\/top-luokan-opintosuunnitelma\/","url":"https:\/\/blogit.gradia.fi\/topmerkonomi14r\/top-luokan-opintosuunnitelma\/","name":"Top-luokan opintosuunnitelma - TOP Merkonomi 14R","isPartOf":{"@id":"https:\/\/blogit.gradia.fi\/topmerkonomi14r\/#website"},"primaryImageOfPage":{"@id":"https:\/\/blogit.gradia.fi\/topmerkonomi14r\/top-luokan-opintosuunnitelma\/#primaryimage"},"image":{"@id":"https:\/\/blogit.gradia.fi\/topmerkonomi14r\/top-luokan-opintosuunnitelma\/#primaryimage"},"thumbnailUrl":"https:\/\/blogit.gradia.fi\/topmerkonomi14r\/wp-content\/uploads\/sites\/128\/2015\/03\/kuva-300x194.jpg","datePublished":"2015-03-02T13:46:38+00:00","inLanguage":"fi","potentialAction":[{"@type":"ReadAction","target":["https:\/\/blogit.gradia.fi\/topmerkonomi14r\/top-luokan-opintosuunnitelma\/"]}]},{"@type":"ImageObject","inLanguage":"fi","@id":"https:\/\/blogit.gradia.fi\/topmerkonomi14r\/top-luokan-opintosuunnitelma\/#primaryimage","url":"https:\/\/blogit.gradia.fi\/topmerkonomi14r\/wp-content\/uploads\/sites\/128\/2015\/03\/kuva.jpg","contentUrl":"https:\/\/blogit.gradia.fi\/topmerkonomi14r\/wp-content\/uploads\/sites\/128\/2015\/03\/kuva.jpg","width":1020,"height":660},{"@type":"WebSite","@id":"https:\/\/blogit.gradia.fi\/topmerkonomi14r\/#website","url":"https:\/\/blogit.gradia.fi\/topmerkonomi14r\/","name":"TOP Merkonomi 14R","description":"Uusi ao-blogit -sivusto","potentialAction":[{"@type":"SearchAction","target":{"@type":"EntryPoint","urlTemplate":"https:\/\/blogit.gradia.fi\/topmerkonomi14r\/?s={search_term_string}"},"query-input":{"@type":"PropertyValueSpecification","valueRequired":true,"valueName":"search_term_string"}}],"inLanguage":"fi"}]}},"uagb_featured_image_src":{"full":false,"thumbnail":false,"medium":false,"medium_large":false,"large":false,"1536x1536":false,"2048x2048":false,"post-thumbnail":false},"uagb_author_info":{"display_name":"Heini Pennanen","author_link":"https:\/\/blogit.gradia.fi\/topmerkonomi14r\/author\/pennahei\/"},"uagb_comment_info":12,"uagb_excerpt":"Top-merkonomin eli R-luokan opinnot koostuvat seuraavista alla olevan kuvan mukaisista opinnoista. &nbsp; Kuvasta puuttuvat ammattitaitoa t\u00e4ydent\u00e4v\u00e4t aineet eli ATTO-aineet, joita opiskellaan yhden jakson ajan sek\u00e4 toisena ett\u00e4 kolmantena vuonna. Mik\u00e4li teet kes\u00e4t\u00f6it\u00e4 muista tuoda ty\u00f6ti\u00fannit sis\u00e4lt\u00e4v\u00e4t ty\u00f6todistukset mahdollisia hyv\u00e4ksilukuja varten mm. vapaavaaalintaisiin opintoihin. &nbsp; Blogit \u00a0oman osaamisen portfoliona sek\u00e4 opinn\u00e4ytteen\u00e4 Opintojen ohessa opiskelijat pit\u00e4v\u00e4t omaa&hellip;","_links":{"self":[{"href":"https:\/\/blogit.gradia.fi\/topmerkonomi14r\/wp-json\/wp\/v2\/pages\/7","targetHints":{"allow":["GET"]}}],"collection":[{"href":"https:\/\/blogit.gradia.fi\/topmerkonomi14r\/wp-json\/wp\/v2\/pages"}],"about":[{"href":"https:\/\/blogit.gradia.fi\/topmerkonomi14r\/wp-json\/wp\/v2\/types\/page"}],"author":[{"embeddable":true,"href":"https:\/\/blogit.gradia.fi\/topmerkonomi14r\/wp-json\/wp\/v2\/users\/165"}],"replies":[{"embeddable":true,"href":"https:\/\/blogit.gradia.fi\/topmerkonomi14r\/wp-json\/wp\/v2\/comments?post=7"}],"version-history":[{"count":0,"href":"https:\/\/blogit.gradia.fi\/topmerkonomi14r\/wp-json\/wp\/v2\/pages\/7\/revisions"}],"wp:attachment":[{"href":"https:\/\/blogit.gradia.fi\/topmerkonomi14r\/wp-json\/wp\/v2\/media?parent=7"}],"curies":[{"name":"wp","href":"https:\/\/api.w.org\/{rel}","templated":true}]}}