{"id":247,"date":"2019-04-24T09:48:53","date_gmt":"2019-04-24T06:48:53","guid":{"rendered":"https:\/\/blogit.gradia.fi\/ohjaustehostin\/?page_id=247"},"modified":"2019-06-18T15:38:03","modified_gmt":"2019-06-18T12:38:03","slug":"kysymyspakki","status":"publish","type":"page","link":"https:\/\/blogit.gradia.fi\/tehoaohjaukseen\/kysymyspakki\/","title":{"rendered":"Ohjaa opintojen alussa ja aikana"},"content":{"rendered":"\n<p>Opiskelijan kanssa\nk\u00e4yt\u00e4vi\u00e4 keskusteluja j\u00e4sent\u00e4\u00e4 sek\u00e4 opettajalle ett\u00e4 opiskelijalle se, ett\u00e4\nkysyt\u00e4\u00e4n monipuolisesti erilaisia aiheeseen liittyvi\u00e4 kysymyksi\u00e4. N\u00e4in saadaan\nmy\u00f6s opiskelija pohtimaan monipuolisesti ja vastaamaan mahdollisimman laajasti.\n<\/p>\n\n\n\n<p>Voitte keskustella ohjauskeskusteluissa mm. seuraavista asioista:<\/p>\n\n\n\n<h3 class=\"wp-block-heading\">Alan opintoihin hakeutuminen<\/h3>\n\n\n\n<ul class=\"wp-block-list\"><li>Miss\u00e4 asioissa haluaisit kehitty\u00e4 koulutuksen aikana?<\/li><li>Millaiset asiat sinua kiinnostavat?<\/li><li>Mitk\u00e4 asiat motivoivat sinua t\u00e4lle alalle?<\/li><li>Millaista aiempaa osaamista sinulla on (koulutus\/ty\u00f6kokemus\/tiedot ja taidot)?<\/li><li>Millaisia onnistumisia olet kokenut opinnoissasi?<\/li><li>Mitk\u00e4 ovat kolme vahvuuttasi opiskeluun ja ammattialaan liittyen?<\/li><li> Mihin suuntaan haluat ammattilaisena kehitty\u00e4? <\/li><\/ul>\n\n\n\n<figure class=\"wp-block-image\"><img loading=\"lazy\" decoding=\"async\" width=\"1024\" height=\"576\" src=\"https:\/\/blogit.gradia.fi\/ohjaustehostin\/wp-content\/uploads\/sites\/43\/2019\/04\/ammatit.png\" alt=\"Ammatit (kuvittaja Hanne Sepp\u00e4l\u00e4)\" class=\"wp-image-152\" \/><figcaption>Ammatit (kuvittaja Hanne Sepp\u00e4l\u00e4)<\/figcaption><\/figure>\n\n\n\n<h3 class=\"wp-block-heading\"> Opiskeluvalmiudet <\/h3>\n\n\n\n<ul class=\"wp-block-list\"><li>Millaisia haasteita ja ongelmia sinulla on ollut opinnoissasi?<\/li><li>Mitk\u00e4 ovat kolme heikkouttasi opiskeluun ja ammattialaan liittyen?<\/li><li>Uskotko tarvitsevasi tukea opinnoissasi, jos tarvitset, niin millaista?<\/li><li>Millaista tukea olisit tarvinnut aiemmissa opinnoissasi?<\/li><li>Millainen tukiverkosto sinulla on? <\/li><\/ul>\n\n\n\n<h3 class=\"wp-block-heading\"><strong>Tavoitteiden asettaminen<\/strong><\/h3>\n\n\n\n<ul class=\"wp-block-list\"><li> Millainen k\u00e4sitys sinulla on alan ammattitaitovaatimuksista? <\/li><li>Millaisia haaveita sinulla on ty\u00f6llistymisen suhteen?<\/li><li> Millaisia tavoitteita olet valmis asettamaan itsellesi? <\/li><li> Mit\u00e4 olet valmis tekem\u00e4\u00e4n, ett\u00e4 tavoitteesi toteutuu? <\/li><\/ul>\n\n\n\n<figure class=\"wp-block-image is-resized\"><img loading=\"lazy\" decoding=\"async\" src=\"https:\/\/blogit.gradia.fi\/ohjaustehostin\/wp-content\/uploads\/sites\/43\/2019\/04\/kuva.png\" alt=\"Haen t\u00f6it\u00e4 (kuvittaja Hanne Sepp\u00e4l\u00e4)\" class=\"wp-image-158\" width=\"518\" height=\"291\" \/><figcaption>Haen t\u00f6it\u00e4 (kuvittaja Hanne Sepp\u00e4l\u00e4)<\/figcaption><\/figure>\n\n\n\n<h3 class=\"wp-block-heading\">Tulevaisuuden ty\u00f6paikka<\/h3>\n\n\n\n<ul class=\"wp-block-list\"><li>Miss\u00e4 haluaisit ty\u00f6skennell\u00e4 valmistumisen j\u00e4lkeen?<\/li><li> Millaisessa ty\u00f6paikassa haluaisit osaamista hankkia? <\/li><li>Millaisessa ty\u00f6paikassa uskot osaamisesi tulevan parhaiten esille?<\/li><li>Kiinnostaisiko sinua yritt\u00e4jyys?<\/li><\/ul>\n\n\n\n<figure class=\"wp-block-image is-resized\"><img loading=\"lazy\" decoding=\"async\" src=\"https:\/\/blogit.gradia.fi\/ohjaustehostin\/wp-content\/uploads\/sites\/43\/2019\/04\/tyotodistus.png\" alt=\"Ty\u00f6todistus (kuvittaja Hanne Sepp\u00e4l\u00e4)\" class=\"wp-image-163\" width=\"289\" height=\"373\" \/><figcaption>Ty\u00f6todistus (kuvittaja Hanne Sepp\u00e4l\u00e4)<\/figcaption><\/figure>\n","protected":false},"excerpt":{"rendered":"<p>Opiskelijan kanssa k\u00e4yt\u00e4vi\u00e4 keskusteluja j\u00e4sent\u00e4\u00e4 sek\u00e4 opettajalle ett\u00e4 opiskelijalle se, ett\u00e4 kysyt\u00e4\u00e4n monipuolisesti erilaisia aiheeseen liittyvi\u00e4 kysymyksi\u00e4. N\u00e4in saadaan my\u00f6s opiskelija pohtimaan monipuolisesti ja vastaamaan mahdollisimman laajasti. Voitte keskustella ohjauskeskusteluissa mm. seuraavista asioista: Alan opintoihin hakeutuminen Miss\u00e4 asioissa haluaisit kehitty\u00e4 koulutuksen aikana? Millaiset asiat sinua kiinnostavat? Mitk\u00e4 asiat motivoivat sinua t\u00e4lle alalle? Millaista aiempaa osaamista [&hellip;]<\/p>\n","protected":false},"author":406,"featured_media":0,"parent":0,"menu_order":6,"comment_status":"closed","ping_status":"closed","template":"","meta":{"_uag_custom_page_level_css":"","footnotes":""},"class_list":["post-247","page","type-page","status-publish","hentry"],"yoast_head":"<!-- This site is optimized with the Yoast SEO plugin v27.4 - https:\/\/yoast.com\/product\/yoast-seo-wordpress\/ -->\n<title>Ohjaa opintojen alussa ja aikana - Tehoa ohjaukseen<\/title>\n<meta name=\"robots\" content=\"index, follow, max-snippet:-1, max-image-preview:large, max-video-preview:-1\" \/>\n<link rel=\"canonical\" href=\"https:\/\/blogit.gradia.fi\/tehoaohjaukseen\/kysymyspakki\/\" \/>\n<meta property=\"og:locale\" content=\"fi_FI\" \/>\n<meta property=\"og:type\" content=\"article\" \/>\n<meta property=\"og:title\" content=\"Ohjaa opintojen alussa ja aikana - Tehoa ohjaukseen\" \/>\n<meta property=\"og:description\" content=\"Opiskelijan kanssa k\u00e4yt\u00e4vi\u00e4 keskusteluja j\u00e4sent\u00e4\u00e4 sek\u00e4 opettajalle ett\u00e4 opiskelijalle se, ett\u00e4 kysyt\u00e4\u00e4n monipuolisesti erilaisia aiheeseen liittyvi\u00e4 kysymyksi\u00e4. N\u00e4in saadaan my\u00f6s opiskelija pohtimaan monipuolisesti ja vastaamaan mahdollisimman laajasti. Voitte keskustella ohjauskeskusteluissa mm. seuraavista asioista: Alan opintoihin hakeutuminen Miss\u00e4 asioissa haluaisit kehitty\u00e4 koulutuksen aikana? Millaiset asiat sinua kiinnostavat? Mitk\u00e4 asiat motivoivat sinua t\u00e4lle alalle? Millaista aiempaa osaamista [&hellip;]\" \/>\n<meta property=\"og:url\" content=\"https:\/\/blogit.gradia.fi\/tehoaohjaukseen\/kysymyspakki\/\" \/>\n<meta property=\"og:site_name\" content=\"Tehoa ohjaukseen\" \/>\n<meta property=\"article:modified_time\" content=\"2019-06-18T12:38:03+00:00\" \/>\n<meta property=\"og:image\" content=\"https:\/\/blogit.gradia.fi\/ohjaustehostin\/wp-content\/uploads\/sites\/43\/2019\/04\/ammatit.png\" \/>\n<meta name=\"twitter:card\" content=\"summary_large_image\" \/>\n<meta name=\"twitter:label1\" content=\"Arvioitu lukuaika\" \/>\n\t<meta name=\"twitter:data1\" content=\"1 minuutti\" \/>\n<script type=\"application\/ld+json\" class=\"yoast-schema-graph\">{\"@context\":\"https:\\\/\\\/schema.org\",\"@graph\":[{\"@type\":\"WebPage\",\"@id\":\"https:\\\/\\\/blogit.gradia.fi\\\/tehoaohjaukseen\\\/kysymyspakki\\\/\",\"url\":\"https:\\\/\\\/blogit.gradia.fi\\\/tehoaohjaukseen\\\/kysymyspakki\\\/\",\"name\":\"Ohjaa opintojen alussa ja aikana - Tehoa ohjaukseen\",\"isPartOf\":{\"@id\":\"https:\\\/\\\/blogit.gradia.fi\\\/tehoaohjaukseen\\\/#website\"},\"primaryImageOfPage\":{\"@id\":\"https:\\\/\\\/blogit.gradia.fi\\\/tehoaohjaukseen\\\/kysymyspakki\\\/#primaryimage\"},\"image\":{\"@id\":\"https:\\\/\\\/blogit.gradia.fi\\\/tehoaohjaukseen\\\/kysymyspakki\\\/#primaryimage\"},\"thumbnailUrl\":\"https:\\\/\\\/blogit.gradia.fi\\\/ohjaustehostin\\\/wp-content\\\/uploads\\\/sites\\\/43\\\/2019\\\/04\\\/ammatit.png\",\"datePublished\":\"2019-04-24T06:48:53+00:00\",\"dateModified\":\"2019-06-18T12:38:03+00:00\",\"breadcrumb\":{\"@id\":\"https:\\\/\\\/blogit.gradia.fi\\\/tehoaohjaukseen\\\/kysymyspakki\\\/#breadcrumb\"},\"inLanguage\":\"fi\",\"potentialAction\":[{\"@type\":\"ReadAction\",\"target\":[\"https:\\\/\\\/blogit.gradia.fi\\\/tehoaohjaukseen\\\/kysymyspakki\\\/\"]}]},{\"@type\":\"ImageObject\",\"inLanguage\":\"fi\",\"@id\":\"https:\\\/\\\/blogit.gradia.fi\\\/tehoaohjaukseen\\\/kysymyspakki\\\/#primaryimage\",\"url\":\"https:\\\/\\\/blogit.gradia.fi\\\/ohjaustehostin\\\/wp-content\\\/uploads\\\/sites\\\/43\\\/2019\\\/04\\\/ammatit.png\",\"contentUrl\":\"https:\\\/\\\/blogit.gradia.fi\\\/ohjaustehostin\\\/wp-content\\\/uploads\\\/sites\\\/43\\\/2019\\\/04\\\/ammatit.png\"},{\"@type\":\"BreadcrumbList\",\"@id\":\"https:\\\/\\\/blogit.gradia.fi\\\/tehoaohjaukseen\\\/kysymyspakki\\\/#breadcrumb\",\"itemListElement\":[{\"@type\":\"ListItem\",\"position\":1,\"name\":\"Home\",\"item\":\"https:\\\/\\\/blogit.gradia.fi\\\/tehoaohjaukseen\\\/\"},{\"@type\":\"ListItem\",\"position\":2,\"name\":\"Ohjaa opintojen alussa ja aikana\"}]},{\"@type\":\"WebSite\",\"@id\":\"https:\\\/\\\/blogit.gradia.fi\\\/tehoaohjaukseen\\\/#website\",\"url\":\"https:\\\/\\\/blogit.gradia.fi\\\/tehoaohjaukseen\\\/\",\"name\":\"Tehoa ohjaukseen\",\"description\":\"ideoita ja vinkkej\u00e4 ohjaukseen\",\"potentialAction\":[{\"@type\":\"SearchAction\",\"target\":{\"@type\":\"EntryPoint\",\"urlTemplate\":\"https:\\\/\\\/blogit.gradia.fi\\\/tehoaohjaukseen\\\/?s={search_term_string}\"},\"query-input\":{\"@type\":\"PropertyValueSpecification\",\"valueRequired\":true,\"valueName\":\"search_term_string\"}}],\"inLanguage\":\"fi\"}]}<\/script>\n<!-- \/ Yoast SEO plugin. -->","yoast_head_json":{"title":"Ohjaa opintojen alussa ja aikana - Tehoa ohjaukseen","robots":{"index":"index","follow":"follow","max-snippet":"max-snippet:-1","max-image-preview":"max-image-preview:large","max-video-preview":"max-video-preview:-1"},"canonical":"https:\/\/blogit.gradia.fi\/tehoaohjaukseen\/kysymyspakki\/","og_locale":"fi_FI","og_type":"article","og_title":"Ohjaa opintojen alussa ja aikana - Tehoa ohjaukseen","og_description":"Opiskelijan kanssa k\u00e4yt\u00e4vi\u00e4 keskusteluja j\u00e4sent\u00e4\u00e4 sek\u00e4 opettajalle ett\u00e4 opiskelijalle se, ett\u00e4 kysyt\u00e4\u00e4n monipuolisesti erilaisia aiheeseen liittyvi\u00e4 kysymyksi\u00e4. N\u00e4in saadaan my\u00f6s opiskelija pohtimaan monipuolisesti ja vastaamaan mahdollisimman laajasti. Voitte keskustella ohjauskeskusteluissa mm. seuraavista asioista: Alan opintoihin hakeutuminen Miss\u00e4 asioissa haluaisit kehitty\u00e4 koulutuksen aikana? Millaiset asiat sinua kiinnostavat? Mitk\u00e4 asiat motivoivat sinua t\u00e4lle alalle? Millaista aiempaa osaamista [&hellip;]","og_url":"https:\/\/blogit.gradia.fi\/tehoaohjaukseen\/kysymyspakki\/","og_site_name":"Tehoa ohjaukseen","article_modified_time":"2019-06-18T12:38:03+00:00","og_image":[{"url":"https:\/\/blogit.gradia.fi\/ohjaustehostin\/wp-content\/uploads\/sites\/43\/2019\/04\/ammatit.png","type":"","width":"","height":""}],"twitter_card":"summary_large_image","twitter_misc":{"Arvioitu lukuaika":"1 minuutti"},"schema":{"@context":"https:\/\/schema.org","@graph":[{"@type":"WebPage","@id":"https:\/\/blogit.gradia.fi\/tehoaohjaukseen\/kysymyspakki\/","url":"https:\/\/blogit.gradia.fi\/tehoaohjaukseen\/kysymyspakki\/","name":"Ohjaa opintojen alussa ja aikana - Tehoa ohjaukseen","isPartOf":{"@id":"https:\/\/blogit.gradia.fi\/tehoaohjaukseen\/#website"},"primaryImageOfPage":{"@id":"https:\/\/blogit.gradia.fi\/tehoaohjaukseen\/kysymyspakki\/#primaryimage"},"image":{"@id":"https:\/\/blogit.gradia.fi\/tehoaohjaukseen\/kysymyspakki\/#primaryimage"},"thumbnailUrl":"https:\/\/blogit.gradia.fi\/ohjaustehostin\/wp-content\/uploads\/sites\/43\/2019\/04\/ammatit.png","datePublished":"2019-04-24T06:48:53+00:00","dateModified":"2019-06-18T12:38:03+00:00","breadcrumb":{"@id":"https:\/\/blogit.gradia.fi\/tehoaohjaukseen\/kysymyspakki\/#breadcrumb"},"inLanguage":"fi","potentialAction":[{"@type":"ReadAction","target":["https:\/\/blogit.gradia.fi\/tehoaohjaukseen\/kysymyspakki\/"]}]},{"@type":"ImageObject","inLanguage":"fi","@id":"https:\/\/blogit.gradia.fi\/tehoaohjaukseen\/kysymyspakki\/#primaryimage","url":"https:\/\/blogit.gradia.fi\/ohjaustehostin\/wp-content\/uploads\/sites\/43\/2019\/04\/ammatit.png","contentUrl":"https:\/\/blogit.gradia.fi\/ohjaustehostin\/wp-content\/uploads\/sites\/43\/2019\/04\/ammatit.png"},{"@type":"BreadcrumbList","@id":"https:\/\/blogit.gradia.fi\/tehoaohjaukseen\/kysymyspakki\/#breadcrumb","itemListElement":[{"@type":"ListItem","position":1,"name":"Home","item":"https:\/\/blogit.gradia.fi\/tehoaohjaukseen\/"},{"@type":"ListItem","position":2,"name":"Ohjaa opintojen alussa ja aikana"}]},{"@type":"WebSite","@id":"https:\/\/blogit.gradia.fi\/tehoaohjaukseen\/#website","url":"https:\/\/blogit.gradia.fi\/tehoaohjaukseen\/","name":"Tehoa ohjaukseen","description":"ideoita ja vinkkej\u00e4 ohjaukseen","potentialAction":[{"@type":"SearchAction","target":{"@type":"EntryPoint","urlTemplate":"https:\/\/blogit.gradia.fi\/tehoaohjaukseen\/?s={search_term_string}"},"query-input":{"@type":"PropertyValueSpecification","valueRequired":true,"valueName":"search_term_string"}}],"inLanguage":"fi"}]}},"uagb_featured_image_src":{"full":false,"thumbnail":false,"medium":false,"medium_large":false,"large":false,"1536x1536":false,"2048x2048":false,"post-thumbnail":false},"uagb_author_info":{"display_name":"Anitta Peltola","author_link":"https:\/\/blogit.gradia.fi\/tehoaohjaukseen\/author\/peltoani\/"},"uagb_comment_info":0,"uagb_excerpt":"Opiskelijan kanssa k\u00e4yt\u00e4vi\u00e4 keskusteluja j\u00e4sent\u00e4\u00e4 sek\u00e4 opettajalle ett\u00e4 opiskelijalle se, ett\u00e4 kysyt\u00e4\u00e4n monipuolisesti erilaisia aiheeseen liittyvi\u00e4 kysymyksi\u00e4. N\u00e4in saadaan my\u00f6s opiskelija pohtimaan monipuolisesti ja vastaamaan mahdollisimman laajasti. Voitte keskustella ohjauskeskusteluissa mm. seuraavista asioista: Alan opintoihin hakeutuminen Miss\u00e4 asioissa haluaisit kehitty\u00e4 koulutuksen aikana? Millaiset asiat sinua kiinnostavat? Mitk\u00e4 asiat motivoivat sinua t\u00e4lle alalle? Millaista aiempaa osaamista&hellip;","_links":{"self":[{"href":"https:\/\/blogit.gradia.fi\/tehoaohjaukseen\/wp-json\/wp\/v2\/pages\/247","targetHints":{"allow":["GET"]}}],"collection":[{"href":"https:\/\/blogit.gradia.fi\/tehoaohjaukseen\/wp-json\/wp\/v2\/pages"}],"about":[{"href":"https:\/\/blogit.gradia.fi\/tehoaohjaukseen\/wp-json\/wp\/v2\/types\/page"}],"author":[{"embeddable":true,"href":"https:\/\/blogit.gradia.fi\/tehoaohjaukseen\/wp-json\/wp\/v2\/users\/406"}],"replies":[{"embeddable":true,"href":"https:\/\/blogit.gradia.fi\/tehoaohjaukseen\/wp-json\/wp\/v2\/comments?post=247"}],"version-history":[{"count":27,"href":"https:\/\/blogit.gradia.fi\/tehoaohjaukseen\/wp-json\/wp\/v2\/pages\/247\/revisions"}],"predecessor-version":[{"id":435,"href":"https:\/\/blogit.gradia.fi\/tehoaohjaukseen\/wp-json\/wp\/v2\/pages\/247\/revisions\/435"}],"wp:attachment":[{"href":"https:\/\/blogit.gradia.fi\/tehoaohjaukseen\/wp-json\/wp\/v2\/media?parent=247"}],"curies":[{"name":"wp","href":"https:\/\/api.w.org\/{rel}","templated":true}]}}