{"id":87,"date":"2016-03-22T21:53:58","date_gmt":"2016-03-22T19:53:58","guid":{"rendered":"https:\/\/blogit.gradia.fi\/soteammattilaiset\/?page_id=87"},"modified":"2016-04-26T19:37:31","modified_gmt":"2016-04-26T16:37:31","slug":"kehitysvamma-alan-erikoisammattitutkinto","status":"publish","type":"page","link":"https:\/\/blogit.gradia.fi\/soteammattilaiset\/jalkojenhoidon-ammattitutkinto\/kehitysvamma-alan-erikoisammattitutkinto\/","title":{"rendered":"Kehitysvamma-alan erikoisammattitutkinto"},"content":{"rendered":"<p><strong>Kehitysvamma-alan erikoisammattitutkinto<\/strong><\/p>\n<p><strong>Kohderyhm\u00e4<\/strong><br \/>\nKehitysvamma-alan erikoisammattitutkinto on tarkoitettu kehitysvammapalveluissa toimiville ty\u00f6ntekij\u00f6ille, joilla on v\u00e4hint\u00e4\u00e4n sosiaali- ja \/tai terveysalan ammatillisen perustutkinnon tasoiset tiedot ja taidot, ty\u00f6kokemusta alalta sek\u00e4 syvent\u00e4vi\u00e4 ja t\u00e4ydent\u00e4vi\u00e4 opintoja alalta.<\/p>\n<p><strong>Kuvaus<\/strong><br \/>\nTutkinto antaa laaja-alaiset valmiudet alan erikoisosaamiseen ja kehitt\u00e4miseen. Koulutus toteutuu oppisopimuskoulutuksena tai omaehtoisena monimuotokoulutuksena.<\/p>\n<p>Tutkinnon pakolliset osat<\/p>\n<ul>\n<li>Ammatillinen toimiminen kehitysvamma-alalla<\/li>\n<li>Toimiminen palveluj\u00e4rjestelm\u00e4ss\u00e4 ja ty\u00f6yhteis\u00f6ss\u00e4<\/li>\n<\/ul>\n<p>Valinnaiset osat, joista on valittava kaksi, kysynn\u00e4n mukaan toteutettavat vaihtoehdot:<\/p>\n<ul>\n<li>Ik\u00e4\u00e4ntyneen kehitysvammaisen ihmisen hyvinvoinnin ja timintakyvyn tukeminen<\/li>\n<li>Vaikea- ja monivammaisen henkil\u00f6n osallisuuden ja hyvinvoinnin edist\u00e4minen<\/li>\n<li>Autistisen henkil\u00f6n osallisuuden ja hyvinvoinnin edist\u00e4minen<\/li>\n<li>Mielenterveyden ja psykososiaalisen hyvinvoinnin tukeminen<\/li>\n<li>Yritt\u00e4jyys<\/li>\n<\/ul>\n<p>Koulutus sis\u00e4lt\u00e4\u00e4 l\u00e4hiopetusta, itsen\u00e4ist\u00e4 et\u00e4opiskelua sek\u00e4 ty\u00f6ss\u00e4oppimista. Koulutuksen lopullinen sis\u00e4lt\u00f6 ja kesto m\u00e4\u00e4r\u00e4ytyv\u00e4t henkil\u00f6kohtaistamissuunnitelman perusteella, jossa aiempi koulutus, ty\u00f6kokemus ja muu toiminta kartoitetaan. Oppisopimuskoulutuksella opiskelu edellytt\u00e4\u00e4, ett\u00e4 opiskelijalla on ty\u00f6paikka, jossa voi ty\u00f6skennell\u00e4 kehitysvammaisten parissa tai ett\u00e4 h\u00e4n ty\u00f6skentelee yritt\u00e4j\u00e4n\u00e4.<\/p>\n<p>Koulutus voidaan suorittaa my\u00f6s oppisopimuskoulutuksena. Ota yhteys Jyv\u00e4skyl\u00e4n oppisopimuskeskus Krista Hanski puh. 040 341 5191, etunimi.sukunimi@jao.fi<\/p>\n<p><strong><a href=\"https:\/\/www.jao.fi\/primus\/Kehitysvamma-alan-erikoisammattitutkinto\/25037\/6-11862\">Hae koulutukseen<\/a><\/strong><\/p>\n<p><strong>Lis\u00e4tietoja antaa<\/strong><br \/>\nKouluttaja Leena Elomaa puh. 040 341 6325 etunimi.sukunimi@jao.fi ja opiskelijan ohjauspalvelu puh. 040 341 5055, s-posti: aikuisopisto@jao.fi.<\/p>\n<p>&nbsp;<\/p>\n<p>&nbsp;<\/p>\n","protected":false},"excerpt":{"rendered":"<p>Kehitysvamma-alan erikoisammattitutkinto Kohderyhm\u00e4 Kehitysvamma-alan erikoisammattitutkinto on tarkoitettu kehitysvammapalveluissa toimiville ty\u00f6ntekij\u00f6ille, joilla on v\u00e4hint\u00e4\u00e4n sosiaali- ja \/tai terveysalan ammatillisen perustutkinnon tasoiset tiedot ja taidot, ty\u00f6kokemusta alalta sek\u00e4 syvent\u00e4vi\u00e4 ja t\u00e4ydent\u00e4vi\u00e4 opintoja alalta. Kuvaus Tutkinto antaa laaja-alaiset valmiudet alan erikoisosaamiseen ja kehitt\u00e4miseen. Koulutus toteutuu oppisopimuskoulutuksena tai omaehtoisena monimuotokoulutuksena. Tutkinnon pakolliset osat Ammatillinen toimiminen kehitysvamma-alalla Toimiminen palveluj\u00e4rjestelm\u00e4ss\u00e4 ja &hellip; <a href=\"https:\/\/blogit.gradia.fi\/soteammattilaiset\/jalkojenhoidon-ammattitutkinto\/kehitysvamma-alan-erikoisammattitutkinto\/\" class=\"more-link\">Jatka lukemista <span class=\"screen-reader-text\">Kehitysvamma-alan erikoisammattitutkinto<\/span> <span class=\"meta-nav\">&rarr;<\/span><\/a><\/p>\n","protected":false},"author":1131,"featured_media":0,"parent":12,"menu_order":5,"comment_status":"closed","ping_status":"closed","template":"","meta":{"_uag_custom_page_level_css":"","footnotes":""},"class_list":["post-87","page","type-page","status-publish","hentry"],"yoast_head":"<!-- This site is optimized with the Yoast SEO plugin v27.5 - https:\/\/yoast.com\/product\/yoast-seo-wordpress\/ -->\n<title>Kehitysvamma-alan erikoisammattitutkinto - Sote ammattilaiset<\/title>\n<meta name=\"robots\" content=\"index, follow, max-snippet:-1, max-image-preview:large, max-video-preview:-1\" \/>\n<link rel=\"canonical\" href=\"https:\/\/blogit.gradia.fi\/soteammattilaiset\/jalkojenhoidon-ammattitutkinto\/kehitysvamma-alan-erikoisammattitutkinto\/\" \/>\n<meta property=\"og:locale\" content=\"fi_FI\" \/>\n<meta property=\"og:type\" content=\"article\" \/>\n<meta property=\"og:title\" content=\"Kehitysvamma-alan erikoisammattitutkinto - Sote ammattilaiset\" \/>\n<meta property=\"og:description\" content=\"Kehitysvamma-alan erikoisammattitutkinto Kohderyhm\u00e4 Kehitysvamma-alan erikoisammattitutkinto on tarkoitettu kehitysvammapalveluissa toimiville ty\u00f6ntekij\u00f6ille, joilla on v\u00e4hint\u00e4\u00e4n sosiaali- ja \/tai terveysalan ammatillisen perustutkinnon tasoiset tiedot ja taidot, ty\u00f6kokemusta alalta sek\u00e4 syvent\u00e4vi\u00e4 ja t\u00e4ydent\u00e4vi\u00e4 opintoja alalta. Kuvaus Tutkinto antaa laaja-alaiset valmiudet alan erikoisosaamiseen ja kehitt\u00e4miseen. Koulutus toteutuu oppisopimuskoulutuksena tai omaehtoisena monimuotokoulutuksena. Tutkinnon pakolliset osat Ammatillinen toimiminen kehitysvamma-alalla Toimiminen palveluj\u00e4rjestelm\u00e4ss\u00e4 ja &hellip; Jatka lukemista Kehitysvamma-alan erikoisammattitutkinto &rarr;\" \/>\n<meta property=\"og:url\" content=\"https:\/\/blogit.gradia.fi\/soteammattilaiset\/jalkojenhoidon-ammattitutkinto\/kehitysvamma-alan-erikoisammattitutkinto\/\" \/>\n<meta property=\"og:site_name\" content=\"Sote ammattilaiset\" \/>\n<meta property=\"article:modified_time\" content=\"2016-04-26T16:37:31+00:00\" \/>\n<meta name=\"twitter:card\" content=\"summary_large_image\" \/>\n<meta name=\"twitter:label1\" content=\"Arvioitu lukuaika\" \/>\n\t<meta name=\"twitter:data1\" content=\"1 minuutti\" \/>\n<script type=\"application\/ld+json\" class=\"yoast-schema-graph\">{\"@context\":\"https:\\\/\\\/schema.org\",\"@graph\":[{\"@type\":\"WebPage\",\"@id\":\"https:\\\/\\\/blogit.gradia.fi\\\/soteammattilaiset\\\/jalkojenhoidon-ammattitutkinto\\\/kehitysvamma-alan-erikoisammattitutkinto\\\/\",\"url\":\"https:\\\/\\\/blogit.gradia.fi\\\/soteammattilaiset\\\/jalkojenhoidon-ammattitutkinto\\\/kehitysvamma-alan-erikoisammattitutkinto\\\/\",\"name\":\"Kehitysvamma-alan erikoisammattitutkinto - Sote ammattilaiset\",\"isPartOf\":{\"@id\":\"https:\\\/\\\/blogit.gradia.fi\\\/soteammattilaiset\\\/#website\"},\"datePublished\":\"2016-03-22T19:53:58+00:00\",\"dateModified\":\"2016-04-26T16:37:31+00:00\",\"breadcrumb\":{\"@id\":\"https:\\\/\\\/blogit.gradia.fi\\\/soteammattilaiset\\\/jalkojenhoidon-ammattitutkinto\\\/kehitysvamma-alan-erikoisammattitutkinto\\\/#breadcrumb\"},\"inLanguage\":\"fi\",\"potentialAction\":[{\"@type\":\"ReadAction\",\"target\":[\"https:\\\/\\\/blogit.gradia.fi\\\/soteammattilaiset\\\/jalkojenhoidon-ammattitutkinto\\\/kehitysvamma-alan-erikoisammattitutkinto\\\/\"]}]},{\"@type\":\"BreadcrumbList\",\"@id\":\"https:\\\/\\\/blogit.gradia.fi\\\/soteammattilaiset\\\/jalkojenhoidon-ammattitutkinto\\\/kehitysvamma-alan-erikoisammattitutkinto\\\/#breadcrumb\",\"itemListElement\":[{\"@type\":\"ListItem\",\"position\":1,\"name\":\"Erikoisammattitutkinnot\",\"item\":\"https:\\\/\\\/blogit.gradia.fi\\\/soteammattilaiset\\\/jalkojenhoidon-ammattitutkinto\\\/\"},{\"@type\":\"ListItem\",\"position\":2,\"name\":\"Kehitysvamma-alan erikoisammattitutkinto\"}]},{\"@type\":\"WebSite\",\"@id\":\"https:\\\/\\\/blogit.gradia.fi\\\/soteammattilaiset\\\/#website\",\"url\":\"https:\\\/\\\/blogit.gradia.fi\\\/soteammattilaiset\\\/\",\"name\":\"Sote ammattilaiset\",\"description\":\"Gradia Jyv\u00e4skyl\u00e4 \\\/ Osallisuus ja ohjaaminen palvelut ammatti- ja erikoisammattitutkinnot\",\"potentialAction\":[{\"@type\":\"SearchAction\",\"target\":{\"@type\":\"EntryPoint\",\"urlTemplate\":\"https:\\\/\\\/blogit.gradia.fi\\\/soteammattilaiset\\\/?s={search_term_string}\"},\"query-input\":{\"@type\":\"PropertyValueSpecification\",\"valueRequired\":true,\"valueName\":\"search_term_string\"}}],\"inLanguage\":\"fi\"}]}<\/script>\n<!-- \/ Yoast SEO plugin. -->","yoast_head_json":{"title":"Kehitysvamma-alan erikoisammattitutkinto - Sote ammattilaiset","robots":{"index":"index","follow":"follow","max-snippet":"max-snippet:-1","max-image-preview":"max-image-preview:large","max-video-preview":"max-video-preview:-1"},"canonical":"https:\/\/blogit.gradia.fi\/soteammattilaiset\/jalkojenhoidon-ammattitutkinto\/kehitysvamma-alan-erikoisammattitutkinto\/","og_locale":"fi_FI","og_type":"article","og_title":"Kehitysvamma-alan erikoisammattitutkinto - Sote ammattilaiset","og_description":"Kehitysvamma-alan erikoisammattitutkinto Kohderyhm\u00e4 Kehitysvamma-alan erikoisammattitutkinto on tarkoitettu kehitysvammapalveluissa toimiville ty\u00f6ntekij\u00f6ille, joilla on v\u00e4hint\u00e4\u00e4n sosiaali- ja \/tai terveysalan ammatillisen perustutkinnon tasoiset tiedot ja taidot, ty\u00f6kokemusta alalta sek\u00e4 syvent\u00e4vi\u00e4 ja t\u00e4ydent\u00e4vi\u00e4 opintoja alalta. Kuvaus Tutkinto antaa laaja-alaiset valmiudet alan erikoisosaamiseen ja kehitt\u00e4miseen. Koulutus toteutuu oppisopimuskoulutuksena tai omaehtoisena monimuotokoulutuksena. Tutkinnon pakolliset osat Ammatillinen toimiminen kehitysvamma-alalla Toimiminen palveluj\u00e4rjestelm\u00e4ss\u00e4 ja &hellip; Jatka lukemista Kehitysvamma-alan erikoisammattitutkinto &rarr;","og_url":"https:\/\/blogit.gradia.fi\/soteammattilaiset\/jalkojenhoidon-ammattitutkinto\/kehitysvamma-alan-erikoisammattitutkinto\/","og_site_name":"Sote ammattilaiset","article_modified_time":"2016-04-26T16:37:31+00:00","twitter_card":"summary_large_image","twitter_misc":{"Arvioitu lukuaika":"1 minuutti"},"schema":{"@context":"https:\/\/schema.org","@graph":[{"@type":"WebPage","@id":"https:\/\/blogit.gradia.fi\/soteammattilaiset\/jalkojenhoidon-ammattitutkinto\/kehitysvamma-alan-erikoisammattitutkinto\/","url":"https:\/\/blogit.gradia.fi\/soteammattilaiset\/jalkojenhoidon-ammattitutkinto\/kehitysvamma-alan-erikoisammattitutkinto\/","name":"Kehitysvamma-alan erikoisammattitutkinto - Sote ammattilaiset","isPartOf":{"@id":"https:\/\/blogit.gradia.fi\/soteammattilaiset\/#website"},"datePublished":"2016-03-22T19:53:58+00:00","dateModified":"2016-04-26T16:37:31+00:00","breadcrumb":{"@id":"https:\/\/blogit.gradia.fi\/soteammattilaiset\/jalkojenhoidon-ammattitutkinto\/kehitysvamma-alan-erikoisammattitutkinto\/#breadcrumb"},"inLanguage":"fi","potentialAction":[{"@type":"ReadAction","target":["https:\/\/blogit.gradia.fi\/soteammattilaiset\/jalkojenhoidon-ammattitutkinto\/kehitysvamma-alan-erikoisammattitutkinto\/"]}]},{"@type":"BreadcrumbList","@id":"https:\/\/blogit.gradia.fi\/soteammattilaiset\/jalkojenhoidon-ammattitutkinto\/kehitysvamma-alan-erikoisammattitutkinto\/#breadcrumb","itemListElement":[{"@type":"ListItem","position":1,"name":"Erikoisammattitutkinnot","item":"https:\/\/blogit.gradia.fi\/soteammattilaiset\/jalkojenhoidon-ammattitutkinto\/"},{"@type":"ListItem","position":2,"name":"Kehitysvamma-alan erikoisammattitutkinto"}]},{"@type":"WebSite","@id":"https:\/\/blogit.gradia.fi\/soteammattilaiset\/#website","url":"https:\/\/blogit.gradia.fi\/soteammattilaiset\/","name":"Sote ammattilaiset","description":"Gradia Jyv\u00e4skyl\u00e4 \/ Osallisuus ja ohjaaminen palvelut ammatti- ja erikoisammattitutkinnot","potentialAction":[{"@type":"SearchAction","target":{"@type":"EntryPoint","urlTemplate":"https:\/\/blogit.gradia.fi\/soteammattilaiset\/?s={search_term_string}"},"query-input":{"@type":"PropertyValueSpecification","valueRequired":true,"valueName":"search_term_string"}}],"inLanguage":"fi"}]}},"uagb_featured_image_src":{"full":false,"thumbnail":false,"medium":false,"medium_large":false,"large":false,"1536x1536":false,"2048x2048":false,"post-thumbnail":false},"uagb_author_info":{"display_name":"arkistoija","author_link":"https:\/\/blogit.gradia.fi\/soteammattilaiset\/author\/arkistoija\/"},"uagb_comment_info":0,"uagb_excerpt":"Kehitysvamma-alan erikoisammattitutkinto Kohderyhm\u00e4 Kehitysvamma-alan erikoisammattitutkinto on tarkoitettu kehitysvammapalveluissa toimiville ty\u00f6ntekij\u00f6ille, joilla on v\u00e4hint\u00e4\u00e4n sosiaali- ja \/tai terveysalan ammatillisen perustutkinnon tasoiset tiedot ja taidot, ty\u00f6kokemusta alalta sek\u00e4 syvent\u00e4vi\u00e4 ja t\u00e4ydent\u00e4vi\u00e4 opintoja alalta. Kuvaus Tutkinto antaa laaja-alaiset valmiudet alan erikoisosaamiseen ja kehitt\u00e4miseen. Koulutus toteutuu oppisopimuskoulutuksena tai omaehtoisena monimuotokoulutuksena. Tutkinnon pakolliset osat Ammatillinen toimiminen kehitysvamma-alalla Toimiminen palveluj\u00e4rjestelm\u00e4ss\u00e4 ja&hellip;","_links":{"self":[{"href":"https:\/\/blogit.gradia.fi\/soteammattilaiset\/wp-json\/wp\/v2\/pages\/87","targetHints":{"allow":["GET"]}}],"collection":[{"href":"https:\/\/blogit.gradia.fi\/soteammattilaiset\/wp-json\/wp\/v2\/pages"}],"about":[{"href":"https:\/\/blogit.gradia.fi\/soteammattilaiset\/wp-json\/wp\/v2\/types\/page"}],"author":[{"embeddable":true,"href":"https:\/\/blogit.gradia.fi\/soteammattilaiset\/wp-json\/wp\/v2\/users\/1131"}],"replies":[{"embeddable":true,"href":"https:\/\/blogit.gradia.fi\/soteammattilaiset\/wp-json\/wp\/v2\/comments?post=87"}],"version-history":[{"count":0,"href":"https:\/\/blogit.gradia.fi\/soteammattilaiset\/wp-json\/wp\/v2\/pages\/87\/revisions"}],"up":[{"embeddable":true,"href":"https:\/\/blogit.gradia.fi\/soteammattilaiset\/wp-json\/wp\/v2\/pages\/12"}],"wp:attachment":[{"href":"https:\/\/blogit.gradia.fi\/soteammattilaiset\/wp-json\/wp\/v2\/media?parent=87"}],"curies":[{"name":"wp","href":"https:\/\/api.w.org\/{rel}","templated":true}]}}