{"id":79,"date":"2016-03-22T21:51:04","date_gmt":"2016-03-22T19:51:04","guid":{"rendered":"https:\/\/blogit.gradia.fi\/soteammattilaiset\/?page_id=79"},"modified":"2018-03-19T19:36:59","modified_gmt":"2018-03-19T17:36:59","slug":"mielenterveys-ja-paihdetyon-erikoisammattitutkinto","status":"publish","type":"page","link":"https:\/\/blogit.gradia.fi\/soteammattilaiset\/jalkojenhoidon-ammattitutkinto\/mielenterveys-ja-paihdetyon-erikoisammattitutkinto\/","title":{"rendered":"Mielenterveys- ja p\u00e4ihdety\u00f6n erikoisammattitutkinto"},"content":{"rendered":"<p>Koulutuksen tavoitteena on p\u00e4ivitt\u00e4\u00e4 ja syvent\u00e4\u00e4 mielenterveys- ja p\u00e4ihdety\u00f6n osaamistasi sek\u00e4 lis\u00e4t\u00e4 valmiuksiasi toimia mielenterveys- ja p\u00e4ihdety\u00f6n asiantuntijana ja kehitt\u00e4j\u00e4n\u00e4.<br \/>\nKoulutus on tarkoitettu sote-alan ammattilaisille.<\/p>\n<p>Koulutuksen toteutuksessa huomioidaan osallistujien yksil\u00f6lliset sek\u00e4 ryhm\u00e4n yhteiset toiveet. Opintojen aikana kirjoitat oppimisp\u00e4iv\u00e4kirjaa Optimassa sek\u00e4 toteutat ty\u00f6paikallasi k\u00e4yt\u00e4nn\u00f6nl\u00e4heisen kehitt\u00e4misteht\u00e4v\u00e4n. Tietopuolisen koulutuksen l\u00e4hip\u00e4iv\u00e4t tukevat ja t\u00e4ydent\u00e4v\u00e4t oppimistasi. <\/p>\n<p>Tutkinto koostuu kahdesta pakollisesta ja kahdesta valinnaisesta tutkinnon osasta.<\/p>\n<p>Pakolliset tutkinnon osat:<br \/>\nMielenterveys- ja p\u00e4ihdety\u00f6ss\u00e4 toimiminen<br \/>\nMielenterveys- ja p\u00e4ihdety\u00f6n menetelmien k\u00e4ytt\u00e4minen<\/p>\n<p>Valinnaiset tutkinnon osat:<br \/>\nLasten ja nuorten mielenterveys- ja p\u00e4ihdety\u00f6 ja\/tai<br \/>\nIk\u00e4\u00e4ntyneiden mielenterveys- ja p\u00e4ihdety\u00f6 ja\/tai<br \/>\nTutkinnon osa jostain ammattitutkinnosta tai toisesta erikoisammattitutkinnosta<\/p>\n<p>Kustannukset<br \/>\n\u2022\t600\u20ac (koko tutkinto), 250\u20ac (tutkinnon osa)<br \/>\n\u2022\tKoulutus on mahdollista suorittaa my\u00f6s oppisopimuksella. <\/p>\n<p>Jatkuva haku. Opinnot voi aloittaa aina tutkinnon osan vaihtuessa.<\/p>\n<p><a href=\"https:\/\/www.gradia.fi\/mielenterveys-ja-paihdetyon-erikoisammattitutkinto\/l16666\">Hae koulutukseen<\/a><\/p>\n<p>Lis\u00e4tietoja<br \/>\n\u2022\tOpettaja Annukka Heimonen p. 040 341 6346, annukka.heimonen@gradia.fi <\/p>\n","protected":false},"excerpt":{"rendered":"<p>Koulutuksen tavoitteena on p\u00e4ivitt\u00e4\u00e4 ja syvent\u00e4\u00e4 mielenterveys- ja p\u00e4ihdety\u00f6n osaamistasi sek\u00e4 lis\u00e4t\u00e4 valmiuksiasi toimia mielenterveys- ja p\u00e4ihdety\u00f6n asiantuntijana ja kehitt\u00e4j\u00e4n\u00e4. Koulutus on tarkoitettu sote-alan ammattilaisille. Koulutuksen toteutuksessa huomioidaan osallistujien yksil\u00f6lliset sek\u00e4 ryhm\u00e4n yhteiset toiveet. Opintojen aikana kirjoitat oppimisp\u00e4iv\u00e4kirjaa Optimassa sek\u00e4 toteutat ty\u00f6paikallasi k\u00e4yt\u00e4nn\u00f6nl\u00e4heisen kehitt\u00e4misteht\u00e4v\u00e4n. Tietopuolisen koulutuksen l\u00e4hip\u00e4iv\u00e4t tukevat ja t\u00e4ydent\u00e4v\u00e4t oppimistasi. Tutkinto koostuu kahdesta pakollisesta &hellip; <a href=\"https:\/\/blogit.gradia.fi\/soteammattilaiset\/jalkojenhoidon-ammattitutkinto\/mielenterveys-ja-paihdetyon-erikoisammattitutkinto\/\" class=\"more-link\">Jatka lukemista <span class=\"screen-reader-text\">Mielenterveys- ja p\u00e4ihdety\u00f6n erikoisammattitutkinto<\/span> <span class=\"meta-nav\">&rarr;<\/span><\/a><\/p>\n","protected":false},"author":1131,"featured_media":0,"parent":12,"menu_order":1,"comment_status":"closed","ping_status":"closed","template":"","meta":{"_uag_custom_page_level_css":"","footnotes":""},"class_list":["post-79","page","type-page","status-publish","hentry"],"yoast_head":"<!-- This site is optimized with the Yoast SEO plugin v27.5 - https:\/\/yoast.com\/product\/yoast-seo-wordpress\/ -->\n<title>Mielenterveys- ja p\u00e4ihdety\u00f6n erikoisammattitutkinto - Sote ammattilaiset<\/title>\n<meta name=\"robots\" content=\"index, follow, max-snippet:-1, max-image-preview:large, max-video-preview:-1\" \/>\n<link rel=\"canonical\" href=\"https:\/\/blogit.gradia.fi\/soteammattilaiset\/jalkojenhoidon-ammattitutkinto\/mielenterveys-ja-paihdetyon-erikoisammattitutkinto\/\" \/>\n<meta property=\"og:locale\" content=\"fi_FI\" \/>\n<meta property=\"og:type\" content=\"article\" \/>\n<meta property=\"og:title\" content=\"Mielenterveys- ja p\u00e4ihdety\u00f6n erikoisammattitutkinto - Sote ammattilaiset\" \/>\n<meta property=\"og:description\" content=\"Koulutuksen tavoitteena on p\u00e4ivitt\u00e4\u00e4 ja syvent\u00e4\u00e4 mielenterveys- ja p\u00e4ihdety\u00f6n osaamistasi sek\u00e4 lis\u00e4t\u00e4 valmiuksiasi toimia mielenterveys- ja p\u00e4ihdety\u00f6n asiantuntijana ja kehitt\u00e4j\u00e4n\u00e4. Koulutus on tarkoitettu sote-alan ammattilaisille. Koulutuksen toteutuksessa huomioidaan osallistujien yksil\u00f6lliset sek\u00e4 ryhm\u00e4n yhteiset toiveet. Opintojen aikana kirjoitat oppimisp\u00e4iv\u00e4kirjaa Optimassa sek\u00e4 toteutat ty\u00f6paikallasi k\u00e4yt\u00e4nn\u00f6nl\u00e4heisen kehitt\u00e4misteht\u00e4v\u00e4n. Tietopuolisen koulutuksen l\u00e4hip\u00e4iv\u00e4t tukevat ja t\u00e4ydent\u00e4v\u00e4t oppimistasi. Tutkinto koostuu kahdesta pakollisesta &hellip; Jatka lukemista Mielenterveys- ja p\u00e4ihdety\u00f6n erikoisammattitutkinto &rarr;\" \/>\n<meta property=\"og:url\" content=\"https:\/\/blogit.gradia.fi\/soteammattilaiset\/jalkojenhoidon-ammattitutkinto\/mielenterveys-ja-paihdetyon-erikoisammattitutkinto\/\" \/>\n<meta property=\"og:site_name\" content=\"Sote ammattilaiset\" \/>\n<meta property=\"article:modified_time\" content=\"2018-03-19T17:36:59+00:00\" \/>\n<meta name=\"twitter:card\" content=\"summary_large_image\" \/>\n<meta name=\"twitter:label1\" content=\"Arvioitu lukuaika\" \/>\n\t<meta name=\"twitter:data1\" content=\"1 minuutti\" \/>\n<script type=\"application\/ld+json\" class=\"yoast-schema-graph\">{\"@context\":\"https:\\\/\\\/schema.org\",\"@graph\":[{\"@type\":\"WebPage\",\"@id\":\"https:\\\/\\\/blogit.gradia.fi\\\/soteammattilaiset\\\/jalkojenhoidon-ammattitutkinto\\\/mielenterveys-ja-paihdetyon-erikoisammattitutkinto\\\/\",\"url\":\"https:\\\/\\\/blogit.gradia.fi\\\/soteammattilaiset\\\/jalkojenhoidon-ammattitutkinto\\\/mielenterveys-ja-paihdetyon-erikoisammattitutkinto\\\/\",\"name\":\"Mielenterveys- ja p\u00e4ihdety\u00f6n erikoisammattitutkinto - Sote ammattilaiset\",\"isPartOf\":{\"@id\":\"https:\\\/\\\/blogit.gradia.fi\\\/soteammattilaiset\\\/#website\"},\"datePublished\":\"2016-03-22T19:51:04+00:00\",\"dateModified\":\"2018-03-19T17:36:59+00:00\",\"breadcrumb\":{\"@id\":\"https:\\\/\\\/blogit.gradia.fi\\\/soteammattilaiset\\\/jalkojenhoidon-ammattitutkinto\\\/mielenterveys-ja-paihdetyon-erikoisammattitutkinto\\\/#breadcrumb\"},\"inLanguage\":\"fi\",\"potentialAction\":[{\"@type\":\"ReadAction\",\"target\":[\"https:\\\/\\\/blogit.gradia.fi\\\/soteammattilaiset\\\/jalkojenhoidon-ammattitutkinto\\\/mielenterveys-ja-paihdetyon-erikoisammattitutkinto\\\/\"]}]},{\"@type\":\"BreadcrumbList\",\"@id\":\"https:\\\/\\\/blogit.gradia.fi\\\/soteammattilaiset\\\/jalkojenhoidon-ammattitutkinto\\\/mielenterveys-ja-paihdetyon-erikoisammattitutkinto\\\/#breadcrumb\",\"itemListElement\":[{\"@type\":\"ListItem\",\"position\":1,\"name\":\"Erikoisammattitutkinnot\",\"item\":\"https:\\\/\\\/blogit.gradia.fi\\\/soteammattilaiset\\\/jalkojenhoidon-ammattitutkinto\\\/\"},{\"@type\":\"ListItem\",\"position\":2,\"name\":\"Mielenterveys- ja p\u00e4ihdety\u00f6n erikoisammattitutkinto\"}]},{\"@type\":\"WebSite\",\"@id\":\"https:\\\/\\\/blogit.gradia.fi\\\/soteammattilaiset\\\/#website\",\"url\":\"https:\\\/\\\/blogit.gradia.fi\\\/soteammattilaiset\\\/\",\"name\":\"Sote ammattilaiset\",\"description\":\"Gradia Jyv\u00e4skyl\u00e4 \\\/ Osallisuus ja ohjaaminen palvelut ammatti- ja erikoisammattitutkinnot\",\"potentialAction\":[{\"@type\":\"SearchAction\",\"target\":{\"@type\":\"EntryPoint\",\"urlTemplate\":\"https:\\\/\\\/blogit.gradia.fi\\\/soteammattilaiset\\\/?s={search_term_string}\"},\"query-input\":{\"@type\":\"PropertyValueSpecification\",\"valueRequired\":true,\"valueName\":\"search_term_string\"}}],\"inLanguage\":\"fi\"}]}<\/script>\n<!-- \/ Yoast SEO plugin. -->","yoast_head_json":{"title":"Mielenterveys- ja p\u00e4ihdety\u00f6n erikoisammattitutkinto - Sote ammattilaiset","robots":{"index":"index","follow":"follow","max-snippet":"max-snippet:-1","max-image-preview":"max-image-preview:large","max-video-preview":"max-video-preview:-1"},"canonical":"https:\/\/blogit.gradia.fi\/soteammattilaiset\/jalkojenhoidon-ammattitutkinto\/mielenterveys-ja-paihdetyon-erikoisammattitutkinto\/","og_locale":"fi_FI","og_type":"article","og_title":"Mielenterveys- ja p\u00e4ihdety\u00f6n erikoisammattitutkinto - Sote ammattilaiset","og_description":"Koulutuksen tavoitteena on p\u00e4ivitt\u00e4\u00e4 ja syvent\u00e4\u00e4 mielenterveys- ja p\u00e4ihdety\u00f6n osaamistasi sek\u00e4 lis\u00e4t\u00e4 valmiuksiasi toimia mielenterveys- ja p\u00e4ihdety\u00f6n asiantuntijana ja kehitt\u00e4j\u00e4n\u00e4. Koulutus on tarkoitettu sote-alan ammattilaisille. Koulutuksen toteutuksessa huomioidaan osallistujien yksil\u00f6lliset sek\u00e4 ryhm\u00e4n yhteiset toiveet. Opintojen aikana kirjoitat oppimisp\u00e4iv\u00e4kirjaa Optimassa sek\u00e4 toteutat ty\u00f6paikallasi k\u00e4yt\u00e4nn\u00f6nl\u00e4heisen kehitt\u00e4misteht\u00e4v\u00e4n. Tietopuolisen koulutuksen l\u00e4hip\u00e4iv\u00e4t tukevat ja t\u00e4ydent\u00e4v\u00e4t oppimistasi. Tutkinto koostuu kahdesta pakollisesta &hellip; Jatka lukemista Mielenterveys- ja p\u00e4ihdety\u00f6n erikoisammattitutkinto &rarr;","og_url":"https:\/\/blogit.gradia.fi\/soteammattilaiset\/jalkojenhoidon-ammattitutkinto\/mielenterveys-ja-paihdetyon-erikoisammattitutkinto\/","og_site_name":"Sote ammattilaiset","article_modified_time":"2018-03-19T17:36:59+00:00","twitter_card":"summary_large_image","twitter_misc":{"Arvioitu lukuaika":"1 minuutti"},"schema":{"@context":"https:\/\/schema.org","@graph":[{"@type":"WebPage","@id":"https:\/\/blogit.gradia.fi\/soteammattilaiset\/jalkojenhoidon-ammattitutkinto\/mielenterveys-ja-paihdetyon-erikoisammattitutkinto\/","url":"https:\/\/blogit.gradia.fi\/soteammattilaiset\/jalkojenhoidon-ammattitutkinto\/mielenterveys-ja-paihdetyon-erikoisammattitutkinto\/","name":"Mielenterveys- ja p\u00e4ihdety\u00f6n erikoisammattitutkinto - Sote ammattilaiset","isPartOf":{"@id":"https:\/\/blogit.gradia.fi\/soteammattilaiset\/#website"},"datePublished":"2016-03-22T19:51:04+00:00","dateModified":"2018-03-19T17:36:59+00:00","breadcrumb":{"@id":"https:\/\/blogit.gradia.fi\/soteammattilaiset\/jalkojenhoidon-ammattitutkinto\/mielenterveys-ja-paihdetyon-erikoisammattitutkinto\/#breadcrumb"},"inLanguage":"fi","potentialAction":[{"@type":"ReadAction","target":["https:\/\/blogit.gradia.fi\/soteammattilaiset\/jalkojenhoidon-ammattitutkinto\/mielenterveys-ja-paihdetyon-erikoisammattitutkinto\/"]}]},{"@type":"BreadcrumbList","@id":"https:\/\/blogit.gradia.fi\/soteammattilaiset\/jalkojenhoidon-ammattitutkinto\/mielenterveys-ja-paihdetyon-erikoisammattitutkinto\/#breadcrumb","itemListElement":[{"@type":"ListItem","position":1,"name":"Erikoisammattitutkinnot","item":"https:\/\/blogit.gradia.fi\/soteammattilaiset\/jalkojenhoidon-ammattitutkinto\/"},{"@type":"ListItem","position":2,"name":"Mielenterveys- ja p\u00e4ihdety\u00f6n erikoisammattitutkinto"}]},{"@type":"WebSite","@id":"https:\/\/blogit.gradia.fi\/soteammattilaiset\/#website","url":"https:\/\/blogit.gradia.fi\/soteammattilaiset\/","name":"Sote ammattilaiset","description":"Gradia Jyv\u00e4skyl\u00e4 \/ Osallisuus ja ohjaaminen palvelut ammatti- ja erikoisammattitutkinnot","potentialAction":[{"@type":"SearchAction","target":{"@type":"EntryPoint","urlTemplate":"https:\/\/blogit.gradia.fi\/soteammattilaiset\/?s={search_term_string}"},"query-input":{"@type":"PropertyValueSpecification","valueRequired":true,"valueName":"search_term_string"}}],"inLanguage":"fi"}]}},"uagb_featured_image_src":{"full":false,"thumbnail":false,"medium":false,"medium_large":false,"large":false,"1536x1536":false,"2048x2048":false,"post-thumbnail":false},"uagb_author_info":{"display_name":"arkistoija","author_link":"https:\/\/blogit.gradia.fi\/soteammattilaiset\/author\/arkistoija\/"},"uagb_comment_info":0,"uagb_excerpt":"Koulutuksen tavoitteena on p\u00e4ivitt\u00e4\u00e4 ja syvent\u00e4\u00e4 mielenterveys- ja p\u00e4ihdety\u00f6n osaamistasi sek\u00e4 lis\u00e4t\u00e4 valmiuksiasi toimia mielenterveys- ja p\u00e4ihdety\u00f6n asiantuntijana ja kehitt\u00e4j\u00e4n\u00e4. Koulutus on tarkoitettu sote-alan ammattilaisille. Koulutuksen toteutuksessa huomioidaan osallistujien yksil\u00f6lliset sek\u00e4 ryhm\u00e4n yhteiset toiveet. Opintojen aikana kirjoitat oppimisp\u00e4iv\u00e4kirjaa Optimassa sek\u00e4 toteutat ty\u00f6paikallasi k\u00e4yt\u00e4nn\u00f6nl\u00e4heisen kehitt\u00e4misteht\u00e4v\u00e4n. Tietopuolisen koulutuksen l\u00e4hip\u00e4iv\u00e4t tukevat ja t\u00e4ydent\u00e4v\u00e4t oppimistasi. Tutkinto koostuu kahdesta pakollisesta&hellip;","_links":{"self":[{"href":"https:\/\/blogit.gradia.fi\/soteammattilaiset\/wp-json\/wp\/v2\/pages\/79","targetHints":{"allow":["GET"]}}],"collection":[{"href":"https:\/\/blogit.gradia.fi\/soteammattilaiset\/wp-json\/wp\/v2\/pages"}],"about":[{"href":"https:\/\/blogit.gradia.fi\/soteammattilaiset\/wp-json\/wp\/v2\/types\/page"}],"author":[{"embeddable":true,"href":"https:\/\/blogit.gradia.fi\/soteammattilaiset\/wp-json\/wp\/v2\/users\/1131"}],"replies":[{"embeddable":true,"href":"https:\/\/blogit.gradia.fi\/soteammattilaiset\/wp-json\/wp\/v2\/comments?post=79"}],"version-history":[{"count":0,"href":"https:\/\/blogit.gradia.fi\/soteammattilaiset\/wp-json\/wp\/v2\/pages\/79\/revisions"}],"up":[{"embeddable":true,"href":"https:\/\/blogit.gradia.fi\/soteammattilaiset\/wp-json\/wp\/v2\/pages\/12"}],"wp:attachment":[{"href":"https:\/\/blogit.gradia.fi\/soteammattilaiset\/wp-json\/wp\/v2\/media?parent=79"}],"curies":[{"name":"wp","href":"https:\/\/api.w.org\/{rel}","templated":true}]}}