{"id":217,"date":"2016-12-11T15:38:09","date_gmt":"2016-12-11T13:38:09","guid":{"rendered":"https:\/\/blogit.gradia.fi\/soteammattilaiset\/?page_id=217"},"modified":"2018-10-30T20:44:13","modified_gmt":"2018-10-30T18:44:13","slug":"paihdetyon-ammattitutkinto","status":"publish","type":"page","link":"https:\/\/blogit.gradia.fi\/soteammattilaiset\/ammattitutkinnot\/paihdetyon-ammattitutkinto\/","title":{"rendered":"P\u00e4ihdety\u00f6n ammattitutkinto"},"content":{"rendered":"<p>Tarjoaa sinulle mahdollisuuden<a href=\"https:\/\/blogit.gradia.fi\/soteammattilaiset\/wp-content\/uploads\/sites\/103\/2016\/11\/wine-1739852__180.jpg\"><img loading=\"lazy\" decoding=\"async\" src=\"https:\/\/blogit.gradia.fi\/soteammattilaiset\/wp-content\/uploads\/sites\/103\/2016\/11\/wine-1739852__180.jpg\" alt=\"\" width=\"270\" height=\"180\" class=\"aligncenter size-full wp-image-197\" \/><\/a><br \/>\n\u2022\tlis\u00e4t\u00e4 p\u00e4ihdety\u00f6n ammatillista osaamista ja ty\u00f6el\u00e4m\u00e4n edellytt\u00e4m\u00e4\u00e4 ammatillista  p\u00e4tevyytt\u00e4<br \/>\n\u2022\tp\u00e4ivitt\u00e4\u00e4 ja ajantasaistaa p\u00e4ihdety\u00f6ss\u00e4 tarvittavia tietoja ja taitoja<br \/>\n\u2022\tkehitt\u00e4\u00e4 omaa ja ty\u00f6yhteis\u00f6n p\u00e4ihdety\u00f6t\u00e4 sek\u00e4 p\u00e4ihdety\u00f6n menetelmi\u00e4<br \/>\n\u2022\tverkostoitua erilaisten p\u00e4ihdety\u00f6n osaajien kanssa.<\/p>\n<p>Tutkinnon suorittamiseksi sinun kanssasi laaditaan henkil\u00f6kohtainen opiskeluohjelma yhteisty\u00f6ss\u00e4 ty\u00f6el\u00e4m\u00e4n kanssa.<\/p>\n<p>Voit suorittaa p\u00e4ihdety\u00f6n opinnot ty\u00f6n ohella ja ne kest\u00e4v\u00e4t vuodesta puoleentoista vuoteen.<\/p>\n<p>Suoritettuasi p\u00e4ihdety\u00f6n ammattitutkinnon voit toimia p\u00e4ihdety\u00f6ntekij\u00e4n\u00e4 erilaisissa p\u00e4ihdety\u00f6n toimintaymp\u00e4rist\u00f6iss\u00e4, kuten ehk\u00e4isev\u00e4ss\u00e4-, haittoja v\u00e4hent\u00e4v\u00e4ss\u00e4- tai kuntouttavassa p\u00e4ihdety\u00f6ss\u00e4, sinulla on valmiuksia kehitt\u00e4\u00e4 p\u00e4ihdety\u00f6t\u00e4 ja osaat toimia oman alasi asiantuntijana erilaisten p\u00e4ihdety\u00f6n asiakasryhmien ja yhteisty\u00f6tahojen kanssa.<\/p>\n<p><a href=\"https:\/\/www.jao.fi\/primus\/Paihdetyon-ammattitutkinto\/25037\/6-11926\">Lis\u00e4tietoja koulutuksesta<\/a><\/p>\n<p>Koulutus voidaan suorittaa my\u00f6s oppisopimuskoulutuksena. Ota yhteys Jyv\u00e4skyl\u00e4n oppisopimuskeskus Krista Hanski puh.040 341 5191, etunimi.sukunimi@jao.fi<\/p>\n","protected":false},"excerpt":{"rendered":"<p>Tarjoaa sinulle mahdollisuuden \u2022 lis\u00e4t\u00e4 p\u00e4ihdety\u00f6n ammatillista osaamista ja ty\u00f6el\u00e4m\u00e4n edellytt\u00e4m\u00e4\u00e4 ammatillista p\u00e4tevyytt\u00e4 \u2022 p\u00e4ivitt\u00e4\u00e4 ja ajantasaistaa p\u00e4ihdety\u00f6ss\u00e4 tarvittavia tietoja ja taitoja \u2022 kehitt\u00e4\u00e4 omaa ja ty\u00f6yhteis\u00f6n p\u00e4ihdety\u00f6t\u00e4 sek\u00e4 p\u00e4ihdety\u00f6n menetelmi\u00e4 \u2022 verkostoitua erilaisten p\u00e4ihdety\u00f6n osaajien kanssa. Tutkinnon suorittamiseksi sinun kanssasi laaditaan henkil\u00f6kohtainen opiskeluohjelma yhteisty\u00f6ss\u00e4 ty\u00f6el\u00e4m\u00e4n kanssa. Voit suorittaa p\u00e4ihdety\u00f6n opinnot ty\u00f6n ohella ja ne &hellip; <a href=\"https:\/\/blogit.gradia.fi\/soteammattilaiset\/ammattitutkinnot\/paihdetyon-ammattitutkinto\/\" class=\"more-link\">Jatka lukemista <span class=\"screen-reader-text\">P\u00e4ihdety\u00f6n ammattitutkinto<\/span> <span class=\"meta-nav\">&rarr;<\/span><\/a><\/p>\n","protected":false},"author":1131,"featured_media":0,"parent":75,"menu_order":1,"comment_status":"closed","ping_status":"closed","template":"","meta":{"_uag_custom_page_level_css":"","footnotes":""},"class_list":["post-217","page","type-page","status-publish","hentry"],"yoast_head":"<!-- This site is optimized with the Yoast SEO plugin v27.5 - https:\/\/yoast.com\/product\/yoast-seo-wordpress\/ -->\n<title>P\u00e4ihdety\u00f6n ammattitutkinto - Sote ammattilaiset<\/title>\n<meta name=\"robots\" content=\"index, follow, max-snippet:-1, max-image-preview:large, max-video-preview:-1\" \/>\n<link rel=\"canonical\" href=\"https:\/\/blogit.gradia.fi\/soteammattilaiset\/ammattitutkinnot\/paihdetyon-ammattitutkinto\/\" \/>\n<meta property=\"og:locale\" content=\"fi_FI\" \/>\n<meta property=\"og:type\" content=\"article\" \/>\n<meta property=\"og:title\" content=\"P\u00e4ihdety\u00f6n ammattitutkinto - Sote ammattilaiset\" \/>\n<meta property=\"og:description\" content=\"Tarjoaa sinulle mahdollisuuden \u2022 lis\u00e4t\u00e4 p\u00e4ihdety\u00f6n ammatillista osaamista ja ty\u00f6el\u00e4m\u00e4n edellytt\u00e4m\u00e4\u00e4 ammatillista p\u00e4tevyytt\u00e4 \u2022 p\u00e4ivitt\u00e4\u00e4 ja ajantasaistaa p\u00e4ihdety\u00f6ss\u00e4 tarvittavia tietoja ja taitoja \u2022 kehitt\u00e4\u00e4 omaa ja ty\u00f6yhteis\u00f6n p\u00e4ihdety\u00f6t\u00e4 sek\u00e4 p\u00e4ihdety\u00f6n menetelmi\u00e4 \u2022 verkostoitua erilaisten p\u00e4ihdety\u00f6n osaajien kanssa. Tutkinnon suorittamiseksi sinun kanssasi laaditaan henkil\u00f6kohtainen opiskeluohjelma yhteisty\u00f6ss\u00e4 ty\u00f6el\u00e4m\u00e4n kanssa. Voit suorittaa p\u00e4ihdety\u00f6n opinnot ty\u00f6n ohella ja ne &hellip; Jatka lukemista P\u00e4ihdety\u00f6n ammattitutkinto &rarr;\" \/>\n<meta property=\"og:url\" content=\"https:\/\/blogit.gradia.fi\/soteammattilaiset\/ammattitutkinnot\/paihdetyon-ammattitutkinto\/\" \/>\n<meta property=\"og:site_name\" content=\"Sote ammattilaiset\" \/>\n<meta property=\"article:modified_time\" content=\"2018-10-30T18:44:13+00:00\" \/>\n<meta property=\"og:image\" content=\"https:\/\/blogit.gradia.fi\/soteammattilaiset\/wp-content\/uploads\/sites\/103\/2016\/11\/wine-1739852__180.jpg\" \/>\n\t<meta property=\"og:image:width\" content=\"270\" \/>\n\t<meta property=\"og:image:height\" content=\"180\" \/>\n\t<meta property=\"og:image:type\" content=\"image\/jpeg\" \/>\n<meta name=\"twitter:card\" content=\"summary_large_image\" \/>\n<meta name=\"twitter:label1\" content=\"Arvioitu lukuaika\" \/>\n\t<meta name=\"twitter:data1\" content=\"1 minuutti\" \/>\n<script type=\"application\/ld+json\" class=\"yoast-schema-graph\">{\"@context\":\"https:\\\/\\\/schema.org\",\"@graph\":[{\"@type\":\"WebPage\",\"@id\":\"https:\\\/\\\/blogit.gradia.fi\\\/soteammattilaiset\\\/ammattitutkinnot\\\/paihdetyon-ammattitutkinto\\\/\",\"url\":\"https:\\\/\\\/blogit.gradia.fi\\\/soteammattilaiset\\\/ammattitutkinnot\\\/paihdetyon-ammattitutkinto\\\/\",\"name\":\"P\u00e4ihdety\u00f6n ammattitutkinto - Sote ammattilaiset\",\"isPartOf\":{\"@id\":\"https:\\\/\\\/blogit.gradia.fi\\\/soteammattilaiset\\\/#website\"},\"primaryImageOfPage\":{\"@id\":\"https:\\\/\\\/blogit.gradia.fi\\\/soteammattilaiset\\\/ammattitutkinnot\\\/paihdetyon-ammattitutkinto\\\/#primaryimage\"},\"image\":{\"@id\":\"https:\\\/\\\/blogit.gradia.fi\\\/soteammattilaiset\\\/ammattitutkinnot\\\/paihdetyon-ammattitutkinto\\\/#primaryimage\"},\"thumbnailUrl\":\"https:\\\/\\\/blogit.gradia.fi\\\/soteammattilaiset\\\/wp-content\\\/uploads\\\/sites\\\/103\\\/2016\\\/11\\\/wine-1739852__180.jpg\",\"datePublished\":\"2016-12-11T13:38:09+00:00\",\"dateModified\":\"2018-10-30T18:44:13+00:00\",\"breadcrumb\":{\"@id\":\"https:\\\/\\\/blogit.gradia.fi\\\/soteammattilaiset\\\/ammattitutkinnot\\\/paihdetyon-ammattitutkinto\\\/#breadcrumb\"},\"inLanguage\":\"fi\",\"potentialAction\":[{\"@type\":\"ReadAction\",\"target\":[\"https:\\\/\\\/blogit.gradia.fi\\\/soteammattilaiset\\\/ammattitutkinnot\\\/paihdetyon-ammattitutkinto\\\/\"]}]},{\"@type\":\"ImageObject\",\"inLanguage\":\"fi\",\"@id\":\"https:\\\/\\\/blogit.gradia.fi\\\/soteammattilaiset\\\/ammattitutkinnot\\\/paihdetyon-ammattitutkinto\\\/#primaryimage\",\"url\":\"https:\\\/\\\/blogit.gradia.fi\\\/soteammattilaiset\\\/wp-content\\\/uploads\\\/sites\\\/103\\\/2016\\\/11\\\/wine-1739852__180.jpg\",\"contentUrl\":\"https:\\\/\\\/blogit.gradia.fi\\\/soteammattilaiset\\\/wp-content\\\/uploads\\\/sites\\\/103\\\/2016\\\/11\\\/wine-1739852__180.jpg\"},{\"@type\":\"BreadcrumbList\",\"@id\":\"https:\\\/\\\/blogit.gradia.fi\\\/soteammattilaiset\\\/ammattitutkinnot\\\/paihdetyon-ammattitutkinto\\\/#breadcrumb\",\"itemListElement\":[{\"@type\":\"ListItem\",\"position\":1,\"name\":\"Ammattitutkinnot\",\"item\":\"https:\\\/\\\/blogit.gradia.fi\\\/soteammattilaiset\\\/ammattitutkinnot\\\/\"},{\"@type\":\"ListItem\",\"position\":2,\"name\":\"P\u00e4ihdety\u00f6n ammattitutkinto\"}]},{\"@type\":\"WebSite\",\"@id\":\"https:\\\/\\\/blogit.gradia.fi\\\/soteammattilaiset\\\/#website\",\"url\":\"https:\\\/\\\/blogit.gradia.fi\\\/soteammattilaiset\\\/\",\"name\":\"Sote ammattilaiset\",\"description\":\"Gradia Jyv\u00e4skyl\u00e4 \\\/ Osallisuus ja ohjaaminen palvelut ammatti- ja erikoisammattitutkinnot\",\"potentialAction\":[{\"@type\":\"SearchAction\",\"target\":{\"@type\":\"EntryPoint\",\"urlTemplate\":\"https:\\\/\\\/blogit.gradia.fi\\\/soteammattilaiset\\\/?s={search_term_string}\"},\"query-input\":{\"@type\":\"PropertyValueSpecification\",\"valueRequired\":true,\"valueName\":\"search_term_string\"}}],\"inLanguage\":\"fi\"}]}<\/script>\n<!-- \/ Yoast SEO plugin. -->","yoast_head_json":{"title":"P\u00e4ihdety\u00f6n ammattitutkinto - Sote ammattilaiset","robots":{"index":"index","follow":"follow","max-snippet":"max-snippet:-1","max-image-preview":"max-image-preview:large","max-video-preview":"max-video-preview:-1"},"canonical":"https:\/\/blogit.gradia.fi\/soteammattilaiset\/ammattitutkinnot\/paihdetyon-ammattitutkinto\/","og_locale":"fi_FI","og_type":"article","og_title":"P\u00e4ihdety\u00f6n ammattitutkinto - Sote ammattilaiset","og_description":"Tarjoaa sinulle mahdollisuuden \u2022 lis\u00e4t\u00e4 p\u00e4ihdety\u00f6n ammatillista osaamista ja ty\u00f6el\u00e4m\u00e4n edellytt\u00e4m\u00e4\u00e4 ammatillista p\u00e4tevyytt\u00e4 \u2022 p\u00e4ivitt\u00e4\u00e4 ja ajantasaistaa p\u00e4ihdety\u00f6ss\u00e4 tarvittavia tietoja ja taitoja \u2022 kehitt\u00e4\u00e4 omaa ja ty\u00f6yhteis\u00f6n p\u00e4ihdety\u00f6t\u00e4 sek\u00e4 p\u00e4ihdety\u00f6n menetelmi\u00e4 \u2022 verkostoitua erilaisten p\u00e4ihdety\u00f6n osaajien kanssa. Tutkinnon suorittamiseksi sinun kanssasi laaditaan henkil\u00f6kohtainen opiskeluohjelma yhteisty\u00f6ss\u00e4 ty\u00f6el\u00e4m\u00e4n kanssa. Voit suorittaa p\u00e4ihdety\u00f6n opinnot ty\u00f6n ohella ja ne &hellip; Jatka lukemista P\u00e4ihdety\u00f6n ammattitutkinto &rarr;","og_url":"https:\/\/blogit.gradia.fi\/soteammattilaiset\/ammattitutkinnot\/paihdetyon-ammattitutkinto\/","og_site_name":"Sote ammattilaiset","article_modified_time":"2018-10-30T18:44:13+00:00","og_image":[{"width":270,"height":180,"url":"https:\/\/blogit.gradia.fi\/soteammattilaiset\/wp-content\/uploads\/sites\/103\/2016\/11\/wine-1739852__180.jpg","type":"image\/jpeg"}],"twitter_card":"summary_large_image","twitter_misc":{"Arvioitu lukuaika":"1 minuutti"},"schema":{"@context":"https:\/\/schema.org","@graph":[{"@type":"WebPage","@id":"https:\/\/blogit.gradia.fi\/soteammattilaiset\/ammattitutkinnot\/paihdetyon-ammattitutkinto\/","url":"https:\/\/blogit.gradia.fi\/soteammattilaiset\/ammattitutkinnot\/paihdetyon-ammattitutkinto\/","name":"P\u00e4ihdety\u00f6n ammattitutkinto - Sote ammattilaiset","isPartOf":{"@id":"https:\/\/blogit.gradia.fi\/soteammattilaiset\/#website"},"primaryImageOfPage":{"@id":"https:\/\/blogit.gradia.fi\/soteammattilaiset\/ammattitutkinnot\/paihdetyon-ammattitutkinto\/#primaryimage"},"image":{"@id":"https:\/\/blogit.gradia.fi\/soteammattilaiset\/ammattitutkinnot\/paihdetyon-ammattitutkinto\/#primaryimage"},"thumbnailUrl":"https:\/\/blogit.gradia.fi\/soteammattilaiset\/wp-content\/uploads\/sites\/103\/2016\/11\/wine-1739852__180.jpg","datePublished":"2016-12-11T13:38:09+00:00","dateModified":"2018-10-30T18:44:13+00:00","breadcrumb":{"@id":"https:\/\/blogit.gradia.fi\/soteammattilaiset\/ammattitutkinnot\/paihdetyon-ammattitutkinto\/#breadcrumb"},"inLanguage":"fi","potentialAction":[{"@type":"ReadAction","target":["https:\/\/blogit.gradia.fi\/soteammattilaiset\/ammattitutkinnot\/paihdetyon-ammattitutkinto\/"]}]},{"@type":"ImageObject","inLanguage":"fi","@id":"https:\/\/blogit.gradia.fi\/soteammattilaiset\/ammattitutkinnot\/paihdetyon-ammattitutkinto\/#primaryimage","url":"https:\/\/blogit.gradia.fi\/soteammattilaiset\/wp-content\/uploads\/sites\/103\/2016\/11\/wine-1739852__180.jpg","contentUrl":"https:\/\/blogit.gradia.fi\/soteammattilaiset\/wp-content\/uploads\/sites\/103\/2016\/11\/wine-1739852__180.jpg"},{"@type":"BreadcrumbList","@id":"https:\/\/blogit.gradia.fi\/soteammattilaiset\/ammattitutkinnot\/paihdetyon-ammattitutkinto\/#breadcrumb","itemListElement":[{"@type":"ListItem","position":1,"name":"Ammattitutkinnot","item":"https:\/\/blogit.gradia.fi\/soteammattilaiset\/ammattitutkinnot\/"},{"@type":"ListItem","position":2,"name":"P\u00e4ihdety\u00f6n ammattitutkinto"}]},{"@type":"WebSite","@id":"https:\/\/blogit.gradia.fi\/soteammattilaiset\/#website","url":"https:\/\/blogit.gradia.fi\/soteammattilaiset\/","name":"Sote ammattilaiset","description":"Gradia Jyv\u00e4skyl\u00e4 \/ Osallisuus ja ohjaaminen palvelut ammatti- ja erikoisammattitutkinnot","potentialAction":[{"@type":"SearchAction","target":{"@type":"EntryPoint","urlTemplate":"https:\/\/blogit.gradia.fi\/soteammattilaiset\/?s={search_term_string}"},"query-input":{"@type":"PropertyValueSpecification","valueRequired":true,"valueName":"search_term_string"}}],"inLanguage":"fi"}]}},"uagb_featured_image_src":{"full":false,"thumbnail":false,"medium":false,"medium_large":false,"large":false,"1536x1536":false,"2048x2048":false,"post-thumbnail":false},"uagb_author_info":{"display_name":"arkistoija","author_link":"https:\/\/blogit.gradia.fi\/soteammattilaiset\/author\/arkistoija\/"},"uagb_comment_info":0,"uagb_excerpt":"Tarjoaa sinulle mahdollisuuden \u2022 lis\u00e4t\u00e4 p\u00e4ihdety\u00f6n ammatillista osaamista ja ty\u00f6el\u00e4m\u00e4n edellytt\u00e4m\u00e4\u00e4 ammatillista p\u00e4tevyytt\u00e4 \u2022 p\u00e4ivitt\u00e4\u00e4 ja ajantasaistaa p\u00e4ihdety\u00f6ss\u00e4 tarvittavia tietoja ja taitoja \u2022 kehitt\u00e4\u00e4 omaa ja ty\u00f6yhteis\u00f6n p\u00e4ihdety\u00f6t\u00e4 sek\u00e4 p\u00e4ihdety\u00f6n menetelmi\u00e4 \u2022 verkostoitua erilaisten p\u00e4ihdety\u00f6n osaajien kanssa. Tutkinnon suorittamiseksi sinun kanssasi laaditaan henkil\u00f6kohtainen opiskeluohjelma yhteisty\u00f6ss\u00e4 ty\u00f6el\u00e4m\u00e4n kanssa. Voit suorittaa p\u00e4ihdety\u00f6n opinnot ty\u00f6n ohella ja ne&hellip;","_links":{"self":[{"href":"https:\/\/blogit.gradia.fi\/soteammattilaiset\/wp-json\/wp\/v2\/pages\/217","targetHints":{"allow":["GET"]}}],"collection":[{"href":"https:\/\/blogit.gradia.fi\/soteammattilaiset\/wp-json\/wp\/v2\/pages"}],"about":[{"href":"https:\/\/blogit.gradia.fi\/soteammattilaiset\/wp-json\/wp\/v2\/types\/page"}],"author":[{"embeddable":true,"href":"https:\/\/blogit.gradia.fi\/soteammattilaiset\/wp-json\/wp\/v2\/users\/1131"}],"replies":[{"embeddable":true,"href":"https:\/\/blogit.gradia.fi\/soteammattilaiset\/wp-json\/wp\/v2\/comments?post=217"}],"version-history":[{"count":0,"href":"https:\/\/blogit.gradia.fi\/soteammattilaiset\/wp-json\/wp\/v2\/pages\/217\/revisions"}],"up":[{"embeddable":true,"href":"https:\/\/blogit.gradia.fi\/soteammattilaiset\/wp-json\/wp\/v2\/pages\/75"}],"wp:attachment":[{"href":"https:\/\/blogit.gradia.fi\/soteammattilaiset\/wp-json\/wp\/v2\/media?parent=217"}],"curies":[{"name":"wp","href":"https:\/\/api.w.org\/{rel}","templated":true}]}}