{"version":"1.0","provider_name":"Sote ammattilaiset","provider_url":"https:\/\/blogit.gradia.fi\/soteammattilaiset","title":"Kehitysvamma-alan ammattitutkinto - Sote ammattilaiset","type":"rich","width":600,"height":338,"html":"<blockquote class=\"wp-embedded-content\" data-secret=\"sq9mvBUUF4\"><a href=\"https:\/\/blogit.gradia.fi\/soteammattilaiset\/ammattitutkinnot\/kehitysvamma-alan-ammattitutkinto-2\/\">Kehitysvamma-alan ammattitutkinto<\/a><\/blockquote><iframe sandbox=\"allow-scripts\" security=\"restricted\" src=\"https:\/\/blogit.gradia.fi\/soteammattilaiset\/ammattitutkinnot\/kehitysvamma-alan-ammattitutkinto-2\/embed\/#?secret=sq9mvBUUF4\" width=\"600\" height=\"338\" title=\"&#8221;Kehitysvamma-alan ammattitutkinto&#8221; &#8212; Sote ammattilaiset\" data-secret=\"sq9mvBUUF4\" frameborder=\"0\" marginwidth=\"0\" marginheight=\"0\" scrolling=\"no\" class=\"wp-embedded-content\"><\/iframe><script>\n\/*! This file is auto-generated *\/\n!function(d,l){\"use strict\";l.querySelector&&d.addEventListener&&\"undefined\"!=typeof URL&&(d.wp=d.wp||{},d.wp.receiveEmbedMessage||(d.wp.receiveEmbedMessage=function(e){var t=e.data;if((t||t.secret||t.message||t.value)&&!\/[^a-zA-Z0-9]\/.test(t.secret)){for(var s,r,n,a=l.querySelectorAll('iframe[data-secret=\"'+t.secret+'\"]'),o=l.querySelectorAll('blockquote[data-secret=\"'+t.secret+'\"]'),c=new RegExp(\"^https?:$\",\"i\"),i=0;i<o.length;i++)o[i].style.display=\"none\";for(i=0;i<a.length;i++)s=a[i],e.source===s.contentWindow&&(s.removeAttribute(\"style\"),\"height\"===t.message?(1e3<(r=parseInt(t.value,10))?r=1e3:~~r<200&&(r=200),s.height=r):\"link\"===t.message&&(r=new URL(s.getAttribute(\"src\")),n=new URL(t.value),c.test(n.protocol))&&n.host===r.host&&l.activeElement===s&&(d.top.location.href=t.value))}},d.addEventListener(\"message\",d.wp.receiveEmbedMessage,!1),l.addEventListener(\"DOMContentLoaded\",function(){for(var e,t,s=l.querySelectorAll(\"iframe.wp-embedded-content\"),r=0;r<s.length;r++)(t=(e=s[r]).getAttribute(\"data-secret\"))||(t=Math.random().toString(36).substring(2,12),e.src+=\"#?secret=\"+t,e.setAttribute(\"data-secret\",t)),e.contentWindow.postMessage({message:\"ready\",secret:t},\"*\")},!1)))}(window,document);\n\/\/# sourceURL=https:\/\/blogit.gradia.fi\/soteammattilaiset\/wp-includes\/js\/wp-embed.min.js\n<\/script>\n","description":"Kehitysvamma-alan ammattitutkinto Tarjoaa sinulle mahdollisuuden \u2022 hankkia laaja-alainen osaaminen kehitysvamma-alalla \u2022 p\u00e4ivitt\u00e4\u00e4 osaamistasi yksil\u00f6keskeisest\u00e4, itsem\u00e4\u00e4r\u00e4\u00e4mis- oikeutta ja osallisuutta edist\u00e4v\u00e4st\u00e4 ty\u00f6skentelyst\u00e4 \u2022 moniammatilliseen ja monikulttuuriseen ty\u00f6h\u00f6n eri ik\u00e4isten kehitysvammaisten ja heid\u00e4n l\u00e4heistens\u00e4 parissa \u2022 verkostoitua erilaisten kehitysvamma-alan osaajien kanssa Tutkinnon suorittamiseksi sinun kanssasi laaditaan henkil\u00f6kohtainen opiskeluohjelma yhteisty\u00f6ss\u00e4 ty\u00f6el\u00e4m\u00e4n kanssa. Voit suorittaa kehitysvamma-alan opinnot ty\u00f6n ohella ja &hellip; Jatka lukemista &rarr;"}

Kehitysvamma-alan ammattitutkinto Tarjoaa sinulle mahdollisuuden • hankkia laaja-alainen osaaminen kehitysvamma-alalla • päivittää osaamistasi yksilökeskeisestä, itsemääräämis- oikeutta ja osallisuutta edistävästä työskentelystä • moniammatilliseen ja monikulttuuriseen työhön eri ikäisten kehitysvammaisten ja heidän läheistensä parissa • verkostoitua erilaisten kehitysvamma-alan osaajien kanssa Tutkinnon suorittamiseksi sinun kanssasi laaditaan henkilökohtainen opiskeluohjelma yhteistyössä työelämän kanssa. Voit suorittaa kehitysvamma-alan opinnot työn ohella ja &hellip; Jatka lukemista &rarr;
