{"id":169,"date":"2015-04-29T07:12:45","date_gmt":"2015-04-29T07:12:45","guid":{"rendered":"https:\/\/blogit.gradia.fi\/sorvinaareen\/?page_id=169"},"modified":"2015-04-30T08:54:10","modified_gmt":"2015-04-30T08:54:10","slug":"ammatillisen-koulutuksen-3d-mallinnus-ja-tulostusseminaari-omnia-espoo","status":"publish","type":"page","link":"https:\/\/blogit.gradia.fi\/sorvinaareen\/ammatillisen-koulutuksen-3d-mallinnus-ja-tulostusseminaari-omnia-espoo\/","title":{"rendered":"Ammatillisen koulutuksen 3D-mallinnus- ja -tulostusseminaari, Omnia, Espoo"},"content":{"rendered":"<p><a href=\"https:\/\/blogit.gradia.fi\/sorvinaareen\/wp-content\/uploads\/sites\/102\/2015\/03\/logo_opetushallitus.png\"><img loading=\"lazy\" decoding=\"async\" class=\"alignnone size-full wp-image-13\" src=\"https:\/\/blogit.gradia.fi\/sorvinaareen\/wp-content\/uploads\/sites\/102\/2015\/03\/logo_opetushallitus.png\" alt=\"logo_opetushallitus\" width=\"230\" height=\"163\" \/><\/a><\/p>\n<p>R\u00e4\u00e4t\u00e4l\u00f6ityj\u00e4 tuotteita 3D-mallinnuksella ja -tulostuksella -koulutushanke on Opetushallituksen rahoittama opetustoimen henkil\u00f6st\u00f6koulutushanke. Syyskuussa 2014 k\u00e4ynnistynyt koulutushanke p\u00e4\u00e4ttyy 29.4.2015 Espoossa Omniassa j\u00e4rjestett\u00e4v\u00e4\u00e4n Ammatillisen koulutuksen 3D-mallinnus- ja -tulostusseminaariin. Seminaarissa jaetaan ideoita ja kokemuksia sek\u00e4 koulutuksen aikana kehitettyj\u00e4 toimivia k\u00e4yt\u00e4nteit\u00e4 3D-mallinnuksesta ja -tulostuksesta ammatillisen koulutuksen eri koulutusaloilta. Lis\u00e4ksi puheenvuoroissa kuullaan tulevaisuuden kehityssuuntia. Paneelikeskustelussa muodostetaan seminaariyleis\u00f6n, tutkijoiden, yritt\u00e4jien edustajien, opettajien, opetushallinnon sek\u00e4 opiskelijoiden voimin ammatillisen koulutuksen visioita 3D-mallinuksen ja tulostuksen osaamisen kehitt\u00e4misest\u00e4 Suomessa &#8211; kenties uusia mahdollisuuksia taloustilanteen elvytt\u00e4miseen?<\/p>\n<p>P\u00e4iv\u00e4n ensimm\u00e4inen luennoitsija oli Toni J\u00e4rvitalo <strong><a href=\"http:\/\/www.3dformtech.fi\/\" target=\"_blank\">3D Formtech Oy<\/a>:<\/strong>st\u00e4<strong>. <\/strong>H\u00e4nen aiheenaan oli\u00a0 3D-mallinnuksen ja -tulostuksen tulevaisuuden osaamisen kehitt\u00e4mistarpeet ja\u00a0mahdollisuudet \u00a0teollisen valmistuksen n\u00e4k\u00f6kulmasta. H\u00e4nen\u00a0luennoi p\u00e4\u00e4osin muovituotteen kehitysprosessin eri vaiheista:<\/p>\n<ul>\n<li>Muotoilu<\/li>\n<li>Esisuunnittelu<\/li>\n<li>Tuotteen suunnittelu<\/li>\n<li>Simulointi<\/li>\n<li>Prototyypit<\/li>\n<li>Tuotedokumentti<\/li>\n<li>Tuotteen hyv\u00e4ksynt\u00e4<\/li>\n<\/ul>\n<p><a href=\"https:\/\/blogit.gradia.fi\/sorvinaareen\/wp-content\/uploads\/sites\/102\/2015\/04\/WP_20150429_09_56_27_Pro.jpg\"><img loading=\"lazy\" decoding=\"async\" class=\"alignnone size-medium wp-image-176\" src=\"https:\/\/blogit.gradia.fi\/sorvinaareen\/wp-content\/uploads\/sites\/102\/2015\/04\/WP_20150429_09_56_27_Pro-300x169.jpg\" alt=\"WP_20150429_09_56_27_Pro\" width=\"300\" height=\"169\" srcset=\"https:\/\/blogit.gradia.fi\/sorvinaareen\/wp-content\/uploads\/sites\/102\/2015\/04\/WP_20150429_09_56_27_Pro-300x169.jpg 300w, https:\/\/blogit.gradia.fi\/sorvinaareen\/wp-content\/uploads\/sites\/102\/2015\/04\/WP_20150429_09_56_27_Pro-1024x576.jpg 1024w, https:\/\/blogit.gradia.fi\/sorvinaareen\/wp-content\/uploads\/sites\/102\/2015\/04\/WP_20150429_09_56_27_Pro.jpg 1632w\" sizes=\"auto, (max-width: 300px) 100vw, 300px\" \/><\/a><\/p>\n<p>Toinen aihe J\u00e4rvitalolla oli Metallin 3D-tulostus. H\u00e4n kertoi eri metallin 3D-tulostuksen eri menetelmist\u00e4. H\u00e4n kertoi my\u00f6s uusista metalli tulostimista.\u00a0\u00a0Esimerkkin\u00e4 DMG <a href=\"http:\/\/fi.dmgmori.com\/products\/lasertec\/lasertec-additivemanufacturing\/lasertec-65-3d\" target=\"_blank\">Mori Lasertec 65 3D<\/a> koneesta, jossa on 3D-tulostin ja koneistuskeskus yhdistetty yhteen koneeseen. DMG Mori on aukaisemassa Tampereelle uutta myynti\/huolto toimipistett\u00e4 toukokuun alussa.<\/p>\n<p>P\u00e4iv\u00e4n toisena luennoitsijoina oli Jani Peltola ja Pasi Hallikas <a href=\"http:\/\/www.kvlakk.fi\/\" target=\"_blank\">Aikuiskoulutuskeskuksesta<\/a> Kouvolasta. Heid\u00e4n aiheenaan oli 3D-mallinuksen ja -tulostuksen toimivia oppilaitosk\u00e4yt\u00e4nt\u00f6j\u00e4 sek\u00e4 caset autoala ja rakennusala. Rakennus alalla oli tehty mm sirkkelin ohjurin varaosa.<\/p>\n<p><a href=\"https:\/\/blogit.gradia.fi\/sorvinaareen\/wp-content\/uploads\/sites\/102\/2015\/04\/WP_20150429_13_11_57_Pro.jpg\"><img loading=\"lazy\" decoding=\"async\" class=\"alignnone size-medium wp-image-189\" src=\"https:\/\/blogit.gradia.fi\/sorvinaareen\/wp-content\/uploads\/sites\/102\/2015\/04\/WP_20150429_13_11_57_Pro-300x169.jpg\" alt=\"WP_20150429_13_11_57_Pro\" width=\"300\" height=\"169\" srcset=\"https:\/\/blogit.gradia.fi\/sorvinaareen\/wp-content\/uploads\/sites\/102\/2015\/04\/WP_20150429_13_11_57_Pro-300x169.jpg 300w, https:\/\/blogit.gradia.fi\/sorvinaareen\/wp-content\/uploads\/sites\/102\/2015\/04\/WP_20150429_13_11_57_Pro-1024x576.jpg 1024w, https:\/\/blogit.gradia.fi\/sorvinaareen\/wp-content\/uploads\/sites\/102\/2015\/04\/WP_20150429_13_11_57_Pro.jpg 1632w\" sizes=\"auto, (max-width: 300px) 100vw, 300px\" \/><\/a><\/p>\n<p>Kolmantena luennoitsijana oli Kuisma Peura <a href=\"http:\/\/www.kpedu.fi\/\" target=\"_blank\">Keski-Pohjanmaan koulutuskuntayhtym\u00e4st\u00e4.<\/a> H\u00e4n esitteli 3D-mallinnusta ja -tulostusta eri aloille. Vaatetusalalla oli tehty erilaisia nappeja ja koruja oppilast\u00f6ihin.<\/p>\n<p><a href=\"https:\/\/blogit.gradia.fi\/sorvinaareen\/wp-content\/uploads\/sites\/102\/2015\/04\/WP_20150429_12_00_34_Pro.jpg\"><img loading=\"lazy\" decoding=\"async\" class=\"alignnone size-medium wp-image-184\" src=\"https:\/\/blogit.gradia.fi\/sorvinaareen\/wp-content\/uploads\/sites\/102\/2015\/04\/WP_20150429_12_00_34_Pro-300x169.jpg\" alt=\"WP_20150429_12_00_34_Pro\" width=\"300\" height=\"169\" srcset=\"https:\/\/blogit.gradia.fi\/sorvinaareen\/wp-content\/uploads\/sites\/102\/2015\/04\/WP_20150429_12_00_34_Pro-300x169.jpg 300w, https:\/\/blogit.gradia.fi\/sorvinaareen\/wp-content\/uploads\/sites\/102\/2015\/04\/WP_20150429_12_00_34_Pro-1024x576.jpg 1024w, https:\/\/blogit.gradia.fi\/sorvinaareen\/wp-content\/uploads\/sites\/102\/2015\/04\/WP_20150429_12_00_34_Pro.jpg 1632w\" sizes=\"auto, (max-width: 300px) 100vw, 300px\" \/><\/a><\/p>\n<p>ICT-alalla oli tehty piirilevyyn\u00a0uudet kotelot ja taskulamppuun my\u00f6s. Autoalalla oli mallinnettu ja tulostettu ty\u00f6kalujen varaosia esim momenttiavaimeen. He ovat tehneet yhteisty\u00f6t\u00e4 paikalisten 3D-yritysten kanssa siten ett\u00e4 he ovat tarjonnet tilat ja yritykset ovat tuonee tilaan mm 3D-skannerin.\u00a0Skannerin hinta oli 16 000 euroa.<\/p>\n<p><a href=\"https:\/\/blogit.gradia.fi\/sorvinaareen\/wp-content\/uploads\/sites\/102\/2015\/04\/WP_20150429_12_10_52_Pro.jpg\"><img loading=\"lazy\" decoding=\"async\" class=\"alignnone size-medium wp-image-187\" src=\"https:\/\/blogit.gradia.fi\/sorvinaareen\/wp-content\/uploads\/sites\/102\/2015\/04\/WP_20150429_12_10_52_Pro-300x169.jpg\" alt=\"WP_20150429_12_10_52_Pro\" width=\"300\" height=\"169\" srcset=\"https:\/\/blogit.gradia.fi\/sorvinaareen\/wp-content\/uploads\/sites\/102\/2015\/04\/WP_20150429_12_10_52_Pro-300x169.jpg 300w, https:\/\/blogit.gradia.fi\/sorvinaareen\/wp-content\/uploads\/sites\/102\/2015\/04\/WP_20150429_12_10_52_Pro-1024x576.jpg 1024w\" sizes=\"auto, (max-width: 300px) 100vw, 300px\" \/><\/a><\/p>\n<p>Seuraavat luennoitsijat olivat Olli Hakkarainen ja Jarno Kupiainen Vantaan ammattiopisto Variasta. Heill\u00e4 on ollut\u00a0opetuksen kehitt\u00e4misprojekti <a href=\"http:\/\/www.elwis.fi\/\" target=\"_blank\">Elwis<\/a>, joka on <a href=\"http:\/\/teknologiateollisuus.fi\/fi\" target=\"_blank\">Teknologiateollisuuden<\/a> 100-vuotiss\u00e4\u00e4ti\u00f6n rahoittama. Projektia vet\u00e4\u00e4 Vantaan ammattiopisto Varia Ojahaantien toimipisteest\u00e4. Mukana on my\u00f6s Espoon ammattiopisto Omnia. Projekti alkoi syksyll\u00e4 2012 ja jatkuu ainakin kev\u00e4\u00e4seen 2014 saakka. Projektin tavoitteena on s\u00e4hk\u00f6tekniikan opetuksen kehitt\u00e4minen toisella asteella. Projektissa on kolme osa-aluetta: s\u00e4hk\u00f6auto, uusiutuvat energianl\u00e4hteet ja mobiilisovellukset. Kannattaa tutustua Elwis nettisivuihin, siell\u00e4 on materiaalia.<\/p>\n<p><a href=\"https:\/\/blogit.gradia.fi\/sorvinaareen\/wp-content\/uploads\/sites\/102\/2015\/04\/WP_20150429_13_28_26_Pro.jpg\"><img loading=\"lazy\" decoding=\"async\" class=\"alignnone size-medium wp-image-194\" src=\"https:\/\/blogit.gradia.fi\/sorvinaareen\/wp-content\/uploads\/sites\/102\/2015\/04\/WP_20150429_13_28_26_Pro-300x169.jpg\" alt=\"WP_20150429_13_28_26_Pro\" width=\"300\" height=\"169\" srcset=\"https:\/\/blogit.gradia.fi\/sorvinaareen\/wp-content\/uploads\/sites\/102\/2015\/04\/WP_20150429_13_28_26_Pro-300x169.jpg 300w, https:\/\/blogit.gradia.fi\/sorvinaareen\/wp-content\/uploads\/sites\/102\/2015\/04\/WP_20150429_13_28_26_Pro-1024x576.jpg 1024w, https:\/\/blogit.gradia.fi\/sorvinaareen\/wp-content\/uploads\/sites\/102\/2015\/04\/WP_20150429_13_28_26_Pro.jpg 1632w\" sizes=\"auto, (max-width: 300px) 100vw, 300px\" \/><\/a><\/p>\n<p>Rc-autoista kuva yll\u00e4.<\/p>\n<p>Tavastialla oli tulostettu PLA-muovista kappaleet ja pinnoitettu. Aika hienon n\u00e4k\u00f6iset. Pintakillan <a href=\"https:\/\/www.youtube.com\/watch?v=onZXp2MxxZw\" target=\"_blank\">Youtube<\/a> videolta n\u00e4kyy kuinka ko kromaus tapahtuu.<\/p>\n<p><a href=\"https:\/\/blogit.gradia.fi\/sorvinaareen\/wp-content\/uploads\/sites\/102\/2015\/04\/WP_20150429_13_14_56_Pro1.jpg\"><img loading=\"lazy\" decoding=\"async\" class=\"alignnone size-medium wp-image-198\" src=\"https:\/\/blogit.gradia.fi\/sorvinaareen\/wp-content\/uploads\/sites\/102\/2015\/04\/WP_20150429_13_14_56_Pro1-300x169.jpg\" alt=\"WP_20150429_13_14_56_Pro\" width=\"300\" height=\"169\" srcset=\"https:\/\/blogit.gradia.fi\/sorvinaareen\/wp-content\/uploads\/sites\/102\/2015\/04\/WP_20150429_13_14_56_Pro1-300x169.jpg 300w, https:\/\/blogit.gradia.fi\/sorvinaareen\/wp-content\/uploads\/sites\/102\/2015\/04\/WP_20150429_13_14_56_Pro1-1024x576.jpg 1024w, https:\/\/blogit.gradia.fi\/sorvinaareen\/wp-content\/uploads\/sites\/102\/2015\/04\/WP_20150429_13_14_56_Pro1.jpg 1632w\" sizes=\"auto, (max-width: 300px) 100vw, 300px\" \/><\/a><\/p>\n<p>Seuraavana seminaarissa oli Vapaasti valittavan tutkinnon osan kommentointi pienryhmiss\u00e4. T\u00e4m\u00e4n j\u00e4lkeen oli paneelikeskustelu aiheesta 3D-mallinnus- ja tulostus osana ammatillista koulutusta nyt ja tulevaisuudessa. Paneeli alkoi Jukka Tuomen lausunnosta opetussuunnitelma luonnoksesta liittyen 3d-tulostukseen. H\u00e4nen mielest\u00e4\u00e4n OPS-luonnos t\u00e4ytyy palauttaa takaisin ty\u00f6ryhm\u00e4n p\u00f6yd\u00e4lle. T\u00e4m\u00e4n j\u00e4lkeen paneelissa keskusteltiin\u00a0OPS-luonnoksesta ja sen eri prosesseista. OPS-keskustelun j\u00e4lkeen paneeli keskittyi asiaan, ett\u00e4 miten 3D-tulostuksen tietoutta\u00a0saadaan\u00a0levitetty\u00e4 eri aloille\/- ik\u00e4ryhmille. Paljon on viel\u00e4 ep\u00e4tietoisuutta 3D-tulostamisen mahdollisuuksista.<\/p>\n<p>&nbsp;<\/p>\n","protected":false},"excerpt":{"rendered":"<p>R\u00e4\u00e4t\u00e4l\u00f6ityj\u00e4 tuotteita 3D-mallinnuksella ja -tulostuksella -koulutushanke on Opetushallituksen rahoittama opetustoimen henkil\u00f6st\u00f6koulutushanke. Syyskuussa 2014 k\u00e4ynnistynyt koulutushanke p\u00e4\u00e4ttyy 29.4.2015 Espoossa Omniassa j\u00e4rjestett\u00e4v\u00e4\u00e4n Ammatillisen koulutuksen 3D-mallinnus- ja -tulostusseminaariin. Seminaarissa jaetaan ideoita ja kokemuksia sek\u00e4 koulutuksen aikana kehitettyj\u00e4 toimivia k\u00e4yt\u00e4nteit\u00e4 3D-mallinnuksesta ja -tulostuksesta ammatillisen koulutuksen eri koulutusaloilta. Lis\u00e4ksi puheenvuoroissa kuullaan tulevaisuuden kehityssuuntia. Paneelikeskustelussa muodostetaan seminaariyleis\u00f6n, tutkijoiden, yritt\u00e4jien edustajien, opettajien, &hellip; <a href=\"https:\/\/blogit.gradia.fi\/sorvinaareen\/ammatillisen-koulutuksen-3d-mallinnus-ja-tulostusseminaari-omnia-espoo\/\" class=\"more-link\">Jatka lukemista <span class=\"screen-reader-text\">Ammatillisen koulutuksen 3D-mallinnus- ja -tulostusseminaari, Omnia, Espoo<\/span> <span class=\"meta-nav\">&rarr;<\/span><\/a><\/p>\n","protected":false},"author":593,"featured_media":0,"parent":0,"menu_order":0,"comment_status":"open","ping_status":"open","template":"","meta":{"_uag_custom_page_level_css":"","footnotes":""},"class_list":["post-169","page","type-page","status-publish","hentry"],"yoast_head":"<!-- This site is optimized with the Yoast SEO plugin v27.2 - https:\/\/yoast.com\/product\/yoast-seo-wordpress\/ -->\n<title>Ammatillisen koulutuksen 3D-mallinnus- ja -tulostusseminaari, Omnia, Espoo - Takaisin sorvin \u00e4\u00e4reen<\/title>\n<meta name=\"robots\" content=\"index, follow, max-snippet:-1, max-image-preview:large, max-video-preview:-1\" \/>\n<link rel=\"canonical\" href=\"https:\/\/blogit.gradia.fi\/sorvinaareen\/ammatillisen-koulutuksen-3d-mallinnus-ja-tulostusseminaari-omnia-espoo\/\" \/>\n<meta property=\"og:locale\" content=\"fi_FI\" \/>\n<meta property=\"og:type\" content=\"article\" \/>\n<meta property=\"og:title\" content=\"Ammatillisen koulutuksen 3D-mallinnus- ja -tulostusseminaari, Omnia, Espoo - Takaisin sorvin \u00e4\u00e4reen\" \/>\n<meta property=\"og:description\" content=\"R\u00e4\u00e4t\u00e4l\u00f6ityj\u00e4 tuotteita 3D-mallinnuksella ja -tulostuksella -koulutushanke on Opetushallituksen rahoittama opetustoimen henkil\u00f6st\u00f6koulutushanke. Syyskuussa 2014 k\u00e4ynnistynyt koulutushanke p\u00e4\u00e4ttyy 29.4.2015 Espoossa Omniassa j\u00e4rjestett\u00e4v\u00e4\u00e4n Ammatillisen koulutuksen 3D-mallinnus- ja -tulostusseminaariin. Seminaarissa jaetaan ideoita ja kokemuksia sek\u00e4 koulutuksen aikana kehitettyj\u00e4 toimivia k\u00e4yt\u00e4nteit\u00e4 3D-mallinnuksesta ja -tulostuksesta ammatillisen koulutuksen eri koulutusaloilta. Lis\u00e4ksi puheenvuoroissa kuullaan tulevaisuuden kehityssuuntia. Paneelikeskustelussa muodostetaan seminaariyleis\u00f6n, tutkijoiden, yritt\u00e4jien edustajien, opettajien, &hellip; Jatka lukemista Ammatillisen koulutuksen 3D-mallinnus- ja -tulostusseminaari, Omnia, Espoo &rarr;\" \/>\n<meta property=\"og:url\" content=\"https:\/\/blogit.gradia.fi\/sorvinaareen\/ammatillisen-koulutuksen-3d-mallinnus-ja-tulostusseminaari-omnia-espoo\/\" \/>\n<meta property=\"og:site_name\" content=\"Takaisin sorvin \u00e4\u00e4reen\" \/>\n<meta property=\"article:modified_time\" content=\"2015-04-30T08:54:10+00:00\" \/>\n<meta property=\"og:image\" content=\"https:\/\/blogit.gradia.fi\/sorvinaareen\/wp-content\/uploads\/sites\/102\/2015\/03\/logo_opetushallitus.png\" \/>\n<meta name=\"twitter:card\" content=\"summary_large_image\" \/>\n<meta name=\"twitter:label1\" content=\"Arvioitu lukuaika\" \/>\n\t<meta name=\"twitter:data1\" content=\"2 minuuttia\" \/>\n<script type=\"application\/ld+json\" class=\"yoast-schema-graph\">{\"@context\":\"https:\/\/schema.org\",\"@graph\":[{\"@type\":\"WebPage\",\"@id\":\"https:\/\/blogit.gradia.fi\/sorvinaareen\/ammatillisen-koulutuksen-3d-mallinnus-ja-tulostusseminaari-omnia-espoo\/\",\"url\":\"https:\/\/blogit.gradia.fi\/sorvinaareen\/ammatillisen-koulutuksen-3d-mallinnus-ja-tulostusseminaari-omnia-espoo\/\",\"name\":\"Ammatillisen koulutuksen 3D-mallinnus- ja -tulostusseminaari, Omnia, Espoo - Takaisin sorvin \u00e4\u00e4reen\",\"isPartOf\":{\"@id\":\"https:\/\/blogit.gradia.fi\/sorvinaareen\/#website\"},\"primaryImageOfPage\":{\"@id\":\"https:\/\/blogit.gradia.fi\/sorvinaareen\/ammatillisen-koulutuksen-3d-mallinnus-ja-tulostusseminaari-omnia-espoo\/#primaryimage\"},\"image\":{\"@id\":\"https:\/\/blogit.gradia.fi\/sorvinaareen\/ammatillisen-koulutuksen-3d-mallinnus-ja-tulostusseminaari-omnia-espoo\/#primaryimage\"},\"thumbnailUrl\":\"https:\/\/blogit.gradia.fi\/sorvinaareen\/wp-content\/uploads\/sites\/102\/2015\/03\/logo_opetushallitus.png\",\"datePublished\":\"2015-04-29T07:12:45+00:00\",\"dateModified\":\"2015-04-30T08:54:10+00:00\",\"inLanguage\":\"fi\",\"potentialAction\":[{\"@type\":\"ReadAction\",\"target\":[\"https:\/\/blogit.gradia.fi\/sorvinaareen\/ammatillisen-koulutuksen-3d-mallinnus-ja-tulostusseminaari-omnia-espoo\/\"]}]},{\"@type\":\"ImageObject\",\"inLanguage\":\"fi\",\"@id\":\"https:\/\/blogit.gradia.fi\/sorvinaareen\/ammatillisen-koulutuksen-3d-mallinnus-ja-tulostusseminaari-omnia-espoo\/#primaryimage\",\"url\":\"https:\/\/blogit.gradia.fi\/sorvinaareen\/wp-content\/uploads\/sites\/102\/2015\/03\/logo_opetushallitus.png\",\"contentUrl\":\"https:\/\/blogit.gradia.fi\/sorvinaareen\/wp-content\/uploads\/sites\/102\/2015\/03\/logo_opetushallitus.png\",\"width\":230,\"height\":163},{\"@type\":\"WebSite\",\"@id\":\"https:\/\/blogit.gradia.fi\/sorvinaareen\/#website\",\"url\":\"https:\/\/blogit.gradia.fi\/sorvinaareen\/\",\"name\":\"Takaisin sorvin \u00e4\u00e4reen\",\"description\":\"Pekka Raution ty\u00f6el\u00e4m\u00e4jakso 16.4 - 29.5.2015\",\"potentialAction\":[{\"@type\":\"SearchAction\",\"target\":{\"@type\":\"EntryPoint\",\"urlTemplate\":\"https:\/\/blogit.gradia.fi\/sorvinaareen\/?s={search_term_string}\"},\"query-input\":{\"@type\":\"PropertyValueSpecification\",\"valueRequired\":true,\"valueName\":\"search_term_string\"}}],\"inLanguage\":\"fi\"}]}<\/script>\n<!-- \/ Yoast SEO plugin. -->","yoast_head_json":{"title":"Ammatillisen koulutuksen 3D-mallinnus- ja -tulostusseminaari, Omnia, Espoo - Takaisin sorvin \u00e4\u00e4reen","robots":{"index":"index","follow":"follow","max-snippet":"max-snippet:-1","max-image-preview":"max-image-preview:large","max-video-preview":"max-video-preview:-1"},"canonical":"https:\/\/blogit.gradia.fi\/sorvinaareen\/ammatillisen-koulutuksen-3d-mallinnus-ja-tulostusseminaari-omnia-espoo\/","og_locale":"fi_FI","og_type":"article","og_title":"Ammatillisen koulutuksen 3D-mallinnus- ja -tulostusseminaari, Omnia, Espoo - Takaisin sorvin \u00e4\u00e4reen","og_description":"R\u00e4\u00e4t\u00e4l\u00f6ityj\u00e4 tuotteita 3D-mallinnuksella ja -tulostuksella -koulutushanke on Opetushallituksen rahoittama opetustoimen henkil\u00f6st\u00f6koulutushanke. Syyskuussa 2014 k\u00e4ynnistynyt koulutushanke p\u00e4\u00e4ttyy 29.4.2015 Espoossa Omniassa j\u00e4rjestett\u00e4v\u00e4\u00e4n Ammatillisen koulutuksen 3D-mallinnus- ja -tulostusseminaariin. Seminaarissa jaetaan ideoita ja kokemuksia sek\u00e4 koulutuksen aikana kehitettyj\u00e4 toimivia k\u00e4yt\u00e4nteit\u00e4 3D-mallinnuksesta ja -tulostuksesta ammatillisen koulutuksen eri koulutusaloilta. Lis\u00e4ksi puheenvuoroissa kuullaan tulevaisuuden kehityssuuntia. Paneelikeskustelussa muodostetaan seminaariyleis\u00f6n, tutkijoiden, yritt\u00e4jien edustajien, opettajien, &hellip; Jatka lukemista Ammatillisen koulutuksen 3D-mallinnus- ja -tulostusseminaari, Omnia, Espoo &rarr;","og_url":"https:\/\/blogit.gradia.fi\/sorvinaareen\/ammatillisen-koulutuksen-3d-mallinnus-ja-tulostusseminaari-omnia-espoo\/","og_site_name":"Takaisin sorvin \u00e4\u00e4reen","article_modified_time":"2015-04-30T08:54:10+00:00","og_image":[{"url":"https:\/\/blogit.gradia.fi\/sorvinaareen\/wp-content\/uploads\/sites\/102\/2015\/03\/logo_opetushallitus.png","type":"","width":"","height":""}],"twitter_card":"summary_large_image","twitter_misc":{"Arvioitu lukuaika":"2 minuuttia"},"schema":{"@context":"https:\/\/schema.org","@graph":[{"@type":"WebPage","@id":"https:\/\/blogit.gradia.fi\/sorvinaareen\/ammatillisen-koulutuksen-3d-mallinnus-ja-tulostusseminaari-omnia-espoo\/","url":"https:\/\/blogit.gradia.fi\/sorvinaareen\/ammatillisen-koulutuksen-3d-mallinnus-ja-tulostusseminaari-omnia-espoo\/","name":"Ammatillisen koulutuksen 3D-mallinnus- ja -tulostusseminaari, Omnia, Espoo - Takaisin sorvin \u00e4\u00e4reen","isPartOf":{"@id":"https:\/\/blogit.gradia.fi\/sorvinaareen\/#website"},"primaryImageOfPage":{"@id":"https:\/\/blogit.gradia.fi\/sorvinaareen\/ammatillisen-koulutuksen-3d-mallinnus-ja-tulostusseminaari-omnia-espoo\/#primaryimage"},"image":{"@id":"https:\/\/blogit.gradia.fi\/sorvinaareen\/ammatillisen-koulutuksen-3d-mallinnus-ja-tulostusseminaari-omnia-espoo\/#primaryimage"},"thumbnailUrl":"https:\/\/blogit.gradia.fi\/sorvinaareen\/wp-content\/uploads\/sites\/102\/2015\/03\/logo_opetushallitus.png","datePublished":"2015-04-29T07:12:45+00:00","dateModified":"2015-04-30T08:54:10+00:00","inLanguage":"fi","potentialAction":[{"@type":"ReadAction","target":["https:\/\/blogit.gradia.fi\/sorvinaareen\/ammatillisen-koulutuksen-3d-mallinnus-ja-tulostusseminaari-omnia-espoo\/"]}]},{"@type":"ImageObject","inLanguage":"fi","@id":"https:\/\/blogit.gradia.fi\/sorvinaareen\/ammatillisen-koulutuksen-3d-mallinnus-ja-tulostusseminaari-omnia-espoo\/#primaryimage","url":"https:\/\/blogit.gradia.fi\/sorvinaareen\/wp-content\/uploads\/sites\/102\/2015\/03\/logo_opetushallitus.png","contentUrl":"https:\/\/blogit.gradia.fi\/sorvinaareen\/wp-content\/uploads\/sites\/102\/2015\/03\/logo_opetushallitus.png","width":230,"height":163},{"@type":"WebSite","@id":"https:\/\/blogit.gradia.fi\/sorvinaareen\/#website","url":"https:\/\/blogit.gradia.fi\/sorvinaareen\/","name":"Takaisin sorvin \u00e4\u00e4reen","description":"Pekka Raution ty\u00f6el\u00e4m\u00e4jakso 16.4 - 29.5.2015","potentialAction":[{"@type":"SearchAction","target":{"@type":"EntryPoint","urlTemplate":"https:\/\/blogit.gradia.fi\/sorvinaareen\/?s={search_term_string}"},"query-input":{"@type":"PropertyValueSpecification","valueRequired":true,"valueName":"search_term_string"}}],"inLanguage":"fi"}]}},"uagb_featured_image_src":{"full":false,"thumbnail":false,"medium":false,"medium_large":false,"large":false,"1536x1536":false,"2048x2048":false,"post-thumbnail":false,"twentyfourteen-full-width":false},"uagb_author_info":{"display_name":"Pekka Rautio","author_link":"https:\/\/blogit.gradia.fi\/sorvinaareen\/author\/rautipek\/"},"uagb_comment_info":0,"uagb_excerpt":"R\u00e4\u00e4t\u00e4l\u00f6ityj\u00e4 tuotteita 3D-mallinnuksella ja -tulostuksella -koulutushanke on Opetushallituksen rahoittama opetustoimen henkil\u00f6st\u00f6koulutushanke. Syyskuussa 2014 k\u00e4ynnistynyt koulutushanke p\u00e4\u00e4ttyy 29.4.2015 Espoossa Omniassa j\u00e4rjestett\u00e4v\u00e4\u00e4n Ammatillisen koulutuksen 3D-mallinnus- ja -tulostusseminaariin. Seminaarissa jaetaan ideoita ja kokemuksia sek\u00e4 koulutuksen aikana kehitettyj\u00e4 toimivia k\u00e4yt\u00e4nteit\u00e4 3D-mallinnuksesta ja -tulostuksesta ammatillisen koulutuksen eri koulutusaloilta. Lis\u00e4ksi puheenvuoroissa kuullaan tulevaisuuden kehityssuuntia. Paneelikeskustelussa muodostetaan seminaariyleis\u00f6n, tutkijoiden, yritt\u00e4jien edustajien, opettajien,&hellip;","_links":{"self":[{"href":"https:\/\/blogit.gradia.fi\/sorvinaareen\/wp-json\/wp\/v2\/pages\/169","targetHints":{"allow":["GET"]}}],"collection":[{"href":"https:\/\/blogit.gradia.fi\/sorvinaareen\/wp-json\/wp\/v2\/pages"}],"about":[{"href":"https:\/\/blogit.gradia.fi\/sorvinaareen\/wp-json\/wp\/v2\/types\/page"}],"author":[{"embeddable":true,"href":"https:\/\/blogit.gradia.fi\/sorvinaareen\/wp-json\/wp\/v2\/users\/593"}],"replies":[{"embeddable":true,"href":"https:\/\/blogit.gradia.fi\/sorvinaareen\/wp-json\/wp\/v2\/comments?post=169"}],"version-history":[{"count":0,"href":"https:\/\/blogit.gradia.fi\/sorvinaareen\/wp-json\/wp\/v2\/pages\/169\/revisions"}],"wp:attachment":[{"href":"https:\/\/blogit.gradia.fi\/sorvinaareen\/wp-json\/wp\/v2\/media?parent=169"}],"curies":[{"name":"wp","href":"https:\/\/api.w.org\/{rel}","templated":true}]}}