{"id":819,"date":"2014-10-13T19:43:25","date_gmt":"2014-10-13T16:43:25","guid":{"rendered":"https:\/\/blogit.gradia.fi\/sahkonet\/?page_id=819"},"modified":"2014-10-13T20:07:04","modified_gmt":"2014-10-13T17:07:04","slug":"saot2-sisajohtoasennukset-perusteet","status":"publish","type":"page","link":"https:\/\/blogit.gradia.fi\/sahkonet\/sahko-ja-automaatioasennukset\/oppimistehtavat\/kiinteistojen-sahkoasennukset\/sisajohtoasennukset\/saot2-sisajohtoasennukset-perusteet\/","title":{"rendered":"SAOT2, Sis\u00e4johtoasennukset perusteet"},"content":{"rendered":"<p>13.10.2014<br \/>\nJari peura<\/p>\n<h3><b>ITSEN\u00c4ISET OPPIMISTEHT\u00c4V\u00c4T:<\/b><\/h3>\n<p>Kirja: Sis\u00e4johtoasennukset (kirjallisista teht\u00e4vist\u00e4 teht\u00e4v\u00e4 kaikki &#8211; itsen\u00e4inen opiskelu)<\/p>\n<p>Lue ja tee teht\u00e4v\u00e4t!<\/p>\n<p>TY\u00d6TURVALLISUUS<\/p>\n<ul>\n<li>s. 17-19, teht\u00e4v\u00e4t 1-5<\/li>\n<li>s. 27-28, teht\u00e4v\u00e4t 1, 2, 4, 5<\/li>\n<li>s. 33-35 teht\u00e4v\u00e4 1<\/li>\n<li>s. 44-45 teht\u00e4v\u00e4t 1, 3<\/li>\n<\/ul>\n<p>KIINNITT\u00c4MINEN ERI ALUSMATERIAALEIHIN<\/p>\n<ul>\n<li>s. 53-55, teht\u00e4v\u00e4t 1-7<\/li>\n<\/ul>\n<p>PIENTALORAKENTEET JA RAKENNUSPIIRRUSTUKSET<\/p>\n<ul>\n<li>s. 65, teht\u00e4v\u00e4 1<\/li>\n<li>s. 71, teht\u00e4v\u00e4t 1-6<\/li>\n<li>s. 73, teht\u00e4v\u00e4t 7-15<\/li>\n<\/ul>\n<p>S\u00c4HK\u00d6LAITTEIDEN KOTELOINTI JA S\u00c4HK\u00d6ASENNUSTILOJEN LUOKITTELU<\/p>\n<ul>\n<li>s. 87, teht\u00e4v\u00e4 1<\/li>\n<li>s. 88, teht\u00e4v\u00e4 2<\/li>\n<\/ul>\n","protected":false},"excerpt":{"rendered":"<p>13.10.2014 Jari peura ITSEN\u00c4ISET OPPIMISTEHT\u00c4V\u00c4T: Kirja: Sis\u00e4johtoasennukset (kirjallisista teht\u00e4vist\u00e4 teht\u00e4v\u00e4 kaikki &#8211; itsen\u00e4inen opiskelu) Lue ja tee teht\u00e4v\u00e4t! TY\u00d6TURVALLISUUS s. 17-19, teht\u00e4v\u00e4t 1-5 s. 27-28, teht\u00e4v\u00e4t 1, 2, 4, 5 s. 33-35 teht\u00e4v\u00e4 1 s. 44-45 teht\u00e4v\u00e4t 1, 3 KIINNITT\u00c4MINEN ERI ALUSMATERIAALEIHIN s. 53-55, teht\u00e4v\u00e4t 1-7 PIENTALORAKENTEET JA RAKENNUSPIIRRUSTUKSET s. 65, teht\u00e4v\u00e4 1 s. 71, &hellip; <a href=\"https:\/\/blogit.gradia.fi\/sahkonet\/sahko-ja-automaatioasennukset\/oppimistehtavat\/kiinteistojen-sahkoasennukset\/sisajohtoasennukset\/saot2-sisajohtoasennukset-perusteet\/\" class=\"more-link\">Jatka lukemista <span class=\"screen-reader-text\">SAOT2, Sis\u00e4johtoasennukset perusteet<\/span> <span class=\"meta-nav\">&rarr;<\/span><\/a><\/p>\n","protected":false},"author":153,"featured_media":0,"parent":87,"menu_order":2,"comment_status":"closed","ping_status":"closed","template":"","meta":{"_uag_custom_page_level_css":"","footnotes":""},"class_list":["post-819","page","type-page","status-publish","hentry"],"yoast_head":"<!-- This site is optimized with the Yoast SEO plugin v27.4 - https:\/\/yoast.com\/product\/yoast-seo-wordpress\/ -->\n<title>SAOT2, Sis\u00e4johtoasennukset perusteet - S\u00e4hk\u00f6Net<\/title>\n<meta name=\"robots\" content=\"index, follow, max-snippet:-1, max-image-preview:large, max-video-preview:-1\" \/>\n<link rel=\"canonical\" href=\"https:\/\/blogit.gradia.fi\/sahkonet\/sahko-ja-automaatioasennukset\/oppimistehtavat\/kiinteistojen-sahkoasennukset\/sisajohtoasennukset\/saot2-sisajohtoasennukset-perusteet\/\" \/>\n<meta property=\"og:locale\" content=\"fi_FI\" \/>\n<meta property=\"og:type\" content=\"article\" \/>\n<meta property=\"og:title\" content=\"SAOT2, Sis\u00e4johtoasennukset perusteet - S\u00e4hk\u00f6Net\" \/>\n<meta property=\"og:description\" content=\"13.10.2014 Jari peura ITSEN\u00c4ISET OPPIMISTEHT\u00c4V\u00c4T: Kirja: Sis\u00e4johtoasennukset (kirjallisista teht\u00e4vist\u00e4 teht\u00e4v\u00e4 kaikki &#8211; itsen\u00e4inen opiskelu) Lue ja tee teht\u00e4v\u00e4t! TY\u00d6TURVALLISUUS s. 17-19, teht\u00e4v\u00e4t 1-5 s. 27-28, teht\u00e4v\u00e4t 1, 2, 4, 5 s. 33-35 teht\u00e4v\u00e4 1 s. 44-45 teht\u00e4v\u00e4t 1, 3 KIINNITT\u00c4MINEN ERI ALUSMATERIAALEIHIN s. 53-55, teht\u00e4v\u00e4t 1-7 PIENTALORAKENTEET JA RAKENNUSPIIRRUSTUKSET s. 65, teht\u00e4v\u00e4 1 s. 71, &hellip; Jatka lukemista SAOT2, Sis\u00e4johtoasennukset perusteet &rarr;\" \/>\n<meta property=\"og:url\" content=\"https:\/\/blogit.gradia.fi\/sahkonet\/sahko-ja-automaatioasennukset\/oppimistehtavat\/kiinteistojen-sahkoasennukset\/sisajohtoasennukset\/saot2-sisajohtoasennukset-perusteet\/\" \/>\n<meta property=\"og:site_name\" content=\"S\u00e4hk\u00f6Net\" \/>\n<meta property=\"article:modified_time\" content=\"2014-10-13T17:07:04+00:00\" \/>\n<meta name=\"twitter:card\" content=\"summary_large_image\" \/>\n<script type=\"application\/ld+json\" class=\"yoast-schema-graph\">{\"@context\":\"https:\\\/\\\/schema.org\",\"@graph\":[{\"@type\":\"WebPage\",\"@id\":\"https:\\\/\\\/blogit.gradia.fi\\\/sahkonet\\\/sahko-ja-automaatioasennukset\\\/oppimistehtavat\\\/kiinteistojen-sahkoasennukset\\\/sisajohtoasennukset\\\/saot2-sisajohtoasennukset-perusteet\\\/\",\"url\":\"https:\\\/\\\/blogit.gradia.fi\\\/sahkonet\\\/sahko-ja-automaatioasennukset\\\/oppimistehtavat\\\/kiinteistojen-sahkoasennukset\\\/sisajohtoasennukset\\\/saot2-sisajohtoasennukset-perusteet\\\/\",\"name\":\"SAOT2, Sis\u00e4johtoasennukset perusteet - S\u00e4hk\u00f6Net\",\"isPartOf\":{\"@id\":\"https:\\\/\\\/blogit.gradia.fi\\\/sahkonet\\\/#website\"},\"datePublished\":\"2014-10-13T16:43:25+00:00\",\"dateModified\":\"2014-10-13T17:07:04+00:00\",\"breadcrumb\":{\"@id\":\"https:\\\/\\\/blogit.gradia.fi\\\/sahkonet\\\/sahko-ja-automaatioasennukset\\\/oppimistehtavat\\\/kiinteistojen-sahkoasennukset\\\/sisajohtoasennukset\\\/saot2-sisajohtoasennukset-perusteet\\\/#breadcrumb\"},\"inLanguage\":\"fi\",\"potentialAction\":[{\"@type\":\"ReadAction\",\"target\":[\"https:\\\/\\\/blogit.gradia.fi\\\/sahkonet\\\/sahko-ja-automaatioasennukset\\\/oppimistehtavat\\\/kiinteistojen-sahkoasennukset\\\/sisajohtoasennukset\\\/saot2-sisajohtoasennukset-perusteet\\\/\"]}]},{\"@type\":\"BreadcrumbList\",\"@id\":\"https:\\\/\\\/blogit.gradia.fi\\\/sahkonet\\\/sahko-ja-automaatioasennukset\\\/oppimistehtavat\\\/kiinteistojen-sahkoasennukset\\\/sisajohtoasennukset\\\/saot2-sisajohtoasennukset-perusteet\\\/#breadcrumb\",\"itemListElement\":[{\"@type\":\"ListItem\",\"position\":1,\"name\":\"S\u00e4hk\u00f6- ja automaatioasennukset (20ov)\",\"item\":\"https:\\\/\\\/blogit.gradia.fi\\\/sahkonet\\\/sahko-ja-automaatioasennukset\\\/\"},{\"@type\":\"ListItem\",\"position\":2,\"name\":\"Oppimisteht\u00e4v\u00e4t\",\"item\":\"https:\\\/\\\/blogit.gradia.fi\\\/sahkonet\\\/sahko-ja-automaatioasennukset\\\/oppimistehtavat\\\/\"},{\"@type\":\"ListItem\",\"position\":3,\"name\":\"Kiinteist\u00f6jen s\u00e4hk\u00f6asennukset\",\"item\":\"https:\\\/\\\/blogit.gradia.fi\\\/sahkonet\\\/sahko-ja-automaatioasennukset\\\/oppimistehtavat\\\/kiinteistojen-sahkoasennukset\\\/\"},{\"@type\":\"ListItem\",\"position\":4,\"name\":\"Sis\u00e4johtoasennukset\",\"item\":\"https:\\\/\\\/blogit.gradia.fi\\\/sahkonet\\\/sahko-ja-automaatioasennukset\\\/oppimistehtavat\\\/kiinteistojen-sahkoasennukset\\\/sisajohtoasennukset\\\/\"},{\"@type\":\"ListItem\",\"position\":5,\"name\":\"SAOT2, Sis\u00e4johtoasennukset perusteet\"}]},{\"@type\":\"WebSite\",\"@id\":\"https:\\\/\\\/blogit.gradia.fi\\\/sahkonet\\\/#website\",\"url\":\"https:\\\/\\\/blogit.gradia.fi\\\/sahkonet\\\/\",\"name\":\"S\u00e4hk\u00f6Net\",\"description\":\"S\u00e4hk\u00f6- ja automaatiotekniikan perustutkinto\",\"potentialAction\":[{\"@type\":\"SearchAction\",\"target\":{\"@type\":\"EntryPoint\",\"urlTemplate\":\"https:\\\/\\\/blogit.gradia.fi\\\/sahkonet\\\/?s={search_term_string}\"},\"query-input\":{\"@type\":\"PropertyValueSpecification\",\"valueRequired\":true,\"valueName\":\"search_term_string\"}}],\"inLanguage\":\"fi\"}]}<\/script>\n<!-- \/ Yoast SEO plugin. -->","yoast_head_json":{"title":"SAOT2, Sis\u00e4johtoasennukset perusteet - S\u00e4hk\u00f6Net","robots":{"index":"index","follow":"follow","max-snippet":"max-snippet:-1","max-image-preview":"max-image-preview:large","max-video-preview":"max-video-preview:-1"},"canonical":"https:\/\/blogit.gradia.fi\/sahkonet\/sahko-ja-automaatioasennukset\/oppimistehtavat\/kiinteistojen-sahkoasennukset\/sisajohtoasennukset\/saot2-sisajohtoasennukset-perusteet\/","og_locale":"fi_FI","og_type":"article","og_title":"SAOT2, Sis\u00e4johtoasennukset perusteet - S\u00e4hk\u00f6Net","og_description":"13.10.2014 Jari peura ITSEN\u00c4ISET OPPIMISTEHT\u00c4V\u00c4T: Kirja: Sis\u00e4johtoasennukset (kirjallisista teht\u00e4vist\u00e4 teht\u00e4v\u00e4 kaikki &#8211; itsen\u00e4inen opiskelu) Lue ja tee teht\u00e4v\u00e4t! TY\u00d6TURVALLISUUS s. 17-19, teht\u00e4v\u00e4t 1-5 s. 27-28, teht\u00e4v\u00e4t 1, 2, 4, 5 s. 33-35 teht\u00e4v\u00e4 1 s. 44-45 teht\u00e4v\u00e4t 1, 3 KIINNITT\u00c4MINEN ERI ALUSMATERIAALEIHIN s. 53-55, teht\u00e4v\u00e4t 1-7 PIENTALORAKENTEET JA RAKENNUSPIIRRUSTUKSET s. 65, teht\u00e4v\u00e4 1 s. 71, &hellip; Jatka lukemista SAOT2, Sis\u00e4johtoasennukset perusteet &rarr;","og_url":"https:\/\/blogit.gradia.fi\/sahkonet\/sahko-ja-automaatioasennukset\/oppimistehtavat\/kiinteistojen-sahkoasennukset\/sisajohtoasennukset\/saot2-sisajohtoasennukset-perusteet\/","og_site_name":"S\u00e4hk\u00f6Net","article_modified_time":"2014-10-13T17:07:04+00:00","twitter_card":"summary_large_image","schema":{"@context":"https:\/\/schema.org","@graph":[{"@type":"WebPage","@id":"https:\/\/blogit.gradia.fi\/sahkonet\/sahko-ja-automaatioasennukset\/oppimistehtavat\/kiinteistojen-sahkoasennukset\/sisajohtoasennukset\/saot2-sisajohtoasennukset-perusteet\/","url":"https:\/\/blogit.gradia.fi\/sahkonet\/sahko-ja-automaatioasennukset\/oppimistehtavat\/kiinteistojen-sahkoasennukset\/sisajohtoasennukset\/saot2-sisajohtoasennukset-perusteet\/","name":"SAOT2, Sis\u00e4johtoasennukset perusteet - S\u00e4hk\u00f6Net","isPartOf":{"@id":"https:\/\/blogit.gradia.fi\/sahkonet\/#website"},"datePublished":"2014-10-13T16:43:25+00:00","dateModified":"2014-10-13T17:07:04+00:00","breadcrumb":{"@id":"https:\/\/blogit.gradia.fi\/sahkonet\/sahko-ja-automaatioasennukset\/oppimistehtavat\/kiinteistojen-sahkoasennukset\/sisajohtoasennukset\/saot2-sisajohtoasennukset-perusteet\/#breadcrumb"},"inLanguage":"fi","potentialAction":[{"@type":"ReadAction","target":["https:\/\/blogit.gradia.fi\/sahkonet\/sahko-ja-automaatioasennukset\/oppimistehtavat\/kiinteistojen-sahkoasennukset\/sisajohtoasennukset\/saot2-sisajohtoasennukset-perusteet\/"]}]},{"@type":"BreadcrumbList","@id":"https:\/\/blogit.gradia.fi\/sahkonet\/sahko-ja-automaatioasennukset\/oppimistehtavat\/kiinteistojen-sahkoasennukset\/sisajohtoasennukset\/saot2-sisajohtoasennukset-perusteet\/#breadcrumb","itemListElement":[{"@type":"ListItem","position":1,"name":"S\u00e4hk\u00f6- ja automaatioasennukset (20ov)","item":"https:\/\/blogit.gradia.fi\/sahkonet\/sahko-ja-automaatioasennukset\/"},{"@type":"ListItem","position":2,"name":"Oppimisteht\u00e4v\u00e4t","item":"https:\/\/blogit.gradia.fi\/sahkonet\/sahko-ja-automaatioasennukset\/oppimistehtavat\/"},{"@type":"ListItem","position":3,"name":"Kiinteist\u00f6jen s\u00e4hk\u00f6asennukset","item":"https:\/\/blogit.gradia.fi\/sahkonet\/sahko-ja-automaatioasennukset\/oppimistehtavat\/kiinteistojen-sahkoasennukset\/"},{"@type":"ListItem","position":4,"name":"Sis\u00e4johtoasennukset","item":"https:\/\/blogit.gradia.fi\/sahkonet\/sahko-ja-automaatioasennukset\/oppimistehtavat\/kiinteistojen-sahkoasennukset\/sisajohtoasennukset\/"},{"@type":"ListItem","position":5,"name":"SAOT2, Sis\u00e4johtoasennukset perusteet"}]},{"@type":"WebSite","@id":"https:\/\/blogit.gradia.fi\/sahkonet\/#website","url":"https:\/\/blogit.gradia.fi\/sahkonet\/","name":"S\u00e4hk\u00f6Net","description":"S\u00e4hk\u00f6- ja automaatiotekniikan perustutkinto","potentialAction":[{"@type":"SearchAction","target":{"@type":"EntryPoint","urlTemplate":"https:\/\/blogit.gradia.fi\/sahkonet\/?s={search_term_string}"},"query-input":{"@type":"PropertyValueSpecification","valueRequired":true,"valueName":"search_term_string"}}],"inLanguage":"fi"}]}},"uagb_featured_image_src":{"full":false,"thumbnail":false,"medium":false,"medium_large":false,"large":false,"1536x1536":false,"2048x2048":false,"post-thumbnail":false,"twentyfourteen-full-width":false},"uagb_author_info":{"display_name":"Minna Puoliv\u00e4li","author_link":"https:\/\/blogit.gradia.fi\/sahkonet\/author\/puolimin\/"},"uagb_comment_info":0,"uagb_excerpt":"13.10.2014 Jari peura ITSEN\u00c4ISET OPPIMISTEHT\u00c4V\u00c4T: Kirja: Sis\u00e4johtoasennukset (kirjallisista teht\u00e4vist\u00e4 teht\u00e4v\u00e4 kaikki &#8211; itsen\u00e4inen opiskelu) Lue ja tee teht\u00e4v\u00e4t! TY\u00d6TURVALLISUUS s. 17-19, teht\u00e4v\u00e4t 1-5 s. 27-28, teht\u00e4v\u00e4t 1, 2, 4, 5 s. 33-35 teht\u00e4v\u00e4 1 s. 44-45 teht\u00e4v\u00e4t 1, 3 KIINNITT\u00c4MINEN ERI ALUSMATERIAALEIHIN s. 53-55, teht\u00e4v\u00e4t 1-7 PIENTALORAKENTEET JA RAKENNUSPIIRRUSTUKSET s. 65, teht\u00e4v\u00e4 1 s. 71,&hellip;","_links":{"self":[{"href":"https:\/\/blogit.gradia.fi\/sahkonet\/wp-json\/wp\/v2\/pages\/819","targetHints":{"allow":["GET"]}}],"collection":[{"href":"https:\/\/blogit.gradia.fi\/sahkonet\/wp-json\/wp\/v2\/pages"}],"about":[{"href":"https:\/\/blogit.gradia.fi\/sahkonet\/wp-json\/wp\/v2\/types\/page"}],"author":[{"embeddable":true,"href":"https:\/\/blogit.gradia.fi\/sahkonet\/wp-json\/wp\/v2\/users\/153"}],"replies":[{"embeddable":true,"href":"https:\/\/blogit.gradia.fi\/sahkonet\/wp-json\/wp\/v2\/comments?post=819"}],"version-history":[{"count":0,"href":"https:\/\/blogit.gradia.fi\/sahkonet\/wp-json\/wp\/v2\/pages\/819\/revisions"}],"up":[{"embeddable":true,"href":"https:\/\/blogit.gradia.fi\/sahkonet\/wp-json\/wp\/v2\/pages\/87"}],"wp:attachment":[{"href":"https:\/\/blogit.gradia.fi\/sahkonet\/wp-json\/wp\/v2\/media?parent=819"}],"curies":[{"name":"wp","href":"https:\/\/api.w.org\/{rel}","templated":true}]}}