{"id":766,"date":"2014-09-08T11:59:07","date_gmt":"2014-09-08T08:59:07","guid":{"rendered":"https:\/\/blogit.gradia.fi\/sahkonet\/?page_id=766"},"modified":"2014-09-17T13:58:52","modified_gmt":"2014-09-17T10:58:52","slug":"ajankohtaista","status":"publish","type":"page","link":"https:\/\/blogit.gradia.fi\/sahkonet\/kiinteistoautomaatio\/ajankohtaista\/","title":{"rendered":"Ajankohtaista"},"content":{"rendered":"<address>8.9.2014 Janne R\u00e4is\u00e4nen<\/address>\n<h1>SA13C<\/h1>\n<p>1. Blogin aloitus. Messuvierailusta postaus kuvan kanssa.<\/p>\n<p>2. KNX-sein\u00e4n johdotus, kaapelointi, kytkent\u00e4 ja testaus.<\/p>\n<pre style=\"padding-left: 30px\">Testaus:\r\n- Kireydet\r\n- Johtimien v\u00e4rit (\r\n   - P\u00e4\u00e4virtapiiri AC - musta\r\n   - Ohjausvirtapiiri AC (vaihe) - punainen\r\n   - Ohjausvirtapiiri DC - tumman sininen\r\n- Kytkenn\u00e4t \r\n   - Yleismittarilla ohmialueella\r\n   - Jokainen piirikaavion johdin\r\n   - Ei j\u00e4nnitetesterill\u00e4 eik\u00e4 piipparilla\r\n- Merkinn\u00e4t\r\n- K\u00e4ytt\u00f6\u00f6nottotarkastus\r\n   - Suojajohtimen jatkuvuus\r\n   - Eristysresistanssi\r\n   - Eristysresistanssi 100V sy\u00f6tt\u00f6 - KNX\r\n- KNX-v\u00e4yl\u00e4n jatkuvuus<\/pre>\n<p>3. <a title=\"Syvent\u00e4v\u00e4 osa\" href=\"https:\/\/blogit.gradia.fi\/sahkonet\/kiinteistoautomaatio\/syventava-osa\/#ot\">ETS4-harjoitukset<\/a> (v\u00e4hint\u00e4\u00e4n 10 harjoitusta teht\u00e4v\u00e4 1. jakson aikana)<\/p>\n<p>4. Kiinteist\u00f6automaation teht\u00e4v\u00e4t (Pentti Harju: Talotekniikan automaatio &#8211; teht\u00e4v\u00e4monistenippu)<\/p>\n<pre><a href=\"https:\/\/optima.discendum.com\/learning\/id353\/bin\/directURL_use?dval=16758f5f06cb29c02a5a37be1f0bbb4dee9990f3&amp;id=877235&amp;ws=371142&amp;ns=31&amp;optimastart=on&amp;backtostart=on\" target=\"_blank\">Palovaroitin\/Paloilmoitins\u00e4\u00e4nn\u00f6kset<\/a><\/pre>\n<p>5. Tee teht\u00e4v\u00e4 8:n mukainen tietokannan ja projektin varmuuskopio ja palauta se&#8230;<\/p>\n<pre><a href=\"https:\/\/optima.discendum.com\/learning\/id353\/bin\/directURL_use?dval=1bde1f1e53086956eded3154aef6fd55c292fee2&amp;id=880575&amp;ws=371142&amp;ns=31&amp;optimastart=on&amp;backtostart=on\" target=\"_blank\">Palautuslaatikkoon<\/a><\/pre>\n","protected":false},"excerpt":{"rendered":"<p>8.9.2014 Janne R\u00e4is\u00e4nen SA13C 1. Blogin aloitus. Messuvierailusta postaus kuvan kanssa. 2. KNX-sein\u00e4n johdotus, kaapelointi, kytkent\u00e4 ja testaus. Testaus: &#8211; Kireydet &#8211; Johtimien v\u00e4rit ( &#8211; P\u00e4\u00e4virtapiiri AC &#8211; musta &#8211; Ohjausvirtapiiri AC (vaihe) &#8211; punainen &#8211; Ohjausvirtapiiri DC &#8211; tumman sininen &#8211; Kytkenn\u00e4t &#8211; Yleismittarilla ohmialueella &#8211; Jokainen piirikaavion johdin &#8211; Ei j\u00e4nnitetesterill\u00e4 eik\u00e4 &hellip; <a href=\"https:\/\/blogit.gradia.fi\/sahkonet\/kiinteistoautomaatio\/ajankohtaista\/\" class=\"more-link\">Jatka lukemista <span class=\"screen-reader-text\">Ajankohtaista<\/span> <span class=\"meta-nav\">&rarr;<\/span><\/a><\/p>\n","protected":false},"author":179,"featured_media":0,"parent":13,"menu_order":0,"comment_status":"closed","ping_status":"closed","template":"","meta":{"_uag_custom_page_level_css":"","footnotes":""},"class_list":["post-766","page","type-page","status-publish","hentry"],"yoast_head":"<!-- This site is optimized with the Yoast SEO plugin v27.4 - https:\/\/yoast.com\/product\/yoast-seo-wordpress\/ -->\n<title>Ajankohtaista - S\u00e4hk\u00f6Net<\/title>\n<meta name=\"robots\" content=\"index, follow, max-snippet:-1, max-image-preview:large, max-video-preview:-1\" \/>\n<link rel=\"canonical\" href=\"https:\/\/blogit.gradia.fi\/sahkonet\/kiinteistoautomaatio\/ajankohtaista\/\" \/>\n<meta property=\"og:locale\" content=\"fi_FI\" \/>\n<meta property=\"og:type\" content=\"article\" \/>\n<meta property=\"og:title\" content=\"Ajankohtaista - S\u00e4hk\u00f6Net\" \/>\n<meta property=\"og:description\" content=\"8.9.2014 Janne R\u00e4is\u00e4nen SA13C 1. Blogin aloitus. Messuvierailusta postaus kuvan kanssa. 2. KNX-sein\u00e4n johdotus, kaapelointi, kytkent\u00e4 ja testaus. Testaus: - Kireydet - Johtimien v\u00e4rit ( - P\u00e4\u00e4virtapiiri AC - musta - Ohjausvirtapiiri AC (vaihe) - punainen - Ohjausvirtapiiri DC - tumman sininen - Kytkenn\u00e4t - Yleismittarilla ohmialueella - Jokainen piirikaavion johdin - Ei j\u00e4nnitetesterill\u00e4 eik\u00e4 &hellip; Jatka lukemista Ajankohtaista &rarr;\" \/>\n<meta property=\"og:url\" content=\"https:\/\/blogit.gradia.fi\/sahkonet\/kiinteistoautomaatio\/ajankohtaista\/\" \/>\n<meta property=\"og:site_name\" content=\"S\u00e4hk\u00f6Net\" \/>\n<meta property=\"article:modified_time\" content=\"2014-09-17T10:58:52+00:00\" \/>\n<meta name=\"twitter:card\" content=\"summary_large_image\" \/>\n<meta name=\"twitter:label1\" content=\"Arvioitu lukuaika\" \/>\n\t<meta name=\"twitter:data1\" content=\"1 minuutti\" \/>\n<script type=\"application\/ld+json\" class=\"yoast-schema-graph\">{\"@context\":\"https:\\\/\\\/schema.org\",\"@graph\":[{\"@type\":\"WebPage\",\"@id\":\"https:\\\/\\\/blogit.gradia.fi\\\/sahkonet\\\/kiinteistoautomaatio\\\/ajankohtaista\\\/\",\"url\":\"https:\\\/\\\/blogit.gradia.fi\\\/sahkonet\\\/kiinteistoautomaatio\\\/ajankohtaista\\\/\",\"name\":\"Ajankohtaista - S\u00e4hk\u00f6Net\",\"isPartOf\":{\"@id\":\"https:\\\/\\\/blogit.gradia.fi\\\/sahkonet\\\/#website\"},\"datePublished\":\"2014-09-08T08:59:07+00:00\",\"dateModified\":\"2014-09-17T10:58:52+00:00\",\"breadcrumb\":{\"@id\":\"https:\\\/\\\/blogit.gradia.fi\\\/sahkonet\\\/kiinteistoautomaatio\\\/ajankohtaista\\\/#breadcrumb\"},\"inLanguage\":\"fi\",\"potentialAction\":[{\"@type\":\"ReadAction\",\"target\":[\"https:\\\/\\\/blogit.gradia.fi\\\/sahkonet\\\/kiinteistoautomaatio\\\/ajankohtaista\\\/\"]}]},{\"@type\":\"BreadcrumbList\",\"@id\":\"https:\\\/\\\/blogit.gradia.fi\\\/sahkonet\\\/kiinteistoautomaatio\\\/ajankohtaista\\\/#breadcrumb\",\"itemListElement\":[{\"@type\":\"ListItem\",\"position\":1,\"name\":\"Kiinteist\u00f6jen automaatio- ja tietoj\u00e4rjestelm\u00e4t (30 osp)\",\"item\":\"https:\\\/\\\/blogit.gradia.fi\\\/sahkonet\\\/kiinteistoautomaatio\\\/\"},{\"@type\":\"ListItem\",\"position\":2,\"name\":\"Ajankohtaista\"}]},{\"@type\":\"WebSite\",\"@id\":\"https:\\\/\\\/blogit.gradia.fi\\\/sahkonet\\\/#website\",\"url\":\"https:\\\/\\\/blogit.gradia.fi\\\/sahkonet\\\/\",\"name\":\"S\u00e4hk\u00f6Net\",\"description\":\"S\u00e4hk\u00f6- ja automaatiotekniikan perustutkinto\",\"potentialAction\":[{\"@type\":\"SearchAction\",\"target\":{\"@type\":\"EntryPoint\",\"urlTemplate\":\"https:\\\/\\\/blogit.gradia.fi\\\/sahkonet\\\/?s={search_term_string}\"},\"query-input\":{\"@type\":\"PropertyValueSpecification\",\"valueRequired\":true,\"valueName\":\"search_term_string\"}}],\"inLanguage\":\"fi\"}]}<\/script>\n<!-- \/ Yoast SEO plugin. -->","yoast_head_json":{"title":"Ajankohtaista - S\u00e4hk\u00f6Net","robots":{"index":"index","follow":"follow","max-snippet":"max-snippet:-1","max-image-preview":"max-image-preview:large","max-video-preview":"max-video-preview:-1"},"canonical":"https:\/\/blogit.gradia.fi\/sahkonet\/kiinteistoautomaatio\/ajankohtaista\/","og_locale":"fi_FI","og_type":"article","og_title":"Ajankohtaista - S\u00e4hk\u00f6Net","og_description":"8.9.2014 Janne R\u00e4is\u00e4nen SA13C 1. Blogin aloitus. Messuvierailusta postaus kuvan kanssa. 2. KNX-sein\u00e4n johdotus, kaapelointi, kytkent\u00e4 ja testaus. Testaus: - Kireydet - Johtimien v\u00e4rit ( - P\u00e4\u00e4virtapiiri AC - musta - Ohjausvirtapiiri AC (vaihe) - punainen - Ohjausvirtapiiri DC - tumman sininen - Kytkenn\u00e4t - Yleismittarilla ohmialueella - Jokainen piirikaavion johdin - Ei j\u00e4nnitetesterill\u00e4 eik\u00e4 &hellip; Jatka lukemista Ajankohtaista &rarr;","og_url":"https:\/\/blogit.gradia.fi\/sahkonet\/kiinteistoautomaatio\/ajankohtaista\/","og_site_name":"S\u00e4hk\u00f6Net","article_modified_time":"2014-09-17T10:58:52+00:00","twitter_card":"summary_large_image","twitter_misc":{"Arvioitu lukuaika":"1 minuutti"},"schema":{"@context":"https:\/\/schema.org","@graph":[{"@type":"WebPage","@id":"https:\/\/blogit.gradia.fi\/sahkonet\/kiinteistoautomaatio\/ajankohtaista\/","url":"https:\/\/blogit.gradia.fi\/sahkonet\/kiinteistoautomaatio\/ajankohtaista\/","name":"Ajankohtaista - S\u00e4hk\u00f6Net","isPartOf":{"@id":"https:\/\/blogit.gradia.fi\/sahkonet\/#website"},"datePublished":"2014-09-08T08:59:07+00:00","dateModified":"2014-09-17T10:58:52+00:00","breadcrumb":{"@id":"https:\/\/blogit.gradia.fi\/sahkonet\/kiinteistoautomaatio\/ajankohtaista\/#breadcrumb"},"inLanguage":"fi","potentialAction":[{"@type":"ReadAction","target":["https:\/\/blogit.gradia.fi\/sahkonet\/kiinteistoautomaatio\/ajankohtaista\/"]}]},{"@type":"BreadcrumbList","@id":"https:\/\/blogit.gradia.fi\/sahkonet\/kiinteistoautomaatio\/ajankohtaista\/#breadcrumb","itemListElement":[{"@type":"ListItem","position":1,"name":"Kiinteist\u00f6jen automaatio- ja tietoj\u00e4rjestelm\u00e4t (30 osp)","item":"https:\/\/blogit.gradia.fi\/sahkonet\/kiinteistoautomaatio\/"},{"@type":"ListItem","position":2,"name":"Ajankohtaista"}]},{"@type":"WebSite","@id":"https:\/\/blogit.gradia.fi\/sahkonet\/#website","url":"https:\/\/blogit.gradia.fi\/sahkonet\/","name":"S\u00e4hk\u00f6Net","description":"S\u00e4hk\u00f6- ja automaatiotekniikan perustutkinto","potentialAction":[{"@type":"SearchAction","target":{"@type":"EntryPoint","urlTemplate":"https:\/\/blogit.gradia.fi\/sahkonet\/?s={search_term_string}"},"query-input":{"@type":"PropertyValueSpecification","valueRequired":true,"valueName":"search_term_string"}}],"inLanguage":"fi"}]}},"uagb_featured_image_src":{"full":false,"thumbnail":false,"medium":false,"medium_large":false,"large":false,"1536x1536":false,"2048x2048":false,"post-thumbnail":false,"twentyfourteen-full-width":false},"uagb_author_info":{"display_name":"Pia Tolonen","author_link":"https:\/\/blogit.gradia.fi\/sahkonet\/author\/halmepia\/"},"uagb_comment_info":0,"uagb_excerpt":"8.9.2014 Janne R\u00e4is\u00e4nen SA13C 1. Blogin aloitus. Messuvierailusta postaus kuvan kanssa. 2. KNX-sein\u00e4n johdotus, kaapelointi, kytkent\u00e4 ja testaus. Testaus: - Kireydet - Johtimien v\u00e4rit ( - P\u00e4\u00e4virtapiiri AC - musta - Ohjausvirtapiiri AC (vaihe) - punainen - Ohjausvirtapiiri DC - tumman sininen - Kytkenn\u00e4t - Yleismittarilla ohmialueella - Jokainen piirikaavion johdin - Ei j\u00e4nnitetesterill\u00e4 eik\u00e4&hellip;","_links":{"self":[{"href":"https:\/\/blogit.gradia.fi\/sahkonet\/wp-json\/wp\/v2\/pages\/766","targetHints":{"allow":["GET"]}}],"collection":[{"href":"https:\/\/blogit.gradia.fi\/sahkonet\/wp-json\/wp\/v2\/pages"}],"about":[{"href":"https:\/\/blogit.gradia.fi\/sahkonet\/wp-json\/wp\/v2\/types\/page"}],"author":[{"embeddable":true,"href":"https:\/\/blogit.gradia.fi\/sahkonet\/wp-json\/wp\/v2\/users\/179"}],"replies":[{"embeddable":true,"href":"https:\/\/blogit.gradia.fi\/sahkonet\/wp-json\/wp\/v2\/comments?post=766"}],"version-history":[{"count":0,"href":"https:\/\/blogit.gradia.fi\/sahkonet\/wp-json\/wp\/v2\/pages\/766\/revisions"}],"up":[{"embeddable":true,"href":"https:\/\/blogit.gradia.fi\/sahkonet\/wp-json\/wp\/v2\/pages\/13"}],"wp:attachment":[{"href":"https:\/\/blogit.gradia.fi\/sahkonet\/wp-json\/wp\/v2\/media?parent=766"}],"curies":[{"name":"wp","href":"https:\/\/api.w.org\/{rel}","templated":true}]}}