{"id":621,"date":"2014-08-07T09:01:32","date_gmt":"2014-08-07T06:01:32","guid":{"rendered":"https:\/\/blogit.gradia.fi\/sahkonet\/?page_id=621"},"modified":"2014-08-07T09:04:08","modified_gmt":"2014-08-07T06:04:08","slug":"miten-blogitekstia-kirjoitetaan","status":"publish","type":"page","link":"https:\/\/blogit.gradia.fi\/sahkonet\/etusivu\/blogi-ohje\/miten-blogitekstia-kirjoitetaan\/","title":{"rendered":"Miten blogiteksti\u00e4 kirjoitetaan"},"content":{"rendered":"<p>1. Valitse blogiisi asiallinen s\u00e4vy<br \/>\nJokainen blogi on kohdeyleis\u00f6lle kirjoitettu. Ennen kuin alat kirjoittaa blogikirjoituksia, tee p\u00e4\u00e4t\u00f6s kuka tulee olemaan kohderyhm\u00e4si. Kuka haluaa lukea blogiasi ja miksi? Mieti mit\u00e4 he haluavat? Tunnista (ja kirjaa) blogisi tavoite ja lukijoiden odotukset. Tee p\u00e4\u00e4t\u00f6s mit\u00e4 ja mihin s\u00e4vyyn kirjoitat ja toteuta sit\u00e4 johdonmukaisesti.<\/p>\n<p>2. Ole rehellinen<br \/>\nRehellisesti ja vilpitt\u00f6m\u00e4sti kirjoitetut blogit tuovat kirjoittajan persoonan parhaiten esiin. Tavoitteenasi on todenn\u00e4k\u00f6isesti tuottaa itsesi n\u00e4k\u00f6inen tuotos, joka parhaassa tapauksessa edesauttaa ty\u00f6paikan l\u00f6yt\u00e4misess\u00e4. Edusta itse\u00e4si johdonmukaisesti ja avoimesti. <i><\/i><\/p>\n<p>3. Blogi ei ole vain linkkilista<br \/>\nBloggaaminen on aikaa viev\u00e4\u00e4 ja joskus voi olla hyvin houkuttelevaa vain listata linkkej\u00e4. \u00c4l\u00e4 lankea t\u00e4h\u00e4n ansaan. Lukijat eiv\u00e4t halua seurata pelkki\u00e4 linkkipolkuja l\u00f6yt\u00e4\u00e4kseen mielenkiintoista lukemista. Kirjoita niin mielenkiinoista teksti\u00e4, ett\u00e4 se kiinnostaa itse\u00e4si ja lukijoitasi. Anna lukijoille syy pysy\u00e4 blogissa tarjoamalla ajatuksia ja n\u00e4k\u00f6kulmia. Muista, linkki ilman asiayhteytt\u00e4 on helppo tapa menett\u00e4\u00e4 lukijoita.<\/p>\n<p>4. L\u00e4hteet, l\u00e4hteet, l\u00e4hteet<br \/>\n\u00c4l\u00e4 ota pienint\u00e4k\u00e4\u00e4n riski\u00e4 siihen suuntaan, ett\u00e4 sinua voitaisiin syytt\u00e4\u00e4 tekij\u00e4noikeuksien rikkomisesta, plagioinnista tai sis\u00e4ll\u00f6n varastamisesta toisesta blogista tai nettisivuilta. Jos haluat k\u00e4ytt\u00e4\u00e4 toisen tuottamaa materiaalia, kysy lupa ja mainitse l\u00e4hde sek\u00e4 laita linkki alkuper\u00e4iselle sivulle, josta lainaus on per\u00e4isin.<\/p>\n<p>5. Kirjoita lyhyit\u00e4 kappaleita<br \/>\nBlogiteksti visuaalinen ilme voi olla yht\u00e4 merkitt\u00e4v\u00e4 kuin blogiteksti itse. Kirjoita lyhyit\u00e4 kappaleita (2-3 lausetta), jotta teksti olisi helppolukuisempaa. Pitk\u00e4t ja monimutkaiset lauseet saavat sis\u00e4ll\u00f6n sekavaksi.<\/p>\n","protected":false},"excerpt":{"rendered":"<p>1. Valitse blogiisi asiallinen s\u00e4vy Jokainen blogi on kohdeyleis\u00f6lle kirjoitettu. Ennen kuin alat kirjoittaa blogikirjoituksia, tee p\u00e4\u00e4t\u00f6s kuka tulee olemaan kohderyhm\u00e4si. Kuka haluaa lukea blogiasi ja miksi? Mieti mit\u00e4 he haluavat? Tunnista (ja kirjaa) blogisi tavoite ja lukijoiden odotukset. Tee p\u00e4\u00e4t\u00f6s mit\u00e4 ja mihin s\u00e4vyyn kirjoitat ja toteuta sit\u00e4 johdonmukaisesti. 2. Ole rehellinen Rehellisesti ja &hellip; <a href=\"https:\/\/blogit.gradia.fi\/sahkonet\/etusivu\/blogi-ohje\/miten-blogitekstia-kirjoitetaan\/\" class=\"more-link\">Jatka lukemista <span class=\"screen-reader-text\">Miten blogiteksti\u00e4 kirjoitetaan<\/span> <span class=\"meta-nav\">&rarr;<\/span><\/a><\/p>\n","protected":false},"author":179,"featured_media":0,"parent":617,"menu_order":0,"comment_status":"closed","ping_status":"closed","template":"","meta":{"_uag_custom_page_level_css":"","footnotes":""},"class_list":["post-621","page","type-page","status-publish","hentry"],"yoast_head":"<!-- This site is optimized with the Yoast SEO plugin v27.4 - https:\/\/yoast.com\/product\/yoast-seo-wordpress\/ -->\n<title>Miten blogiteksti\u00e4 kirjoitetaan - S\u00e4hk\u00f6Net<\/title>\n<meta name=\"robots\" content=\"index, follow, max-snippet:-1, max-image-preview:large, max-video-preview:-1\" \/>\n<link rel=\"canonical\" href=\"https:\/\/blogit.gradia.fi\/sahkonet\/etusivu\/blogi-ohje\/miten-blogitekstia-kirjoitetaan\/\" \/>\n<meta property=\"og:locale\" content=\"fi_FI\" \/>\n<meta property=\"og:type\" content=\"article\" \/>\n<meta property=\"og:title\" content=\"Miten blogiteksti\u00e4 kirjoitetaan - S\u00e4hk\u00f6Net\" \/>\n<meta property=\"og:description\" content=\"1. Valitse blogiisi asiallinen s\u00e4vy Jokainen blogi on kohdeyleis\u00f6lle kirjoitettu. Ennen kuin alat kirjoittaa blogikirjoituksia, tee p\u00e4\u00e4t\u00f6s kuka tulee olemaan kohderyhm\u00e4si. Kuka haluaa lukea blogiasi ja miksi? Mieti mit\u00e4 he haluavat? Tunnista (ja kirjaa) blogisi tavoite ja lukijoiden odotukset. Tee p\u00e4\u00e4t\u00f6s mit\u00e4 ja mihin s\u00e4vyyn kirjoitat ja toteuta sit\u00e4 johdonmukaisesti. 2. Ole rehellinen Rehellisesti ja &hellip; Jatka lukemista Miten blogiteksti\u00e4 kirjoitetaan &rarr;\" \/>\n<meta property=\"og:url\" content=\"https:\/\/blogit.gradia.fi\/sahkonet\/etusivu\/blogi-ohje\/miten-blogitekstia-kirjoitetaan\/\" \/>\n<meta property=\"og:site_name\" content=\"S\u00e4hk\u00f6Net\" \/>\n<meta property=\"article:modified_time\" content=\"2014-08-07T06:04:08+00:00\" \/>\n<meta name=\"twitter:card\" content=\"summary_large_image\" \/>\n<meta name=\"twitter:label1\" content=\"Arvioitu lukuaika\" \/>\n\t<meta name=\"twitter:data1\" content=\"1 minuutti\" \/>\n<script type=\"application\/ld+json\" class=\"yoast-schema-graph\">{\"@context\":\"https:\\\/\\\/schema.org\",\"@graph\":[{\"@type\":\"WebPage\",\"@id\":\"https:\\\/\\\/blogit.gradia.fi\\\/sahkonet\\\/etusivu\\\/blogi-ohje\\\/miten-blogitekstia-kirjoitetaan\\\/\",\"url\":\"https:\\\/\\\/blogit.gradia.fi\\\/sahkonet\\\/etusivu\\\/blogi-ohje\\\/miten-blogitekstia-kirjoitetaan\\\/\",\"name\":\"Miten blogiteksti\u00e4 kirjoitetaan - S\u00e4hk\u00f6Net\",\"isPartOf\":{\"@id\":\"https:\\\/\\\/blogit.gradia.fi\\\/sahkonet\\\/#website\"},\"datePublished\":\"2014-08-07T06:01:32+00:00\",\"dateModified\":\"2014-08-07T06:04:08+00:00\",\"breadcrumb\":{\"@id\":\"https:\\\/\\\/blogit.gradia.fi\\\/sahkonet\\\/etusivu\\\/blogi-ohje\\\/miten-blogitekstia-kirjoitetaan\\\/#breadcrumb\"},\"inLanguage\":\"fi\",\"potentialAction\":[{\"@type\":\"ReadAction\",\"target\":[\"https:\\\/\\\/blogit.gradia.fi\\\/sahkonet\\\/etusivu\\\/blogi-ohje\\\/miten-blogitekstia-kirjoitetaan\\\/\"]}]},{\"@type\":\"BreadcrumbList\",\"@id\":\"https:\\\/\\\/blogit.gradia.fi\\\/sahkonet\\\/etusivu\\\/blogi-ohje\\\/miten-blogitekstia-kirjoitetaan\\\/#breadcrumb\",\"itemListElement\":[{\"@type\":\"ListItem\",\"position\":1,\"name\":\"P\u00e4\u00e4sivu\",\"item\":\"https:\\\/\\\/blogit.gradia.fi\\\/sahkonet\\\/\"},{\"@type\":\"ListItem\",\"position\":2,\"name\":\"Blogi-ohje\",\"item\":\"https:\\\/\\\/blogit.gradia.fi\\\/sahkonet\\\/etusivu\\\/blogi-ohje\\\/\"},{\"@type\":\"ListItem\",\"position\":3,\"name\":\"Miten blogiteksti\u00e4 kirjoitetaan\"}]},{\"@type\":\"WebSite\",\"@id\":\"https:\\\/\\\/blogit.gradia.fi\\\/sahkonet\\\/#website\",\"url\":\"https:\\\/\\\/blogit.gradia.fi\\\/sahkonet\\\/\",\"name\":\"S\u00e4hk\u00f6Net\",\"description\":\"S\u00e4hk\u00f6- ja automaatiotekniikan perustutkinto\",\"potentialAction\":[{\"@type\":\"SearchAction\",\"target\":{\"@type\":\"EntryPoint\",\"urlTemplate\":\"https:\\\/\\\/blogit.gradia.fi\\\/sahkonet\\\/?s={search_term_string}\"},\"query-input\":{\"@type\":\"PropertyValueSpecification\",\"valueRequired\":true,\"valueName\":\"search_term_string\"}}],\"inLanguage\":\"fi\"}]}<\/script>\n<!-- \/ Yoast SEO plugin. -->","yoast_head_json":{"title":"Miten blogiteksti\u00e4 kirjoitetaan - S\u00e4hk\u00f6Net","robots":{"index":"index","follow":"follow","max-snippet":"max-snippet:-1","max-image-preview":"max-image-preview:large","max-video-preview":"max-video-preview:-1"},"canonical":"https:\/\/blogit.gradia.fi\/sahkonet\/etusivu\/blogi-ohje\/miten-blogitekstia-kirjoitetaan\/","og_locale":"fi_FI","og_type":"article","og_title":"Miten blogiteksti\u00e4 kirjoitetaan - S\u00e4hk\u00f6Net","og_description":"1. Valitse blogiisi asiallinen s\u00e4vy Jokainen blogi on kohdeyleis\u00f6lle kirjoitettu. Ennen kuin alat kirjoittaa blogikirjoituksia, tee p\u00e4\u00e4t\u00f6s kuka tulee olemaan kohderyhm\u00e4si. Kuka haluaa lukea blogiasi ja miksi? Mieti mit\u00e4 he haluavat? Tunnista (ja kirjaa) blogisi tavoite ja lukijoiden odotukset. Tee p\u00e4\u00e4t\u00f6s mit\u00e4 ja mihin s\u00e4vyyn kirjoitat ja toteuta sit\u00e4 johdonmukaisesti. 2. Ole rehellinen Rehellisesti ja &hellip; Jatka lukemista Miten blogiteksti\u00e4 kirjoitetaan &rarr;","og_url":"https:\/\/blogit.gradia.fi\/sahkonet\/etusivu\/blogi-ohje\/miten-blogitekstia-kirjoitetaan\/","og_site_name":"S\u00e4hk\u00f6Net","article_modified_time":"2014-08-07T06:04:08+00:00","twitter_card":"summary_large_image","twitter_misc":{"Arvioitu lukuaika":"1 minuutti"},"schema":{"@context":"https:\/\/schema.org","@graph":[{"@type":"WebPage","@id":"https:\/\/blogit.gradia.fi\/sahkonet\/etusivu\/blogi-ohje\/miten-blogitekstia-kirjoitetaan\/","url":"https:\/\/blogit.gradia.fi\/sahkonet\/etusivu\/blogi-ohje\/miten-blogitekstia-kirjoitetaan\/","name":"Miten blogiteksti\u00e4 kirjoitetaan - S\u00e4hk\u00f6Net","isPartOf":{"@id":"https:\/\/blogit.gradia.fi\/sahkonet\/#website"},"datePublished":"2014-08-07T06:01:32+00:00","dateModified":"2014-08-07T06:04:08+00:00","breadcrumb":{"@id":"https:\/\/blogit.gradia.fi\/sahkonet\/etusivu\/blogi-ohje\/miten-blogitekstia-kirjoitetaan\/#breadcrumb"},"inLanguage":"fi","potentialAction":[{"@type":"ReadAction","target":["https:\/\/blogit.gradia.fi\/sahkonet\/etusivu\/blogi-ohje\/miten-blogitekstia-kirjoitetaan\/"]}]},{"@type":"BreadcrumbList","@id":"https:\/\/blogit.gradia.fi\/sahkonet\/etusivu\/blogi-ohje\/miten-blogitekstia-kirjoitetaan\/#breadcrumb","itemListElement":[{"@type":"ListItem","position":1,"name":"P\u00e4\u00e4sivu","item":"https:\/\/blogit.gradia.fi\/sahkonet\/"},{"@type":"ListItem","position":2,"name":"Blogi-ohje","item":"https:\/\/blogit.gradia.fi\/sahkonet\/etusivu\/blogi-ohje\/"},{"@type":"ListItem","position":3,"name":"Miten blogiteksti\u00e4 kirjoitetaan"}]},{"@type":"WebSite","@id":"https:\/\/blogit.gradia.fi\/sahkonet\/#website","url":"https:\/\/blogit.gradia.fi\/sahkonet\/","name":"S\u00e4hk\u00f6Net","description":"S\u00e4hk\u00f6- ja automaatiotekniikan perustutkinto","potentialAction":[{"@type":"SearchAction","target":{"@type":"EntryPoint","urlTemplate":"https:\/\/blogit.gradia.fi\/sahkonet\/?s={search_term_string}"},"query-input":{"@type":"PropertyValueSpecification","valueRequired":true,"valueName":"search_term_string"}}],"inLanguage":"fi"}]}},"uagb_featured_image_src":{"full":false,"thumbnail":false,"medium":false,"medium_large":false,"large":false,"1536x1536":false,"2048x2048":false,"post-thumbnail":false,"twentyfourteen-full-width":false},"uagb_author_info":{"display_name":"Pia Tolonen","author_link":"https:\/\/blogit.gradia.fi\/sahkonet\/author\/halmepia\/"},"uagb_comment_info":0,"uagb_excerpt":"1. Valitse blogiisi asiallinen s\u00e4vy Jokainen blogi on kohdeyleis\u00f6lle kirjoitettu. Ennen kuin alat kirjoittaa blogikirjoituksia, tee p\u00e4\u00e4t\u00f6s kuka tulee olemaan kohderyhm\u00e4si. Kuka haluaa lukea blogiasi ja miksi? Mieti mit\u00e4 he haluavat? Tunnista (ja kirjaa) blogisi tavoite ja lukijoiden odotukset. Tee p\u00e4\u00e4t\u00f6s mit\u00e4 ja mihin s\u00e4vyyn kirjoitat ja toteuta sit\u00e4 johdonmukaisesti. 2. Ole rehellinen Rehellisesti ja&hellip;","_links":{"self":[{"href":"https:\/\/blogit.gradia.fi\/sahkonet\/wp-json\/wp\/v2\/pages\/621","targetHints":{"allow":["GET"]}}],"collection":[{"href":"https:\/\/blogit.gradia.fi\/sahkonet\/wp-json\/wp\/v2\/pages"}],"about":[{"href":"https:\/\/blogit.gradia.fi\/sahkonet\/wp-json\/wp\/v2\/types\/page"}],"author":[{"embeddable":true,"href":"https:\/\/blogit.gradia.fi\/sahkonet\/wp-json\/wp\/v2\/users\/179"}],"replies":[{"embeddable":true,"href":"https:\/\/blogit.gradia.fi\/sahkonet\/wp-json\/wp\/v2\/comments?post=621"}],"version-history":[{"count":0,"href":"https:\/\/blogit.gradia.fi\/sahkonet\/wp-json\/wp\/v2\/pages\/621\/revisions"}],"up":[{"embeddable":true,"href":"https:\/\/blogit.gradia.fi\/sahkonet\/wp-json\/wp\/v2\/pages\/617"}],"wp:attachment":[{"href":"https:\/\/blogit.gradia.fi\/sahkonet\/wp-json\/wp\/v2\/media?parent=621"}],"curies":[{"name":"wp","href":"https:\/\/api.w.org\/{rel}","templated":true}]}}