{"id":1396,"date":"2016-02-13T19:40:59","date_gmt":"2016-02-13T17:40:59","guid":{"rendered":"https:\/\/blogit.gradia.fi\/sahkonet\/?page_id=1396"},"modified":"2017-05-05T09:43:15","modified_gmt":"2017-05-05T06:43:15","slug":"7-1-wire-lampotila-anturi","status":"publish","type":"page","link":"https:\/\/blogit.gradia.fi\/sahkonet\/kiinteistoautomaatio\/raspberry-pi-harjoitukset\/7-1-wire-lampotila-anturi\/","title":{"rendered":"7. 1-wire l\u00e4mp\u00f6tila-anturi"},"content":{"rendered":"<p>Kokeilemme viel\u00e4 DS18B20 l\u00e4mp\u00f6tila-anturin kytkemist\u00e4 Raspberry Pi:hin. Kyseinen anturi on ns.\u00a01-wire anturi. Anturi n\u00e4ytt\u00e4\u00e4 pienelt\u00e4 3-jalkaiselta transistorilta, mutta on hyvin tarkka digitaalinen l\u00e4mp\u00f6tila-anturi. Anturi sis\u00e4\u00e4lt\u00e4\u00e4 siis 1-wire-rajapinnan ja ohjauslogiikan, sek\u00e4 luonnollisesti l\u00e4mp\u00f6tila-anturin.<\/p>\n<p>Tehd\u00e4\u00e4n varsin yksinkertainen kytkent\u00e4, johon tarvitsemme<\/p>\n<ul>\n<li>DS18B20 -anturin<\/li>\n<li>4,7 k\u03a9 vastuksen<\/li>\n<li>kytkent\u00e4lankoja<\/li>\n<\/ul>\n<p>Huomaa ett\u00e4 alla n\u00e4kyv\u00e4ss\u00e4 kytkenn\u00e4ss\u00e4 on\u00a0my\u00f6s aiemmin tekem\u00e4mme painonapit, led ja analogia-tulo. \u00c4l\u00e4 anna sen h\u00e4irit\u00e4.<\/p>\n<p><a href=\"https:\/\/blogit.gradia.fi\/sahkonet\/wp-content\/uploads\/sites\/80\/2016\/02\/teht\u00e4v\u00e47_onewire_bb-2.png\" rel=\"attachment wp-att-1414\"><img loading=\"lazy\" decoding=\"async\" class=\"alignnone wp-image-1416 size-full\" src=\"https:\/\/blogit.gradia.fi\/sahkonet\/wp-content\/uploads\/sites\/80\/2016\/02\/teht\u00e4v\u00e47_onewire_bb-2.png\" alt=\"\" width=\"1755\" height=\"1425\" srcset=\"https:\/\/blogit.gradia.fi\/sahkonet\/wp-content\/uploads\/sites\/80\/2016\/02\/teht\u00e4v\u00e47_onewire_bb-2.png 1755w, https:\/\/blogit.gradia.fi\/sahkonet\/wp-content\/uploads\/sites\/80\/2016\/02\/teht\u00e4v\u00e47_onewire_bb-2-300x244.png 300w, https:\/\/blogit.gradia.fi\/sahkonet\/wp-content\/uploads\/sites\/80\/2016\/02\/teht\u00e4v\u00e47_onewire_bb-2-768x624.png 768w, https:\/\/blogit.gradia.fi\/sahkonet\/wp-content\/uploads\/sites\/80\/2016\/02\/teht\u00e4v\u00e47_onewire_bb-2-1024x831.png 1024w\" sizes=\"auto, (max-width: 1755px) 100vw, 1755px\" \/><\/a><\/p>\n<p><strong>HUOM!<\/strong> Kuvassa virhe. Pinkki johto DS18B20 keskimm\u00e4iselt\u00e4 pinnilt\u00e4 menee kuvassa pinniin 8 (GPIO14).\u00a0 Kytke johdin pinniin 7 (GPIO4)<\/p>\n<p>Huomaa my\u00f6s ett\u00e4\u00a0DS18B20 &#8221;1-wire&#8221; anturit voidaan kytke\u00e4 rinnakkain &#8211; toisin kuin mitk\u00e4\u00e4n muut l\u00e4mp\u00f6tila-anturit. Kaikki rinnan kytketyt anturit k\u00e4ytt\u00e4v\u00e4t samoja pinnej\u00e4, mutta jokainen anturi tarvitsee oman 4,7k\u03a9 vastuksen datapinnin ja +3,3V v\u00e4lille.<\/p>\n<p>Anturin Output-pin (keskimm\u00e4inen) l\u00e4hett\u00e4\u00e4 digitaalisen viestin ja Raspberry tarvitsee luonnollisesti rajapinnan ymm\u00e4rt\u00e4\u00e4kseen t\u00e4t\u00e4 viesti\u00e4. Saadaksemme t\u00e4m\u00e4n rajapinnan k\u00e4ytt\u00f6\u00f6n, joudumme muokkaamaan hieman tiedostoa\u00a0<em>\/boot\/config.txt<\/em><\/p>\n<pre>sudo nano \/boot\/config.txt<\/pre>\n<p>Lis\u00e4\u00e4 tiedoston loppuun rivi<\/p>\n<pre>dtoverlay=w1-gpio,gpiopin=4<\/pre>\n<p><a href=\"https:\/\/blogit.gradia.fi\/sahkonet\/wp-content\/uploads\/sites\/80\/2016\/02\/kuva7-1.png\" rel=\"attachment wp-att-1418\"><img loading=\"lazy\" decoding=\"async\" class=\"alignnone size-full wp-image-1418\" src=\"https:\/\/blogit.gradia.fi\/sahkonet\/wp-content\/uploads\/sites\/80\/2016\/02\/kuva7-1.png\" alt=\"kuva7-1\" width=\"641\" height=\"202\" srcset=\"https:\/\/blogit.gradia.fi\/sahkonet\/wp-content\/uploads\/sites\/80\/2016\/02\/kuva7-1.png 641w, https:\/\/blogit.gradia.fi\/sahkonet\/wp-content\/uploads\/sites\/80\/2016\/02\/kuva7-1-300x95.png 300w\" sizes=\"auto, (max-width: 641px) 100vw, 641px\" \/><\/a><\/p>\n<p>T\u00e4m\u00e4n j\u00e4lkeen Raspberry pit\u00e4\u00e4 k\u00e4ynnist\u00e4\u00e4 uudestaan ja sen voi tehd\u00e4 komentorivilt\u00e4 vaikka komennolla:<\/p>\n<pre>sudo reboot<\/pre>\n<p>Kun Raspberry on k\u00e4ynnistynyt ja olet kirjautunut sis\u00e4\u00e4n, avaa Terminal ja aja seuraavat komennot<\/p>\n<pre>sudo modprobe w1-gpio\r\nsudo modprobe w1-therm\r\ncd \/sys\/bus\/w1\/devices\r\nls\r\ncd 10-xxxx (vaihda t\u00e4h\u00e4n se sarjanumero, joka n\u00e4kyy)\r\ncat w1_slave<\/pre>\n<p>Vastauksena n\u00e4kyy jotakuinkin t\u00e4llaista.<\/p>\n<p><img loading=\"lazy\" decoding=\"async\" class=\"alignnone size-full wp-image-1419\" src=\"https:\/\/blogit.gradia.fi\/sahkonet\/wp-content\/uploads\/sites\/80\/2016\/02\/kuva7-2.png\" alt=\"kuva7-2\" width=\"641\" height=\"163\" srcset=\"https:\/\/blogit.gradia.fi\/sahkonet\/wp-content\/uploads\/sites\/80\/2016\/02\/kuva7-2.png 641w, https:\/\/blogit.gradia.fi\/sahkonet\/wp-content\/uploads\/sites\/80\/2016\/02\/kuva7-2-300x76.png 300w\" sizes=\"auto, (max-width: 641px) 100vw, 641px\" \/><\/p>\n<p>Rajapinta ei ole kaikkein luotettavinta mallia, mutta silti se kertoo meille, onko\u00a0l\u00e4mp\u00f6tila\u00a0luettavissa. Vastauksen saamme ensimm\u00e4isen rivin lopusta, jossa on koko YES tai NO. Jos vastaus sattuu olemaan YES, l\u00e4mp\u00f6tila on toisen rivin viimeisen\u00e4 eli esimerkiksi t=22312 ja se ilmoitetaan siis tuhannesosan tarkkuudella eli tuo tarkoittaisi l\u00e4mp\u00f6tilaa 22,312\u00a0\u00b0C.<\/p>\n<p>Voit kytke\u00e4 siis useampia antureita rinnan ja t\u00e4ll\u00f6in n\u00e4et usempia tiedostoja devices-kansiossa. Jokaisella on siis oma sarjanumeronsa, jonka perusteella tiedosto luodaan.<\/p>\n<p>Sitten tehd\u00e4\u00e4n t\u00e4lle v\u00e4h\u00e4n koodia.<\/p>\n<pre>sudo nano onewire.py<\/pre>\n<p><img loading=\"lazy\" decoding=\"async\" class=\"alignnone size-full wp-image-1420\" src=\"https:\/\/blogit.gradia.fi\/sahkonet\/wp-content\/uploads\/sites\/80\/2016\/02\/kuva7-3.png\" alt=\"kuva7-3\" width=\"642\" height=\"596\" srcset=\"https:\/\/blogit.gradia.fi\/sahkonet\/wp-content\/uploads\/sites\/80\/2016\/02\/kuva7-3.png 642w, https:\/\/blogit.gradia.fi\/sahkonet\/wp-content\/uploads\/sites\/80\/2016\/02\/kuva7-3-300x279.png 300w\" sizes=\"auto, (max-width: 642px) 100vw, 642px\" \/><\/p>\n<p>Kirjoitettuasi ohjelman tallenna se ctrl+o ja paina enteri\u00e4 kun nano kysyy vahvistusta tiedostonimelle File Name to Write: onewire.py<\/p>\n<p>Voit poistua ohjelmasta ctrl+x.<\/p>\n<p>Kokeillaan ohjelman ajamista antamalla Terminalissa komento<\/p>\n<p><img loading=\"lazy\" decoding=\"async\" class=\"alignnone size-full wp-image-1421\" src=\"https:\/\/blogit.gradia.fi\/sahkonet\/wp-content\/uploads\/sites\/80\/2016\/02\/kuva7-4.png\" alt=\"kuva7-4\" width=\"642\" height=\"208\" srcset=\"https:\/\/blogit.gradia.fi\/sahkonet\/wp-content\/uploads\/sites\/80\/2016\/02\/kuva7-4.png 642w, https:\/\/blogit.gradia.fi\/sahkonet\/wp-content\/uploads\/sites\/80\/2016\/02\/kuva7-4-300x97.png 300w\" sizes=\"auto, (max-width: 642px) 100vw, 642px\" \/><\/p>\n<p>N\u00e4in siis pit\u00e4isi n\u00e4ky\u00e4 l\u00e4mp\u00f6tila.<\/p>\n<p><a href=\"http:\/\/www.raspberrypi-spy.co.uk\/2013\/03\/raspberry-pi-1-wire-digital-thermometer-sensor\/\" target=\"_blank\">Sama englanniksi<\/a><\/p>\n","protected":false},"excerpt":{"rendered":"<p>Kokeilemme viel\u00e4 DS18B20 l\u00e4mp\u00f6tila-anturin kytkemist\u00e4 Raspberry Pi:hin. Kyseinen anturi on ns.\u00a01-wire anturi. Anturi n\u00e4ytt\u00e4\u00e4 pienelt\u00e4 3-jalkaiselta transistorilta, mutta on hyvin tarkka digitaalinen l\u00e4mp\u00f6tila-anturi. Anturi sis\u00e4\u00e4lt\u00e4\u00e4 siis 1-wire-rajapinnan ja ohjauslogiikan, sek\u00e4 luonnollisesti l\u00e4mp\u00f6tila-anturin. Tehd\u00e4\u00e4n varsin yksinkertainen kytkent\u00e4, johon tarvitsemme DS18B20 -anturin 4,7 k\u03a9 vastuksen kytkent\u00e4lankoja Huomaa ett\u00e4 alla n\u00e4kyv\u00e4ss\u00e4 kytkenn\u00e4ss\u00e4 on\u00a0my\u00f6s aiemmin tekem\u00e4mme painonapit, led ja &hellip; <a href=\"https:\/\/blogit.gradia.fi\/sahkonet\/kiinteistoautomaatio\/raspberry-pi-harjoitukset\/7-1-wire-lampotila-anturi\/\" class=\"more-link\">Jatka lukemista <span class=\"screen-reader-text\">7. 1-wire l\u00e4mp\u00f6tila-anturi<\/span> <span class=\"meta-nav\">&rarr;<\/span><\/a><\/p>\n","protected":false},"author":179,"featured_media":0,"parent":1320,"menu_order":7,"comment_status":"closed","ping_status":"closed","template":"","meta":{"_uag_custom_page_level_css":"","footnotes":""},"class_list":["post-1396","page","type-page","status-publish","hentry"],"yoast_head":"<!-- This site is optimized with the Yoast SEO plugin v27.4 - https:\/\/yoast.com\/product\/yoast-seo-wordpress\/ -->\n<title>7. 1-wire l\u00e4mp\u00f6tila-anturi - S\u00e4hk\u00f6Net<\/title>\n<meta name=\"robots\" content=\"index, follow, max-snippet:-1, max-image-preview:large, max-video-preview:-1\" \/>\n<link rel=\"canonical\" href=\"https:\/\/blogit.gradia.fi\/sahkonet\/kiinteistoautomaatio\/raspberry-pi-harjoitukset\/7-1-wire-lampotila-anturi\/\" \/>\n<meta property=\"og:locale\" content=\"fi_FI\" \/>\n<meta property=\"og:type\" content=\"article\" \/>\n<meta property=\"og:title\" content=\"7. 1-wire l\u00e4mp\u00f6tila-anturi - S\u00e4hk\u00f6Net\" \/>\n<meta property=\"og:description\" content=\"Kokeilemme viel\u00e4 DS18B20 l\u00e4mp\u00f6tila-anturin kytkemist\u00e4 Raspberry Pi:hin. Kyseinen anturi on ns.\u00a01-wire anturi. Anturi n\u00e4ytt\u00e4\u00e4 pienelt\u00e4 3-jalkaiselta transistorilta, mutta on hyvin tarkka digitaalinen l\u00e4mp\u00f6tila-anturi. Anturi sis\u00e4\u00e4lt\u00e4\u00e4 siis 1-wire-rajapinnan ja ohjauslogiikan, sek\u00e4 luonnollisesti l\u00e4mp\u00f6tila-anturin. Tehd\u00e4\u00e4n varsin yksinkertainen kytkent\u00e4, johon tarvitsemme DS18B20 -anturin 4,7 k\u03a9 vastuksen kytkent\u00e4lankoja Huomaa ett\u00e4 alla n\u00e4kyv\u00e4ss\u00e4 kytkenn\u00e4ss\u00e4 on\u00a0my\u00f6s aiemmin tekem\u00e4mme painonapit, led ja &hellip; Jatka lukemista 7. 1-wire l\u00e4mp\u00f6tila-anturi &rarr;\" \/>\n<meta property=\"og:url\" content=\"https:\/\/blogit.gradia.fi\/sahkonet\/kiinteistoautomaatio\/raspberry-pi-harjoitukset\/7-1-wire-lampotila-anturi\/\" \/>\n<meta property=\"og:site_name\" content=\"S\u00e4hk\u00f6Net\" \/>\n<meta property=\"article:modified_time\" content=\"2017-05-05T06:43:15+00:00\" \/>\n<meta property=\"og:image\" content=\"https:\/\/blogit.gradia.fi\/sahkonet\/wp-content\/uploads\/sites\/80\/2016\/02\/teht\u00e4v\u00e47_onewire_bb-2.png\" \/>\n<meta name=\"twitter:card\" content=\"summary_large_image\" \/>\n<meta name=\"twitter:label1\" content=\"Arvioitu lukuaika\" \/>\n\t<meta name=\"twitter:data1\" content=\"2 minuuttia\" \/>\n<script type=\"application\/ld+json\" class=\"yoast-schema-graph\">{\"@context\":\"https:\\\/\\\/schema.org\",\"@graph\":[{\"@type\":\"WebPage\",\"@id\":\"https:\\\/\\\/blogit.gradia.fi\\\/sahkonet\\\/kiinteistoautomaatio\\\/raspberry-pi-harjoitukset\\\/7-1-wire-lampotila-anturi\\\/\",\"url\":\"https:\\\/\\\/blogit.gradia.fi\\\/sahkonet\\\/kiinteistoautomaatio\\\/raspberry-pi-harjoitukset\\\/7-1-wire-lampotila-anturi\\\/\",\"name\":\"7. 1-wire l\u00e4mp\u00f6tila-anturi - S\u00e4hk\u00f6Net\",\"isPartOf\":{\"@id\":\"https:\\\/\\\/blogit.gradia.fi\\\/sahkonet\\\/#website\"},\"primaryImageOfPage\":{\"@id\":\"https:\\\/\\\/blogit.gradia.fi\\\/sahkonet\\\/kiinteistoautomaatio\\\/raspberry-pi-harjoitukset\\\/7-1-wire-lampotila-anturi\\\/#primaryimage\"},\"image\":{\"@id\":\"https:\\\/\\\/blogit.gradia.fi\\\/sahkonet\\\/kiinteistoautomaatio\\\/raspberry-pi-harjoitukset\\\/7-1-wire-lampotila-anturi\\\/#primaryimage\"},\"thumbnailUrl\":\"https:\\\/\\\/blogit.gradia.fi\\\/sahkonet\\\/wp-content\\\/uploads\\\/sites\\\/80\\\/2016\\\/02\\\/kuva7-1.png\",\"datePublished\":\"2016-02-13T17:40:59+00:00\",\"dateModified\":\"2017-05-05T06:43:15+00:00\",\"breadcrumb\":{\"@id\":\"https:\\\/\\\/blogit.gradia.fi\\\/sahkonet\\\/kiinteistoautomaatio\\\/raspberry-pi-harjoitukset\\\/7-1-wire-lampotila-anturi\\\/#breadcrumb\"},\"inLanguage\":\"fi\",\"potentialAction\":[{\"@type\":\"ReadAction\",\"target\":[\"https:\\\/\\\/blogit.gradia.fi\\\/sahkonet\\\/kiinteistoautomaatio\\\/raspberry-pi-harjoitukset\\\/7-1-wire-lampotila-anturi\\\/\"]}]},{\"@type\":\"ImageObject\",\"inLanguage\":\"fi\",\"@id\":\"https:\\\/\\\/blogit.gradia.fi\\\/sahkonet\\\/kiinteistoautomaatio\\\/raspberry-pi-harjoitukset\\\/7-1-wire-lampotila-anturi\\\/#primaryimage\",\"url\":\"https:\\\/\\\/blogit.gradia.fi\\\/sahkonet\\\/wp-content\\\/uploads\\\/sites\\\/80\\\/2016\\\/02\\\/kuva7-1.png\",\"contentUrl\":\"https:\\\/\\\/blogit.gradia.fi\\\/sahkonet\\\/wp-content\\\/uploads\\\/sites\\\/80\\\/2016\\\/02\\\/kuva7-1.png\",\"width\":641,\"height\":202},{\"@type\":\"BreadcrumbList\",\"@id\":\"https:\\\/\\\/blogit.gradia.fi\\\/sahkonet\\\/kiinteistoautomaatio\\\/raspberry-pi-harjoitukset\\\/7-1-wire-lampotila-anturi\\\/#breadcrumb\",\"itemListElement\":[{\"@type\":\"ListItem\",\"position\":1,\"name\":\"Kiinteist\u00f6jen automaatio- ja tietoj\u00e4rjestelm\u00e4t (30 osp)\",\"item\":\"https:\\\/\\\/blogit.gradia.fi\\\/sahkonet\\\/kiinteistoautomaatio\\\/\"},{\"@type\":\"ListItem\",\"position\":2,\"name\":\"Raspberry Pi -harjoitukset\",\"item\":\"https:\\\/\\\/blogit.gradia.fi\\\/sahkonet\\\/kiinteistoautomaatio\\\/raspberry-pi-harjoitukset\\\/\"},{\"@type\":\"ListItem\",\"position\":3,\"name\":\"7. 1-wire l\u00e4mp\u00f6tila-anturi\"}]},{\"@type\":\"WebSite\",\"@id\":\"https:\\\/\\\/blogit.gradia.fi\\\/sahkonet\\\/#website\",\"url\":\"https:\\\/\\\/blogit.gradia.fi\\\/sahkonet\\\/\",\"name\":\"S\u00e4hk\u00f6Net\",\"description\":\"S\u00e4hk\u00f6- ja automaatiotekniikan perustutkinto\",\"potentialAction\":[{\"@type\":\"SearchAction\",\"target\":{\"@type\":\"EntryPoint\",\"urlTemplate\":\"https:\\\/\\\/blogit.gradia.fi\\\/sahkonet\\\/?s={search_term_string}\"},\"query-input\":{\"@type\":\"PropertyValueSpecification\",\"valueRequired\":true,\"valueName\":\"search_term_string\"}}],\"inLanguage\":\"fi\"}]}<\/script>\n<!-- \/ Yoast SEO plugin. -->","yoast_head_json":{"title":"7. 1-wire l\u00e4mp\u00f6tila-anturi - S\u00e4hk\u00f6Net","robots":{"index":"index","follow":"follow","max-snippet":"max-snippet:-1","max-image-preview":"max-image-preview:large","max-video-preview":"max-video-preview:-1"},"canonical":"https:\/\/blogit.gradia.fi\/sahkonet\/kiinteistoautomaatio\/raspberry-pi-harjoitukset\/7-1-wire-lampotila-anturi\/","og_locale":"fi_FI","og_type":"article","og_title":"7. 1-wire l\u00e4mp\u00f6tila-anturi - S\u00e4hk\u00f6Net","og_description":"Kokeilemme viel\u00e4 DS18B20 l\u00e4mp\u00f6tila-anturin kytkemist\u00e4 Raspberry Pi:hin. Kyseinen anturi on ns.\u00a01-wire anturi. Anturi n\u00e4ytt\u00e4\u00e4 pienelt\u00e4 3-jalkaiselta transistorilta, mutta on hyvin tarkka digitaalinen l\u00e4mp\u00f6tila-anturi. Anturi sis\u00e4\u00e4lt\u00e4\u00e4 siis 1-wire-rajapinnan ja ohjauslogiikan, sek\u00e4 luonnollisesti l\u00e4mp\u00f6tila-anturin. Tehd\u00e4\u00e4n varsin yksinkertainen kytkent\u00e4, johon tarvitsemme DS18B20 -anturin 4,7 k\u03a9 vastuksen kytkent\u00e4lankoja Huomaa ett\u00e4 alla n\u00e4kyv\u00e4ss\u00e4 kytkenn\u00e4ss\u00e4 on\u00a0my\u00f6s aiemmin tekem\u00e4mme painonapit, led ja &hellip; Jatka lukemista 7. 1-wire l\u00e4mp\u00f6tila-anturi &rarr;","og_url":"https:\/\/blogit.gradia.fi\/sahkonet\/kiinteistoautomaatio\/raspberry-pi-harjoitukset\/7-1-wire-lampotila-anturi\/","og_site_name":"S\u00e4hk\u00f6Net","article_modified_time":"2017-05-05T06:43:15+00:00","og_image":[{"url":"https:\/\/blogit.gradia.fi\/sahkonet\/wp-content\/uploads\/sites\/80\/2016\/02\/teht\u00e4v\u00e47_onewire_bb-2.png","type":"","width":"","height":""}],"twitter_card":"summary_large_image","twitter_misc":{"Arvioitu lukuaika":"2 minuuttia"},"schema":{"@context":"https:\/\/schema.org","@graph":[{"@type":"WebPage","@id":"https:\/\/blogit.gradia.fi\/sahkonet\/kiinteistoautomaatio\/raspberry-pi-harjoitukset\/7-1-wire-lampotila-anturi\/","url":"https:\/\/blogit.gradia.fi\/sahkonet\/kiinteistoautomaatio\/raspberry-pi-harjoitukset\/7-1-wire-lampotila-anturi\/","name":"7. 1-wire l\u00e4mp\u00f6tila-anturi - S\u00e4hk\u00f6Net","isPartOf":{"@id":"https:\/\/blogit.gradia.fi\/sahkonet\/#website"},"primaryImageOfPage":{"@id":"https:\/\/blogit.gradia.fi\/sahkonet\/kiinteistoautomaatio\/raspberry-pi-harjoitukset\/7-1-wire-lampotila-anturi\/#primaryimage"},"image":{"@id":"https:\/\/blogit.gradia.fi\/sahkonet\/kiinteistoautomaatio\/raspberry-pi-harjoitukset\/7-1-wire-lampotila-anturi\/#primaryimage"},"thumbnailUrl":"https:\/\/blogit.gradia.fi\/sahkonet\/wp-content\/uploads\/sites\/80\/2016\/02\/kuva7-1.png","datePublished":"2016-02-13T17:40:59+00:00","dateModified":"2017-05-05T06:43:15+00:00","breadcrumb":{"@id":"https:\/\/blogit.gradia.fi\/sahkonet\/kiinteistoautomaatio\/raspberry-pi-harjoitukset\/7-1-wire-lampotila-anturi\/#breadcrumb"},"inLanguage":"fi","potentialAction":[{"@type":"ReadAction","target":["https:\/\/blogit.gradia.fi\/sahkonet\/kiinteistoautomaatio\/raspberry-pi-harjoitukset\/7-1-wire-lampotila-anturi\/"]}]},{"@type":"ImageObject","inLanguage":"fi","@id":"https:\/\/blogit.gradia.fi\/sahkonet\/kiinteistoautomaatio\/raspberry-pi-harjoitukset\/7-1-wire-lampotila-anturi\/#primaryimage","url":"https:\/\/blogit.gradia.fi\/sahkonet\/wp-content\/uploads\/sites\/80\/2016\/02\/kuva7-1.png","contentUrl":"https:\/\/blogit.gradia.fi\/sahkonet\/wp-content\/uploads\/sites\/80\/2016\/02\/kuva7-1.png","width":641,"height":202},{"@type":"BreadcrumbList","@id":"https:\/\/blogit.gradia.fi\/sahkonet\/kiinteistoautomaatio\/raspberry-pi-harjoitukset\/7-1-wire-lampotila-anturi\/#breadcrumb","itemListElement":[{"@type":"ListItem","position":1,"name":"Kiinteist\u00f6jen automaatio- ja tietoj\u00e4rjestelm\u00e4t (30 osp)","item":"https:\/\/blogit.gradia.fi\/sahkonet\/kiinteistoautomaatio\/"},{"@type":"ListItem","position":2,"name":"Raspberry Pi -harjoitukset","item":"https:\/\/blogit.gradia.fi\/sahkonet\/kiinteistoautomaatio\/raspberry-pi-harjoitukset\/"},{"@type":"ListItem","position":3,"name":"7. 1-wire l\u00e4mp\u00f6tila-anturi"}]},{"@type":"WebSite","@id":"https:\/\/blogit.gradia.fi\/sahkonet\/#website","url":"https:\/\/blogit.gradia.fi\/sahkonet\/","name":"S\u00e4hk\u00f6Net","description":"S\u00e4hk\u00f6- ja automaatiotekniikan perustutkinto","potentialAction":[{"@type":"SearchAction","target":{"@type":"EntryPoint","urlTemplate":"https:\/\/blogit.gradia.fi\/sahkonet\/?s={search_term_string}"},"query-input":{"@type":"PropertyValueSpecification","valueRequired":true,"valueName":"search_term_string"}}],"inLanguage":"fi"}]}},"uagb_featured_image_src":{"full":false,"thumbnail":false,"medium":false,"medium_large":false,"large":false,"1536x1536":false,"2048x2048":false,"post-thumbnail":false,"twentyfourteen-full-width":false},"uagb_author_info":{"display_name":"Pia Tolonen","author_link":"https:\/\/blogit.gradia.fi\/sahkonet\/author\/halmepia\/"},"uagb_comment_info":0,"uagb_excerpt":"Kokeilemme viel\u00e4 DS18B20 l\u00e4mp\u00f6tila-anturin kytkemist\u00e4 Raspberry Pi:hin. Kyseinen anturi on ns.\u00a01-wire anturi. Anturi n\u00e4ytt\u00e4\u00e4 pienelt\u00e4 3-jalkaiselta transistorilta, mutta on hyvin tarkka digitaalinen l\u00e4mp\u00f6tila-anturi. Anturi sis\u00e4\u00e4lt\u00e4\u00e4 siis 1-wire-rajapinnan ja ohjauslogiikan, sek\u00e4 luonnollisesti l\u00e4mp\u00f6tila-anturin. Tehd\u00e4\u00e4n varsin yksinkertainen kytkent\u00e4, johon tarvitsemme DS18B20 -anturin 4,7 k\u03a9 vastuksen kytkent\u00e4lankoja Huomaa ett\u00e4 alla n\u00e4kyv\u00e4ss\u00e4 kytkenn\u00e4ss\u00e4 on\u00a0my\u00f6s aiemmin tekem\u00e4mme painonapit, led ja&hellip;","_links":{"self":[{"href":"https:\/\/blogit.gradia.fi\/sahkonet\/wp-json\/wp\/v2\/pages\/1396","targetHints":{"allow":["GET"]}}],"collection":[{"href":"https:\/\/blogit.gradia.fi\/sahkonet\/wp-json\/wp\/v2\/pages"}],"about":[{"href":"https:\/\/blogit.gradia.fi\/sahkonet\/wp-json\/wp\/v2\/types\/page"}],"author":[{"embeddable":true,"href":"https:\/\/blogit.gradia.fi\/sahkonet\/wp-json\/wp\/v2\/users\/179"}],"replies":[{"embeddable":true,"href":"https:\/\/blogit.gradia.fi\/sahkonet\/wp-json\/wp\/v2\/comments?post=1396"}],"version-history":[{"count":0,"href":"https:\/\/blogit.gradia.fi\/sahkonet\/wp-json\/wp\/v2\/pages\/1396\/revisions"}],"up":[{"embeddable":true,"href":"https:\/\/blogit.gradia.fi\/sahkonet\/wp-json\/wp\/v2\/pages\/1320"}],"wp:attachment":[{"href":"https:\/\/blogit.gradia.fi\/sahkonet\/wp-json\/wp\/v2\/media?parent=1396"}],"curies":[{"name":"wp","href":"https:\/\/api.w.org\/{rel}","templated":true}]}}