{"id":1369,"date":"2016-02-07T21:54:46","date_gmt":"2016-02-07T19:54:46","guid":{"rendered":"https:\/\/blogit.gradia.fi\/sahkonet\/?page_id=1369"},"modified":"2016-02-10T20:23:52","modified_gmt":"2016-02-10T18:23:52","slug":"4-outputin-ohjaaminen-php-sivulla","status":"publish","type":"page","link":"https:\/\/blogit.gradia.fi\/sahkonet\/kiinteistoautomaatio\/raspberry-pi-harjoitukset\/4-outputin-ohjaaminen-php-sivulla\/","title":{"rendered":"4. Outputin ohjaaminen php-sivulla"},"content":{"rendered":"<p>Kokeilemme luoda nettisivun Raspberry Pi:lle, jonka avulla ohjaamme aikaisemmin kytkem\u00e4\u00e4mme ledi\u00e4.<\/p>\n<p>Ensin pit\u00e4\u00e4 asentaa Apache web-serveri ja tuki php-ohjelmointikielelle.<\/p>\n<p>Avaa tutuksi tullut Terminal ja aja seuraavat komennot. Ensimm\u00e4isen\u00e4 asennetaan Apache.<\/p>\n<pre>sudo apt-get install apache2 -y<\/pre>\n<p>Jos satuit kirjoittamaan muistiin 1. harjoituksessa muuttamasi Raspberryn ip-osoitteen, voit asennuksen j\u00e4lkeen testata Apachen asennuksen onnistumisen kirjoittamalla samassa verkossa olevan tietokoneen selaimeen\u00a0raspberryn ip-osoitteen (esim: http:\/\/192.168.1.2) tai raspberryn omaan Epiphany Web Browseriin http:\/\/localhost\/. Onnistuneen asennuksen j\u00e4lkeen edellisill\u00e4 ohjeilla aukeaa alla olevan kuvan mukainen nettisivu.<\/p>\n<p><img loading=\"lazy\" decoding=\"async\" class=\"alignnone size-full wp-image-1370\" src=\"https:\/\/blogit.gradia.fi\/sahkonet\/wp-content\/uploads\/sites\/80\/2016\/02\/kuva4-1.png\" alt=\"kuva4-1\" width=\"822\" height=\"447\" srcset=\"https:\/\/blogit.gradia.fi\/sahkonet\/wp-content\/uploads\/sites\/80\/2016\/02\/kuva4-1.png 822w, https:\/\/blogit.gradia.fi\/sahkonet\/wp-content\/uploads\/sites\/80\/2016\/02\/kuva4-1-300x163.png 300w, https:\/\/blogit.gradia.fi\/sahkonet\/wp-content\/uploads\/sites\/80\/2016\/02\/kuva4-1-768x418.png 768w\" sizes=\"auto, (max-width: 822px) 100vw, 822px\" \/><\/p>\n<p>Jotta Apache nettiserveri voisi ajaa PHP-sivuja, t\u00e4ytyy Raspberryyn asentaa tuki PHP-kielelle. Aja seuraava komento:<\/p>\n<pre class=\" language-bash\"><code class=\" language-bash\">sudo apt<span class=\"token operator\">-<\/span>get install php5 libapache2<span class=\"token operator\">-<\/span>mod<span class=\"token operator\">-<\/span>php5 <span class=\"token operator\">-<\/span>y<\/code><\/pre>\n<p>Oletussivu on vain html-tiedosto, jonka nimi on index.html. Se on hakemistossa\u00a0<code>\/var\/www\/html\/index.html<\/code><\/p>\n<p>Avaa Terminal ja tarkastele mit\u00e4 kansiosta l\u00f6ytyy.<\/p>\n<pre><code>cd \/var\/www\/html\r\nls -al<\/code><\/pre>\n<p>N\u00e4et todenn\u00e4k\u00f6isesti jotain t\u00e4llaista:<\/p>\n<pre class=\" language-bash\">total 40\r\ndrwxr-xr-x 2 root root 4096 Jan 25 17:43 .\r\ndrwxr-xr-x 3 root root 4096 Jan 22 12:32 ..\r\n-rw-r--r-- 1 root root 11104 Jan 22 12:33 index.html<\/pre>\n<p>Sielt\u00e4 ei pit\u00e4isi viel\u00e4 l\u00f6yty\u00e4 muuta kuin index.html<\/p>\n<p>Testataan ensin PHP:n asennuksen onnistuminen. Avaa nano-tekstieditori ja luo tiedosto index.php<\/p>\n<pre class=\" language-bash\"><code class=\" language-bash\">sudo nano index<span class=\"token punctuation\">.<\/span>php<\/code><\/pre>\n<p>Kirjoita tiedostoon php-koodi:<\/p>\n<pre class=\" language-php\">&lt;?php\r\n echo \"hello world\";\r\n echo \"&lt;br&gt;\";\r\n echo date('Y-m-d H:i:s');\r\n?&gt;<\/pre>\n<p>Tallenna ctrl+o ja lopeta ctrl+x. Avaa nettiselaimessa Raspberryn osoite\u00a0<em>http:\/\/192.168.1.2\/index.php<\/em><\/p>\n<p>Aiempien harjoitusten kytkent\u00e4si pit\u00e4isi olla viel\u00e4 koskematta, joten k\u00e4yt\u00e4mme kytketty\u00e4 ledi\u00e4 ja ohjaamme sit\u00e4 php-sivun kautta.<\/p>\n<p>GPIO-komentoja voi ajaa my\u00f6s Terminalin komentorivilt\u00e4 ja t\u00e4t\u00e4 ominaisuutta k\u00e4yt\u00e4mme hyv\u00e4ksemme php-ohjauksessa.<\/p>\n<p>Tee kansioon \/var\/www\/html uusi tiedosto komennolla:<\/p>\n<pre class=\" language-bash\"><code class=\" language-bash\">sudo nano pinon<span class=\"token punctuation\">.<\/span>php<\/code><\/pre>\n<p>T\u00e4ll\u00e4 sytyt\u00e4mme ledin. Kirjoita tiedostoon:<\/p>\n<pre>&lt;?php\r\n system(\"gpio -g mode 18 out\");\r\n system(\"gpio -g write 18 1\");\r\n header(\"Location: control.php\");\r\n exit;\r\n?&gt;<\/pre>\n<p>Luo toinen tiedosto, jolla sammutamme ledin:<\/p>\n<pre class=\" language-bash\"><code class=\" language-bash\">sudo nano pinoff<span class=\"token punctuation\">.<\/span>php<\/code><\/pre>\n<p>Kirjoita tiedostoon:<\/p>\n<pre>&lt;?php\r\n system(\"gpio -g mode 18 out\");\r\n system(\"gpio -g write 18 0\");\r\n header(\"Location: control.php\");\r\n exit;\r\n?&gt;<\/pre>\n<p>T\u00e4m\u00e4n j\u00e4lkeen tee edelleen uusi tiedosto:<\/p>\n<pre class=\" language-bash\"><code class=\" language-bash\">sudo nano control<span class=\"token punctuation\">.<\/span>php<\/code><\/pre>\n<p>Kirjoita siihen html-sis\u00e4lt\u00f6 alla olevan kuvan mukaisesti.<\/p>\n<p><img loading=\"lazy\" decoding=\"async\" class=\"alignnone size-full wp-image-1376\" src=\"https:\/\/blogit.gradia.fi\/sahkonet\/wp-content\/uploads\/sites\/80\/2016\/02\/kuva4-2.png\" alt=\"kuva4-2\" width=\"640\" height=\"210\" srcset=\"https:\/\/blogit.gradia.fi\/sahkonet\/wp-content\/uploads\/sites\/80\/2016\/02\/kuva4-2.png 640w, https:\/\/blogit.gradia.fi\/sahkonet\/wp-content\/uploads\/sites\/80\/2016\/02\/kuva4-2-300x98.png 300w\" sizes=\"auto, (max-width: 640px) 100vw, 640px\" \/><\/p>\n<p>Tallenna ctrl+o ja lopeta ctrl+x. Avaa nettiselaimessa Raspberryn osoite\u00a0<em>http:\/\/192.168.1.2\/control.php\u00a0<\/em>ja testaa linkkien toiminta.<\/p>\n<p><img loading=\"lazy\" decoding=\"async\" class=\"alignnone size-full wp-image-1378\" src=\"https:\/\/blogit.gradia.fi\/sahkonet\/wp-content\/uploads\/sites\/80\/2016\/02\/kuva4-3.png\" alt=\"kuva4-3\" width=\"395\" height=\"163\" srcset=\"https:\/\/blogit.gradia.fi\/sahkonet\/wp-content\/uploads\/sites\/80\/2016\/02\/kuva4-3.png 395w, https:\/\/blogit.gradia.fi\/sahkonet\/wp-content\/uploads\/sites\/80\/2016\/02\/kuva4-3-300x124.png 300w\" sizes=\"auto, (max-width: 395px) 100vw, 395px\" \/><\/p>\n<p>&nbsp;<\/p>\n<p>&nbsp;<\/p>\n","protected":false},"excerpt":{"rendered":"<p>Kokeilemme luoda nettisivun Raspberry Pi:lle, jonka avulla ohjaamme aikaisemmin kytkem\u00e4\u00e4mme ledi\u00e4. Ensin pit\u00e4\u00e4 asentaa Apache web-serveri ja tuki php-ohjelmointikielelle. Avaa tutuksi tullut Terminal ja aja seuraavat komennot. Ensimm\u00e4isen\u00e4 asennetaan Apache. sudo apt-get install apache2 -y Jos satuit kirjoittamaan muistiin 1. harjoituksessa muuttamasi Raspberryn ip-osoitteen, voit asennuksen j\u00e4lkeen testata Apachen asennuksen onnistumisen kirjoittamalla samassa verkossa olevan &hellip; <a href=\"https:\/\/blogit.gradia.fi\/sahkonet\/kiinteistoautomaatio\/raspberry-pi-harjoitukset\/4-outputin-ohjaaminen-php-sivulla\/\" class=\"more-link\">Jatka lukemista <span class=\"screen-reader-text\">4. Outputin ohjaaminen php-sivulla<\/span> <span class=\"meta-nav\">&rarr;<\/span><\/a><\/p>\n","protected":false},"author":179,"featured_media":0,"parent":1320,"menu_order":4,"comment_status":"closed","ping_status":"closed","template":"","meta":{"_uag_custom_page_level_css":"","footnotes":""},"class_list":["post-1369","page","type-page","status-publish","hentry"],"yoast_head":"<!-- This site is optimized with the Yoast SEO plugin v27.4 - https:\/\/yoast.com\/product\/yoast-seo-wordpress\/ -->\n<title>4. Outputin ohjaaminen php-sivulla - S\u00e4hk\u00f6Net<\/title>\n<meta name=\"robots\" content=\"index, follow, max-snippet:-1, max-image-preview:large, max-video-preview:-1\" \/>\n<link rel=\"canonical\" href=\"https:\/\/blogit.gradia.fi\/sahkonet\/kiinteistoautomaatio\/raspberry-pi-harjoitukset\/4-outputin-ohjaaminen-php-sivulla\/\" \/>\n<meta property=\"og:locale\" content=\"fi_FI\" \/>\n<meta property=\"og:type\" content=\"article\" \/>\n<meta property=\"og:title\" content=\"4. Outputin ohjaaminen php-sivulla - S\u00e4hk\u00f6Net\" \/>\n<meta property=\"og:description\" content=\"Kokeilemme luoda nettisivun Raspberry Pi:lle, jonka avulla ohjaamme aikaisemmin kytkem\u00e4\u00e4mme ledi\u00e4. Ensin pit\u00e4\u00e4 asentaa Apache web-serveri ja tuki php-ohjelmointikielelle. Avaa tutuksi tullut Terminal ja aja seuraavat komennot. Ensimm\u00e4isen\u00e4 asennetaan Apache. sudo apt-get install apache2 -y Jos satuit kirjoittamaan muistiin 1. harjoituksessa muuttamasi Raspberryn ip-osoitteen, voit asennuksen j\u00e4lkeen testata Apachen asennuksen onnistumisen kirjoittamalla samassa verkossa olevan &hellip; Jatka lukemista 4. Outputin ohjaaminen php-sivulla &rarr;\" \/>\n<meta property=\"og:url\" content=\"https:\/\/blogit.gradia.fi\/sahkonet\/kiinteistoautomaatio\/raspberry-pi-harjoitukset\/4-outputin-ohjaaminen-php-sivulla\/\" \/>\n<meta property=\"og:site_name\" content=\"S\u00e4hk\u00f6Net\" \/>\n<meta property=\"article:modified_time\" content=\"2016-02-10T18:23:52+00:00\" \/>\n<meta property=\"og:image\" content=\"https:\/\/blogit.gradia.fi\/sahkonet\/wp-content\/uploads\/sites\/80\/2016\/02\/kuva4-1.png\" \/>\n<meta name=\"twitter:card\" content=\"summary_large_image\" \/>\n<meta name=\"twitter:label1\" content=\"Arvioitu lukuaika\" \/>\n\t<meta name=\"twitter:data1\" content=\"2 minuuttia\" \/>\n<script type=\"application\/ld+json\" class=\"yoast-schema-graph\">{\"@context\":\"https:\\\/\\\/schema.org\",\"@graph\":[{\"@type\":\"WebPage\",\"@id\":\"https:\\\/\\\/blogit.gradia.fi\\\/sahkonet\\\/kiinteistoautomaatio\\\/raspberry-pi-harjoitukset\\\/4-outputin-ohjaaminen-php-sivulla\\\/\",\"url\":\"https:\\\/\\\/blogit.gradia.fi\\\/sahkonet\\\/kiinteistoautomaatio\\\/raspberry-pi-harjoitukset\\\/4-outputin-ohjaaminen-php-sivulla\\\/\",\"name\":\"4. Outputin ohjaaminen php-sivulla - S\u00e4hk\u00f6Net\",\"isPartOf\":{\"@id\":\"https:\\\/\\\/blogit.gradia.fi\\\/sahkonet\\\/#website\"},\"primaryImageOfPage\":{\"@id\":\"https:\\\/\\\/blogit.gradia.fi\\\/sahkonet\\\/kiinteistoautomaatio\\\/raspberry-pi-harjoitukset\\\/4-outputin-ohjaaminen-php-sivulla\\\/#primaryimage\"},\"image\":{\"@id\":\"https:\\\/\\\/blogit.gradia.fi\\\/sahkonet\\\/kiinteistoautomaatio\\\/raspberry-pi-harjoitukset\\\/4-outputin-ohjaaminen-php-sivulla\\\/#primaryimage\"},\"thumbnailUrl\":\"https:\\\/\\\/blogit.gradia.fi\\\/sahkonet\\\/wp-content\\\/uploads\\\/sites\\\/80\\\/2016\\\/02\\\/kuva4-1.png\",\"datePublished\":\"2016-02-07T19:54:46+00:00\",\"dateModified\":\"2016-02-10T18:23:52+00:00\",\"breadcrumb\":{\"@id\":\"https:\\\/\\\/blogit.gradia.fi\\\/sahkonet\\\/kiinteistoautomaatio\\\/raspberry-pi-harjoitukset\\\/4-outputin-ohjaaminen-php-sivulla\\\/#breadcrumb\"},\"inLanguage\":\"fi\",\"potentialAction\":[{\"@type\":\"ReadAction\",\"target\":[\"https:\\\/\\\/blogit.gradia.fi\\\/sahkonet\\\/kiinteistoautomaatio\\\/raspberry-pi-harjoitukset\\\/4-outputin-ohjaaminen-php-sivulla\\\/\"]}]},{\"@type\":\"ImageObject\",\"inLanguage\":\"fi\",\"@id\":\"https:\\\/\\\/blogit.gradia.fi\\\/sahkonet\\\/kiinteistoautomaatio\\\/raspberry-pi-harjoitukset\\\/4-outputin-ohjaaminen-php-sivulla\\\/#primaryimage\",\"url\":\"https:\\\/\\\/blogit.gradia.fi\\\/sahkonet\\\/wp-content\\\/uploads\\\/sites\\\/80\\\/2016\\\/02\\\/kuva4-1.png\",\"contentUrl\":\"https:\\\/\\\/blogit.gradia.fi\\\/sahkonet\\\/wp-content\\\/uploads\\\/sites\\\/80\\\/2016\\\/02\\\/kuva4-1.png\",\"width\":822,\"height\":447},{\"@type\":\"BreadcrumbList\",\"@id\":\"https:\\\/\\\/blogit.gradia.fi\\\/sahkonet\\\/kiinteistoautomaatio\\\/raspberry-pi-harjoitukset\\\/4-outputin-ohjaaminen-php-sivulla\\\/#breadcrumb\",\"itemListElement\":[{\"@type\":\"ListItem\",\"position\":1,\"name\":\"Kiinteist\u00f6jen automaatio- ja tietoj\u00e4rjestelm\u00e4t (30 osp)\",\"item\":\"https:\\\/\\\/blogit.gradia.fi\\\/sahkonet\\\/kiinteistoautomaatio\\\/\"},{\"@type\":\"ListItem\",\"position\":2,\"name\":\"Raspberry Pi -harjoitukset\",\"item\":\"https:\\\/\\\/blogit.gradia.fi\\\/sahkonet\\\/kiinteistoautomaatio\\\/raspberry-pi-harjoitukset\\\/\"},{\"@type\":\"ListItem\",\"position\":3,\"name\":\"4. Outputin ohjaaminen php-sivulla\"}]},{\"@type\":\"WebSite\",\"@id\":\"https:\\\/\\\/blogit.gradia.fi\\\/sahkonet\\\/#website\",\"url\":\"https:\\\/\\\/blogit.gradia.fi\\\/sahkonet\\\/\",\"name\":\"S\u00e4hk\u00f6Net\",\"description\":\"S\u00e4hk\u00f6- ja automaatiotekniikan perustutkinto\",\"potentialAction\":[{\"@type\":\"SearchAction\",\"target\":{\"@type\":\"EntryPoint\",\"urlTemplate\":\"https:\\\/\\\/blogit.gradia.fi\\\/sahkonet\\\/?s={search_term_string}\"},\"query-input\":{\"@type\":\"PropertyValueSpecification\",\"valueRequired\":true,\"valueName\":\"search_term_string\"}}],\"inLanguage\":\"fi\"}]}<\/script>\n<!-- \/ Yoast SEO plugin. -->","yoast_head_json":{"title":"4. Outputin ohjaaminen php-sivulla - S\u00e4hk\u00f6Net","robots":{"index":"index","follow":"follow","max-snippet":"max-snippet:-1","max-image-preview":"max-image-preview:large","max-video-preview":"max-video-preview:-1"},"canonical":"https:\/\/blogit.gradia.fi\/sahkonet\/kiinteistoautomaatio\/raspberry-pi-harjoitukset\/4-outputin-ohjaaminen-php-sivulla\/","og_locale":"fi_FI","og_type":"article","og_title":"4. Outputin ohjaaminen php-sivulla - S\u00e4hk\u00f6Net","og_description":"Kokeilemme luoda nettisivun Raspberry Pi:lle, jonka avulla ohjaamme aikaisemmin kytkem\u00e4\u00e4mme ledi\u00e4. Ensin pit\u00e4\u00e4 asentaa Apache web-serveri ja tuki php-ohjelmointikielelle. Avaa tutuksi tullut Terminal ja aja seuraavat komennot. Ensimm\u00e4isen\u00e4 asennetaan Apache. sudo apt-get install apache2 -y Jos satuit kirjoittamaan muistiin 1. harjoituksessa muuttamasi Raspberryn ip-osoitteen, voit asennuksen j\u00e4lkeen testata Apachen asennuksen onnistumisen kirjoittamalla samassa verkossa olevan &hellip; Jatka lukemista 4. Outputin ohjaaminen php-sivulla &rarr;","og_url":"https:\/\/blogit.gradia.fi\/sahkonet\/kiinteistoautomaatio\/raspberry-pi-harjoitukset\/4-outputin-ohjaaminen-php-sivulla\/","og_site_name":"S\u00e4hk\u00f6Net","article_modified_time":"2016-02-10T18:23:52+00:00","og_image":[{"url":"https:\/\/blogit.gradia.fi\/sahkonet\/wp-content\/uploads\/sites\/80\/2016\/02\/kuva4-1.png","type":"","width":"","height":""}],"twitter_card":"summary_large_image","twitter_misc":{"Arvioitu lukuaika":"2 minuuttia"},"schema":{"@context":"https:\/\/schema.org","@graph":[{"@type":"WebPage","@id":"https:\/\/blogit.gradia.fi\/sahkonet\/kiinteistoautomaatio\/raspberry-pi-harjoitukset\/4-outputin-ohjaaminen-php-sivulla\/","url":"https:\/\/blogit.gradia.fi\/sahkonet\/kiinteistoautomaatio\/raspberry-pi-harjoitukset\/4-outputin-ohjaaminen-php-sivulla\/","name":"4. Outputin ohjaaminen php-sivulla - S\u00e4hk\u00f6Net","isPartOf":{"@id":"https:\/\/blogit.gradia.fi\/sahkonet\/#website"},"primaryImageOfPage":{"@id":"https:\/\/blogit.gradia.fi\/sahkonet\/kiinteistoautomaatio\/raspberry-pi-harjoitukset\/4-outputin-ohjaaminen-php-sivulla\/#primaryimage"},"image":{"@id":"https:\/\/blogit.gradia.fi\/sahkonet\/kiinteistoautomaatio\/raspberry-pi-harjoitukset\/4-outputin-ohjaaminen-php-sivulla\/#primaryimage"},"thumbnailUrl":"https:\/\/blogit.gradia.fi\/sahkonet\/wp-content\/uploads\/sites\/80\/2016\/02\/kuva4-1.png","datePublished":"2016-02-07T19:54:46+00:00","dateModified":"2016-02-10T18:23:52+00:00","breadcrumb":{"@id":"https:\/\/blogit.gradia.fi\/sahkonet\/kiinteistoautomaatio\/raspberry-pi-harjoitukset\/4-outputin-ohjaaminen-php-sivulla\/#breadcrumb"},"inLanguage":"fi","potentialAction":[{"@type":"ReadAction","target":["https:\/\/blogit.gradia.fi\/sahkonet\/kiinteistoautomaatio\/raspberry-pi-harjoitukset\/4-outputin-ohjaaminen-php-sivulla\/"]}]},{"@type":"ImageObject","inLanguage":"fi","@id":"https:\/\/blogit.gradia.fi\/sahkonet\/kiinteistoautomaatio\/raspberry-pi-harjoitukset\/4-outputin-ohjaaminen-php-sivulla\/#primaryimage","url":"https:\/\/blogit.gradia.fi\/sahkonet\/wp-content\/uploads\/sites\/80\/2016\/02\/kuva4-1.png","contentUrl":"https:\/\/blogit.gradia.fi\/sahkonet\/wp-content\/uploads\/sites\/80\/2016\/02\/kuva4-1.png","width":822,"height":447},{"@type":"BreadcrumbList","@id":"https:\/\/blogit.gradia.fi\/sahkonet\/kiinteistoautomaatio\/raspberry-pi-harjoitukset\/4-outputin-ohjaaminen-php-sivulla\/#breadcrumb","itemListElement":[{"@type":"ListItem","position":1,"name":"Kiinteist\u00f6jen automaatio- ja tietoj\u00e4rjestelm\u00e4t (30 osp)","item":"https:\/\/blogit.gradia.fi\/sahkonet\/kiinteistoautomaatio\/"},{"@type":"ListItem","position":2,"name":"Raspberry Pi -harjoitukset","item":"https:\/\/blogit.gradia.fi\/sahkonet\/kiinteistoautomaatio\/raspberry-pi-harjoitukset\/"},{"@type":"ListItem","position":3,"name":"4. Outputin ohjaaminen php-sivulla"}]},{"@type":"WebSite","@id":"https:\/\/blogit.gradia.fi\/sahkonet\/#website","url":"https:\/\/blogit.gradia.fi\/sahkonet\/","name":"S\u00e4hk\u00f6Net","description":"S\u00e4hk\u00f6- ja automaatiotekniikan perustutkinto","potentialAction":[{"@type":"SearchAction","target":{"@type":"EntryPoint","urlTemplate":"https:\/\/blogit.gradia.fi\/sahkonet\/?s={search_term_string}"},"query-input":{"@type":"PropertyValueSpecification","valueRequired":true,"valueName":"search_term_string"}}],"inLanguage":"fi"}]}},"uagb_featured_image_src":{"full":false,"thumbnail":false,"medium":false,"medium_large":false,"large":false,"1536x1536":false,"2048x2048":false,"post-thumbnail":false,"twentyfourteen-full-width":false},"uagb_author_info":{"display_name":"Pia Tolonen","author_link":"https:\/\/blogit.gradia.fi\/sahkonet\/author\/halmepia\/"},"uagb_comment_info":0,"uagb_excerpt":"Kokeilemme luoda nettisivun Raspberry Pi:lle, jonka avulla ohjaamme aikaisemmin kytkem\u00e4\u00e4mme ledi\u00e4. Ensin pit\u00e4\u00e4 asentaa Apache web-serveri ja tuki php-ohjelmointikielelle. Avaa tutuksi tullut Terminal ja aja seuraavat komennot. Ensimm\u00e4isen\u00e4 asennetaan Apache. sudo apt-get install apache2 -y Jos satuit kirjoittamaan muistiin 1. harjoituksessa muuttamasi Raspberryn ip-osoitteen, voit asennuksen j\u00e4lkeen testata Apachen asennuksen onnistumisen kirjoittamalla samassa verkossa olevan&hellip;","_links":{"self":[{"href":"https:\/\/blogit.gradia.fi\/sahkonet\/wp-json\/wp\/v2\/pages\/1369","targetHints":{"allow":["GET"]}}],"collection":[{"href":"https:\/\/blogit.gradia.fi\/sahkonet\/wp-json\/wp\/v2\/pages"}],"about":[{"href":"https:\/\/blogit.gradia.fi\/sahkonet\/wp-json\/wp\/v2\/types\/page"}],"author":[{"embeddable":true,"href":"https:\/\/blogit.gradia.fi\/sahkonet\/wp-json\/wp\/v2\/users\/179"}],"replies":[{"embeddable":true,"href":"https:\/\/blogit.gradia.fi\/sahkonet\/wp-json\/wp\/v2\/comments?post=1369"}],"version-history":[{"count":0,"href":"https:\/\/blogit.gradia.fi\/sahkonet\/wp-json\/wp\/v2\/pages\/1369\/revisions"}],"up":[{"embeddable":true,"href":"https:\/\/blogit.gradia.fi\/sahkonet\/wp-json\/wp\/v2\/pages\/1320"}],"wp:attachment":[{"href":"https:\/\/blogit.gradia.fi\/sahkonet\/wp-json\/wp\/v2\/media?parent=1369"}],"curies":[{"name":"wp","href":"https:\/\/api.w.org\/{rel}","templated":true}]}}