{"id":1256,"date":"2015-10-21T09:47:55","date_gmt":"2015-10-21T06:47:55","guid":{"rendered":"https:\/\/blogit.gradia.fi\/sahkonet\/?page_id=1256"},"modified":"2015-10-29T14:54:09","modified_gmt":"2015-10-29T12:54:09","slug":"rajapinnan-konfigurointi-wago-ip","status":"publish","type":"page","link":"https:\/\/blogit.gradia.fi\/sahkonet\/kiinteistoautomaatio\/knx\/rajapinnan-konfigurointi-wago-ip\/","title":{"rendered":"Rajapinnan konfigurointi Wago-IP"},"content":{"rendered":"<h3>Wago-IP rajapinnan konfigurointi<\/h3>\n<p>Lue ohje:\u00a0<a href=\"https:\/\/blogit.gradia.fi\/sahkonet\/wp-content\/uploads\/sites\/80\/2015\/10\/asennusohje_wago_ip.pdf\" target=\"_blank\">asennusohje_wago_ip<\/a><\/p>\n<p>Ohje versio 2:\u00a0<a href=\"https:\/\/blogit.gradia.fi\/sahkonet\/wp-content\/uploads\/sites\/80\/2015\/10\/Wago-CodeSys-KNX-yhteys-29.05.2012.pdf\" target=\"_blank\">Wago CodeSys &#8211; KNX yhteys 29.05.2012<\/a><\/p>\n<p>Toimiva projekti (ETS4 Projekti -&gt; Tuo&#8230;):\u00a0<a href=\"http:\/\/1drv.ms\/1WjmE5Y\" target=\"_blank\">http:\/\/1drv.ms\/1WjmE5Y<\/a><\/p>\n<p>Suorita konfigurointi ohjeen mukaan. Huomaa ohjeen puutteellisuus ETS3\/ETS4 osalta. ETS3-malliprojekti tuodaan ETS4 projektina (P\u00e4\u00e4n\u00e4kym\u00e4: Projektit -&gt; Tuo&#8230;)<\/p>\n<p>Tiedostot l\u00f6ytyy OneDrivest\u00e4:<\/p>\n<ul>\n<li><a href=\"https:\/\/onedrive.live.com\/redir?resid=BE97741D135080E3!10409&amp;authkey=!AJg46qgHJOZc5UI&amp;ithint=file%2czip\" target=\"_blank\">Tools and Docs<\/a><\/li>\n<li><a href=\"https:\/\/onedrive.live.com\/redir?resid=BE97741D135080E3!10454&amp;authkey=!ANUXhCwaCprss_0&amp;ithint=folder%2c\" target=\"_blank\">Ethernet starter kit<\/a><\/li>\n<li><a href=\"https:\/\/onedrive.live.com\/redir?resid=BE97741D135080E3!10455&amp;authkey=!AENtGbDCMS0qEdE&amp;ithint=folder%2c\" target=\"_blank\">Starter kit 2 D<\/a><\/li>\n<li><a href=\"https:\/\/onedrive.live.com\/redir?resid=BE97741D135080E3!10456&amp;authkey=!AFEo6W3Z49gjIvk&amp;ithint=folder%2c\" target=\"_blank\">Starter kit 2\u00a0E<\/a><\/li>\n<\/ul>\n<p><img loading=\"lazy\" decoding=\"async\" class=\"alignnone size-medium wp-image-1268\" src=\"https:\/\/blogit.gradia.fi\/sahkonet\/wp-content\/uploads\/sites\/80\/2015\/10\/lataa-300x149.png\" alt=\"lataa\" width=\"300\" height=\"149\" srcset=\"https:\/\/blogit.gradia.fi\/sahkonet\/wp-content\/uploads\/sites\/80\/2015\/10\/lataa-300x149.png 300w, https:\/\/blogit.gradia.fi\/sahkonet\/wp-content\/uploads\/sites\/80\/2015\/10\/lataa.png 514w\" sizes=\"auto, (max-width: 300px) 100vw, 300px\" \/><\/p>\n<p>Wago-IP-PRO asennuspaketti (zip) on OneDrivess\u00e4\u00a0<a href=\"http:\/\/1drv.ms\/1jAbN6w\" target=\"_blank\">http:\/\/1drv.ms\/1jAbN6w<br \/>\n<\/a><\/p>\n<p>Lataa paketti ja asenna CoDeSys, jos sit\u00e4 ei viel\u00e4 ole koneella.<\/p>\n<p>&nbsp;<\/p>\n","protected":false},"excerpt":{"rendered":"<p>Wago-IP rajapinnan konfigurointi Lue ohje:\u00a0asennusohje_wago_ip Ohje versio 2:\u00a0Wago CodeSys &#8211; KNX yhteys 29.05.2012 Toimiva projekti (ETS4 Projekti -&gt; Tuo&#8230;):\u00a0http:\/\/1drv.ms\/1WjmE5Y Suorita konfigurointi ohjeen mukaan. Huomaa ohjeen puutteellisuus ETS3\/ETS4 osalta. ETS3-malliprojekti tuodaan ETS4 projektina (P\u00e4\u00e4n\u00e4kym\u00e4: Projektit -&gt; Tuo&#8230;) Tiedostot l\u00f6ytyy OneDrivest\u00e4: Tools and Docs Ethernet starter kit Starter kit 2 D Starter kit 2\u00a0E Wago-IP-PRO asennuspaketti (zip) &hellip; <a href=\"https:\/\/blogit.gradia.fi\/sahkonet\/kiinteistoautomaatio\/knx\/rajapinnan-konfigurointi-wago-ip\/\" class=\"more-link\">Jatka lukemista <span class=\"screen-reader-text\">Rajapinnan konfigurointi Wago-IP<\/span> <span class=\"meta-nav\">&rarr;<\/span><\/a><\/p>\n","protected":false},"author":179,"featured_media":0,"parent":716,"menu_order":2,"comment_status":"closed","ping_status":"closed","template":"","meta":{"_uag_custom_page_level_css":"","footnotes":""},"class_list":["post-1256","page","type-page","status-publish","hentry"],"yoast_head":"<!-- This site is optimized with the Yoast SEO plugin v27.4 - https:\/\/yoast.com\/product\/yoast-seo-wordpress\/ -->\n<title>Rajapinnan konfigurointi Wago-IP - S\u00e4hk\u00f6Net<\/title>\n<meta name=\"robots\" content=\"index, follow, max-snippet:-1, max-image-preview:large, max-video-preview:-1\" \/>\n<link rel=\"canonical\" href=\"https:\/\/blogit.gradia.fi\/sahkonet\/kiinteistoautomaatio\/knx\/rajapinnan-konfigurointi-wago-ip\/\" \/>\n<meta property=\"og:locale\" content=\"fi_FI\" \/>\n<meta property=\"og:type\" content=\"article\" \/>\n<meta property=\"og:title\" content=\"Rajapinnan konfigurointi Wago-IP - S\u00e4hk\u00f6Net\" \/>\n<meta property=\"og:description\" content=\"Wago-IP rajapinnan konfigurointi Lue ohje:\u00a0asennusohje_wago_ip Ohje versio 2:\u00a0Wago CodeSys &#8211; KNX yhteys 29.05.2012 Toimiva projekti (ETS4 Projekti -&gt; Tuo&#8230;):\u00a0http:\/\/1drv.ms\/1WjmE5Y Suorita konfigurointi ohjeen mukaan. Huomaa ohjeen puutteellisuus ETS3\/ETS4 osalta. ETS3-malliprojekti tuodaan ETS4 projektina (P\u00e4\u00e4n\u00e4kym\u00e4: Projektit -&gt; Tuo&#8230;) Tiedostot l\u00f6ytyy OneDrivest\u00e4: Tools and Docs Ethernet starter kit Starter kit 2 D Starter kit 2\u00a0E Wago-IP-PRO asennuspaketti (zip) &hellip; Jatka lukemista Rajapinnan konfigurointi Wago-IP &rarr;\" \/>\n<meta property=\"og:url\" content=\"https:\/\/blogit.gradia.fi\/sahkonet\/kiinteistoautomaatio\/knx\/rajapinnan-konfigurointi-wago-ip\/\" \/>\n<meta property=\"og:site_name\" content=\"S\u00e4hk\u00f6Net\" \/>\n<meta property=\"article:modified_time\" content=\"2015-10-29T12:54:09+00:00\" \/>\n<meta property=\"og:image\" content=\"https:\/\/blogit.gradia.fi\/sahkonet\/wp-content\/uploads\/sites\/80\/2015\/10\/lataa-300x149.png\" \/>\n<meta name=\"twitter:card\" content=\"summary_large_image\" \/>\n<script type=\"application\/ld+json\" class=\"yoast-schema-graph\">{\"@context\":\"https:\\\/\\\/schema.org\",\"@graph\":[{\"@type\":\"WebPage\",\"@id\":\"https:\\\/\\\/blogit.gradia.fi\\\/sahkonet\\\/kiinteistoautomaatio\\\/knx\\\/rajapinnan-konfigurointi-wago-ip\\\/\",\"url\":\"https:\\\/\\\/blogit.gradia.fi\\\/sahkonet\\\/kiinteistoautomaatio\\\/knx\\\/rajapinnan-konfigurointi-wago-ip\\\/\",\"name\":\"Rajapinnan konfigurointi Wago-IP - S\u00e4hk\u00f6Net\",\"isPartOf\":{\"@id\":\"https:\\\/\\\/blogit.gradia.fi\\\/sahkonet\\\/#website\"},\"primaryImageOfPage\":{\"@id\":\"https:\\\/\\\/blogit.gradia.fi\\\/sahkonet\\\/kiinteistoautomaatio\\\/knx\\\/rajapinnan-konfigurointi-wago-ip\\\/#primaryimage\"},\"image\":{\"@id\":\"https:\\\/\\\/blogit.gradia.fi\\\/sahkonet\\\/kiinteistoautomaatio\\\/knx\\\/rajapinnan-konfigurointi-wago-ip\\\/#primaryimage\"},\"thumbnailUrl\":\"https:\\\/\\\/blogit.gradia.fi\\\/sahkonet\\\/wp-content\\\/uploads\\\/sites\\\/80\\\/2015\\\/10\\\/lataa-300x149.png\",\"datePublished\":\"2015-10-21T06:47:55+00:00\",\"dateModified\":\"2015-10-29T12:54:09+00:00\",\"breadcrumb\":{\"@id\":\"https:\\\/\\\/blogit.gradia.fi\\\/sahkonet\\\/kiinteistoautomaatio\\\/knx\\\/rajapinnan-konfigurointi-wago-ip\\\/#breadcrumb\"},\"inLanguage\":\"fi\",\"potentialAction\":[{\"@type\":\"ReadAction\",\"target\":[\"https:\\\/\\\/blogit.gradia.fi\\\/sahkonet\\\/kiinteistoautomaatio\\\/knx\\\/rajapinnan-konfigurointi-wago-ip\\\/\"]}]},{\"@type\":\"ImageObject\",\"inLanguage\":\"fi\",\"@id\":\"https:\\\/\\\/blogit.gradia.fi\\\/sahkonet\\\/kiinteistoautomaatio\\\/knx\\\/rajapinnan-konfigurointi-wago-ip\\\/#primaryimage\",\"url\":\"https:\\\/\\\/blogit.gradia.fi\\\/sahkonet\\\/wp-content\\\/uploads\\\/sites\\\/80\\\/2015\\\/10\\\/lataa.png\",\"contentUrl\":\"https:\\\/\\\/blogit.gradia.fi\\\/sahkonet\\\/wp-content\\\/uploads\\\/sites\\\/80\\\/2015\\\/10\\\/lataa.png\",\"width\":514,\"height\":255},{\"@type\":\"BreadcrumbList\",\"@id\":\"https:\\\/\\\/blogit.gradia.fi\\\/sahkonet\\\/kiinteistoautomaatio\\\/knx\\\/rajapinnan-konfigurointi-wago-ip\\\/#breadcrumb\",\"itemListElement\":[{\"@type\":\"ListItem\",\"position\":1,\"name\":\"Kiinteist\u00f6jen automaatio- ja tietoj\u00e4rjestelm\u00e4t (30 osp)\",\"item\":\"https:\\\/\\\/blogit.gradia.fi\\\/sahkonet\\\/kiinteistoautomaatio\\\/\"},{\"@type\":\"ListItem\",\"position\":2,\"name\":\"KNX-asennukset\",\"item\":\"https:\\\/\\\/blogit.gradia.fi\\\/sahkonet\\\/kiinteistoautomaatio\\\/knx\\\/\"},{\"@type\":\"ListItem\",\"position\":3,\"name\":\"Rajapinnan konfigurointi Wago-IP\"}]},{\"@type\":\"WebSite\",\"@id\":\"https:\\\/\\\/blogit.gradia.fi\\\/sahkonet\\\/#website\",\"url\":\"https:\\\/\\\/blogit.gradia.fi\\\/sahkonet\\\/\",\"name\":\"S\u00e4hk\u00f6Net\",\"description\":\"S\u00e4hk\u00f6- ja automaatiotekniikan perustutkinto\",\"potentialAction\":[{\"@type\":\"SearchAction\",\"target\":{\"@type\":\"EntryPoint\",\"urlTemplate\":\"https:\\\/\\\/blogit.gradia.fi\\\/sahkonet\\\/?s={search_term_string}\"},\"query-input\":{\"@type\":\"PropertyValueSpecification\",\"valueRequired\":true,\"valueName\":\"search_term_string\"}}],\"inLanguage\":\"fi\"}]}<\/script>\n<!-- \/ Yoast SEO plugin. -->","yoast_head_json":{"title":"Rajapinnan konfigurointi Wago-IP - S\u00e4hk\u00f6Net","robots":{"index":"index","follow":"follow","max-snippet":"max-snippet:-1","max-image-preview":"max-image-preview:large","max-video-preview":"max-video-preview:-1"},"canonical":"https:\/\/blogit.gradia.fi\/sahkonet\/kiinteistoautomaatio\/knx\/rajapinnan-konfigurointi-wago-ip\/","og_locale":"fi_FI","og_type":"article","og_title":"Rajapinnan konfigurointi Wago-IP - S\u00e4hk\u00f6Net","og_description":"Wago-IP rajapinnan konfigurointi Lue ohje:\u00a0asennusohje_wago_ip Ohje versio 2:\u00a0Wago CodeSys &#8211; KNX yhteys 29.05.2012 Toimiva projekti (ETS4 Projekti -&gt; Tuo&#8230;):\u00a0http:\/\/1drv.ms\/1WjmE5Y Suorita konfigurointi ohjeen mukaan. Huomaa ohjeen puutteellisuus ETS3\/ETS4 osalta. ETS3-malliprojekti tuodaan ETS4 projektina (P\u00e4\u00e4n\u00e4kym\u00e4: Projektit -&gt; Tuo&#8230;) Tiedostot l\u00f6ytyy OneDrivest\u00e4: Tools and Docs Ethernet starter kit Starter kit 2 D Starter kit 2\u00a0E Wago-IP-PRO asennuspaketti (zip) &hellip; Jatka lukemista Rajapinnan konfigurointi Wago-IP &rarr;","og_url":"https:\/\/blogit.gradia.fi\/sahkonet\/kiinteistoautomaatio\/knx\/rajapinnan-konfigurointi-wago-ip\/","og_site_name":"S\u00e4hk\u00f6Net","article_modified_time":"2015-10-29T12:54:09+00:00","og_image":[{"url":"https:\/\/blogit.gradia.fi\/sahkonet\/wp-content\/uploads\/sites\/80\/2015\/10\/lataa-300x149.png","type":"","width":"","height":""}],"twitter_card":"summary_large_image","schema":{"@context":"https:\/\/schema.org","@graph":[{"@type":"WebPage","@id":"https:\/\/blogit.gradia.fi\/sahkonet\/kiinteistoautomaatio\/knx\/rajapinnan-konfigurointi-wago-ip\/","url":"https:\/\/blogit.gradia.fi\/sahkonet\/kiinteistoautomaatio\/knx\/rajapinnan-konfigurointi-wago-ip\/","name":"Rajapinnan konfigurointi Wago-IP - S\u00e4hk\u00f6Net","isPartOf":{"@id":"https:\/\/blogit.gradia.fi\/sahkonet\/#website"},"primaryImageOfPage":{"@id":"https:\/\/blogit.gradia.fi\/sahkonet\/kiinteistoautomaatio\/knx\/rajapinnan-konfigurointi-wago-ip\/#primaryimage"},"image":{"@id":"https:\/\/blogit.gradia.fi\/sahkonet\/kiinteistoautomaatio\/knx\/rajapinnan-konfigurointi-wago-ip\/#primaryimage"},"thumbnailUrl":"https:\/\/blogit.gradia.fi\/sahkonet\/wp-content\/uploads\/sites\/80\/2015\/10\/lataa-300x149.png","datePublished":"2015-10-21T06:47:55+00:00","dateModified":"2015-10-29T12:54:09+00:00","breadcrumb":{"@id":"https:\/\/blogit.gradia.fi\/sahkonet\/kiinteistoautomaatio\/knx\/rajapinnan-konfigurointi-wago-ip\/#breadcrumb"},"inLanguage":"fi","potentialAction":[{"@type":"ReadAction","target":["https:\/\/blogit.gradia.fi\/sahkonet\/kiinteistoautomaatio\/knx\/rajapinnan-konfigurointi-wago-ip\/"]}]},{"@type":"ImageObject","inLanguage":"fi","@id":"https:\/\/blogit.gradia.fi\/sahkonet\/kiinteistoautomaatio\/knx\/rajapinnan-konfigurointi-wago-ip\/#primaryimage","url":"https:\/\/blogit.gradia.fi\/sahkonet\/wp-content\/uploads\/sites\/80\/2015\/10\/lataa.png","contentUrl":"https:\/\/blogit.gradia.fi\/sahkonet\/wp-content\/uploads\/sites\/80\/2015\/10\/lataa.png","width":514,"height":255},{"@type":"BreadcrumbList","@id":"https:\/\/blogit.gradia.fi\/sahkonet\/kiinteistoautomaatio\/knx\/rajapinnan-konfigurointi-wago-ip\/#breadcrumb","itemListElement":[{"@type":"ListItem","position":1,"name":"Kiinteist\u00f6jen automaatio- ja tietoj\u00e4rjestelm\u00e4t (30 osp)","item":"https:\/\/blogit.gradia.fi\/sahkonet\/kiinteistoautomaatio\/"},{"@type":"ListItem","position":2,"name":"KNX-asennukset","item":"https:\/\/blogit.gradia.fi\/sahkonet\/kiinteistoautomaatio\/knx\/"},{"@type":"ListItem","position":3,"name":"Rajapinnan konfigurointi Wago-IP"}]},{"@type":"WebSite","@id":"https:\/\/blogit.gradia.fi\/sahkonet\/#website","url":"https:\/\/blogit.gradia.fi\/sahkonet\/","name":"S\u00e4hk\u00f6Net","description":"S\u00e4hk\u00f6- ja automaatiotekniikan perustutkinto","potentialAction":[{"@type":"SearchAction","target":{"@type":"EntryPoint","urlTemplate":"https:\/\/blogit.gradia.fi\/sahkonet\/?s={search_term_string}"},"query-input":{"@type":"PropertyValueSpecification","valueRequired":true,"valueName":"search_term_string"}}],"inLanguage":"fi"}]}},"uagb_featured_image_src":{"full":false,"thumbnail":false,"medium":false,"medium_large":false,"large":false,"1536x1536":false,"2048x2048":false,"post-thumbnail":false,"twentyfourteen-full-width":false},"uagb_author_info":{"display_name":"Pia Tolonen","author_link":"https:\/\/blogit.gradia.fi\/sahkonet\/author\/halmepia\/"},"uagb_comment_info":0,"uagb_excerpt":"Wago-IP rajapinnan konfigurointi Lue ohje:\u00a0asennusohje_wago_ip Ohje versio 2:\u00a0Wago CodeSys &#8211; KNX yhteys 29.05.2012 Toimiva projekti (ETS4 Projekti -&gt; Tuo&#8230;):\u00a0http:\/\/1drv.ms\/1WjmE5Y Suorita konfigurointi ohjeen mukaan. Huomaa ohjeen puutteellisuus ETS3\/ETS4 osalta. ETS3-malliprojekti tuodaan ETS4 projektina (P\u00e4\u00e4n\u00e4kym\u00e4: Projektit -&gt; Tuo&#8230;) Tiedostot l\u00f6ytyy OneDrivest\u00e4: Tools and Docs Ethernet starter kit Starter kit 2 D Starter kit 2\u00a0E Wago-IP-PRO asennuspaketti (zip)&hellip;","_links":{"self":[{"href":"https:\/\/blogit.gradia.fi\/sahkonet\/wp-json\/wp\/v2\/pages\/1256","targetHints":{"allow":["GET"]}}],"collection":[{"href":"https:\/\/blogit.gradia.fi\/sahkonet\/wp-json\/wp\/v2\/pages"}],"about":[{"href":"https:\/\/blogit.gradia.fi\/sahkonet\/wp-json\/wp\/v2\/types\/page"}],"author":[{"embeddable":true,"href":"https:\/\/blogit.gradia.fi\/sahkonet\/wp-json\/wp\/v2\/users\/179"}],"replies":[{"embeddable":true,"href":"https:\/\/blogit.gradia.fi\/sahkonet\/wp-json\/wp\/v2\/comments?post=1256"}],"version-history":[{"count":0,"href":"https:\/\/blogit.gradia.fi\/sahkonet\/wp-json\/wp\/v2\/pages\/1256\/revisions"}],"up":[{"embeddable":true,"href":"https:\/\/blogit.gradia.fi\/sahkonet\/wp-json\/wp\/v2\/pages\/716"}],"wp:attachment":[{"href":"https:\/\/blogit.gradia.fi\/sahkonet\/wp-json\/wp\/v2\/media?parent=1256"}],"curies":[{"name":"wp","href":"https:\/\/api.w.org\/{rel}","templated":true}]}}