{"id":29,"date":"2016-05-11T14:45:27","date_gmt":"2016-05-11T11:45:27","guid":{"rendered":"https:\/\/blogit.gradia.fi\/psykaa\/?page_id=29"},"modified":"2018-02-09T08:29:01","modified_gmt":"2018-02-09T06:29:01","slug":"keskeisia-kasitteita","status":"publish","type":"page","link":"https:\/\/blogit.gradia.fi\/psykaa\/keskeisia-kasitteita\/","title":{"rendered":"Keskeisi\u00e4 k\u00e4sitteit\u00e4"},"content":{"rendered":"<p>Keskeiset k\u00e4sitteet on alleviivattu tekstiosassa.<\/p>\n<ol>\n<li>affekti<\/li>\n<li>attraktio<\/li>\n<li>coping<\/li>\n<li>defenssit<\/li>\n<li>ekstroversio<\/li>\n<li>el\u00e4m\u00e4nhallinta<\/li>\n<li>goodness of fit<\/li>\n<li>haloefekti<\/li>\n<li>herkkyyskausi<\/li>\n<li>identiteetti<\/li>\n<li>identiteettikriisi<\/li>\n<li>itseluottamus<\/li>\n<li>itsereflektio<\/li>\n<li>itsetuntemus<\/li>\n<li>itsetunto<\/li>\n<li>joukkoharha<\/li>\n<li>katsojavaikutus<\/li>\n<li>kehitysteht\u00e4v\u00e4<\/li>\n<li>kirjoittamattomat s\u00e4\u00e4nn\u00f6t<\/li>\n<li>kognitiiviset strategiat<\/li>\n<li>konformismi<\/li>\n<li>lauma- tai ryhm\u00e4ajattelu<\/li>\n<li>Lucifer-efekti<\/li>\n<li>mielenterveysongelma<\/li>\n<li>min\u00e4k\u00e4sitys<\/li>\n<li>min\u00e4kuva<\/li>\n<li>motiivi<\/li>\n<li>motivaatio<\/li>\n<li>neuroottisuus<\/li>\n<li>normit<\/li>\n<li>opittu avuttomuus<\/li>\n<li>persoonallisuus<\/li>\n<li>pitkitt\u00e4istutkimus<\/li>\n<li>poikittaistutkimus<\/li>\n<li>poorness of fit<\/li>\n<li>positiivinen psykologia<\/li>\n<li>projektio<\/li>\n<li>psyykkinen itses\u00e4\u00e4tely<\/li>\n<li>rooli<\/li>\n<li>rooliodotukset<\/li>\n<li>ryhm\u00e4dynamiikka<\/li>\n<li>sensitiivisyys<\/li>\n<li>sosiokognitiiviset taidot<\/li>\n<li>stigma- eli polttomerkki<\/li>\n<li>sublimaatio<\/li>\n<li>synergia<\/li>\n<li>syntipukki-ilmi\u00f6<\/li>\n<li>temperamentti<\/li>\n<li>tunne<\/li>\n<li>vertaisryhm\u00e4<\/li>\n<\/ol>\n<p>&nbsp;<\/p>\n<p>T\u00e4ss\u00e4 aineistossa k\u00e4ytetty\u00e4 kirjallisuutta:<\/p>\n<p>Ahokas, M., Ferchen, M., Hankonen, N., Lautso, A. &amp; Pyysi\u00e4inen, J. 2015. Sosiaalipsykologia. Helsinki Sanoma Pro.<\/p>\n<p>Laine, V. &amp; Vilkko-Riihel\u00e4, A. 2014. Mielen maailma. 2. Kehityspsykologia. Helsinki. Sanoma Pro.<\/p>\n<p>Laine, V. &amp; Vilkko-Riihel\u00e4, A. 2014. Mielen maailma. 4 Tunteet, motiivit ja taitava ajattelu. Helsinki. Sanoma Pro.<\/p>\n<p>Mets\u00e4pelto, R-L. &amp; Feldt, T. (toim.) 2009. Meit\u00e4 on moneksi. Persoonallisuuden psykologiset perusteet. Juva. PS-kustannus.<\/p>\n<p>Vilkko-Riihel\u00e4, A. 2015. Psykologia. Lukion kertauskirja. Helsinki. Sanoma Pro.<\/p>\n","protected":false},"excerpt":{"rendered":"<p>Keskeiset k\u00e4sitteet on alleviivattu tekstiosassa. affekti attraktio coping defenssit ekstroversio el\u00e4m\u00e4nhallinta goodness of fit haloefekti herkkyyskausi identiteetti identiteettikriisi itseluottamus itsereflektio itsetuntemus itsetunto joukkoharha katsojavaikutus kehitysteht\u00e4v\u00e4 kirjoittamattomat s\u00e4\u00e4nn\u00f6t kognitiiviset strategiat konformismi lauma- tai ryhm\u00e4ajattelu Lucifer-efekti mielenterveysongelma min\u00e4k\u00e4sitys min\u00e4kuva motiivi motivaatio neuroottisuus normit opittu avuttomuus persoonallisuus pitkitt\u00e4istutkimus poikittaistutkimus poorness of fit positiivinen psykologia projektio psyykkinen itses\u00e4\u00e4tely rooli &hellip; <a href=\"https:\/\/blogit.gradia.fi\/psykaa\/keskeisia-kasitteita\/\" class=\"more-link\">Jatka lukemista <span class=\"screen-reader-text\">Keskeisi\u00e4 k\u00e4sitteit\u00e4<\/span> <span class=\"meta-nav\">&rarr;<\/span><\/a><\/p>\n","protected":false},"author":601,"featured_media":0,"parent":0,"menu_order":0,"comment_status":"closed","ping_status":"closed","template":"","meta":{"_uag_custom_page_level_css":"","footnotes":""},"class_list":["post-29","page","type-page","status-publish","hentry"],"yoast_head":"<!-- This site is optimized with the Yoast SEO plugin v27.2 - https:\/\/yoast.com\/product\/yoast-seo-wordpress\/ -->\n<title>Keskeisi\u00e4 k\u00e4sitteit\u00e4 - Psykaa<\/title>\n<meta name=\"robots\" content=\"index, follow, max-snippet:-1, max-image-preview:large, max-video-preview:-1\" \/>\n<link rel=\"canonical\" href=\"https:\/\/blogit.gradia.fi\/psykaa\/keskeisia-kasitteita\/\" \/>\n<meta property=\"og:locale\" content=\"fi_FI\" \/>\n<meta property=\"og:type\" content=\"article\" \/>\n<meta property=\"og:title\" content=\"Keskeisi\u00e4 k\u00e4sitteit\u00e4 - Psykaa\" \/>\n<meta property=\"og:description\" content=\"Keskeiset k\u00e4sitteet on alleviivattu tekstiosassa. affekti attraktio coping defenssit ekstroversio el\u00e4m\u00e4nhallinta goodness of fit haloefekti herkkyyskausi identiteetti identiteettikriisi itseluottamus itsereflektio itsetuntemus itsetunto joukkoharha katsojavaikutus kehitysteht\u00e4v\u00e4 kirjoittamattomat s\u00e4\u00e4nn\u00f6t kognitiiviset strategiat konformismi lauma- tai ryhm\u00e4ajattelu Lucifer-efekti mielenterveysongelma min\u00e4k\u00e4sitys min\u00e4kuva motiivi motivaatio neuroottisuus normit opittu avuttomuus persoonallisuus pitkitt\u00e4istutkimus poikittaistutkimus poorness of fit positiivinen psykologia projektio psyykkinen itses\u00e4\u00e4tely rooli &hellip; Jatka lukemista Keskeisi\u00e4 k\u00e4sitteit\u00e4 &rarr;\" \/>\n<meta property=\"og:url\" content=\"https:\/\/blogit.gradia.fi\/psykaa\/keskeisia-kasitteita\/\" \/>\n<meta property=\"og:site_name\" content=\"Psykaa\" \/>\n<meta property=\"article:modified_time\" content=\"2018-02-09T06:29:01+00:00\" \/>\n<meta name=\"twitter:card\" content=\"summary_large_image\" \/>\n<meta name=\"twitter:label1\" content=\"Arvioitu lukuaika\" \/>\n\t<meta name=\"twitter:data1\" content=\"1 minuutti\" \/>\n<script type=\"application\/ld+json\" class=\"yoast-schema-graph\">{\"@context\":\"https:\/\/schema.org\",\"@graph\":[{\"@type\":\"WebPage\",\"@id\":\"https:\/\/blogit.gradia.fi\/psykaa\/keskeisia-kasitteita\/\",\"url\":\"https:\/\/blogit.gradia.fi\/psykaa\/keskeisia-kasitteita\/\",\"name\":\"Keskeisi\u00e4 k\u00e4sitteit\u00e4 - Psykaa\",\"isPartOf\":{\"@id\":\"https:\/\/blogit.gradia.fi\/psykaa\/#website\"},\"datePublished\":\"2016-05-11T11:45:27+00:00\",\"dateModified\":\"2018-02-09T06:29:01+00:00\",\"inLanguage\":\"fi\",\"potentialAction\":[{\"@type\":\"ReadAction\",\"target\":[\"https:\/\/blogit.gradia.fi\/psykaa\/keskeisia-kasitteita\/\"]}]},{\"@type\":\"WebSite\",\"@id\":\"https:\/\/blogit.gradia.fi\/psykaa\/#website\",\"url\":\"https:\/\/blogit.gradia.fi\/psykaa\/\",\"name\":\"Psykaa\",\"description\":\"Uusi ao-blogit -sivusto\",\"potentialAction\":[{\"@type\":\"SearchAction\",\"target\":{\"@type\":\"EntryPoint\",\"urlTemplate\":\"https:\/\/blogit.gradia.fi\/psykaa\/?s={search_term_string}\"},\"query-input\":{\"@type\":\"PropertyValueSpecification\",\"valueRequired\":true,\"valueName\":\"search_term_string\"}}],\"inLanguage\":\"fi\"}]}<\/script>\n<!-- \/ Yoast SEO plugin. -->","yoast_head_json":{"title":"Keskeisi\u00e4 k\u00e4sitteit\u00e4 - Psykaa","robots":{"index":"index","follow":"follow","max-snippet":"max-snippet:-1","max-image-preview":"max-image-preview:large","max-video-preview":"max-video-preview:-1"},"canonical":"https:\/\/blogit.gradia.fi\/psykaa\/keskeisia-kasitteita\/","og_locale":"fi_FI","og_type":"article","og_title":"Keskeisi\u00e4 k\u00e4sitteit\u00e4 - Psykaa","og_description":"Keskeiset k\u00e4sitteet on alleviivattu tekstiosassa. affekti attraktio coping defenssit ekstroversio el\u00e4m\u00e4nhallinta goodness of fit haloefekti herkkyyskausi identiteetti identiteettikriisi itseluottamus itsereflektio itsetuntemus itsetunto joukkoharha katsojavaikutus kehitysteht\u00e4v\u00e4 kirjoittamattomat s\u00e4\u00e4nn\u00f6t kognitiiviset strategiat konformismi lauma- tai ryhm\u00e4ajattelu Lucifer-efekti mielenterveysongelma min\u00e4k\u00e4sitys min\u00e4kuva motiivi motivaatio neuroottisuus normit opittu avuttomuus persoonallisuus pitkitt\u00e4istutkimus poikittaistutkimus poorness of fit positiivinen psykologia projektio psyykkinen itses\u00e4\u00e4tely rooli &hellip; Jatka lukemista Keskeisi\u00e4 k\u00e4sitteit\u00e4 &rarr;","og_url":"https:\/\/blogit.gradia.fi\/psykaa\/keskeisia-kasitteita\/","og_site_name":"Psykaa","article_modified_time":"2018-02-09T06:29:01+00:00","twitter_card":"summary_large_image","twitter_misc":{"Arvioitu lukuaika":"1 minuutti"},"schema":{"@context":"https:\/\/schema.org","@graph":[{"@type":"WebPage","@id":"https:\/\/blogit.gradia.fi\/psykaa\/keskeisia-kasitteita\/","url":"https:\/\/blogit.gradia.fi\/psykaa\/keskeisia-kasitteita\/","name":"Keskeisi\u00e4 k\u00e4sitteit\u00e4 - Psykaa","isPartOf":{"@id":"https:\/\/blogit.gradia.fi\/psykaa\/#website"},"datePublished":"2016-05-11T11:45:27+00:00","dateModified":"2018-02-09T06:29:01+00:00","inLanguage":"fi","potentialAction":[{"@type":"ReadAction","target":["https:\/\/blogit.gradia.fi\/psykaa\/keskeisia-kasitteita\/"]}]},{"@type":"WebSite","@id":"https:\/\/blogit.gradia.fi\/psykaa\/#website","url":"https:\/\/blogit.gradia.fi\/psykaa\/","name":"Psykaa","description":"Uusi ao-blogit -sivusto","potentialAction":[{"@type":"SearchAction","target":{"@type":"EntryPoint","urlTemplate":"https:\/\/blogit.gradia.fi\/psykaa\/?s={search_term_string}"},"query-input":{"@type":"PropertyValueSpecification","valueRequired":true,"valueName":"search_term_string"}}],"inLanguage":"fi"}]}},"uagb_featured_image_src":{"full":false,"thumbnail":false,"medium":false,"medium_large":false,"large":false,"1536x1536":false,"2048x2048":false,"post-thumbnail":false},"uagb_author_info":{"display_name":"Laura Teri\u00f6","author_link":"https:\/\/blogit.gradia.fi\/psykaa\/author\/lauralaa\/"},"uagb_comment_info":0,"uagb_excerpt":"Keskeiset k\u00e4sitteet on alleviivattu tekstiosassa. affekti attraktio coping defenssit ekstroversio el\u00e4m\u00e4nhallinta goodness of fit haloefekti herkkyyskausi identiteetti identiteettikriisi itseluottamus itsereflektio itsetuntemus itsetunto joukkoharha katsojavaikutus kehitysteht\u00e4v\u00e4 kirjoittamattomat s\u00e4\u00e4nn\u00f6t kognitiiviset strategiat konformismi lauma- tai ryhm\u00e4ajattelu Lucifer-efekti mielenterveysongelma min\u00e4k\u00e4sitys min\u00e4kuva motiivi motivaatio neuroottisuus normit opittu avuttomuus persoonallisuus pitkitt\u00e4istutkimus poikittaistutkimus poorness of fit positiivinen psykologia projektio psyykkinen itses\u00e4\u00e4tely rooli&hellip;","_links":{"self":[{"href":"https:\/\/blogit.gradia.fi\/psykaa\/wp-json\/wp\/v2\/pages\/29","targetHints":{"allow":["GET"]}}],"collection":[{"href":"https:\/\/blogit.gradia.fi\/psykaa\/wp-json\/wp\/v2\/pages"}],"about":[{"href":"https:\/\/blogit.gradia.fi\/psykaa\/wp-json\/wp\/v2\/types\/page"}],"author":[{"embeddable":true,"href":"https:\/\/blogit.gradia.fi\/psykaa\/wp-json\/wp\/v2\/users\/601"}],"replies":[{"embeddable":true,"href":"https:\/\/blogit.gradia.fi\/psykaa\/wp-json\/wp\/v2\/comments?post=29"}],"version-history":[{"count":0,"href":"https:\/\/blogit.gradia.fi\/psykaa\/wp-json\/wp\/v2\/pages\/29\/revisions"}],"wp:attachment":[{"href":"https:\/\/blogit.gradia.fi\/psykaa\/wp-json\/wp\/v2\/media?parent=29"}],"curies":[{"name":"wp","href":"https:\/\/api.w.org\/{rel}","templated":true}]}}