{"id":266,"date":"2016-09-07T14:04:50","date_gmt":"2016-09-07T11:04:50","guid":{"rendered":"https:\/\/blogit.gradia.fi\/psykaa\/?page_id=266"},"modified":"2016-09-19T14:46:01","modified_gmt":"2016-09-19T11:46:01","slug":"minakasitys-ja-itsetunto","status":"publish","type":"page","link":"https:\/\/blogit.gradia.fi\/psykaa\/minakasitys-ja-itsetunto\/","title":{"rendered":"Min\u00e4k\u00e4sitys ja itsetunto"},"content":{"rendered":"<p><img loading=\"lazy\" decoding=\"async\" class=\"alignnone wp-image-277\" src=\"https:\/\/blogit.gradia.fi\/psykaa\/wp-content\/uploads\/sites\/107\/2016\/09\/min\u00e4-300x176.png\" alt=\"min\u00e4\" width=\"432\" height=\"253\" srcset=\"https:\/\/blogit.gradia.fi\/psykaa\/wp-content\/uploads\/sites\/107\/2016\/09\/min\u00e4-300x176.png 300w, https:\/\/blogit.gradia.fi\/psykaa\/wp-content\/uploads\/sites\/107\/2016\/09\/min\u00e4-768x450.png 768w, https:\/\/blogit.gradia.fi\/psykaa\/wp-content\/uploads\/sites\/107\/2016\/09\/min\u00e4.png 900w\" sizes=\"auto, (max-width: 432px) 100vw, 432px\" \/><\/p>\n<p><u>Min\u00e4k\u00e4sityksell\u00e4<\/u> tarkoitetaan yksil\u00f6n laajaa kuvaa itsest\u00e4\u00e4n, fyysist\u00e4 ominaisuuksista, omista kyvyist\u00e4\u00e4n, omasta arvostaan ja p\u00e4\u00e4m\u00e4\u00e4rist\u00e4.<\/p>\n<p>Min\u00e4k\u00e4sitys syntyy useita <span style=\"text-decoration: underline\">min\u00e4kuvista<\/span>, joita ihminen on muodostanut itsest\u00e4\u00e4n vuorovaikutuksessa toisten ihmisten kanssa. Esim. olen hyv\u00e4 koulussa, huono urheilija, ulkon\u00e4k\u00f6 ihan ok.<\/p>\n<p>Jos ihminen kokee olevansa hyvin erilainen kuin muut, poikkeava piirre yleens\u00e4 korostuu min\u00e4k\u00e4sityksess\u00e4 (ylipaino, pituus, lyhyys, jokin vamma).<\/p>\n<p>Joskus min\u00e4k\u00e4sitys on jakautunut moniin alaj\u00e4rjestelmiin eli henkil\u00f6 on hyvin erilainen eri ymp\u00e4rist\u00f6iss\u00e4. Vaikka joukkueen parissa urheiluharrastuksessa rentoa ja puhelias, mutta koulussa hiljainen ja vaivautunut.<\/p>\n<p><span style=\"text-decoration: underline\">Identiteetti<\/span> on yksil\u00f6n k\u00e4sitys siit\u00e4, kuka h\u00e4n on, mihin h\u00e4n pyrkii, mik\u00e4 on h\u00e4nen paikkansa. K\u00e4site sis\u00e4lt\u00e4\u00e4 k\u00e4sityksen omista fyysisist\u00e4, psyykkisist\u00e4 ja sosiaalisista ominaisuuksista.<\/p>\n<p>Identiteettiin liittyv\u00e4t vahvasti yksil\u00f6n roolit yhteis\u00f6ss\u00e4. <span style=\"text-decoration: underline\">Roolilla<\/span> tarkoitetaan sosiaaliseen asemaan liittyvien odotusten, vaatimusten ja teht\u00e4vien kokonaisuutta, rooleja voi olla monia, esim. nuorilla naisilla tyt\u00e4r, tytt\u00f6yst\u00e4v\u00e4, opiskelija.<\/p>\n<p>Joskus eteen tulee rooliristiriitoja eli on vaikeaa sovittaa yhteen montaa eri roolia. Monelle nuorelle ensimm\u00e4isen lapsen saaminen on hankala paikka, on opittava vanhemman rooliin.<\/p>\n<p>Jatkuvat ristiriidat ja roolin hakeminen voivat johtaa <span style=\"text-decoration: underline\">identiteettikriisiin<\/span>, jolloin ihminen ei tunnu l\u00f6yt\u00e4v\u00e4n omaa paikkaansa vaan kokee jatkuvaa h\u00e4mmennyst\u00e4.<\/p>\n<p><strong>\u00a0<\/strong><strong>Itsetunto<\/strong><\/p>\n<p>Ihminen, jolla on hyv\u00e4 <span style=\"text-decoration: underline\">itsetunto<\/span>, tuntee itsens\u00e4, luottaa kykyihins\u00e4 ja arvostaa itse\u00e4\u00e4n. <span style=\"text-decoration: underline\">Itsetuntemus<\/span> taas on avain tasapainoiseen el\u00e4m\u00e4\u00e4n, on tunnettava omat vahvuudet ja heikkoudet.<\/p>\n<p>Monien psyykkisten h\u00e4iri\u00f6iden tuntomerkki on itsetuntemuksen puuttuminen eli ihminen v\u00e4heksyy itse\u00e4\u00e4n ja pit\u00e4\u00e4 muita huonompana. Omien taitojen yliarviointi ja optimismi voi olla jossain m\u00e4\u00e4rin jopa hyv\u00e4ksi, kunhan se ei mene liiallisuuksiin.<\/p>\n<p><span style=\"text-decoration: underline\">Itseluottamus<\/span> liittyy suorittamiseen, se on uskoa tavoitteissa onnistumiseen.<\/p>\n<p>Min\u00e4k\u00e4sitys ja itsearvostus vaikuttavat el\u00e4m\u00e4ss\u00e4 menestymiseen tai ep\u00e4onnistumiseen. Haitallisia toimintastrategioita ovat esim. <em>itse\u00e4\u00e4n vahingoittava strategia (&#8221;minua syrjit\u00e4\u00e4n&#8221;)<\/em> ja <em><span style=\"text-decoration: underline\">opittu avuttomuus<\/span> (&#8221;olen niin huono, ett\u00e4 en voi onnistua).<\/em><\/p>\n","protected":false},"excerpt":{"rendered":"<p>Min\u00e4k\u00e4sityksell\u00e4 tarkoitetaan yksil\u00f6n laajaa kuvaa itsest\u00e4\u00e4n, fyysist\u00e4 ominaisuuksista, omista kyvyist\u00e4\u00e4n, omasta arvostaan ja p\u00e4\u00e4m\u00e4\u00e4rist\u00e4. Min\u00e4k\u00e4sitys syntyy useita min\u00e4kuvista, joita ihminen on muodostanut itsest\u00e4\u00e4n vuorovaikutuksessa toisten ihmisten kanssa. Esim. olen hyv\u00e4 koulussa, huono urheilija, ulkon\u00e4k\u00f6 ihan ok. Jos ihminen kokee olevansa hyvin erilainen kuin muut, poikkeava piirre yleens\u00e4 korostuu min\u00e4k\u00e4sityksess\u00e4 (ylipaino, pituus, lyhyys, jokin vamma). Joskus &hellip; <a href=\"https:\/\/blogit.gradia.fi\/psykaa\/minakasitys-ja-itsetunto\/\" class=\"more-link\">Jatka lukemista <span class=\"screen-reader-text\">Min\u00e4k\u00e4sitys ja itsetunto<\/span> <span class=\"meta-nav\">&rarr;<\/span><\/a><\/p>\n","protected":false},"author":601,"featured_media":0,"parent":0,"menu_order":0,"comment_status":"closed","ping_status":"closed","template":"","meta":{"_uag_custom_page_level_css":"","footnotes":""},"class_list":["post-266","page","type-page","status-publish","hentry"],"yoast_head":"<!-- This site is optimized with the Yoast SEO plugin v27.2 - https:\/\/yoast.com\/product\/yoast-seo-wordpress\/ -->\n<title>Min\u00e4k\u00e4sitys ja itsetunto - Psykaa<\/title>\n<meta name=\"robots\" content=\"index, follow, max-snippet:-1, max-image-preview:large, max-video-preview:-1\" \/>\n<link rel=\"canonical\" href=\"https:\/\/blogit.gradia.fi\/psykaa\/minakasitys-ja-itsetunto\/\" \/>\n<meta property=\"og:locale\" content=\"fi_FI\" \/>\n<meta property=\"og:type\" content=\"article\" \/>\n<meta property=\"og:title\" content=\"Min\u00e4k\u00e4sitys ja itsetunto - Psykaa\" \/>\n<meta property=\"og:description\" content=\"Min\u00e4k\u00e4sityksell\u00e4 tarkoitetaan yksil\u00f6n laajaa kuvaa itsest\u00e4\u00e4n, fyysist\u00e4 ominaisuuksista, omista kyvyist\u00e4\u00e4n, omasta arvostaan ja p\u00e4\u00e4m\u00e4\u00e4rist\u00e4. Min\u00e4k\u00e4sitys syntyy useita min\u00e4kuvista, joita ihminen on muodostanut itsest\u00e4\u00e4n vuorovaikutuksessa toisten ihmisten kanssa. Esim. olen hyv\u00e4 koulussa, huono urheilija, ulkon\u00e4k\u00f6 ihan ok. Jos ihminen kokee olevansa hyvin erilainen kuin muut, poikkeava piirre yleens\u00e4 korostuu min\u00e4k\u00e4sityksess\u00e4 (ylipaino, pituus, lyhyys, jokin vamma). Joskus &hellip; Jatka lukemista Min\u00e4k\u00e4sitys ja itsetunto &rarr;\" \/>\n<meta property=\"og:url\" content=\"https:\/\/blogit.gradia.fi\/psykaa\/minakasitys-ja-itsetunto\/\" \/>\n<meta property=\"og:site_name\" content=\"Psykaa\" \/>\n<meta property=\"article:modified_time\" content=\"2016-09-19T11:46:01+00:00\" \/>\n<meta property=\"og:image\" content=\"https:\/\/blogit.gradia.fi\/psykaa\/wp-content\/uploads\/sites\/107\/2016\/09\/min\u00e4-300x176.png\" \/>\n<meta name=\"twitter:card\" content=\"summary_large_image\" \/>\n<meta name=\"twitter:label1\" content=\"Arvioitu lukuaika\" \/>\n\t<meta name=\"twitter:data1\" content=\"2 minuuttia\" \/>\n<script type=\"application\/ld+json\" class=\"yoast-schema-graph\">{\"@context\":\"https:\/\/schema.org\",\"@graph\":[{\"@type\":\"WebPage\",\"@id\":\"https:\/\/blogit.gradia.fi\/psykaa\/minakasitys-ja-itsetunto\/\",\"url\":\"https:\/\/blogit.gradia.fi\/psykaa\/minakasitys-ja-itsetunto\/\",\"name\":\"Min\u00e4k\u00e4sitys ja itsetunto - Psykaa\",\"isPartOf\":{\"@id\":\"https:\/\/blogit.gradia.fi\/psykaa\/#website\"},\"datePublished\":\"2016-09-07T11:04:50+00:00\",\"dateModified\":\"2016-09-19T11:46:01+00:00\",\"inLanguage\":\"fi\",\"potentialAction\":[{\"@type\":\"ReadAction\",\"target\":[\"https:\/\/blogit.gradia.fi\/psykaa\/minakasitys-ja-itsetunto\/\"]}]},{\"@type\":\"WebSite\",\"@id\":\"https:\/\/blogit.gradia.fi\/psykaa\/#website\",\"url\":\"https:\/\/blogit.gradia.fi\/psykaa\/\",\"name\":\"Psykaa\",\"description\":\"Uusi ao-blogit -sivusto\",\"potentialAction\":[{\"@type\":\"SearchAction\",\"target\":{\"@type\":\"EntryPoint\",\"urlTemplate\":\"https:\/\/blogit.gradia.fi\/psykaa\/?s={search_term_string}\"},\"query-input\":{\"@type\":\"PropertyValueSpecification\",\"valueRequired\":true,\"valueName\":\"search_term_string\"}}],\"inLanguage\":\"fi\"}]}<\/script>\n<!-- \/ Yoast SEO plugin. -->","yoast_head_json":{"title":"Min\u00e4k\u00e4sitys ja itsetunto - Psykaa","robots":{"index":"index","follow":"follow","max-snippet":"max-snippet:-1","max-image-preview":"max-image-preview:large","max-video-preview":"max-video-preview:-1"},"canonical":"https:\/\/blogit.gradia.fi\/psykaa\/minakasitys-ja-itsetunto\/","og_locale":"fi_FI","og_type":"article","og_title":"Min\u00e4k\u00e4sitys ja itsetunto - Psykaa","og_description":"Min\u00e4k\u00e4sityksell\u00e4 tarkoitetaan yksil\u00f6n laajaa kuvaa itsest\u00e4\u00e4n, fyysist\u00e4 ominaisuuksista, omista kyvyist\u00e4\u00e4n, omasta arvostaan ja p\u00e4\u00e4m\u00e4\u00e4rist\u00e4. Min\u00e4k\u00e4sitys syntyy useita min\u00e4kuvista, joita ihminen on muodostanut itsest\u00e4\u00e4n vuorovaikutuksessa toisten ihmisten kanssa. Esim. olen hyv\u00e4 koulussa, huono urheilija, ulkon\u00e4k\u00f6 ihan ok. Jos ihminen kokee olevansa hyvin erilainen kuin muut, poikkeava piirre yleens\u00e4 korostuu min\u00e4k\u00e4sityksess\u00e4 (ylipaino, pituus, lyhyys, jokin vamma). Joskus &hellip; Jatka lukemista Min\u00e4k\u00e4sitys ja itsetunto &rarr;","og_url":"https:\/\/blogit.gradia.fi\/psykaa\/minakasitys-ja-itsetunto\/","og_site_name":"Psykaa","article_modified_time":"2016-09-19T11:46:01+00:00","og_image":[{"url":"https:\/\/blogit.gradia.fi\/psykaa\/wp-content\/uploads\/sites\/107\/2016\/09\/min\u00e4-300x176.png","type":"","width":"","height":""}],"twitter_card":"summary_large_image","twitter_misc":{"Arvioitu lukuaika":"2 minuuttia"},"schema":{"@context":"https:\/\/schema.org","@graph":[{"@type":"WebPage","@id":"https:\/\/blogit.gradia.fi\/psykaa\/minakasitys-ja-itsetunto\/","url":"https:\/\/blogit.gradia.fi\/psykaa\/minakasitys-ja-itsetunto\/","name":"Min\u00e4k\u00e4sitys ja itsetunto - Psykaa","isPartOf":{"@id":"https:\/\/blogit.gradia.fi\/psykaa\/#website"},"datePublished":"2016-09-07T11:04:50+00:00","dateModified":"2016-09-19T11:46:01+00:00","inLanguage":"fi","potentialAction":[{"@type":"ReadAction","target":["https:\/\/blogit.gradia.fi\/psykaa\/minakasitys-ja-itsetunto\/"]}]},{"@type":"WebSite","@id":"https:\/\/blogit.gradia.fi\/psykaa\/#website","url":"https:\/\/blogit.gradia.fi\/psykaa\/","name":"Psykaa","description":"Uusi ao-blogit -sivusto","potentialAction":[{"@type":"SearchAction","target":{"@type":"EntryPoint","urlTemplate":"https:\/\/blogit.gradia.fi\/psykaa\/?s={search_term_string}"},"query-input":{"@type":"PropertyValueSpecification","valueRequired":true,"valueName":"search_term_string"}}],"inLanguage":"fi"}]}},"uagb_featured_image_src":{"full":false,"thumbnail":false,"medium":false,"medium_large":false,"large":false,"1536x1536":false,"2048x2048":false,"post-thumbnail":false},"uagb_author_info":{"display_name":"Laura Teri\u00f6","author_link":"https:\/\/blogit.gradia.fi\/psykaa\/author\/lauralaa\/"},"uagb_comment_info":0,"uagb_excerpt":"Min\u00e4k\u00e4sityksell\u00e4 tarkoitetaan yksil\u00f6n laajaa kuvaa itsest\u00e4\u00e4n, fyysist\u00e4 ominaisuuksista, omista kyvyist\u00e4\u00e4n, omasta arvostaan ja p\u00e4\u00e4m\u00e4\u00e4rist\u00e4. Min\u00e4k\u00e4sitys syntyy useita min\u00e4kuvista, joita ihminen on muodostanut itsest\u00e4\u00e4n vuorovaikutuksessa toisten ihmisten kanssa. Esim. olen hyv\u00e4 koulussa, huono urheilija, ulkon\u00e4k\u00f6 ihan ok. Jos ihminen kokee olevansa hyvin erilainen kuin muut, poikkeava piirre yleens\u00e4 korostuu min\u00e4k\u00e4sityksess\u00e4 (ylipaino, pituus, lyhyys, jokin vamma). Joskus&hellip;","_links":{"self":[{"href":"https:\/\/blogit.gradia.fi\/psykaa\/wp-json\/wp\/v2\/pages\/266","targetHints":{"allow":["GET"]}}],"collection":[{"href":"https:\/\/blogit.gradia.fi\/psykaa\/wp-json\/wp\/v2\/pages"}],"about":[{"href":"https:\/\/blogit.gradia.fi\/psykaa\/wp-json\/wp\/v2\/types\/page"}],"author":[{"embeddable":true,"href":"https:\/\/blogit.gradia.fi\/psykaa\/wp-json\/wp\/v2\/users\/601"}],"replies":[{"embeddable":true,"href":"https:\/\/blogit.gradia.fi\/psykaa\/wp-json\/wp\/v2\/comments?post=266"}],"version-history":[{"count":0,"href":"https:\/\/blogit.gradia.fi\/psykaa\/wp-json\/wp\/v2\/pages\/266\/revisions"}],"wp:attachment":[{"href":"https:\/\/blogit.gradia.fi\/psykaa\/wp-json\/wp\/v2\/media?parent=266"}],"curies":[{"name":"wp","href":"https:\/\/api.w.org\/{rel}","templated":true}]}}