{"id":1458,"date":"2018-05-24T11:27:20","date_gmt":"2018-05-24T08:27:20","guid":{"rendered":"https:\/\/blogit.gradia.fi\/parastaosaamista\/?page_id=1458"},"modified":"2018-05-24T11:27:36","modified_gmt":"2018-05-24T08:27:36","slug":"blogi-kategoriat","status":"publish","type":"page","link":"https:\/\/blogit.gradia.fi\/parastaosaamista\/blogi-kategoriat\/","title":{"rendered":"BLOGI KATEGORIAT"},"content":{"rendered":"<p>Blogitekstit ovat jaettu seuraavien kategorioiden\u00a0 mukaan. Kategorioihin p\u00e4\u00e4see joko klikkaamalla linkki\u00e4 alta tai valikosta.<\/p>\n<ul>\n<li><a href=\"https:\/\/blogit.gradia.fi\/parastaosaamista\/category\/osaamisen-kehittamninen-kompetesutveckling\/\"><strong>Osaamisen kehitt\u00e4minen-Kompetensutveckling<\/strong><\/a><\/li>\n<li><a href=\"https:\/\/blogit.gradia.fi\/parastaosaamista\/category\/modulaariset-osaamiskokonaisuudet-modulara-kompetenshelheter\/\"><strong>Modulaariset osaamiskokonaisuudet &#8211; Modul\u00e4ra kompetenshelheter<\/strong><\/a><\/li>\n<li><a href=\"https:\/\/blogit.gradia.fi\/parastaosaamista\/category\/osaamisen-kehittamisen-toimintamallit-verksamhetsmodeller-for-kompetensutveckling\/\"><strong>Osaamisen kehitt\u00e4misen toimintamallit &#8211; Verksamhetsmodeller f\u00f6r kompetensutveckling<\/strong><\/a><\/li>\n<li><a href=\"https:\/\/blogit.gradia.fi\/parastaosaamista\/category\/tyopaikkakoulutuksen-toimintamallit-verksamhetsmodeller-for-arbetsplatsutbildning\/\"><strong>Ty\u00f6paikkakoulutuksen toimintamallit &#8211; Verksamhetsmodeller f\u00f6r arbetsplatsutbildning\u00a0<\/strong><\/a><\/li>\n<li><a href=\"https:\/\/blogit.gradia.fi\/parastaosaamista\/category\/tyopaikkaohjaajien-perehdyttamisen-toimintamallit-verksamhetsmodeller-for-introduktion-av-arbetsplatshandledare\/\"><strong>Ty\u00f6paikkaohjaajien perehdytt\u00e4misen toimintamallit &#8211; Verksamhetsmodeller f\u00f6r introduktion av arbetsplatshandledare<\/strong><\/a><\/li>\n<li><a href=\"https:\/\/blogit.gradia.fi\/parastaosaamista\/category\/yleinen-allman\/\"><strong>Yleinen &#8211; Allm\u00e4n<\/strong><\/a><\/li>\n<\/ul>\n","protected":false},"excerpt":{"rendered":"<p>Blogitekstit ovat jaettu seuraavien kategorioiden\u00a0 mukaan. Kategorioihin p\u00e4\u00e4see joko klikkaamalla linkki\u00e4 alta tai valikosta. Osaamisen kehitt\u00e4minen-Kompetensutveckling Modulaariset osaamiskokonaisuudet &#8211; Modul\u00e4ra kompetenshelheter Osaamisen kehitt\u00e4misen toimintamallit &#8211; Verksamhetsmodeller f\u00f6r kompetensutveckling Ty\u00f6paikkakoulutuksen toimintamallit &#8211; Verksamhetsmodeller f\u00f6r arbetsplatsutbildning\u00a0&#46;&#46;&#46;<\/p>\n","protected":false},"author":178,"featured_media":0,"parent":0,"menu_order":0,"comment_status":"closed","ping_status":"closed","template":"","meta":{"_uag_custom_page_level_css":"","footnotes":""},"class_list":["post-1458","page","type-page","status-publish","hentry"],"yoast_head":"<!-- This site is optimized with the Yoast SEO plugin v27.4 - https:\/\/yoast.com\/product\/yoast-seo-wordpress\/ -->\n<title>BLOGI KATEGORIAT - Parasta osaamista -verkostohanke - B\u00e4sta kunnande -n\u00e4tverksprojektet Blogisivusto<\/title>\n<meta name=\"robots\" content=\"index, follow, max-snippet:-1, max-image-preview:large, max-video-preview:-1\" \/>\n<link rel=\"canonical\" href=\"https:\/\/blogit.gradia.fi\/parastaosaamista\/blogi-kategoriat\/\" \/>\n<meta property=\"og:locale\" content=\"fi_FI\" \/>\n<meta property=\"og:type\" content=\"article\" \/>\n<meta property=\"og:title\" content=\"BLOGI KATEGORIAT - Parasta osaamista -verkostohanke - B\u00e4sta kunnande -n\u00e4tverksprojektet Blogisivusto\" \/>\n<meta property=\"og:description\" content=\"Blogitekstit ovat jaettu seuraavien kategorioiden\u00a0 mukaan. Kategorioihin p\u00e4\u00e4see joko klikkaamalla linkki\u00e4 alta tai valikosta. Osaamisen kehitt\u00e4minen-Kompetensutveckling Modulaariset osaamiskokonaisuudet &#8211; Modul\u00e4ra kompetenshelheter Osaamisen kehitt\u00e4misen toimintamallit &#8211; Verksamhetsmodeller f\u00f6r kompetensutveckling Ty\u00f6paikkakoulutuksen toimintamallit &#8211; Verksamhetsmodeller f\u00f6r arbetsplatsutbildning\u00a0&#046;&#046;&#046;\" \/>\n<meta property=\"og:url\" content=\"https:\/\/blogit.gradia.fi\/parastaosaamista\/blogi-kategoriat\/\" \/>\n<meta property=\"og:site_name\" content=\"Parasta osaamista -verkostohanke - B\u00e4sta kunnande -n\u00e4tverksprojektet Blogisivusto\" \/>\n<meta property=\"article:modified_time\" content=\"2018-05-24T08:27:36+00:00\" \/>\n<meta name=\"twitter:card\" content=\"summary_large_image\" \/>\n<script type=\"application\/ld+json\" class=\"yoast-schema-graph\">{\"@context\":\"https:\\\/\\\/schema.org\",\"@graph\":[{\"@type\":\"WebPage\",\"@id\":\"https:\\\/\\\/blogit.gradia.fi\\\/parastaosaamista\\\/blogi-kategoriat\\\/\",\"url\":\"https:\\\/\\\/blogit.gradia.fi\\\/parastaosaamista\\\/blogi-kategoriat\\\/\",\"name\":\"BLOGI KATEGORIAT - Parasta osaamista -verkostohanke - B\u00e4sta kunnande -n\u00e4tverksprojektet Blogisivusto\",\"isPartOf\":{\"@id\":\"https:\\\/\\\/blogit.gradia.fi\\\/parastaosaamista\\\/#website\"},\"datePublished\":\"2018-05-24T08:27:20+00:00\",\"dateModified\":\"2018-05-24T08:27:36+00:00\",\"inLanguage\":\"fi\",\"potentialAction\":[{\"@type\":\"ReadAction\",\"target\":[\"https:\\\/\\\/blogit.gradia.fi\\\/parastaosaamista\\\/blogi-kategoriat\\\/\"]}]},{\"@type\":\"WebSite\",\"@id\":\"https:\\\/\\\/blogit.gradia.fi\\\/parastaosaamista\\\/#website\",\"url\":\"https:\\\/\\\/blogit.gradia.fi\\\/parastaosaamista\\\/\",\"name\":\"Parasta osaamista -verkostohanke - B\u00e4sta kunnande -n\u00e4tverksprojektet Blogisivusto\",\"description\":\"\",\"potentialAction\":[{\"@type\":\"SearchAction\",\"target\":{\"@type\":\"EntryPoint\",\"urlTemplate\":\"https:\\\/\\\/blogit.gradia.fi\\\/parastaosaamista\\\/?s={search_term_string}\"},\"query-input\":{\"@type\":\"PropertyValueSpecification\",\"valueRequired\":true,\"valueName\":\"search_term_string\"}}],\"inLanguage\":\"fi\"}]}<\/script>\n<!-- \/ Yoast SEO plugin. -->","yoast_head_json":{"title":"BLOGI KATEGORIAT - Parasta osaamista -verkostohanke - B\u00e4sta kunnande -n\u00e4tverksprojektet Blogisivusto","robots":{"index":"index","follow":"follow","max-snippet":"max-snippet:-1","max-image-preview":"max-image-preview:large","max-video-preview":"max-video-preview:-1"},"canonical":"https:\/\/blogit.gradia.fi\/parastaosaamista\/blogi-kategoriat\/","og_locale":"fi_FI","og_type":"article","og_title":"BLOGI KATEGORIAT - Parasta osaamista -verkostohanke - B\u00e4sta kunnande -n\u00e4tverksprojektet Blogisivusto","og_description":"Blogitekstit ovat jaettu seuraavien kategorioiden\u00a0 mukaan. Kategorioihin p\u00e4\u00e4see joko klikkaamalla linkki\u00e4 alta tai valikosta. Osaamisen kehitt\u00e4minen-Kompetensutveckling Modulaariset osaamiskokonaisuudet &#8211; Modul\u00e4ra kompetenshelheter Osaamisen kehitt\u00e4misen toimintamallit &#8211; Verksamhetsmodeller f\u00f6r kompetensutveckling Ty\u00f6paikkakoulutuksen toimintamallit &#8211; Verksamhetsmodeller f\u00f6r arbetsplatsutbildning\u00a0&#46;&#46;&#46;","og_url":"https:\/\/blogit.gradia.fi\/parastaosaamista\/blogi-kategoriat\/","og_site_name":"Parasta osaamista -verkostohanke - B\u00e4sta kunnande -n\u00e4tverksprojektet Blogisivusto","article_modified_time":"2018-05-24T08:27:36+00:00","twitter_card":"summary_large_image","schema":{"@context":"https:\/\/schema.org","@graph":[{"@type":"WebPage","@id":"https:\/\/blogit.gradia.fi\/parastaosaamista\/blogi-kategoriat\/","url":"https:\/\/blogit.gradia.fi\/parastaosaamista\/blogi-kategoriat\/","name":"BLOGI KATEGORIAT - Parasta osaamista -verkostohanke - B\u00e4sta kunnande -n\u00e4tverksprojektet Blogisivusto","isPartOf":{"@id":"https:\/\/blogit.gradia.fi\/parastaosaamista\/#website"},"datePublished":"2018-05-24T08:27:20+00:00","dateModified":"2018-05-24T08:27:36+00:00","inLanguage":"fi","potentialAction":[{"@type":"ReadAction","target":["https:\/\/blogit.gradia.fi\/parastaosaamista\/blogi-kategoriat\/"]}]},{"@type":"WebSite","@id":"https:\/\/blogit.gradia.fi\/parastaosaamista\/#website","url":"https:\/\/blogit.gradia.fi\/parastaosaamista\/","name":"Parasta osaamista -verkostohanke - B\u00e4sta kunnande -n\u00e4tverksprojektet Blogisivusto","description":"","potentialAction":[{"@type":"SearchAction","target":{"@type":"EntryPoint","urlTemplate":"https:\/\/blogit.gradia.fi\/parastaosaamista\/?s={search_term_string}"},"query-input":{"@type":"PropertyValueSpecification","valueRequired":true,"valueName":"search_term_string"}}],"inLanguage":"fi"}]}},"uagb_featured_image_src":{"full":false,"thumbnail":false,"medium":false,"medium_large":false,"large":false,"1536x1536":false,"2048x2048":false,"thumb-small":false,"thumb-standard":false,"thumb-medium":false,"thumb-large":false,"thumb-xlarge":false,"thumb-xxlarge":false},"uagb_author_info":{"display_name":"Sami Ahonen","author_link":"https:\/\/blogit.gradia.fi\/parastaosaamista\/author\/ahonesam\/"},"uagb_comment_info":0,"uagb_excerpt":"Blogitekstit ovat jaettu seuraavien kategorioiden\u00a0 mukaan. Kategorioihin p\u00e4\u00e4see joko klikkaamalla linkki\u00e4 alta tai valikosta. Osaamisen kehitt\u00e4minen-Kompetensutveckling Modulaariset osaamiskokonaisuudet &#8211; Modul\u00e4ra kompetenshelheter Osaamisen kehitt\u00e4misen toimintamallit &#8211; Verksamhetsmodeller f\u00f6r kompetensutveckling Ty\u00f6paikkakoulutuksen toimintamallit &#8211; Verksamhetsmodeller f\u00f6r arbetsplatsutbildning\u00a0&#46;&#46;&#46;","_links":{"self":[{"href":"https:\/\/blogit.gradia.fi\/parastaosaamista\/wp-json\/wp\/v2\/pages\/1458","targetHints":{"allow":["GET"]}}],"collection":[{"href":"https:\/\/blogit.gradia.fi\/parastaosaamista\/wp-json\/wp\/v2\/pages"}],"about":[{"href":"https:\/\/blogit.gradia.fi\/parastaosaamista\/wp-json\/wp\/v2\/types\/page"}],"author":[{"embeddable":true,"href":"https:\/\/blogit.gradia.fi\/parastaosaamista\/wp-json\/wp\/v2\/users\/178"}],"replies":[{"embeddable":true,"href":"https:\/\/blogit.gradia.fi\/parastaosaamista\/wp-json\/wp\/v2\/comments?post=1458"}],"version-history":[{"count":1,"href":"https:\/\/blogit.gradia.fi\/parastaosaamista\/wp-json\/wp\/v2\/pages\/1458\/revisions"}],"predecessor-version":[{"id":1835,"href":"https:\/\/blogit.gradia.fi\/parastaosaamista\/wp-json\/wp\/v2\/pages\/1458\/revisions\/1835"}],"wp:attachment":[{"href":"https:\/\/blogit.gradia.fi\/parastaosaamista\/wp-json\/wp\/v2\/media?parent=1458"}],"curies":[{"name":"wp","href":"https:\/\/api.w.org\/{rel}","templated":true}]}}