{"id":34,"date":"2018-10-17T15:09:54","date_gmt":"2018-10-17T12:09:54","guid":{"rendered":"https:\/\/blogit.gradia.fi\/parastadigiohjausta\/?page_id=34"},"modified":"2019-02-05T13:16:34","modified_gmt":"2019-02-05T11:16:34","slug":"yhteystiedot","status":"publish","type":"page","link":"https:\/\/blogit.gradia.fi\/parastadigiohjausta\/yhteystiedot\/","title":{"rendered":"Yhteystiedot"},"content":{"rendered":"<h3>Koordinaatio<\/h3>\n<p><strong>Jyv\u00e4skyl\u00e4n koulutuskuntayhtym\u00e4<\/strong><\/p>\n<p>Projektip\u00e4\u00e4llikk\u00f6 Kirsi Salonen<\/p>\n<p>kirsi.salonen@gradia.fi<\/p>\n<h3>Osatoteuttajat<\/h3>\n<p><strong>Vantaan ammattiopisto<\/strong><\/p>\n<p>Piia Kovalainen<\/p>\n<p>piia.kovalainen@vantaa.fi<\/p>\n<p><strong>Raahen koulutuskyntayhtym\u00e4<\/strong><\/p>\n<p>Eveliina Noponen<\/p>\n<p>eveliina.noponen@raahenedu.fi<\/p>\n<p><strong>Tampereen seudun ammattiopisto<\/strong><\/p>\n<p>Pirkko P\u00f6l\u00f6nen<\/p>\n<p>pirkko.polonen@tampere.fi<\/p>\n<p><strong>Kainuun ammattiopisto<\/strong><\/p>\n<p>Jouko K\u00e4m\u00e4r\u00e4inen<\/p>\n<p>jouko.kamarainen@kao.fi<\/p>\n<p><strong>L\u00e4nsirannikon koulutus Oy<\/strong><\/p>\n<p>Jonna Malmivuori<\/p>\n<p>jonna.malmivuori@winnova.fi<\/p>\n<p><strong>Kouvolan seudun ammattiopisto<\/strong><\/p>\n<p>Jaana Ahola<\/p>\n<p>jaana.ahola@ksao.fi<\/p>\n<p><strong>Ammattiopisto Luovi<\/strong><\/p>\n<p>Hannu Pekkarinen<\/p>\n<p>hannu.pekkarinen@luovi.fi<\/p>\n<p><strong>Etel\u00e4-Savon ammattiopisto<\/strong><\/p>\n<p>Virva Korpinen<\/p>\n<p>virva.korpinen@esedu.fi<\/p>\n<p><strong>Lapin koulutuskeskus<\/strong><\/p>\n<p>Johanna Riskil\u00e4<\/p>\n<p>johanna.riskila@redu.fi<\/p>\n<p><strong>Turun ammatti-instituutti<\/strong><\/p>\n<p>Tuike Kankare<\/p>\n<p>tuike.kankare@turku.fi<\/p>\n<p><strong>Keski-Pohjanmaan koulutuskuntayhtym\u00e4<\/strong><\/p>\n<p>Johanna Herrala<\/p>\n<p>johanna.herrala@kpedu.fi<\/p>\n<p><strong>Ammattiopisto SAMIedu<\/strong><\/p>\n<p>Anne-Mari Behm<\/p>\n<p>anne-mari.behm@samiedu.fi<\/p>\n<p><strong>Omnia Koulutus<\/strong><\/p>\n<p>Nora Karttunen<\/p>\n<p>nora.karttunen@omnia.fi<\/p>\n<p><strong>Oulun seudun ammattiopisto<\/strong><\/p>\n<p>Heli Pesonen<\/p>\n<p>heli.pesonen@osekk.fi<\/p>\n","protected":false},"excerpt":{"rendered":"<p>Koordinaatio Jyv\u00e4skyl\u00e4n koulutuskuntayhtym\u00e4 Projektip\u00e4\u00e4llikk\u00f6 Kirsi Salonen kirsi.salonen@gradia.fi Osatoteuttajat Vantaan ammattiopisto Piia Kovalainen piia.kovalainen@vantaa.fi Raahen koulutuskyntayhtym\u00e4 Eveliina Noponen eveliina.noponen@raahenedu.fi Tampereen seudun ammattiopisto Pirkko P\u00f6l\u00f6nen pirkko.polonen@tampere.fi Kainuun ammattiopisto Jouko K\u00e4m\u00e4r\u00e4inen jouko.kamarainen@kao.fi L\u00e4nsirannikon koulutus Oy Jonna Malmivuori&#46;&#46;&#46;<\/p>\n","protected":false},"author":75,"featured_media":0,"parent":0,"menu_order":0,"comment_status":"closed","ping_status":"closed","template":"","meta":{"_uag_custom_page_level_css":"","footnotes":""},"class_list":["post-34","page","type-page","status-publish","hentry"],"yoast_head":"<!-- This site is optimized with the Yoast SEO plugin v27.2 - https:\/\/yoast.com\/product\/yoast-seo-wordpress\/ -->\n<title>Yhteystiedot - Parasta DigiOhjausta<\/title>\n<meta name=\"robots\" content=\"index, follow, max-snippet:-1, max-image-preview:large, max-video-preview:-1\" \/>\n<link rel=\"canonical\" href=\"https:\/\/blogit.gradia.fi\/parastadigiohjausta\/yhteystiedot\/\" \/>\n<meta property=\"og:locale\" content=\"fi_FI\" \/>\n<meta property=\"og:type\" content=\"article\" \/>\n<meta property=\"og:title\" content=\"Yhteystiedot - Parasta DigiOhjausta\" \/>\n<meta property=\"og:description\" content=\"Koordinaatio Jyv\u00e4skyl\u00e4n koulutuskuntayhtym\u00e4 Projektip\u00e4\u00e4llikk\u00f6 Kirsi Salonen kirsi.salonen@gradia.fi Osatoteuttajat Vantaan ammattiopisto Piia Kovalainen piia.kovalainen@vantaa.fi Raahen koulutuskyntayhtym\u00e4 Eveliina Noponen eveliina.noponen@raahenedu.fi Tampereen seudun ammattiopisto Pirkko P\u00f6l\u00f6nen pirkko.polonen@tampere.fi Kainuun ammattiopisto Jouko K\u00e4m\u00e4r\u00e4inen jouko.kamarainen@kao.fi L\u00e4nsirannikon koulutus Oy Jonna Malmivuori&#046;&#046;&#046;\" \/>\n<meta property=\"og:url\" content=\"https:\/\/blogit.gradia.fi\/parastadigiohjausta\/yhteystiedot\/\" \/>\n<meta property=\"og:site_name\" content=\"Parasta DigiOhjausta\" \/>\n<meta property=\"article:modified_time\" content=\"2019-02-05T11:16:34+00:00\" \/>\n<meta name=\"twitter:card\" content=\"summary_large_image\" \/>\n<meta name=\"twitter:label1\" content=\"Arvioitu lukuaika\" \/>\n\t<meta name=\"twitter:data1\" content=\"1 minuutti\" \/>\n<script type=\"application\/ld+json\" class=\"yoast-schema-graph\">{\"@context\":\"https:\/\/schema.org\",\"@graph\":[{\"@type\":\"WebPage\",\"@id\":\"https:\/\/blogit.gradia.fi\/parastadigiohjausta\/yhteystiedot\/\",\"url\":\"https:\/\/blogit.gradia.fi\/parastadigiohjausta\/yhteystiedot\/\",\"name\":\"Yhteystiedot - Parasta DigiOhjausta\",\"isPartOf\":{\"@id\":\"https:\/\/blogit.gradia.fi\/parastadigiohjausta\/#website\"},\"datePublished\":\"2018-10-17T12:09:54+00:00\",\"dateModified\":\"2019-02-05T11:16:34+00:00\",\"inLanguage\":\"fi\",\"potentialAction\":[{\"@type\":\"ReadAction\",\"target\":[\"https:\/\/blogit.gradia.fi\/parastadigiohjausta\/yhteystiedot\/\"]}]},{\"@type\":\"WebSite\",\"@id\":\"https:\/\/blogit.gradia.fi\/parastadigiohjausta\/#website\",\"url\":\"https:\/\/blogit.gradia.fi\/parastadigiohjausta\/\",\"name\":\"Parasta DigiOhjausta\",\"description\":\"Digiv\u00e4lineit\u00e4 ty\u00f6el\u00e4m\u00e4ss\u00e4 oppimisen ohjaamiseen ja yhteydenpitoon ty\u00f6paikoille\",\"potentialAction\":[{\"@type\":\"SearchAction\",\"target\":{\"@type\":\"EntryPoint\",\"urlTemplate\":\"https:\/\/blogit.gradia.fi\/parastadigiohjausta\/?s={search_term_string}\"},\"query-input\":{\"@type\":\"PropertyValueSpecification\",\"valueRequired\":true,\"valueName\":\"search_term_string\"}}],\"inLanguage\":\"fi\"}]}<\/script>\n<!-- \/ Yoast SEO plugin. -->","yoast_head_json":{"title":"Yhteystiedot - Parasta DigiOhjausta","robots":{"index":"index","follow":"follow","max-snippet":"max-snippet:-1","max-image-preview":"max-image-preview:large","max-video-preview":"max-video-preview:-1"},"canonical":"https:\/\/blogit.gradia.fi\/parastadigiohjausta\/yhteystiedot\/","og_locale":"fi_FI","og_type":"article","og_title":"Yhteystiedot - Parasta DigiOhjausta","og_description":"Koordinaatio Jyv\u00e4skyl\u00e4n koulutuskuntayhtym\u00e4 Projektip\u00e4\u00e4llikk\u00f6 Kirsi Salonen kirsi.salonen@gradia.fi Osatoteuttajat Vantaan ammattiopisto Piia Kovalainen piia.kovalainen@vantaa.fi Raahen koulutuskyntayhtym\u00e4 Eveliina Noponen eveliina.noponen@raahenedu.fi Tampereen seudun ammattiopisto Pirkko P\u00f6l\u00f6nen pirkko.polonen@tampere.fi Kainuun ammattiopisto Jouko K\u00e4m\u00e4r\u00e4inen jouko.kamarainen@kao.fi L\u00e4nsirannikon koulutus Oy Jonna Malmivuori&#46;&#46;&#46;","og_url":"https:\/\/blogit.gradia.fi\/parastadigiohjausta\/yhteystiedot\/","og_site_name":"Parasta DigiOhjausta","article_modified_time":"2019-02-05T11:16:34+00:00","twitter_card":"summary_large_image","twitter_misc":{"Arvioitu lukuaika":"1 minuutti"},"schema":{"@context":"https:\/\/schema.org","@graph":[{"@type":"WebPage","@id":"https:\/\/blogit.gradia.fi\/parastadigiohjausta\/yhteystiedot\/","url":"https:\/\/blogit.gradia.fi\/parastadigiohjausta\/yhteystiedot\/","name":"Yhteystiedot - Parasta DigiOhjausta","isPartOf":{"@id":"https:\/\/blogit.gradia.fi\/parastadigiohjausta\/#website"},"datePublished":"2018-10-17T12:09:54+00:00","dateModified":"2019-02-05T11:16:34+00:00","inLanguage":"fi","potentialAction":[{"@type":"ReadAction","target":["https:\/\/blogit.gradia.fi\/parastadigiohjausta\/yhteystiedot\/"]}]},{"@type":"WebSite","@id":"https:\/\/blogit.gradia.fi\/parastadigiohjausta\/#website","url":"https:\/\/blogit.gradia.fi\/parastadigiohjausta\/","name":"Parasta DigiOhjausta","description":"Digiv\u00e4lineit\u00e4 ty\u00f6el\u00e4m\u00e4ss\u00e4 oppimisen ohjaamiseen ja yhteydenpitoon ty\u00f6paikoille","potentialAction":[{"@type":"SearchAction","target":{"@type":"EntryPoint","urlTemplate":"https:\/\/blogit.gradia.fi\/parastadigiohjausta\/?s={search_term_string}"},"query-input":{"@type":"PropertyValueSpecification","valueRequired":true,"valueName":"search_term_string"}}],"inLanguage":"fi"}]}},"uagb_featured_image_src":{"full":false,"thumbnail":false,"medium":false,"medium_large":false,"large":false,"1536x1536":false,"2048x2048":false,"thumb-small":false,"thumb-standard":false,"thumb-medium":false,"thumb-large":false,"thumb-xlarge":false,"thumb-xxlarge":false},"uagb_author_info":{"display_name":"Kirsi Salonen","author_link":"https:\/\/blogit.gradia.fi\/parastadigiohjausta\/author\/salonkir\/"},"uagb_comment_info":0,"uagb_excerpt":"Koordinaatio Jyv\u00e4skyl\u00e4n koulutuskuntayhtym\u00e4 Projektip\u00e4\u00e4llikk\u00f6 Kirsi Salonen kirsi.salonen@gradia.fi Osatoteuttajat Vantaan ammattiopisto Piia Kovalainen piia.kovalainen@vantaa.fi Raahen koulutuskyntayhtym\u00e4 Eveliina Noponen eveliina.noponen@raahenedu.fi Tampereen seudun ammattiopisto Pirkko P\u00f6l\u00f6nen pirkko.polonen@tampere.fi Kainuun ammattiopisto Jouko K\u00e4m\u00e4r\u00e4inen jouko.kamarainen@kao.fi L\u00e4nsirannikon koulutus Oy Jonna Malmivuori&#46;&#46;&#46;","post_mailing_queue_ids":[],"_links":{"self":[{"href":"https:\/\/blogit.gradia.fi\/parastadigiohjausta\/wp-json\/wp\/v2\/pages\/34","targetHints":{"allow":["GET"]}}],"collection":[{"href":"https:\/\/blogit.gradia.fi\/parastadigiohjausta\/wp-json\/wp\/v2\/pages"}],"about":[{"href":"https:\/\/blogit.gradia.fi\/parastadigiohjausta\/wp-json\/wp\/v2\/types\/page"}],"author":[{"embeddable":true,"href":"https:\/\/blogit.gradia.fi\/parastadigiohjausta\/wp-json\/wp\/v2\/users\/75"}],"replies":[{"embeddable":true,"href":"https:\/\/blogit.gradia.fi\/parastadigiohjausta\/wp-json\/wp\/v2\/comments?post=34"}],"version-history":[{"count":10,"href":"https:\/\/blogit.gradia.fi\/parastadigiohjausta\/wp-json\/wp\/v2\/pages\/34\/revisions"}],"predecessor-version":[{"id":249,"href":"https:\/\/blogit.gradia.fi\/parastadigiohjausta\/wp-json\/wp\/v2\/pages\/34\/revisions\/249"}],"wp:attachment":[{"href":"https:\/\/blogit.gradia.fi\/parastadigiohjausta\/wp-json\/wp\/v2\/media?parent=34"}],"curies":[{"name":"wp","href":"https:\/\/api.w.org\/{rel}","templated":true}]}}