{"id":17,"date":"2018-10-17T14:47:32","date_gmt":"2018-10-17T11:47:32","guid":{"rendered":"https:\/\/blogit.gradia.fi\/parastadigiohjausta\/?page_id=17"},"modified":"2019-02-05T14:07:39","modified_gmt":"2019-02-05T12:07:39","slug":"tietoa-kehittamisohjelmasta","status":"publish","type":"page","link":"https:\/\/blogit.gradia.fi\/parastadigiohjausta\/tietoa-kehittamisohjelmasta\/","title":{"rendered":"Tietoa kehitt\u00e4misohjelmasta"},"content":{"rendered":"<p><a href=\"https:\/\/blogit.gradia.fi\/parastadigiohjausta\/wp-content\/uploads\/sites\/6\/2018\/11\/etusivu-2.jpg\"><br \/>\n<img loading=\"lazy\" decoding=\"async\" class=\"aligncenter size-full wp-image-111\" src=\"https:\/\/blogit.gradia.fi\/parastadigiohjausta\/wp-content\/uploads\/sites\/6\/2018\/11\/etusivu-2.jpg\" alt=\"\" width=\"1280\" height=\"720\" srcset=\"https:\/\/blogit.gradia.fi\/parastadigiohjausta\/wp-content\/uploads\/sites\/6\/2018\/11\/etusivu-2.jpg 1280w, https:\/\/blogit.gradia.fi\/parastadigiohjausta\/wp-content\/uploads\/sites\/6\/2018\/11\/etusivu-2-300x169.jpg 300w, https:\/\/blogit.gradia.fi\/parastadigiohjausta\/wp-content\/uploads\/sites\/6\/2018\/11\/etusivu-2-768x432.jpg 768w, https:\/\/blogit.gradia.fi\/parastadigiohjausta\/wp-content\/uploads\/sites\/6\/2018\/11\/etusivu-2-1024x576.jpg 1024w\" sizes=\"auto, (max-width: 1280px) 100vw, 1280px\" \/><\/a><\/p>\n<p>Parasta DigiOhjausta on parasta kokonaisuuteen kuuluva kehitt\u00e4misohjelma. Toiminta-aika on 1.1.2018-31.12.2019 ja kehitt\u00e4misohjelmaa rahoittaa OKM.<\/p>\n<p>Kehitt\u00e4misohjelmassa pilotoitavat j\u00e4rjestelm\u00e4t ja sovellukset:<\/p>\n<p><a href=\"https:\/\/blogit.gradia.fi\/parastadigiohjausta\/wp-content\/uploads\/sites\/6\/2019\/02\/Pilotoitavat-sovellukset.jpg\"><img loading=\"lazy\" decoding=\"async\" class=\"aligncenter size-full wp-image-253\" src=\"https:\/\/blogit.gradia.fi\/parastadigiohjausta\/wp-content\/uploads\/sites\/6\/2019\/02\/Pilotoitavat-sovellukset.jpg\" alt=\"\" width=\"1280\" height=\"720\" \/><\/a><\/p>\n","protected":false},"excerpt":{"rendered":"<p>Parasta DigiOhjausta on parasta kokonaisuuteen kuuluva kehitt\u00e4misohjelma. Toiminta-aika on 1.1.2018-31.12.2019 ja kehitt\u00e4misohjelmaa rahoittaa OKM. Kehitt\u00e4misohjelmassa pilotoitavat j\u00e4rjestelm\u00e4t ja sovellukset:<\/p>\n","protected":false},"author":75,"featured_media":0,"parent":0,"menu_order":0,"comment_status":"closed","ping_status":"closed","template":"","meta":{"_uag_custom_page_level_css":"","footnotes":""},"class_list":["post-17","page","type-page","status-publish","hentry"],"yoast_head":"<!-- This site is optimized with the Yoast SEO plugin v27.2 - https:\/\/yoast.com\/product\/yoast-seo-wordpress\/ -->\n<title>Tietoa kehitt\u00e4misohjelmasta - Parasta DigiOhjausta<\/title>\n<meta name=\"robots\" content=\"index, follow, max-snippet:-1, max-image-preview:large, max-video-preview:-1\" \/>\n<link rel=\"canonical\" href=\"https:\/\/blogit.gradia.fi\/parastadigiohjausta\/tietoa-kehittamisohjelmasta\/\" \/>\n<meta property=\"og:locale\" content=\"fi_FI\" \/>\n<meta property=\"og:type\" content=\"article\" \/>\n<meta property=\"og:title\" content=\"Tietoa kehitt\u00e4misohjelmasta - Parasta DigiOhjausta\" \/>\n<meta property=\"og:description\" content=\"Parasta DigiOhjausta on parasta kokonaisuuteen kuuluva kehitt\u00e4misohjelma. Toiminta-aika on 1.1.2018-31.12.2019 ja kehitt\u00e4misohjelmaa rahoittaa OKM. Kehitt\u00e4misohjelmassa pilotoitavat j\u00e4rjestelm\u00e4t ja sovellukset:\" \/>\n<meta property=\"og:url\" content=\"https:\/\/blogit.gradia.fi\/parastadigiohjausta\/tietoa-kehittamisohjelmasta\/\" \/>\n<meta property=\"og:site_name\" content=\"Parasta DigiOhjausta\" \/>\n<meta property=\"article:modified_time\" content=\"2019-02-05T12:07:39+00:00\" \/>\n<meta property=\"og:image\" content=\"https:\/\/blogit.gradia.fi\/parastadigiohjausta\/wp-content\/uploads\/sites\/6\/2018\/11\/etusivu-2.jpg\" \/>\n<meta name=\"twitter:card\" content=\"summary_large_image\" \/>\n<script type=\"application\/ld+json\" class=\"yoast-schema-graph\">{\"@context\":\"https:\/\/schema.org\",\"@graph\":[{\"@type\":\"WebPage\",\"@id\":\"https:\/\/blogit.gradia.fi\/parastadigiohjausta\/tietoa-kehittamisohjelmasta\/\",\"url\":\"https:\/\/blogit.gradia.fi\/parastadigiohjausta\/tietoa-kehittamisohjelmasta\/\",\"name\":\"Tietoa kehitt\u00e4misohjelmasta - Parasta DigiOhjausta\",\"isPartOf\":{\"@id\":\"https:\/\/blogit.gradia.fi\/parastadigiohjausta\/#website\"},\"primaryImageOfPage\":{\"@id\":\"https:\/\/blogit.gradia.fi\/parastadigiohjausta\/tietoa-kehittamisohjelmasta\/#primaryimage\"},\"image\":{\"@id\":\"https:\/\/blogit.gradia.fi\/parastadigiohjausta\/tietoa-kehittamisohjelmasta\/#primaryimage\"},\"thumbnailUrl\":\"https:\/\/blogit.gradia.fi\/parastadigiohjausta\/wp-content\/uploads\/sites\/6\/2018\/11\/etusivu-2.jpg\",\"datePublished\":\"2018-10-17T11:47:32+00:00\",\"dateModified\":\"2019-02-05T12:07:39+00:00\",\"inLanguage\":\"fi\",\"potentialAction\":[{\"@type\":\"ReadAction\",\"target\":[\"https:\/\/blogit.gradia.fi\/parastadigiohjausta\/tietoa-kehittamisohjelmasta\/\"]}]},{\"@type\":\"ImageObject\",\"inLanguage\":\"fi\",\"@id\":\"https:\/\/blogit.gradia.fi\/parastadigiohjausta\/tietoa-kehittamisohjelmasta\/#primaryimage\",\"url\":\"https:\/\/blogit.gradia.fi\/parastadigiohjausta\/wp-content\/uploads\/sites\/6\/2018\/11\/etusivu-2.jpg\",\"contentUrl\":\"https:\/\/blogit.gradia.fi\/parastadigiohjausta\/wp-content\/uploads\/sites\/6\/2018\/11\/etusivu-2.jpg\"},{\"@type\":\"WebSite\",\"@id\":\"https:\/\/blogit.gradia.fi\/parastadigiohjausta\/#website\",\"url\":\"https:\/\/blogit.gradia.fi\/parastadigiohjausta\/\",\"name\":\"Parasta DigiOhjausta\",\"description\":\"Digiv\u00e4lineit\u00e4 ty\u00f6el\u00e4m\u00e4ss\u00e4 oppimisen ohjaamiseen ja yhteydenpitoon ty\u00f6paikoille\",\"potentialAction\":[{\"@type\":\"SearchAction\",\"target\":{\"@type\":\"EntryPoint\",\"urlTemplate\":\"https:\/\/blogit.gradia.fi\/parastadigiohjausta\/?s={search_term_string}\"},\"query-input\":{\"@type\":\"PropertyValueSpecification\",\"valueRequired\":true,\"valueName\":\"search_term_string\"}}],\"inLanguage\":\"fi\"}]}<\/script>\n<!-- \/ Yoast SEO plugin. -->","yoast_head_json":{"title":"Tietoa kehitt\u00e4misohjelmasta - Parasta DigiOhjausta","robots":{"index":"index","follow":"follow","max-snippet":"max-snippet:-1","max-image-preview":"max-image-preview:large","max-video-preview":"max-video-preview:-1"},"canonical":"https:\/\/blogit.gradia.fi\/parastadigiohjausta\/tietoa-kehittamisohjelmasta\/","og_locale":"fi_FI","og_type":"article","og_title":"Tietoa kehitt\u00e4misohjelmasta - Parasta DigiOhjausta","og_description":"Parasta DigiOhjausta on parasta kokonaisuuteen kuuluva kehitt\u00e4misohjelma. Toiminta-aika on 1.1.2018-31.12.2019 ja kehitt\u00e4misohjelmaa rahoittaa OKM. Kehitt\u00e4misohjelmassa pilotoitavat j\u00e4rjestelm\u00e4t ja sovellukset:","og_url":"https:\/\/blogit.gradia.fi\/parastadigiohjausta\/tietoa-kehittamisohjelmasta\/","og_site_name":"Parasta DigiOhjausta","article_modified_time":"2019-02-05T12:07:39+00:00","og_image":[{"url":"https:\/\/blogit.gradia.fi\/parastadigiohjausta\/wp-content\/uploads\/sites\/6\/2018\/11\/etusivu-2.jpg","type":"","width":"","height":""}],"twitter_card":"summary_large_image","schema":{"@context":"https:\/\/schema.org","@graph":[{"@type":"WebPage","@id":"https:\/\/blogit.gradia.fi\/parastadigiohjausta\/tietoa-kehittamisohjelmasta\/","url":"https:\/\/blogit.gradia.fi\/parastadigiohjausta\/tietoa-kehittamisohjelmasta\/","name":"Tietoa kehitt\u00e4misohjelmasta - Parasta DigiOhjausta","isPartOf":{"@id":"https:\/\/blogit.gradia.fi\/parastadigiohjausta\/#website"},"primaryImageOfPage":{"@id":"https:\/\/blogit.gradia.fi\/parastadigiohjausta\/tietoa-kehittamisohjelmasta\/#primaryimage"},"image":{"@id":"https:\/\/blogit.gradia.fi\/parastadigiohjausta\/tietoa-kehittamisohjelmasta\/#primaryimage"},"thumbnailUrl":"https:\/\/blogit.gradia.fi\/parastadigiohjausta\/wp-content\/uploads\/sites\/6\/2018\/11\/etusivu-2.jpg","datePublished":"2018-10-17T11:47:32+00:00","dateModified":"2019-02-05T12:07:39+00:00","inLanguage":"fi","potentialAction":[{"@type":"ReadAction","target":["https:\/\/blogit.gradia.fi\/parastadigiohjausta\/tietoa-kehittamisohjelmasta\/"]}]},{"@type":"ImageObject","inLanguage":"fi","@id":"https:\/\/blogit.gradia.fi\/parastadigiohjausta\/tietoa-kehittamisohjelmasta\/#primaryimage","url":"https:\/\/blogit.gradia.fi\/parastadigiohjausta\/wp-content\/uploads\/sites\/6\/2018\/11\/etusivu-2.jpg","contentUrl":"https:\/\/blogit.gradia.fi\/parastadigiohjausta\/wp-content\/uploads\/sites\/6\/2018\/11\/etusivu-2.jpg"},{"@type":"WebSite","@id":"https:\/\/blogit.gradia.fi\/parastadigiohjausta\/#website","url":"https:\/\/blogit.gradia.fi\/parastadigiohjausta\/","name":"Parasta DigiOhjausta","description":"Digiv\u00e4lineit\u00e4 ty\u00f6el\u00e4m\u00e4ss\u00e4 oppimisen ohjaamiseen ja yhteydenpitoon ty\u00f6paikoille","potentialAction":[{"@type":"SearchAction","target":{"@type":"EntryPoint","urlTemplate":"https:\/\/blogit.gradia.fi\/parastadigiohjausta\/?s={search_term_string}"},"query-input":{"@type":"PropertyValueSpecification","valueRequired":true,"valueName":"search_term_string"}}],"inLanguage":"fi"}]}},"uagb_featured_image_src":{"full":false,"thumbnail":false,"medium":false,"medium_large":false,"large":false,"1536x1536":false,"2048x2048":false,"thumb-small":false,"thumb-standard":false,"thumb-medium":false,"thumb-large":false,"thumb-xlarge":false,"thumb-xxlarge":false},"uagb_author_info":{"display_name":"Kirsi Salonen","author_link":"https:\/\/blogit.gradia.fi\/parastadigiohjausta\/author\/salonkir\/"},"uagb_comment_info":0,"uagb_excerpt":"Parasta DigiOhjausta on parasta kokonaisuuteen kuuluva kehitt\u00e4misohjelma. Toiminta-aika on 1.1.2018-31.12.2019 ja kehitt\u00e4misohjelmaa rahoittaa OKM. Kehitt\u00e4misohjelmassa pilotoitavat j\u00e4rjestelm\u00e4t ja sovellukset:","post_mailing_queue_ids":[],"_links":{"self":[{"href":"https:\/\/blogit.gradia.fi\/parastadigiohjausta\/wp-json\/wp\/v2\/pages\/17","targetHints":{"allow":["GET"]}}],"collection":[{"href":"https:\/\/blogit.gradia.fi\/parastadigiohjausta\/wp-json\/wp\/v2\/pages"}],"about":[{"href":"https:\/\/blogit.gradia.fi\/parastadigiohjausta\/wp-json\/wp\/v2\/types\/page"}],"author":[{"embeddable":true,"href":"https:\/\/blogit.gradia.fi\/parastadigiohjausta\/wp-json\/wp\/v2\/users\/75"}],"replies":[{"embeddable":true,"href":"https:\/\/blogit.gradia.fi\/parastadigiohjausta\/wp-json\/wp\/v2\/comments?post=17"}],"version-history":[{"count":8,"href":"https:\/\/blogit.gradia.fi\/parastadigiohjausta\/wp-json\/wp\/v2\/pages\/17\/revisions"}],"predecessor-version":[{"id":254,"href":"https:\/\/blogit.gradia.fi\/parastadigiohjausta\/wp-json\/wp\/v2\/pages\/17\/revisions\/254"}],"wp:attachment":[{"href":"https:\/\/blogit.gradia.fi\/parastadigiohjausta\/wp-json\/wp\/v2\/media?parent=17"}],"curies":[{"name":"wp","href":"https:\/\/api.w.org\/{rel}","templated":true}]}}