{"id":375,"date":"2018-05-22T15:48:49","date_gmt":"2018-05-22T12:48:49","guid":{"rendered":"https:\/\/blogit.gradia.fi\/parasta_osaamista\/?page_id=375"},"modified":"2019-08-29T12:42:19","modified_gmt":"2019-08-29T09:42:19","slug":"open-day-instruktioner","status":"publish","type":"page","link":"https:\/\/blogit.gradia.fi\/parasta_osaamista\/pa-svenska\/open-day\/open-day-instruktioner\/","title":{"rendered":"Open day instruktioner"},"content":{"rendered":"<h5><strong>INSTRUKTIONER F\u00d6R OPEN DAY<\/strong><\/h5>\n<p>\u00a0<\/p>\n<p>Skapa formul\u00e4r och \u00f6vriga filer i ert eget system med f\u00f6ljande instruktioner och modeller som utg\u00e5ngspunkt.<\/p>\n<p>\u00a0<\/p>\n<h6><strong>1. Planera genomf\u00f6randet<\/strong><\/h6>\n<p>Kom \u00f6verens med din f\u00f6rman om Open day-bes\u00f6ket och om praktiska saker som g\u00e4ller bes\u00f6ket.<\/p>\n<p>\u00a0<\/p>\n<h6><strong>2. Hitta en arbetsplats och kom \u00f6verens om ett bes\u00f6k<\/strong><\/h6>\n<p>Ta kontakt med en arbetsplats och kom \u00f6verens om bes\u00f6ket.<\/p>\n<p>Informera medarbetare och ansvarspersoner om arbetsplats och bes\u00f6ksdag. Det h\u00e4r motverkar att flera personer kontaktar samma f\u00f6retag. Du kan anv\u00e4nda en databas eller en <a href=\"https:\/\/blogit.gradia.fi\/parasta_osaamista\/wp-content\/uploads\/sites\/20\/2019\/02\/Open-Partner-kontakt-och-uppf%C3%B6ljning.xlsx\" target=\"_blank\" rel=\"noopener noreferrer\">excelfil\u00a0<\/a>som delas med personalen f\u00f6r att samla deltagaruppgifterna.<\/p>\n<h6>\u00a0<\/h6>\n<h6><strong>3. F\u00f6rbered dig f\u00f6r bes\u00f6ket<\/strong><\/h6>\n<p>F\u00f6rbered dig inf\u00f6r bes\u00f6ket genom att bekanta dig med materialet om den nya yrkesutbildningen samt ta med och l\u00e4mna kvar valda delar av material p\u00e5 arbetsplatsen. Du kan med f\u00f6rdel anv\u00e4nda B\u00e4sta kunnande material.<\/p>\n<p>\u00a0<\/p>\n<h6><strong>4. Bes\u00f6k arbetsplatsen!<\/strong><\/h6>\n<p>Tr\u00e4ffa arbetslivsrepresentanten enligt den avtalade tidtabellen.<br \/>Under bes\u00f6ket kan du anv\u00e4nda dig av f\u00e4rdigt utarbetade fr\u00e5gor\u00a0<\/p>\n<p><a href=\"https:\/\/blogit.gradia.fi\/parasta_osaamista\/wp-content\/uploads\/sites\/20\/2019\/08\/Open-Day-\u2013-samarbete-med-arbetslivet.pdf\" target=\"_blank\" rel=\"noopener noreferrer\">L\u00e4nk till fr\u00e5gorna.<\/a><\/p>\n<p>Beroende p\u00e5 bes\u00f6kets l\u00e4ngd och p\u00e5 arbetslivsrepresentanten \u00e4r m\u00e5let att ocks\u00e5 f\u00f6lja dennes arbetsdag och diskutera andra fr\u00e5gor som g\u00e4ller arbetsliv och samarbete.<\/p>\n<p>\u00a0<\/p>\n<h6><strong>5. Uppf\u00f6ljning efter bes\u00f6ket<\/strong><\/h6>\n<p>Besvara fr\u00e5gorna om du inte har gjort det tidigare. Ge respons p\u00e5 Open day -konceptet <a href=\"https:\/\/forms.office.com\/Pages\/ResponsePage.aspx?id=NijI_QlvO0Sb5ZA0BvkvsPOBaY7RLAdDvnelMq_MmAhUQUEwT0FVMlQ1RDNJOUFJVkJOTzFMSjVXMS4u\" target=\"_blank\" rel=\"noopener noreferrer\">elektroniskt<\/a> och dela med dig av dina erfarenheter inom teamet och organisationen.<\/p>\n<p>\u00a0<\/p>\n\n\n<p><\/p>\n","protected":false},"excerpt":{"rendered":"<p>INSTRUKTIONER F\u00d6R OPEN DAY \u00a0 Skapa formul\u00e4r och \u00f6vriga filer i ert eget system med f\u00f6ljande instruktioner och modeller som utg\u00e5ngspunkt. \u00a0 1. Planera genomf\u00f6randet Kom \u00f6verens med din f\u00f6rman om Open day-bes\u00f6ket och&#46;&#46;&#46;<\/p>\n","protected":false},"author":178,"featured_media":0,"parent":373,"menu_order":0,"comment_status":"closed","ping_status":"closed","template":"page-templates\/child-menu.php","meta":{"_uag_custom_page_level_css":"","footnotes":""},"class_list":["post-375","page","type-page","status-publish","hentry"],"yoast_head":"<!-- This site is optimized with the Yoast SEO plugin v27.4 - https:\/\/yoast.com\/product\/yoast-seo-wordpress\/ -->\n<title>Open day instruktioner - Parasta osaamista<\/title>\n<meta name=\"robots\" content=\"index, follow, max-snippet:-1, max-image-preview:large, max-video-preview:-1\" \/>\n<link rel=\"canonical\" href=\"https:\/\/blogit.gradia.fi\/parasta_osaamista\/pa-svenska\/open-day\/open-day-instruktioner\/\" \/>\n<meta property=\"og:locale\" content=\"fi_FI\" \/>\n<meta property=\"og:type\" content=\"article\" \/>\n<meta property=\"og:title\" content=\"Open day instruktioner - Parasta osaamista\" \/>\n<meta property=\"og:description\" content=\"INSTRUKTIONER F\u00d6R OPEN DAY \u00a0 Skapa formul\u00e4r och \u00f6vriga filer i ert eget system med f\u00f6ljande instruktioner och modeller som utg\u00e5ngspunkt. \u00a0 1. Planera genomf\u00f6randet Kom \u00f6verens med din f\u00f6rman om Open day-bes\u00f6ket och&#046;&#046;&#046;\" \/>\n<meta property=\"og:url\" content=\"https:\/\/blogit.gradia.fi\/parasta_osaamista\/pa-svenska\/open-day\/open-day-instruktioner\/\" \/>\n<meta property=\"og:site_name\" content=\"Parasta osaamista\" \/>\n<meta property=\"article:publisher\" content=\"https:\/\/www.facebook.com\/POsaamista\/\" \/>\n<meta property=\"article:modified_time\" content=\"2019-08-29T09:42:19+00:00\" \/>\n<meta name=\"twitter:card\" content=\"summary_large_image\" \/>\n<meta name=\"twitter:site\" content=\"@Posaaja_\" \/>\n<meta name=\"twitter:label1\" content=\"Arvioitu lukuaika\" \/>\n\t<meta name=\"twitter:data1\" content=\"1 minuutti\" \/>\n<script type=\"application\/ld+json\" class=\"yoast-schema-graph\">{\"@context\":\"https:\\\/\\\/schema.org\",\"@graph\":[{\"@type\":\"WebPage\",\"@id\":\"https:\\\/\\\/blogit.gradia.fi\\\/parasta_osaamista\\\/pa-svenska\\\/open-day\\\/open-day-instruktioner\\\/\",\"url\":\"https:\\\/\\\/blogit.gradia.fi\\\/parasta_osaamista\\\/pa-svenska\\\/open-day\\\/open-day-instruktioner\\\/\",\"name\":\"Open day instruktioner - Parasta osaamista\",\"isPartOf\":{\"@id\":\"https:\\\/\\\/blogit.gradia.fi\\\/parasta_osaamista\\\/#website\"},\"datePublished\":\"2018-05-22T12:48:49+00:00\",\"dateModified\":\"2019-08-29T09:42:19+00:00\",\"breadcrumb\":{\"@id\":\"https:\\\/\\\/blogit.gradia.fi\\\/parasta_osaamista\\\/pa-svenska\\\/open-day\\\/open-day-instruktioner\\\/#breadcrumb\"},\"inLanguage\":\"fi\",\"potentialAction\":[{\"@type\":\"ReadAction\",\"target\":[\"https:\\\/\\\/blogit.gradia.fi\\\/parasta_osaamista\\\/pa-svenska\\\/open-day\\\/open-day-instruktioner\\\/\"]}]},{\"@type\":\"BreadcrumbList\",\"@id\":\"https:\\\/\\\/blogit.gradia.fi\\\/parasta_osaamista\\\/pa-svenska\\\/open-day\\\/open-day-instruktioner\\\/#breadcrumb\",\"itemListElement\":[{\"@type\":\"ListItem\",\"position\":1,\"name\":\"B\u00e4sta kunnande\",\"item\":\"https:\\\/\\\/blogit.gradia.fi\\\/parasta_osaamista\\\/pa-svenska\\\/\"},{\"@type\":\"ListItem\",\"position\":2,\"name\":\"Open Day\",\"item\":\"https:\\\/\\\/blogit.gradia.fi\\\/parasta_osaamista\\\/pa-svenska\\\/open-day\\\/\"},{\"@type\":\"ListItem\",\"position\":3,\"name\":\"Open day instruktioner\"}]},{\"@type\":\"WebSite\",\"@id\":\"https:\\\/\\\/blogit.gradia.fi\\\/parasta_osaamista\\\/#website\",\"url\":\"https:\\\/\\\/blogit.gradia.fi\\\/parasta_osaamista\\\/\",\"name\":\"Parasta osaamista\",\"description\":\"Parasta osaamista -verkostohanke\",\"publisher\":{\"@id\":\"https:\\\/\\\/blogit.gradia.fi\\\/parasta_osaamista\\\/#organization\"},\"potentialAction\":[{\"@type\":\"SearchAction\",\"target\":{\"@type\":\"EntryPoint\",\"urlTemplate\":\"https:\\\/\\\/blogit.gradia.fi\\\/parasta_osaamista\\\/?s={search_term_string}\"},\"query-input\":{\"@type\":\"PropertyValueSpecification\",\"valueRequired\":true,\"valueName\":\"search_term_string\"}}],\"inLanguage\":\"fi\"},{\"@type\":\"Organization\",\"@id\":\"https:\\\/\\\/blogit.gradia.fi\\\/parasta_osaamista\\\/#organization\",\"name\":\"Parasta osaamista -verkostohanke\",\"url\":\"https:\\\/\\\/blogit.gradia.fi\\\/parasta_osaamista\\\/\",\"logo\":{\"@type\":\"ImageObject\",\"inLanguage\":\"fi\",\"@id\":\"https:\\\/\\\/blogit.gradia.fi\\\/parasta_osaamista\\\/#\\\/schema\\\/logo\\\/image\\\/\",\"url\":\"https:\\\/\\\/blogit.gradia.fi\\\/parasta_osaamista\\\/wp-content\\\/uploads\\\/sites\\\/20\\\/2018\\\/02\\\/parasta_osaamista_logo.jpg\",\"contentUrl\":\"https:\\\/\\\/blogit.gradia.fi\\\/parasta_osaamista\\\/wp-content\\\/uploads\\\/sites\\\/20\\\/2018\\\/02\\\/parasta_osaamista_logo.jpg\",\"width\":344,\"height\":334,\"caption\":\"Parasta osaamista -verkostohanke\"},\"image\":{\"@id\":\"https:\\\/\\\/blogit.gradia.fi\\\/parasta_osaamista\\\/#\\\/schema\\\/logo\\\/image\\\/\"},\"sameAs\":[\"https:\\\/\\\/www.facebook.com\\\/POsaamista\\\/\",\"https:\\\/\\\/x.com\\\/Posaaja_\",\"https:\\\/\\\/www.instagram.com\\\/parastaosaamista\\\/\",\"https:\\\/\\\/www.youtube.com\\\/channel\\\/UC7hv9jw0R6lS_Fmz5L9TUPw\"]}]}<\/script>\n<!-- \/ Yoast SEO plugin. -->","yoast_head_json":{"title":"Open day instruktioner - Parasta osaamista","robots":{"index":"index","follow":"follow","max-snippet":"max-snippet:-1","max-image-preview":"max-image-preview:large","max-video-preview":"max-video-preview:-1"},"canonical":"https:\/\/blogit.gradia.fi\/parasta_osaamista\/pa-svenska\/open-day\/open-day-instruktioner\/","og_locale":"fi_FI","og_type":"article","og_title":"Open day instruktioner - Parasta osaamista","og_description":"INSTRUKTIONER F\u00d6R OPEN DAY \u00a0 Skapa formul\u00e4r och \u00f6vriga filer i ert eget system med f\u00f6ljande instruktioner och modeller som utg\u00e5ngspunkt. \u00a0 1. Planera genomf\u00f6randet Kom \u00f6verens med din f\u00f6rman om Open day-bes\u00f6ket och&#46;&#46;&#46;","og_url":"https:\/\/blogit.gradia.fi\/parasta_osaamista\/pa-svenska\/open-day\/open-day-instruktioner\/","og_site_name":"Parasta osaamista","article_publisher":"https:\/\/www.facebook.com\/POsaamista\/","article_modified_time":"2019-08-29T09:42:19+00:00","twitter_card":"summary_large_image","twitter_site":"@Posaaja_","twitter_misc":{"Arvioitu lukuaika":"1 minuutti"},"schema":{"@context":"https:\/\/schema.org","@graph":[{"@type":"WebPage","@id":"https:\/\/blogit.gradia.fi\/parasta_osaamista\/pa-svenska\/open-day\/open-day-instruktioner\/","url":"https:\/\/blogit.gradia.fi\/parasta_osaamista\/pa-svenska\/open-day\/open-day-instruktioner\/","name":"Open day instruktioner - Parasta osaamista","isPartOf":{"@id":"https:\/\/blogit.gradia.fi\/parasta_osaamista\/#website"},"datePublished":"2018-05-22T12:48:49+00:00","dateModified":"2019-08-29T09:42:19+00:00","breadcrumb":{"@id":"https:\/\/blogit.gradia.fi\/parasta_osaamista\/pa-svenska\/open-day\/open-day-instruktioner\/#breadcrumb"},"inLanguage":"fi","potentialAction":[{"@type":"ReadAction","target":["https:\/\/blogit.gradia.fi\/parasta_osaamista\/pa-svenska\/open-day\/open-day-instruktioner\/"]}]},{"@type":"BreadcrumbList","@id":"https:\/\/blogit.gradia.fi\/parasta_osaamista\/pa-svenska\/open-day\/open-day-instruktioner\/#breadcrumb","itemListElement":[{"@type":"ListItem","position":1,"name":"B\u00e4sta kunnande","item":"https:\/\/blogit.gradia.fi\/parasta_osaamista\/pa-svenska\/"},{"@type":"ListItem","position":2,"name":"Open Day","item":"https:\/\/blogit.gradia.fi\/parasta_osaamista\/pa-svenska\/open-day\/"},{"@type":"ListItem","position":3,"name":"Open day instruktioner"}]},{"@type":"WebSite","@id":"https:\/\/blogit.gradia.fi\/parasta_osaamista\/#website","url":"https:\/\/blogit.gradia.fi\/parasta_osaamista\/","name":"Parasta osaamista","description":"Parasta osaamista -verkostohanke","publisher":{"@id":"https:\/\/blogit.gradia.fi\/parasta_osaamista\/#organization"},"potentialAction":[{"@type":"SearchAction","target":{"@type":"EntryPoint","urlTemplate":"https:\/\/blogit.gradia.fi\/parasta_osaamista\/?s={search_term_string}"},"query-input":{"@type":"PropertyValueSpecification","valueRequired":true,"valueName":"search_term_string"}}],"inLanguage":"fi"},{"@type":"Organization","@id":"https:\/\/blogit.gradia.fi\/parasta_osaamista\/#organization","name":"Parasta osaamista -verkostohanke","url":"https:\/\/blogit.gradia.fi\/parasta_osaamista\/","logo":{"@type":"ImageObject","inLanguage":"fi","@id":"https:\/\/blogit.gradia.fi\/parasta_osaamista\/#\/schema\/logo\/image\/","url":"https:\/\/blogit.gradia.fi\/parasta_osaamista\/wp-content\/uploads\/sites\/20\/2018\/02\/parasta_osaamista_logo.jpg","contentUrl":"https:\/\/blogit.gradia.fi\/parasta_osaamista\/wp-content\/uploads\/sites\/20\/2018\/02\/parasta_osaamista_logo.jpg","width":344,"height":334,"caption":"Parasta osaamista -verkostohanke"},"image":{"@id":"https:\/\/blogit.gradia.fi\/parasta_osaamista\/#\/schema\/logo\/image\/"},"sameAs":["https:\/\/www.facebook.com\/POsaamista\/","https:\/\/x.com\/Posaaja_","https:\/\/www.instagram.com\/parastaosaamista\/","https:\/\/www.youtube.com\/channel\/UC7hv9jw0R6lS_Fmz5L9TUPw"]}]}},"uagb_featured_image_src":{"full":false,"thumbnail":false,"medium":false,"medium_large":false,"large":false,"1536x1536":false,"2048x2048":false,"thumb-small":false,"thumb-standard":false,"thumb-medium":false,"thumb-large":false,"thumb-xlarge":false,"thumb-xxlarge":false},"uagb_author_info":{"display_name":"Sami Ahonen","author_link":"https:\/\/blogit.gradia.fi\/parasta_osaamista\/author\/ahonesam\/"},"uagb_comment_info":0,"uagb_excerpt":"INSTRUKTIONER F\u00d6R OPEN DAY \u00a0 Skapa formul\u00e4r och \u00f6vriga filer i ert eget system med f\u00f6ljande instruktioner och modeller som utg\u00e5ngspunkt. \u00a0 1. Planera genomf\u00f6randet Kom \u00f6verens med din f\u00f6rman om Open day-bes\u00f6ket och&#46;&#46;&#46;","_links":{"self":[{"href":"https:\/\/blogit.gradia.fi\/parasta_osaamista\/wp-json\/wp\/v2\/pages\/375","targetHints":{"allow":["GET"]}}],"collection":[{"href":"https:\/\/blogit.gradia.fi\/parasta_osaamista\/wp-json\/wp\/v2\/pages"}],"about":[{"href":"https:\/\/blogit.gradia.fi\/parasta_osaamista\/wp-json\/wp\/v2\/types\/page"}],"author":[{"embeddable":true,"href":"https:\/\/blogit.gradia.fi\/parasta_osaamista\/wp-json\/wp\/v2\/users\/178"}],"replies":[{"embeddable":true,"href":"https:\/\/blogit.gradia.fi\/parasta_osaamista\/wp-json\/wp\/v2\/comments?post=375"}],"version-history":[{"count":6,"href":"https:\/\/blogit.gradia.fi\/parasta_osaamista\/wp-json\/wp\/v2\/pages\/375\/revisions"}],"predecessor-version":[{"id":2961,"href":"https:\/\/blogit.gradia.fi\/parasta_osaamista\/wp-json\/wp\/v2\/pages\/375\/revisions\/2961"}],"up":[{"embeddable":true,"href":"https:\/\/blogit.gradia.fi\/parasta_osaamista\/wp-json\/wp\/v2\/pages\/373"}],"wp:attachment":[{"href":"https:\/\/blogit.gradia.fi\/parasta_osaamista\/wp-json\/wp\/v2\/media?parent=375"}],"curies":[{"name":"wp","href":"https:\/\/api.w.org\/{rel}","templated":true}]}}