{"id":3125,"date":"2019-10-11T14:22:18","date_gmt":"2019-10-11T11:22:18","guid":{"rendered":"https:\/\/blogit.gradia.fi\/parasta_osaamista\/?page_id=3125"},"modified":"2019-10-22T13:04:07","modified_gmt":"2019-10-22T10:04:07","slug":"tips-pa-hur-studerande-tranas-att-mota-arbetslivet","status":"publish","type":"page","link":"https:\/\/blogit.gradia.fi\/parasta_osaamista\/pa-svenska\/studerande-som-behover-stod\/tips-pa-hur-studerande-tranas-att-mota-arbetslivet\/","title":{"rendered":"Tips p\u00e5 hur studerande tr\u00e4nas att m\u00f6ta arbetslivet"},"content":{"rendered":"\n<p><strong>H\u00e4r har vi samlat <\/strong><strong>exempel p\u00e5 verksamhetsmodell<\/strong><strong>er och<\/strong><strong> st\u00f6d<\/strong><strong>material<\/strong><strong> som<\/strong><strong> <\/strong><strong>tr\u00e4nar studerande att m\u00f6ta arbetslivet. Materialet omfattar f\u00f6ljande teman:<\/strong>&nbsp;<\/p>\n\n\n\n<ul class=\"wp-block-list\"><li>Arbetslivsf\u00e4rdigheterna utvecklas i l\u00e4rmilj\u00f6er&nbsp;<\/li><li>Synligg\u00f6r studerandes styrkor&nbsp;&nbsp;<\/li><li>Responsen har betydelse&nbsp;<\/li><li>Arbetsplatsen som l\u00e4rmilj\u00f6&nbsp;<\/li><li>I b\u00f6rjan beh\u00f6vs handledning, st\u00f6d och tid&nbsp;<\/li><li>Studerandes checklista f\u00f6r l\u00e4rande i arbetslivet&nbsp;&nbsp;<\/li><li>Guide om bed\u00f6mning av kunnande f\u00f6r studerande&nbsp;<\/li><\/ul>\n\n\n\n<p>En planerad tr\u00e4ning, bra handledning och st\u00f6d vid r\u00e4tt tidpunkt samt respons \u00e4r nyckelfaktorer l\u00e4ngs v\u00e4gen till arbetslivet f\u00f6r en studerande som beh\u00f6ver st\u00f6d.&nbsp; Vi \u00e4r alla noviser n\u00e4r vi b\u00f6rjar p\u00e5 en ny arbetsplats eller f\u00e5r helt nya arbetsuppgifter. F\u00f6r en studerande som beh\u00f6ver st\u00f6d \u00e4r den f\u00f6rsta kontakten med arbetslivet en sp\u00e4nnande erfarenhet. Studerande kan k\u00e4nna os\u00e4kerhet om sin egen f\u00f6rm\u00e5ga. Med en lyckad f\u00f6rberedelse och tr\u00e4ning f\u00f6r att m\u00f6ta arbetslivet utvecklas studerandes sj\u00e4lvf\u00f6rtroende och medvetenheten om kompetensutvecklingen inom den egna branschen st\u00e4rks.&nbsp;&nbsp;<\/p>\n\n\n\n<p><strong>Arbetslivsf\u00e4rdigheterna utvecklas i l\u00e4rmilj\u00f6er<\/strong>&nbsp;<\/p>\n\n\n\n<p>L\u00e4roanstaltens arbetslivsn\u00e4ra l\u00e4rmilj\u00f6er st\u00e4rker de grundf\u00e4rdigheter som studerande beh\u00f6ver i arbetslivet. Studerande arbetar i en bekant milj\u00f6 med st\u00f6d och med bekanta arbetsuppgifter vilket utvecklar b\u00e5de kunnandet om branschen och interaktionsf\u00e4rdigheterna. Arbete i arbetslivsn\u00e4ra milj\u00f6er hj\u00e4lper ocks\u00e5 studerande att se sina egna starka sidor, vilket studerande har nytta av b\u00e5de under studietiden och i arbetslivet.&nbsp;<\/p>\n\n\n\n<p><a href=\"https:\/\/blogit.gradia.fi\/parasta_osaamista\/pa-svenska\/forvarvande-av-kunnande-i-arbetslivet\/mangsidiga-larmiljoer\/\">Exempel p\u00e5 arbetslivsn\u00e4ra l\u00e4rmilj\u00f6er<\/a> <\/p>\n\n\n\n<p><strong>Synligg\u00f6r studerandes styrkor&nbsp;<\/strong>&nbsp;<\/p>\n\n\n\n<p>F\u00f6r ett lyckat l\u00e4rande i arbetslivet f\u00f6ruts\u00e4tts en gemensam f\u00f6rst\u00e5else f\u00f6r vad studerande ska l\u00e4ra sig och hurudant st\u00f6d studerande beh\u00f6ver. Det \u00e4r bra att inleda f\u00f6rberedelserna f\u00f6r l\u00e4rande i arbetslivet genom att studerande synligg\u00f6r sina egna styrkor och grundl\u00e4ggande f\u00e4rdigheter. Studerande kan g\u00f6ra en poster d\u00e4r han\/hon presenterar sig sj\u00e4lv. Den h\u00e4r postern kan anv\u00e4ndas som hj\u00e4lpmedel vid planering och handledning p\u00e5 arbetsplatsen. I postern ber\u00e4ttar studerande om sig sj\u00e4lv, studierna och sina styrkor. Samtidigt kan studerande ber\u00e4tta hurudan handledning och hurudant st\u00f6d hen har b\u00e4st nytta av p\u00e5 arbetsplatsen. P\u00e5 det h\u00e4r s\u00e4ttet st\u00f6ds studerande i att vara aktiv i planeringen av handledning och st\u00f6d.&nbsp;<\/p>\n\n\n\n<p>Exempel p\u00e5 poster f\u00f6r presentation finns h\u00e4r i l\u00e4nken.&nbsp;<\/p>\n\n\n\n<p><strong>Responsen<\/strong><strong> <\/strong><strong>har<\/strong><strong> <\/strong><strong>betydelse<\/strong>&nbsp;<\/p>\n\n\n\n<p>Uppmuntrande respons p\u00e5 r\u00e4tt tid \u00e4ven f\u00f6r sm\u00e5 framsteg \u00e4r betydelsefullt f\u00f6r studerandes utveckling och motivation. I responsdiskussionen konkretiseras studerandes kunnande och m\u00e5ls\u00e4ttningarna f\u00f6rtydligas samtidigt som studerandes f\u00f6rm\u00e5ga till sj\u00e4lvv\u00e4rdering utvecklas.&nbsp;&nbsp;&nbsp;<\/p>\n\n\n\n<p>Exempel p\u00e5 sj\u00e4lvv\u00e4rderingsblankett finns h\u00e4r i l\u00e4nken.&nbsp;&nbsp;<\/p>\n\n\n\n<p><strong>Arbetsplatsen som l\u00e4rmilj\u00f6<\/strong>&nbsp;<\/p>\n\n\n\n<p>Tack vare l\u00e4roanstalternas och arbetslivets m\u00e5ngsidiga kompanjonskap kan en allt st\u00f6rre dela av studerandes handledning i \u00e4kta arbetslivsmilj\u00f6 p\u00e5 arbetsplatser.&nbsp; D\u00e5 \u00e4r l\u00e4raren med i arbetstagarnas vardag och handleder studerandes l\u00e4rande tillsammans med arbetstagarna. P\u00e5 det h\u00e4r s\u00e4ttet blir studerande bekanta f\u00f6r arbetsplatserna, vilket leder till att r\u00e4tt studerande och r\u00e4tt arbetsplats har l\u00e4ttare att m\u00f6tas.&nbsp;&nbsp;<\/p>\n\n\n\n<p>Exempel p\u00e5 arbetslivets och l\u00e4roanstalternas m\u00e5ngsidiga kompanjonskap finns h\u00e4r i l\u00e4nken.&nbsp;&nbsp;<\/p>\n\n\n\n<p><strong>I b\u00f6rjan beh\u00f6vs handledning, st\u00f6d och tid<\/strong>&nbsp;<\/p>\n\n\n\n<p>N\u00e4r studerande har tillr\u00e4ckliga arbetslivsf\u00e4rdigheter deltar l\u00e4roanstaltens handledningspersonal som st\u00f6d f\u00f6r studerande n\u00e4r han\/hon \u00f6verg\u00e5r till att f\u00f6rv\u00e4rva kunnande genom utbildnings- eller l\u00e4roavtal p\u00e5 en arbetsplats.&nbsp;<\/p>\n\n\n\n<p>L\u00e4randet i arbetslivet och handledningen genomf\u00f6rs i n\u00e4ra samarbete med arbetstagarna p\u00e5 arbetsplatsen som samtidigt sparras i bem\u00f6tande och handledning av studerande.&nbsp;&nbsp;<\/p>\n\n\n\n<p>I den h\u00e4r l\u00e4nken finns tips, hur studerandes f\u00e4rdigheter kan beaktas i handledningen under l\u00e4rande i arbetslivet.&nbsp;&nbsp;<\/p>\n\n\n\n<p><strong>Studerandes checklista f\u00f6r l\u00e4rande i arbetslivet&nbsp;<\/strong>&nbsp;<\/p>\n\n\n\n<p>I planeringen av l\u00e4randet i arbetslivet, \u00f6verenskommelser om handledning och genomf\u00f6rande av l\u00e4rande i arbetslivet ing\u00e5r m\u00e5nga praktiska saker. Checklistan f\u00f6r l\u00e4rande i arbetslivet klarg\u00f6r hela processen f\u00f6r l\u00e4rande i arbetslivet och p\u00e5minner om detaljer som ing\u00e5r.&nbsp;&nbsp;<\/p>\n\n\n\n<p>Studerandes checklista f\u00f6r l\u00e4rande i arbetslivet finns i l\u00e4nken.&nbsp;&nbsp;&nbsp;<\/p>\n\n\n\n<p><strong>Guide om bed\u00f6mning av kunnande f\u00f6r studerande&nbsp;<\/strong>&nbsp;<\/p>\n\n\n\n<p>I den h\u00e4r l\u00e4nken finns guide om bed\u00f6mning av kunnande f\u00f6r studerande.&nbsp;<\/p>\n\n\n\n<p>Bed\u00f6mning av kunnande \u00e4r en betydelsefull del av studerandes studiev\u00e4g. Med hj\u00e4lp av bed\u00f6mningen f\u00e5r studerande en uppfattning om hurudant kunnande han\/hon har. N\u00e4r bed\u00f6mningen \u00e4r objektiv och kriteriebaserad uppn\u00e5s likabehandling av studerande.&nbsp; I guide f\u00f6r bed\u00f6mning av kunnande har det centrala om bed\u00f6mning av kunnande samlats.&nbsp;&nbsp;&nbsp;<\/p>\n\n\n\n<p>Allt material som har n\u00e4mnts i texten har producerats av n\u00e4tverksprojektet B\u00e4sta kunnande.&nbsp;<\/p>\n\n\n\n<p>Till\u00e4ggsuppgifter av artikelf\u00f6rfattaren: Rita Hintsala, pedagogisk koordinator, Ammattiopisto Spesia, puh. 044 765 1311,\u202f<a rel=\"noreferrer noopener\" href=\"https:\/\/blogit.gradia.fi\/parasta_osaamista\/2019\/10\/07\/vinkkeja-opiskelijan-valmentautumiseen-kohti-tyoelamaa\/rita.hintsala@spesia.fi\" target=\"_blank\">rita.hintsala@spesia.fi<\/a> <a rel=\"noreferrer noopener\" href=\"http:\/\/www.spesia.fi\/\" target=\"_blank\">www.spesia.fi\ufeff<\/a>&nbsp;<\/p>\n\n\n\n<p>Till\u00e4ggsuppgifter och material finns ocks\u00e5 p\u00e5 n\u00e4tverksprojektets webbsida:\u202f<a href=\"http:\/\/bit.ly\/posaaja\" target=\"_blank\" rel=\"noreferrer noopener\">bit.ly\/posaaja<\/a>&nbsp;<\/p>\n\n\n\n<p>Facebook: @POsaamista&nbsp;<br>Instagram: parastaosaamista&nbsp;<br>Twitter: @Posaaja_&nbsp;<br>Youtube: parasta osaamista&nbsp;<\/p>\n","protected":false},"excerpt":{"rendered":"<p>H\u00e4r har vi samlat exempel p\u00e5 verksamhetsmodeller och st\u00f6dmaterial som tr\u00e4nar studerande att m\u00f6ta arbetslivet. Materialet omfattar f\u00f6ljande teman:&nbsp; Arbetslivsf\u00e4rdigheterna utvecklas i l\u00e4rmilj\u00f6er&nbsp; Synligg\u00f6r studerandes styrkor&nbsp;&nbsp; Responsen har betydelse&nbsp; Arbetsplatsen som l\u00e4rmilj\u00f6&nbsp; I b\u00f6rjan&#46;&#46;&#46;<\/p>\n","protected":false},"author":152,"featured_media":0,"parent":3120,"menu_order":0,"comment_status":"closed","ping_status":"closed","template":"","meta":{"_uag_custom_page_level_css":"","footnotes":""},"class_list":["post-3125","page","type-page","status-publish","hentry"],"yoast_head":"<!-- This site is optimized with the Yoast SEO plugin v27.4 - https:\/\/yoast.com\/product\/yoast-seo-wordpress\/ -->\n<title>Tips p\u00e5 hur studerande tr\u00e4nas att m\u00f6ta arbetslivet - Parasta osaamista<\/title>\n<meta name=\"robots\" content=\"index, follow, max-snippet:-1, max-image-preview:large, max-video-preview:-1\" \/>\n<link rel=\"canonical\" href=\"https:\/\/blogit.gradia.fi\/parasta_osaamista\/pa-svenska\/studerande-som-behover-stod\/tips-pa-hur-studerande-tranas-att-mota-arbetslivet\/\" \/>\n<meta property=\"og:locale\" content=\"fi_FI\" \/>\n<meta property=\"og:type\" content=\"article\" \/>\n<meta property=\"og:title\" content=\"Tips p\u00e5 hur studerande tr\u00e4nas att m\u00f6ta arbetslivet - Parasta osaamista\" \/>\n<meta property=\"og:description\" content=\"H\u00e4r har vi samlat exempel p\u00e5 verksamhetsmodeller och st\u00f6dmaterial som tr\u00e4nar studerande att m\u00f6ta arbetslivet. Materialet omfattar f\u00f6ljande teman:&nbsp; Arbetslivsf\u00e4rdigheterna utvecklas i l\u00e4rmilj\u00f6er&nbsp; Synligg\u00f6r studerandes styrkor&nbsp;&nbsp; Responsen har betydelse&nbsp; Arbetsplatsen som l\u00e4rmilj\u00f6&nbsp; I b\u00f6rjan&#046;&#046;&#046;\" \/>\n<meta property=\"og:url\" content=\"https:\/\/blogit.gradia.fi\/parasta_osaamista\/pa-svenska\/studerande-som-behover-stod\/tips-pa-hur-studerande-tranas-att-mota-arbetslivet\/\" \/>\n<meta property=\"og:site_name\" content=\"Parasta osaamista\" \/>\n<meta property=\"article:publisher\" content=\"https:\/\/www.facebook.com\/POsaamista\/\" \/>\n<meta property=\"article:modified_time\" content=\"2019-10-22T10:04:07+00:00\" \/>\n<meta name=\"twitter:card\" content=\"summary_large_image\" \/>\n<meta name=\"twitter:site\" content=\"@Posaaja_\" \/>\n<meta name=\"twitter:label1\" content=\"Arvioitu lukuaika\" \/>\n\t<meta name=\"twitter:data1\" content=\"5 minuuttia\" \/>\n<script type=\"application\/ld+json\" class=\"yoast-schema-graph\">{\"@context\":\"https:\\\/\\\/schema.org\",\"@graph\":[{\"@type\":\"WebPage\",\"@id\":\"https:\\\/\\\/blogit.gradia.fi\\\/parasta_osaamista\\\/pa-svenska\\\/studerande-som-behover-stod\\\/tips-pa-hur-studerande-tranas-att-mota-arbetslivet\\\/\",\"url\":\"https:\\\/\\\/blogit.gradia.fi\\\/parasta_osaamista\\\/pa-svenska\\\/studerande-som-behover-stod\\\/tips-pa-hur-studerande-tranas-att-mota-arbetslivet\\\/\",\"name\":\"Tips p\u00e5 hur studerande tr\u00e4nas att m\u00f6ta arbetslivet - Parasta osaamista\",\"isPartOf\":{\"@id\":\"https:\\\/\\\/blogit.gradia.fi\\\/parasta_osaamista\\\/#website\"},\"datePublished\":\"2019-10-11T11:22:18+00:00\",\"dateModified\":\"2019-10-22T10:04:07+00:00\",\"breadcrumb\":{\"@id\":\"https:\\\/\\\/blogit.gradia.fi\\\/parasta_osaamista\\\/pa-svenska\\\/studerande-som-behover-stod\\\/tips-pa-hur-studerande-tranas-att-mota-arbetslivet\\\/#breadcrumb\"},\"inLanguage\":\"fi\",\"potentialAction\":[{\"@type\":\"ReadAction\",\"target\":[\"https:\\\/\\\/blogit.gradia.fi\\\/parasta_osaamista\\\/pa-svenska\\\/studerande-som-behover-stod\\\/tips-pa-hur-studerande-tranas-att-mota-arbetslivet\\\/\"]}]},{\"@type\":\"BreadcrumbList\",\"@id\":\"https:\\\/\\\/blogit.gradia.fi\\\/parasta_osaamista\\\/pa-svenska\\\/studerande-som-behover-stod\\\/tips-pa-hur-studerande-tranas-att-mota-arbetslivet\\\/#breadcrumb\",\"itemListElement\":[{\"@type\":\"ListItem\",\"position\":1,\"name\":\"B\u00e4sta kunnande\",\"item\":\"https:\\\/\\\/blogit.gradia.fi\\\/parasta_osaamista\\\/pa-svenska\\\/\"},{\"@type\":\"ListItem\",\"position\":2,\"name\":\"Studerande som beh\u00f6ver st\u00f6d\",\"item\":\"https:\\\/\\\/blogit.gradia.fi\\\/parasta_osaamista\\\/pa-svenska\\\/studerande-som-behover-stod\\\/\"},{\"@type\":\"ListItem\",\"position\":3,\"name\":\"Tips p\u00e5 hur studerande tr\u00e4nas att m\u00f6ta arbetslivet\"}]},{\"@type\":\"WebSite\",\"@id\":\"https:\\\/\\\/blogit.gradia.fi\\\/parasta_osaamista\\\/#website\",\"url\":\"https:\\\/\\\/blogit.gradia.fi\\\/parasta_osaamista\\\/\",\"name\":\"Parasta osaamista\",\"description\":\"Parasta osaamista -verkostohanke\",\"publisher\":{\"@id\":\"https:\\\/\\\/blogit.gradia.fi\\\/parasta_osaamista\\\/#organization\"},\"potentialAction\":[{\"@type\":\"SearchAction\",\"target\":{\"@type\":\"EntryPoint\",\"urlTemplate\":\"https:\\\/\\\/blogit.gradia.fi\\\/parasta_osaamista\\\/?s={search_term_string}\"},\"query-input\":{\"@type\":\"PropertyValueSpecification\",\"valueRequired\":true,\"valueName\":\"search_term_string\"}}],\"inLanguage\":\"fi\"},{\"@type\":\"Organization\",\"@id\":\"https:\\\/\\\/blogit.gradia.fi\\\/parasta_osaamista\\\/#organization\",\"name\":\"Parasta osaamista -verkostohanke\",\"url\":\"https:\\\/\\\/blogit.gradia.fi\\\/parasta_osaamista\\\/\",\"logo\":{\"@type\":\"ImageObject\",\"inLanguage\":\"fi\",\"@id\":\"https:\\\/\\\/blogit.gradia.fi\\\/parasta_osaamista\\\/#\\\/schema\\\/logo\\\/image\\\/\",\"url\":\"https:\\\/\\\/blogit.gradia.fi\\\/parasta_osaamista\\\/wp-content\\\/uploads\\\/sites\\\/20\\\/2018\\\/02\\\/parasta_osaamista_logo.jpg\",\"contentUrl\":\"https:\\\/\\\/blogit.gradia.fi\\\/parasta_osaamista\\\/wp-content\\\/uploads\\\/sites\\\/20\\\/2018\\\/02\\\/parasta_osaamista_logo.jpg\",\"width\":344,\"height\":334,\"caption\":\"Parasta osaamista -verkostohanke\"},\"image\":{\"@id\":\"https:\\\/\\\/blogit.gradia.fi\\\/parasta_osaamista\\\/#\\\/schema\\\/logo\\\/image\\\/\"},\"sameAs\":[\"https:\\\/\\\/www.facebook.com\\\/POsaamista\\\/\",\"https:\\\/\\\/x.com\\\/Posaaja_\",\"https:\\\/\\\/www.instagram.com\\\/parastaosaamista\\\/\",\"https:\\\/\\\/www.youtube.com\\\/channel\\\/UC7hv9jw0R6lS_Fmz5L9TUPw\"]}]}<\/script>\n<!-- \/ Yoast SEO plugin. -->","yoast_head_json":{"title":"Tips p\u00e5 hur studerande tr\u00e4nas att m\u00f6ta arbetslivet - Parasta osaamista","robots":{"index":"index","follow":"follow","max-snippet":"max-snippet:-1","max-image-preview":"max-image-preview:large","max-video-preview":"max-video-preview:-1"},"canonical":"https:\/\/blogit.gradia.fi\/parasta_osaamista\/pa-svenska\/studerande-som-behover-stod\/tips-pa-hur-studerande-tranas-att-mota-arbetslivet\/","og_locale":"fi_FI","og_type":"article","og_title":"Tips p\u00e5 hur studerande tr\u00e4nas att m\u00f6ta arbetslivet - Parasta osaamista","og_description":"H\u00e4r har vi samlat exempel p\u00e5 verksamhetsmodeller och st\u00f6dmaterial som tr\u00e4nar studerande att m\u00f6ta arbetslivet. Materialet omfattar f\u00f6ljande teman:&nbsp; Arbetslivsf\u00e4rdigheterna utvecklas i l\u00e4rmilj\u00f6er&nbsp; Synligg\u00f6r studerandes styrkor&nbsp;&nbsp; Responsen har betydelse&nbsp; Arbetsplatsen som l\u00e4rmilj\u00f6&nbsp; I b\u00f6rjan&#46;&#46;&#46;","og_url":"https:\/\/blogit.gradia.fi\/parasta_osaamista\/pa-svenska\/studerande-som-behover-stod\/tips-pa-hur-studerande-tranas-att-mota-arbetslivet\/","og_site_name":"Parasta osaamista","article_publisher":"https:\/\/www.facebook.com\/POsaamista\/","article_modified_time":"2019-10-22T10:04:07+00:00","twitter_card":"summary_large_image","twitter_site":"@Posaaja_","twitter_misc":{"Arvioitu lukuaika":"5 minuuttia"},"schema":{"@context":"https:\/\/schema.org","@graph":[{"@type":"WebPage","@id":"https:\/\/blogit.gradia.fi\/parasta_osaamista\/pa-svenska\/studerande-som-behover-stod\/tips-pa-hur-studerande-tranas-att-mota-arbetslivet\/","url":"https:\/\/blogit.gradia.fi\/parasta_osaamista\/pa-svenska\/studerande-som-behover-stod\/tips-pa-hur-studerande-tranas-att-mota-arbetslivet\/","name":"Tips p\u00e5 hur studerande tr\u00e4nas att m\u00f6ta arbetslivet - Parasta osaamista","isPartOf":{"@id":"https:\/\/blogit.gradia.fi\/parasta_osaamista\/#website"},"datePublished":"2019-10-11T11:22:18+00:00","dateModified":"2019-10-22T10:04:07+00:00","breadcrumb":{"@id":"https:\/\/blogit.gradia.fi\/parasta_osaamista\/pa-svenska\/studerande-som-behover-stod\/tips-pa-hur-studerande-tranas-att-mota-arbetslivet\/#breadcrumb"},"inLanguage":"fi","potentialAction":[{"@type":"ReadAction","target":["https:\/\/blogit.gradia.fi\/parasta_osaamista\/pa-svenska\/studerande-som-behover-stod\/tips-pa-hur-studerande-tranas-att-mota-arbetslivet\/"]}]},{"@type":"BreadcrumbList","@id":"https:\/\/blogit.gradia.fi\/parasta_osaamista\/pa-svenska\/studerande-som-behover-stod\/tips-pa-hur-studerande-tranas-att-mota-arbetslivet\/#breadcrumb","itemListElement":[{"@type":"ListItem","position":1,"name":"B\u00e4sta kunnande","item":"https:\/\/blogit.gradia.fi\/parasta_osaamista\/pa-svenska\/"},{"@type":"ListItem","position":2,"name":"Studerande som beh\u00f6ver st\u00f6d","item":"https:\/\/blogit.gradia.fi\/parasta_osaamista\/pa-svenska\/studerande-som-behover-stod\/"},{"@type":"ListItem","position":3,"name":"Tips p\u00e5 hur studerande tr\u00e4nas att m\u00f6ta arbetslivet"}]},{"@type":"WebSite","@id":"https:\/\/blogit.gradia.fi\/parasta_osaamista\/#website","url":"https:\/\/blogit.gradia.fi\/parasta_osaamista\/","name":"Parasta osaamista","description":"Parasta osaamista -verkostohanke","publisher":{"@id":"https:\/\/blogit.gradia.fi\/parasta_osaamista\/#organization"},"potentialAction":[{"@type":"SearchAction","target":{"@type":"EntryPoint","urlTemplate":"https:\/\/blogit.gradia.fi\/parasta_osaamista\/?s={search_term_string}"},"query-input":{"@type":"PropertyValueSpecification","valueRequired":true,"valueName":"search_term_string"}}],"inLanguage":"fi"},{"@type":"Organization","@id":"https:\/\/blogit.gradia.fi\/parasta_osaamista\/#organization","name":"Parasta osaamista -verkostohanke","url":"https:\/\/blogit.gradia.fi\/parasta_osaamista\/","logo":{"@type":"ImageObject","inLanguage":"fi","@id":"https:\/\/blogit.gradia.fi\/parasta_osaamista\/#\/schema\/logo\/image\/","url":"https:\/\/blogit.gradia.fi\/parasta_osaamista\/wp-content\/uploads\/sites\/20\/2018\/02\/parasta_osaamista_logo.jpg","contentUrl":"https:\/\/blogit.gradia.fi\/parasta_osaamista\/wp-content\/uploads\/sites\/20\/2018\/02\/parasta_osaamista_logo.jpg","width":344,"height":334,"caption":"Parasta osaamista -verkostohanke"},"image":{"@id":"https:\/\/blogit.gradia.fi\/parasta_osaamista\/#\/schema\/logo\/image\/"},"sameAs":["https:\/\/www.facebook.com\/POsaamista\/","https:\/\/x.com\/Posaaja_","https:\/\/www.instagram.com\/parastaosaamista\/","https:\/\/www.youtube.com\/channel\/UC7hv9jw0R6lS_Fmz5L9TUPw"]}]}},"uagb_featured_image_src":{"full":false,"thumbnail":false,"medium":false,"medium_large":false,"large":false,"1536x1536":false,"2048x2048":false,"thumb-small":false,"thumb-standard":false,"thumb-medium":false,"thumb-large":false,"thumb-xlarge":false,"thumb-xxlarge":false},"uagb_author_info":{"display_name":"Anna Saari","author_link":"https:\/\/blogit.gradia.fi\/parasta_osaamista\/author\/palviann\/"},"uagb_comment_info":0,"uagb_excerpt":"H\u00e4r har vi samlat exempel p\u00e5 verksamhetsmodeller och st\u00f6dmaterial som tr\u00e4nar studerande att m\u00f6ta arbetslivet. Materialet omfattar f\u00f6ljande teman:&nbsp; Arbetslivsf\u00e4rdigheterna utvecklas i l\u00e4rmilj\u00f6er&nbsp; Synligg\u00f6r studerandes styrkor&nbsp;&nbsp; Responsen har betydelse&nbsp; Arbetsplatsen som l\u00e4rmilj\u00f6&nbsp; I b\u00f6rjan&#46;&#46;&#46;","_links":{"self":[{"href":"https:\/\/blogit.gradia.fi\/parasta_osaamista\/wp-json\/wp\/v2\/pages\/3125","targetHints":{"allow":["GET"]}}],"collection":[{"href":"https:\/\/blogit.gradia.fi\/parasta_osaamista\/wp-json\/wp\/v2\/pages"}],"about":[{"href":"https:\/\/blogit.gradia.fi\/parasta_osaamista\/wp-json\/wp\/v2\/types\/page"}],"author":[{"embeddable":true,"href":"https:\/\/blogit.gradia.fi\/parasta_osaamista\/wp-json\/wp\/v2\/users\/152"}],"replies":[{"embeddable":true,"href":"https:\/\/blogit.gradia.fi\/parasta_osaamista\/wp-json\/wp\/v2\/comments?post=3125"}],"version-history":[{"count":3,"href":"https:\/\/blogit.gradia.fi\/parasta_osaamista\/wp-json\/wp\/v2\/pages\/3125\/revisions"}],"predecessor-version":[{"id":3209,"href":"https:\/\/blogit.gradia.fi\/parasta_osaamista\/wp-json\/wp\/v2\/pages\/3125\/revisions\/3209"}],"up":[{"embeddable":true,"href":"https:\/\/blogit.gradia.fi\/parasta_osaamista\/wp-json\/wp\/v2\/pages\/3120"}],"wp:attachment":[{"href":"https:\/\/blogit.gradia.fi\/parasta_osaamista\/wp-json\/wp\/v2\/media?parent=3125"}],"curies":[{"name":"wp","href":"https:\/\/api.w.org\/{rel}","templated":true}]}}