{"id":198,"date":"2018-04-11T09:01:58","date_gmt":"2018-04-11T06:01:58","guid":{"rendered":"https:\/\/blogit.gradia.fi\/parastatestia\/?page_id=198"},"modified":"2018-09-14T10:34:55","modified_gmt":"2018-09-14T07:34:55","slug":"linkit","status":"publish","type":"page","link":"https:\/\/blogit.gradia.fi\/parasta_osaamista\/linkit\/","title":{"rendered":"Linkkej\u00e4"},"content":{"rendered":"<p><strong><em>Mik\u00e4 muuttuu:<\/em><\/strong><strong><em>\u00a0<\/em><\/strong><\/p>\n<ul>\n<li><a href=\"http:\/\/minedu.fi\/documents\/1410845\/4297550\/OKM+AKR+mika+muuttuu+opiskelija.pdf\/6952c82f-92af-4c9d-853b-7e1ed1b3ed7b\/OKM+AKR+mika+muuttuu+opiskelija.pdf.pdf\" target=\"_blank\" rel=\"noopener\">opiskelijalle<\/a><\/li>\n<li><a href=\"http:\/\/minedu.fi\/documents\/1410845\/4297550\/OKM+AKR+mika+muuttuu+jarjestajalle.pdf\/43824d21-bf2a-4a57-a872-b3bcd3f01b67\" target=\"_blank\" rel=\"noopener\">koulutuksen j\u00e4rjest\u00e4j\u00e4lle<\/a><\/li>\n<li><a href=\"http:\/\/minedu.fi\/documents\/1410845\/4297550\/OKM_AKR_mika_muuttuu_tyoelama.pdf\/9f7fb2b6-ab52-4dc1-861e-a1fc5aace194\" target=\"_blank\" rel=\"noopener\">ty\u00f6el\u00e4m\u00e4lle<\/a><\/li>\n<\/ul>\n<p><em>\u00a0<\/em><\/p>\n<p><strong><em>Infograafeja:<\/em><\/strong><strong><em>\u00a0<\/em><\/strong><\/p>\n<ul>\n<li><a href=\"http:\/\/minedu.fi\/documents\/1410845\/4297550\/Pallurat_ammatillinen_koulutus_uudistuu_B_130417.pdf\/4238f273-79ab-49ef-a06a-7ee3a7e854da\" target=\"_blank\" rel=\"noopener\">Mit\u00e4 reformissa tehd\u00e4\u00e4n<\/a><\/li>\n<li><a href=\"http:\/\/minedu.fi\/documents\/1410845\/4297550\/OKM_Ohjausjarjestelma_0805.pdf\/096ae6b1-6ead-4129-aca4-e6e00ff4fc98\" target=\"_blank\" rel=\"noopener\">Ohjaus- ja s\u00e4\u00e4telyj\u00e4rjestelm\u00e4<\/a><\/li>\n<li><a href=\"http:\/\/minedu.fi\/documents\/1410845\/4297550\/OKM+henkilokohtaistaminen+151217.pdf\/67d8bf42-24ad-4b9e-9a83-910b32e7f01a\" target=\"_blank\" rel=\"noopener\">Henkil\u00f6kohtaistaminen<\/a><\/li>\n<li><a href=\"http:\/\/minedu.fi\/documents\/1410845\/4297550\/OKM_osaamisperusteisuus_B_suomi.pdf\/e1b1513b-4101-4169-b0f6-a6b958e725d5\" target=\"_blank\" rel=\"noopener\">Osaamisperusteisuus<\/a><\/li>\n<li><a href=\"http:\/\/minedu.fi\/documents\/1410845\/4297550\/Rahoitusjarjestelma.pdf\/21b500c3-840c-4b74-81c0-72691eeda3ed\/Rahoitusjarjestelma.pdf.pdf\" target=\"_blank\" rel=\"noopener\">Rahoitusj\u00e4rjestelm\u00e4<\/a><\/li>\n<li><a href=\"http:\/\/minedu.fi\/documents\/1410845\/5677458\/OKM_AMIS_sopimusmallit_131117.pdf\/b00c1680-a02b-4d14-9477-5ef0625599a0\" target=\"_blank\" rel=\"noopener\">Oppisopimus ja koulutussopimus<\/a><\/li>\n<\/ul>\n<p><em>\u00a0<\/em><\/p>\n<p><strong><em>Muita aineistoja:<\/em><\/strong><strong><em>\u00a0<\/em><\/strong><\/p>\n<ul>\n<li><a href=\"http:\/\/minedu.fi\/documents\/1410845\/4586835\/Reformisanasto\/422f64af-4838-48c7-bff1-65baf0b48b48\" target=\"_blank\" rel=\"noopener\">Uuden lain mukainen sanasto<\/a><\/li>\n<li><a href=\"http:\/\/minedu.fi\/documents\/1410845\/4297550\/siirtymasaannokset16102017.pdf\/52052d7e-f43c-490d-b6c0-b8eee2769a33\" target=\"_blank\" rel=\"noopener\">Lain siirtym\u00e4s\u00e4\u00e4nn\u00f6kset<\/a><\/li>\n<li><a href=\"http:\/\/minedu.fi\/usein-kysyttya-amisreformi\" target=\"_blank\" rel=\"noopener\">OKM Usein kysyttyj\u00e4 kysymyksi\u00e4<\/a><\/li>\n<li><a href=\"http:\/\/www.oph.fi\/reformintuki\/usein_kysytyt_kysymykset\" target=\"_blank\" rel=\"noopener\">OPH Usein kysyttyj\u00e4 kysymyksi\u00e4<\/a><\/li>\n<li>Opso ja koulutussopimus:<br \/>\n&#8211; <a href=\"https:\/\/trello.com\/c\/hKYevffJ\" target=\"_blank\" rel=\"noopener\">Opettaja-esite<\/a><br \/>\n&#8211; <a href=\"https:\/\/trello.com\/c\/8nVqmaHZ\" target=\"_blank\" rel=\"noopener\">Ty\u00f6nantaja-esite<\/a><\/li>\n<li><a href=\"http:\/\/www.oph.fi\/reformintuki\" target=\"_blank\" rel=\"noopener\">Reformintuki-sivusto<\/a><\/li>\n<li><a href=\"http:\/\/www.ohjaan.fi\/\" target=\"_blank\" rel=\"noopener\">ohjaan.fi<\/a><\/li>\n<li><a href=\"https:\/\/eperusteet.opintopolku.fi\/#\/fi\/opas\/4426603\/tiedot\" target=\"_blank\" rel=\"noopener\">Erityinen tuki ammatillisessa koulutuksessa<\/a><\/li>\n<li><a href=\"https:\/\/eperusteet.opintopolku.fi\/#\/fi\/opas\/4343283\/tiedot\" target=\"_blank\" rel=\"noopener\">N\u00e4yt\u00f6t ja osaamisen arviointi opinpolussa\u00a0<\/a><\/li>\n<li><a href=\"https:\/\/eperusteet.opintopolku.fi\/#\/fi\/opas\/4579030\/tiedot\" target=\"_blank\" rel=\"noopener\">Henkil\u00f6kohtaistamisen toimintamallin kuvaukset (OPH)<\/a><\/li>\n<\/ul>\n<p><strong>Lait ja asetukset<\/strong><\/p>\n<ul>\n<li><a href=\"https:\/\/www.finlex.fi\/fi\/laki\/alkup\/2017\/20170531\" target=\"_blank\" rel=\"noopener\">Lakiammatillisesta koulutuksesta 531\/2017<\/a><\/li>\n<li><a href=\"https:\/\/www.finlex.fi\/fi\/laki\/alkup\/2017\/20170673\" target=\"_blank\" rel=\"noopener\">Valtioneuvoston asetus ammatillisesta koulutuksesta\u00a0673\/2017<\/a><\/li>\n<\/ul>\n<p>&nbsp;<\/p>\n","protected":false},"excerpt":{"rendered":"<p>Mik\u00e4 muuttuu:\u00a0 opiskelijalle koulutuksen j\u00e4rjest\u00e4j\u00e4lle ty\u00f6el\u00e4m\u00e4lle \u00a0 Infograafeja:\u00a0 Mit\u00e4 reformissa tehd\u00e4\u00e4n Ohjaus- ja s\u00e4\u00e4telyj\u00e4rjestelm\u00e4 Henkil\u00f6kohtaistaminen Osaamisperusteisuus Rahoitusj\u00e4rjestelm\u00e4 Oppisopimus ja koulutussopimus \u00a0 Muita aineistoja:\u00a0 Uuden lain mukainen sanasto Lain siirtym\u00e4s\u00e4\u00e4nn\u00f6kset OKM Usein kysyttyj\u00e4 kysymyksi\u00e4 OPH&#46;&#46;&#46;<\/p>\n","protected":false},"author":178,"featured_media":0,"parent":0,"menu_order":0,"comment_status":"closed","ping_status":"closed","template":"","meta":{"_uag_custom_page_level_css":"","footnotes":""},"class_list":["post-198","page","type-page","status-publish","hentry"],"yoast_head":"<!-- This site is optimized with the Yoast SEO plugin v27.4 - https:\/\/yoast.com\/product\/yoast-seo-wordpress\/ -->\n<title>Linkkej\u00e4 - Parasta osaamista<\/title>\n<meta name=\"robots\" content=\"index, follow, max-snippet:-1, max-image-preview:large, max-video-preview:-1\" \/>\n<link rel=\"canonical\" href=\"https:\/\/blogit.gradia.fi\/parasta_osaamista\/linkit\/\" \/>\n<meta property=\"og:locale\" content=\"fi_FI\" \/>\n<meta property=\"og:type\" content=\"article\" \/>\n<meta property=\"og:title\" content=\"Linkkej\u00e4 - Parasta osaamista\" \/>\n<meta property=\"og:description\" content=\"Mik\u00e4 muuttuu:\u00a0 opiskelijalle koulutuksen j\u00e4rjest\u00e4j\u00e4lle ty\u00f6el\u00e4m\u00e4lle \u00a0 Infograafeja:\u00a0 Mit\u00e4 reformissa tehd\u00e4\u00e4n Ohjaus- ja s\u00e4\u00e4telyj\u00e4rjestelm\u00e4 Henkil\u00f6kohtaistaminen Osaamisperusteisuus Rahoitusj\u00e4rjestelm\u00e4 Oppisopimus ja koulutussopimus \u00a0 Muita aineistoja:\u00a0 Uuden lain mukainen sanasto Lain siirtym\u00e4s\u00e4\u00e4nn\u00f6kset OKM Usein kysyttyj\u00e4 kysymyksi\u00e4 OPH&#046;&#046;&#046;\" \/>\n<meta property=\"og:url\" content=\"https:\/\/blogit.gradia.fi\/parasta_osaamista\/linkit\/\" \/>\n<meta property=\"og:site_name\" content=\"Parasta osaamista\" \/>\n<meta property=\"article:publisher\" content=\"https:\/\/www.facebook.com\/POsaamista\/\" \/>\n<meta property=\"article:modified_time\" content=\"2018-09-14T07:34:55+00:00\" \/>\n<meta name=\"twitter:card\" content=\"summary_large_image\" \/>\n<meta name=\"twitter:site\" content=\"@Posaaja_\" \/>\n<script type=\"application\/ld+json\" class=\"yoast-schema-graph\">{\"@context\":\"https:\\\/\\\/schema.org\",\"@graph\":[{\"@type\":\"WebPage\",\"@id\":\"https:\\\/\\\/blogit.gradia.fi\\\/parasta_osaamista\\\/linkit\\\/\",\"url\":\"https:\\\/\\\/blogit.gradia.fi\\\/parasta_osaamista\\\/linkit\\\/\",\"name\":\"Linkkej\u00e4 - Parasta osaamista\",\"isPartOf\":{\"@id\":\"https:\\\/\\\/blogit.gradia.fi\\\/parasta_osaamista\\\/#website\"},\"datePublished\":\"2018-04-11T06:01:58+00:00\",\"dateModified\":\"2018-09-14T07:34:55+00:00\",\"inLanguage\":\"fi\",\"potentialAction\":[{\"@type\":\"ReadAction\",\"target\":[\"https:\\\/\\\/blogit.gradia.fi\\\/parasta_osaamista\\\/linkit\\\/\"]}]},{\"@type\":\"WebSite\",\"@id\":\"https:\\\/\\\/blogit.gradia.fi\\\/parasta_osaamista\\\/#website\",\"url\":\"https:\\\/\\\/blogit.gradia.fi\\\/parasta_osaamista\\\/\",\"name\":\"Parasta osaamista\",\"description\":\"Parasta osaamista -verkostohanke\",\"publisher\":{\"@id\":\"https:\\\/\\\/blogit.gradia.fi\\\/parasta_osaamista\\\/#organization\"},\"potentialAction\":[{\"@type\":\"SearchAction\",\"target\":{\"@type\":\"EntryPoint\",\"urlTemplate\":\"https:\\\/\\\/blogit.gradia.fi\\\/parasta_osaamista\\\/?s={search_term_string}\"},\"query-input\":{\"@type\":\"PropertyValueSpecification\",\"valueRequired\":true,\"valueName\":\"search_term_string\"}}],\"inLanguage\":\"fi\"},{\"@type\":\"Organization\",\"@id\":\"https:\\\/\\\/blogit.gradia.fi\\\/parasta_osaamista\\\/#organization\",\"name\":\"Parasta osaamista -verkostohanke\",\"url\":\"https:\\\/\\\/blogit.gradia.fi\\\/parasta_osaamista\\\/\",\"logo\":{\"@type\":\"ImageObject\",\"inLanguage\":\"fi\",\"@id\":\"https:\\\/\\\/blogit.gradia.fi\\\/parasta_osaamista\\\/#\\\/schema\\\/logo\\\/image\\\/\",\"url\":\"https:\\\/\\\/blogit.gradia.fi\\\/parasta_osaamista\\\/wp-content\\\/uploads\\\/sites\\\/20\\\/2018\\\/02\\\/parasta_osaamista_logo.jpg\",\"contentUrl\":\"https:\\\/\\\/blogit.gradia.fi\\\/parasta_osaamista\\\/wp-content\\\/uploads\\\/sites\\\/20\\\/2018\\\/02\\\/parasta_osaamista_logo.jpg\",\"width\":344,\"height\":334,\"caption\":\"Parasta osaamista -verkostohanke\"},\"image\":{\"@id\":\"https:\\\/\\\/blogit.gradia.fi\\\/parasta_osaamista\\\/#\\\/schema\\\/logo\\\/image\\\/\"},\"sameAs\":[\"https:\\\/\\\/www.facebook.com\\\/POsaamista\\\/\",\"https:\\\/\\\/x.com\\\/Posaaja_\",\"https:\\\/\\\/www.instagram.com\\\/parastaosaamista\\\/\",\"https:\\\/\\\/www.youtube.com\\\/channel\\\/UC7hv9jw0R6lS_Fmz5L9TUPw\"]}]}<\/script>\n<!-- \/ Yoast SEO plugin. -->","yoast_head_json":{"title":"Linkkej\u00e4 - Parasta osaamista","robots":{"index":"index","follow":"follow","max-snippet":"max-snippet:-1","max-image-preview":"max-image-preview:large","max-video-preview":"max-video-preview:-1"},"canonical":"https:\/\/blogit.gradia.fi\/parasta_osaamista\/linkit\/","og_locale":"fi_FI","og_type":"article","og_title":"Linkkej\u00e4 - Parasta osaamista","og_description":"Mik\u00e4 muuttuu:\u00a0 opiskelijalle koulutuksen j\u00e4rjest\u00e4j\u00e4lle ty\u00f6el\u00e4m\u00e4lle \u00a0 Infograafeja:\u00a0 Mit\u00e4 reformissa tehd\u00e4\u00e4n Ohjaus- ja s\u00e4\u00e4telyj\u00e4rjestelm\u00e4 Henkil\u00f6kohtaistaminen Osaamisperusteisuus Rahoitusj\u00e4rjestelm\u00e4 Oppisopimus ja koulutussopimus \u00a0 Muita aineistoja:\u00a0 Uuden lain mukainen sanasto Lain siirtym\u00e4s\u00e4\u00e4nn\u00f6kset OKM Usein kysyttyj\u00e4 kysymyksi\u00e4 OPH&#46;&#46;&#46;","og_url":"https:\/\/blogit.gradia.fi\/parasta_osaamista\/linkit\/","og_site_name":"Parasta osaamista","article_publisher":"https:\/\/www.facebook.com\/POsaamista\/","article_modified_time":"2018-09-14T07:34:55+00:00","twitter_card":"summary_large_image","twitter_site":"@Posaaja_","schema":{"@context":"https:\/\/schema.org","@graph":[{"@type":"WebPage","@id":"https:\/\/blogit.gradia.fi\/parasta_osaamista\/linkit\/","url":"https:\/\/blogit.gradia.fi\/parasta_osaamista\/linkit\/","name":"Linkkej\u00e4 - Parasta osaamista","isPartOf":{"@id":"https:\/\/blogit.gradia.fi\/parasta_osaamista\/#website"},"datePublished":"2018-04-11T06:01:58+00:00","dateModified":"2018-09-14T07:34:55+00:00","inLanguage":"fi","potentialAction":[{"@type":"ReadAction","target":["https:\/\/blogit.gradia.fi\/parasta_osaamista\/linkit\/"]}]},{"@type":"WebSite","@id":"https:\/\/blogit.gradia.fi\/parasta_osaamista\/#website","url":"https:\/\/blogit.gradia.fi\/parasta_osaamista\/","name":"Parasta osaamista","description":"Parasta osaamista -verkostohanke","publisher":{"@id":"https:\/\/blogit.gradia.fi\/parasta_osaamista\/#organization"},"potentialAction":[{"@type":"SearchAction","target":{"@type":"EntryPoint","urlTemplate":"https:\/\/blogit.gradia.fi\/parasta_osaamista\/?s={search_term_string}"},"query-input":{"@type":"PropertyValueSpecification","valueRequired":true,"valueName":"search_term_string"}}],"inLanguage":"fi"},{"@type":"Organization","@id":"https:\/\/blogit.gradia.fi\/parasta_osaamista\/#organization","name":"Parasta osaamista -verkostohanke","url":"https:\/\/blogit.gradia.fi\/parasta_osaamista\/","logo":{"@type":"ImageObject","inLanguage":"fi","@id":"https:\/\/blogit.gradia.fi\/parasta_osaamista\/#\/schema\/logo\/image\/","url":"https:\/\/blogit.gradia.fi\/parasta_osaamista\/wp-content\/uploads\/sites\/20\/2018\/02\/parasta_osaamista_logo.jpg","contentUrl":"https:\/\/blogit.gradia.fi\/parasta_osaamista\/wp-content\/uploads\/sites\/20\/2018\/02\/parasta_osaamista_logo.jpg","width":344,"height":334,"caption":"Parasta osaamista -verkostohanke"},"image":{"@id":"https:\/\/blogit.gradia.fi\/parasta_osaamista\/#\/schema\/logo\/image\/"},"sameAs":["https:\/\/www.facebook.com\/POsaamista\/","https:\/\/x.com\/Posaaja_","https:\/\/www.instagram.com\/parastaosaamista\/","https:\/\/www.youtube.com\/channel\/UC7hv9jw0R6lS_Fmz5L9TUPw"]}]}},"uagb_featured_image_src":{"full":false,"thumbnail":false,"medium":false,"medium_large":false,"large":false,"1536x1536":false,"2048x2048":false,"thumb-small":false,"thumb-standard":false,"thumb-medium":false,"thumb-large":false,"thumb-xlarge":false,"thumb-xxlarge":false},"uagb_author_info":{"display_name":"Sami Ahonen","author_link":"https:\/\/blogit.gradia.fi\/parasta_osaamista\/author\/ahonesam\/"},"uagb_comment_info":0,"uagb_excerpt":"Mik\u00e4 muuttuu:\u00a0 opiskelijalle koulutuksen j\u00e4rjest\u00e4j\u00e4lle ty\u00f6el\u00e4m\u00e4lle \u00a0 Infograafeja:\u00a0 Mit\u00e4 reformissa tehd\u00e4\u00e4n Ohjaus- ja s\u00e4\u00e4telyj\u00e4rjestelm\u00e4 Henkil\u00f6kohtaistaminen Osaamisperusteisuus Rahoitusj\u00e4rjestelm\u00e4 Oppisopimus ja koulutussopimus \u00a0 Muita aineistoja:\u00a0 Uuden lain mukainen sanasto Lain siirtym\u00e4s\u00e4\u00e4nn\u00f6kset OKM Usein kysyttyj\u00e4 kysymyksi\u00e4 OPH&#46;&#46;&#46;","_links":{"self":[{"href":"https:\/\/blogit.gradia.fi\/parasta_osaamista\/wp-json\/wp\/v2\/pages\/198","targetHints":{"allow":["GET"]}}],"collection":[{"href":"https:\/\/blogit.gradia.fi\/parasta_osaamista\/wp-json\/wp\/v2\/pages"}],"about":[{"href":"https:\/\/blogit.gradia.fi\/parasta_osaamista\/wp-json\/wp\/v2\/types\/page"}],"author":[{"embeddable":true,"href":"https:\/\/blogit.gradia.fi\/parasta_osaamista\/wp-json\/wp\/v2\/users\/178"}],"replies":[{"embeddable":true,"href":"https:\/\/blogit.gradia.fi\/parasta_osaamista\/wp-json\/wp\/v2\/comments?post=198"}],"version-history":[{"count":1,"href":"https:\/\/blogit.gradia.fi\/parasta_osaamista\/wp-json\/wp\/v2\/pages\/198\/revisions"}],"predecessor-version":[{"id":2659,"href":"https:\/\/blogit.gradia.fi\/parasta_osaamista\/wp-json\/wp\/v2\/pages\/198\/revisions\/2659"}],"wp:attachment":[{"href":"https:\/\/blogit.gradia.fi\/parasta_osaamista\/wp-json\/wp\/v2\/media?parent=198"}],"curies":[{"name":"wp","href":"https:\/\/api.w.org\/{rel}","templated":true}]}}