{"id":1617,"date":"2019-02-01T14:50:30","date_gmt":"2019-02-01T12:50:30","guid":{"rendered":"https:\/\/blogit.gradia.fi\/parasta_osaamista\/?page_id=1617"},"modified":"2019-08-02T15:12:37","modified_gmt":"2019-08-02T12:12:37","slug":"toimijoiden-yhteystiedot","status":"publish","type":"page","link":"https:\/\/blogit.gradia.fi\/parasta_osaamista\/toimijoiden-yhteystiedot\/","title":{"rendered":"Toimijoiden yhteystiedot"},"content":{"rendered":"<p><strong>Hankkeen koordinaattori<\/strong><\/p>\n<p>Jyv\u00e4skyl\u00e4n koulutuskuntayhtym\u00e4 Gradia, Pia Tolonen, projektip\u00e4\u00e4llikk\u00f6,\u00a0 pia.tolonen@gradia.fi 040 341 5844<\/p>\n<p><strong>Ammatillisen koulutuksen j\u00e4rjest\u00e4j\u00e4t<\/strong><\/p>\n<p><strong>Ammattiopisto Spesia<\/strong><\/p>\n<p>Rita Hintsala, projektip\u00e4\u00e4llikk\u00f6, rita.hintsala@spesia.fi, 044 7651 311<\/p>\n<p><strong>Espoon seudun koulutuskuntayhtym\u00e4 Omnia<\/strong><\/p>\n<p>Katja \u00d6sterberg, projektip\u00e4\u00e4llikk\u00f6, kati.osterberg@omnia.fi, 040 126 4863<\/p>\n<p><strong>Jyv\u00e4skyl\u00e4n koulutuskuntayhtym\u00e4<\/strong><\/p>\n<p>Pia Tolonen, projektip\u00e4\u00e4llikk\u00f6,\u00a0 pia.tolonen@gradia.fi 040 341 5844<\/p>\n<p><strong>Kemi-Tornionlaakson koulutuskuntayhtym\u00e4<\/strong><\/p>\n<p>Satu-Maria Salmi, projektikoordinaattori, satumaria.salmi@lappia.fi, 0400 908 428<\/p>\n<p><strong>Koulutuskeskus Salpaus<\/strong><\/p>\n<p>Sannakaisa Raatikainen, projektip\u00e4\u00e4llikk\u00f6, sannakaisa.raatikainen@salpaus.fi, 050\u00a0387 1953<\/p>\n<p><strong>L\u00e4nsirannikon Koulutus Oy WinNova<\/strong><\/p>\n<p>Anne Vaahtio, Hanke- ja kansainv\u00e4lisen toiminnan p\u00e4\u00e4llikk\u00f6 Yhteiset palvelut, anne.vaahtio@winnova.fi, 044 455 8279<\/p>\n<p><strong>Pohjois-Karjalan koulutuskuntayhtym\u00e4 Riveria<\/strong><\/p>\n<p>Arja Aalto, projektip\u00e4\u00e4llikk\u00f6, arja.aalto@riveria.fi, 050\u00a0577 7821<\/p>\n<p><strong>Sein\u00e4joen koulutuskuntayhtym\u00e4 Sedu<\/strong><\/p>\n<p>Marja-Terttu Kurunsaari, projektip\u00e4\u00e4llikk\u00f6, marja-terttu.kurunsaari@sedu.fi, 040 868 0814<\/p>\n<p><strong>Tampereen seudun ammattiopisto Tredu (Tampereen kaupunki)<\/strong><\/p>\n<p>Johanna Toivanen, projektip\u00e4\u00e4llikk\u00f6, johanna.toivanen@tampere.fi, 040 801 6210<\/p>\n<p><strong>Yrkesakademin i \u00d6sterbotten<\/strong><\/p>\n<p>Christel Holmlund-Norre\u00b4n, projektledare, christel.holmlund-norren@yrkesakademin.fi, 050 590 6278<\/p>\n<p><strong>Haaga-Helia ammattikorkeakoulu, Ammatillinen opettajakorkeakoulu<\/strong><\/p>\n<p>Susanna L\u00f6f, projektip\u00e4\u00e4llikk\u00f6, susanna.lof@haaga.helia.fi, 040 488 7083<\/p>\n<p><strong>Haaga-Helia ammattikorkeakoulu, Ammatillinen opettajakorkeakoulu<\/strong><\/p>\n<p>Petja Sairanen, projektip\u00e4\u00e4llikk\u00f6, Petja.sairanen@haaga-helia.fi, 050 590 4110<\/p>\n<p><strong>H\u00e4meen ammattikorkeakoulu, Ammatillinen opettajakorkeakoulu<\/strong><\/p>\n<p>Soili Rinne, projektip\u00e4\u00e4llikk\u00f6, soili.rinne@hamk.fi, 050\u00a0466 5539<\/p>\n<p><strong>Oulun ammattikorkeakoulu, Ammatillinen opettajakorkeakoulu<\/strong><\/p>\n<p>P\u00e4ivi Kilja, projektip\u00e4\u00e4llikk\u00f6, paivi.kilja@oamk.fi, 040 141 5157<\/p>\n<p><strong>Jyv\u00e4skyl\u00e4n ammattikorkeakoulu, Ammatillinen opettajakorkeakoulu<\/strong><\/p>\n<p>Ylitervo Ritva, projektip\u00e4\u00e4llikk\u00f6, ritva.ylitervo@jamk.fi\u00a0, 040 640 2272<\/p>\n<p><strong>Tampereen ammattikorkeakoulu, Ammatillinen opettajakorkeakoulu<\/strong><\/p>\n<p>Annukka Tapani, projektip\u00e4\u00e4llikk\u00f6, annukka.tapani@tuni.fi, 050 407 2580<\/p>\n","protected":false},"excerpt":{"rendered":"<p>Hankkeen koordinaattori Jyv\u00e4skyl\u00e4n koulutuskuntayhtym\u00e4 Gradia, Pia Tolonen, projektip\u00e4\u00e4llikk\u00f6,\u00a0 pia.tolonen@gradia.fi 040 341 5844 Ammatillisen koulutuksen j\u00e4rjest\u00e4j\u00e4t Ammattiopisto Spesia Rita Hintsala, projektip\u00e4\u00e4llikk\u00f6, rita.hintsala@spesia.fi, 044 7651 311 Espoon seudun koulutuskuntayhtym\u00e4 Omnia Katja \u00d6sterberg, projektip\u00e4\u00e4llikk\u00f6, kati.osterberg@omnia.fi, 040 126&#46;&#46;&#46;<\/p>\n","protected":false},"author":181,"featured_media":0,"parent":0,"menu_order":0,"comment_status":"closed","ping_status":"closed","template":"","meta":{"_uag_custom_page_level_css":"","footnotes":""},"class_list":["post-1617","page","type-page","status-publish","hentry"],"yoast_head":"<!-- This site is optimized with the Yoast SEO plugin v27.4 - https:\/\/yoast.com\/product\/yoast-seo-wordpress\/ -->\n<title>Toimijoiden yhteystiedot - Parasta osaamista<\/title>\n<meta name=\"robots\" content=\"index, follow, max-snippet:-1, max-image-preview:large, max-video-preview:-1\" \/>\n<link rel=\"canonical\" href=\"https:\/\/blogit.gradia.fi\/parasta_osaamista\/toimijoiden-yhteystiedot\/\" \/>\n<meta property=\"og:locale\" content=\"fi_FI\" \/>\n<meta property=\"og:type\" content=\"article\" \/>\n<meta property=\"og:title\" content=\"Toimijoiden yhteystiedot - Parasta osaamista\" \/>\n<meta property=\"og:description\" content=\"Hankkeen koordinaattori Jyv\u00e4skyl\u00e4n koulutuskuntayhtym\u00e4 Gradia, Pia Tolonen, projektip\u00e4\u00e4llikk\u00f6,\u00a0 pia.tolonen@gradia.fi 040 341 5844 Ammatillisen koulutuksen j\u00e4rjest\u00e4j\u00e4t Ammattiopisto Spesia Rita Hintsala, projektip\u00e4\u00e4llikk\u00f6, rita.hintsala@spesia.fi, 044 7651 311 Espoon seudun koulutuskuntayhtym\u00e4 Omnia Katja \u00d6sterberg, projektip\u00e4\u00e4llikk\u00f6, kati.osterberg@omnia.fi, 040 126&#046;&#046;&#046;\" \/>\n<meta property=\"og:url\" content=\"https:\/\/blogit.gradia.fi\/parasta_osaamista\/toimijoiden-yhteystiedot\/\" \/>\n<meta property=\"og:site_name\" content=\"Parasta osaamista\" \/>\n<meta property=\"article:publisher\" content=\"https:\/\/www.facebook.com\/POsaamista\/\" \/>\n<meta property=\"article:modified_time\" content=\"2019-08-02T12:12:37+00:00\" \/>\n<meta name=\"twitter:card\" content=\"summary_large_image\" \/>\n<meta name=\"twitter:site\" content=\"@Posaaja_\" \/>\n<meta name=\"twitter:label1\" content=\"Arvioitu lukuaika\" \/>\n\t<meta name=\"twitter:data1\" content=\"1 minuutti\" \/>\n<script type=\"application\/ld+json\" class=\"yoast-schema-graph\">{\"@context\":\"https:\\\/\\\/schema.org\",\"@graph\":[{\"@type\":\"WebPage\",\"@id\":\"https:\\\/\\\/blogit.gradia.fi\\\/parasta_osaamista\\\/toimijoiden-yhteystiedot\\\/\",\"url\":\"https:\\\/\\\/blogit.gradia.fi\\\/parasta_osaamista\\\/toimijoiden-yhteystiedot\\\/\",\"name\":\"Toimijoiden yhteystiedot - Parasta osaamista\",\"isPartOf\":{\"@id\":\"https:\\\/\\\/blogit.gradia.fi\\\/parasta_osaamista\\\/#website\"},\"datePublished\":\"2019-02-01T12:50:30+00:00\",\"dateModified\":\"2019-08-02T12:12:37+00:00\",\"inLanguage\":\"fi\",\"potentialAction\":[{\"@type\":\"ReadAction\",\"target\":[\"https:\\\/\\\/blogit.gradia.fi\\\/parasta_osaamista\\\/toimijoiden-yhteystiedot\\\/\"]}]},{\"@type\":\"WebSite\",\"@id\":\"https:\\\/\\\/blogit.gradia.fi\\\/parasta_osaamista\\\/#website\",\"url\":\"https:\\\/\\\/blogit.gradia.fi\\\/parasta_osaamista\\\/\",\"name\":\"Parasta osaamista\",\"description\":\"Parasta osaamista -verkostohanke\",\"publisher\":{\"@id\":\"https:\\\/\\\/blogit.gradia.fi\\\/parasta_osaamista\\\/#organization\"},\"potentialAction\":[{\"@type\":\"SearchAction\",\"target\":{\"@type\":\"EntryPoint\",\"urlTemplate\":\"https:\\\/\\\/blogit.gradia.fi\\\/parasta_osaamista\\\/?s={search_term_string}\"},\"query-input\":{\"@type\":\"PropertyValueSpecification\",\"valueRequired\":true,\"valueName\":\"search_term_string\"}}],\"inLanguage\":\"fi\"},{\"@type\":\"Organization\",\"@id\":\"https:\\\/\\\/blogit.gradia.fi\\\/parasta_osaamista\\\/#organization\",\"name\":\"Parasta osaamista -verkostohanke\",\"url\":\"https:\\\/\\\/blogit.gradia.fi\\\/parasta_osaamista\\\/\",\"logo\":{\"@type\":\"ImageObject\",\"inLanguage\":\"fi\",\"@id\":\"https:\\\/\\\/blogit.gradia.fi\\\/parasta_osaamista\\\/#\\\/schema\\\/logo\\\/image\\\/\",\"url\":\"https:\\\/\\\/blogit.gradia.fi\\\/parasta_osaamista\\\/wp-content\\\/uploads\\\/sites\\\/20\\\/2018\\\/02\\\/parasta_osaamista_logo.jpg\",\"contentUrl\":\"https:\\\/\\\/blogit.gradia.fi\\\/parasta_osaamista\\\/wp-content\\\/uploads\\\/sites\\\/20\\\/2018\\\/02\\\/parasta_osaamista_logo.jpg\",\"width\":344,\"height\":334,\"caption\":\"Parasta osaamista -verkostohanke\"},\"image\":{\"@id\":\"https:\\\/\\\/blogit.gradia.fi\\\/parasta_osaamista\\\/#\\\/schema\\\/logo\\\/image\\\/\"},\"sameAs\":[\"https:\\\/\\\/www.facebook.com\\\/POsaamista\\\/\",\"https:\\\/\\\/x.com\\\/Posaaja_\",\"https:\\\/\\\/www.instagram.com\\\/parastaosaamista\\\/\",\"https:\\\/\\\/www.youtube.com\\\/channel\\\/UC7hv9jw0R6lS_Fmz5L9TUPw\"]}]}<\/script>\n<!-- \/ Yoast SEO plugin. -->","yoast_head_json":{"title":"Toimijoiden yhteystiedot - Parasta osaamista","robots":{"index":"index","follow":"follow","max-snippet":"max-snippet:-1","max-image-preview":"max-image-preview:large","max-video-preview":"max-video-preview:-1"},"canonical":"https:\/\/blogit.gradia.fi\/parasta_osaamista\/toimijoiden-yhteystiedot\/","og_locale":"fi_FI","og_type":"article","og_title":"Toimijoiden yhteystiedot - Parasta osaamista","og_description":"Hankkeen koordinaattori Jyv\u00e4skyl\u00e4n koulutuskuntayhtym\u00e4 Gradia, Pia Tolonen, projektip\u00e4\u00e4llikk\u00f6,\u00a0 pia.tolonen@gradia.fi 040 341 5844 Ammatillisen koulutuksen j\u00e4rjest\u00e4j\u00e4t Ammattiopisto Spesia Rita Hintsala, projektip\u00e4\u00e4llikk\u00f6, rita.hintsala@spesia.fi, 044 7651 311 Espoon seudun koulutuskuntayhtym\u00e4 Omnia Katja \u00d6sterberg, projektip\u00e4\u00e4llikk\u00f6, kati.osterberg@omnia.fi, 040 126&#46;&#46;&#46;","og_url":"https:\/\/blogit.gradia.fi\/parasta_osaamista\/toimijoiden-yhteystiedot\/","og_site_name":"Parasta osaamista","article_publisher":"https:\/\/www.facebook.com\/POsaamista\/","article_modified_time":"2019-08-02T12:12:37+00:00","twitter_card":"summary_large_image","twitter_site":"@Posaaja_","twitter_misc":{"Arvioitu lukuaika":"1 minuutti"},"schema":{"@context":"https:\/\/schema.org","@graph":[{"@type":"WebPage","@id":"https:\/\/blogit.gradia.fi\/parasta_osaamista\/toimijoiden-yhteystiedot\/","url":"https:\/\/blogit.gradia.fi\/parasta_osaamista\/toimijoiden-yhteystiedot\/","name":"Toimijoiden yhteystiedot - Parasta osaamista","isPartOf":{"@id":"https:\/\/blogit.gradia.fi\/parasta_osaamista\/#website"},"datePublished":"2019-02-01T12:50:30+00:00","dateModified":"2019-08-02T12:12:37+00:00","inLanguage":"fi","potentialAction":[{"@type":"ReadAction","target":["https:\/\/blogit.gradia.fi\/parasta_osaamista\/toimijoiden-yhteystiedot\/"]}]},{"@type":"WebSite","@id":"https:\/\/blogit.gradia.fi\/parasta_osaamista\/#website","url":"https:\/\/blogit.gradia.fi\/parasta_osaamista\/","name":"Parasta osaamista","description":"Parasta osaamista -verkostohanke","publisher":{"@id":"https:\/\/blogit.gradia.fi\/parasta_osaamista\/#organization"},"potentialAction":[{"@type":"SearchAction","target":{"@type":"EntryPoint","urlTemplate":"https:\/\/blogit.gradia.fi\/parasta_osaamista\/?s={search_term_string}"},"query-input":{"@type":"PropertyValueSpecification","valueRequired":true,"valueName":"search_term_string"}}],"inLanguage":"fi"},{"@type":"Organization","@id":"https:\/\/blogit.gradia.fi\/parasta_osaamista\/#organization","name":"Parasta osaamista -verkostohanke","url":"https:\/\/blogit.gradia.fi\/parasta_osaamista\/","logo":{"@type":"ImageObject","inLanguage":"fi","@id":"https:\/\/blogit.gradia.fi\/parasta_osaamista\/#\/schema\/logo\/image\/","url":"https:\/\/blogit.gradia.fi\/parasta_osaamista\/wp-content\/uploads\/sites\/20\/2018\/02\/parasta_osaamista_logo.jpg","contentUrl":"https:\/\/blogit.gradia.fi\/parasta_osaamista\/wp-content\/uploads\/sites\/20\/2018\/02\/parasta_osaamista_logo.jpg","width":344,"height":334,"caption":"Parasta osaamista -verkostohanke"},"image":{"@id":"https:\/\/blogit.gradia.fi\/parasta_osaamista\/#\/schema\/logo\/image\/"},"sameAs":["https:\/\/www.facebook.com\/POsaamista\/","https:\/\/x.com\/Posaaja_","https:\/\/www.instagram.com\/parastaosaamista\/","https:\/\/www.youtube.com\/channel\/UC7hv9jw0R6lS_Fmz5L9TUPw"]}]}},"uagb_featured_image_src":{"full":false,"thumbnail":false,"medium":false,"medium_large":false,"large":false,"1536x1536":false,"2048x2048":false,"thumb-small":false,"thumb-standard":false,"thumb-medium":false,"thumb-large":false,"thumb-xlarge":false,"thumb-xxlarge":false},"uagb_author_info":{"display_name":"Susanna Kanninen","author_link":"https:\/\/blogit.gradia.fi\/parasta_osaamista\/author\/kannisus\/"},"uagb_comment_info":0,"uagb_excerpt":"Hankkeen koordinaattori Jyv\u00e4skyl\u00e4n koulutuskuntayhtym\u00e4 Gradia, Pia Tolonen, projektip\u00e4\u00e4llikk\u00f6,\u00a0 pia.tolonen@gradia.fi 040 341 5844 Ammatillisen koulutuksen j\u00e4rjest\u00e4j\u00e4t Ammattiopisto Spesia Rita Hintsala, projektip\u00e4\u00e4llikk\u00f6, rita.hintsala@spesia.fi, 044 7651 311 Espoon seudun koulutuskuntayhtym\u00e4 Omnia Katja \u00d6sterberg, projektip\u00e4\u00e4llikk\u00f6, kati.osterberg@omnia.fi, 040 126&#46;&#46;&#46;","_links":{"self":[{"href":"https:\/\/blogit.gradia.fi\/parasta_osaamista\/wp-json\/wp\/v2\/pages\/1617","targetHints":{"allow":["GET"]}}],"collection":[{"href":"https:\/\/blogit.gradia.fi\/parasta_osaamista\/wp-json\/wp\/v2\/pages"}],"about":[{"href":"https:\/\/blogit.gradia.fi\/parasta_osaamista\/wp-json\/wp\/v2\/types\/page"}],"author":[{"embeddable":true,"href":"https:\/\/blogit.gradia.fi\/parasta_osaamista\/wp-json\/wp\/v2\/users\/181"}],"replies":[{"embeddable":true,"href":"https:\/\/blogit.gradia.fi\/parasta_osaamista\/wp-json\/wp\/v2\/comments?post=1617"}],"version-history":[{"count":2,"href":"https:\/\/blogit.gradia.fi\/parasta_osaamista\/wp-json\/wp\/v2\/pages\/1617\/revisions"}],"predecessor-version":[{"id":2865,"href":"https:\/\/blogit.gradia.fi\/parasta_osaamista\/wp-json\/wp\/v2\/pages\/1617\/revisions\/2865"}],"wp:attachment":[{"href":"https:\/\/blogit.gradia.fi\/parasta_osaamista\/wp-json\/wp\/v2\/media?parent=1617"}],"curies":[{"name":"wp","href":"https:\/\/api.w.org\/{rel}","templated":true}]}}