{"id":1082,"date":"2018-11-08T14:22:53","date_gmt":"2018-11-08T12:22:53","guid":{"rendered":"https:\/\/blogit.gradia.fi\/parasta_osaamista\/?page_id=1082"},"modified":"2020-04-15T16:10:05","modified_gmt":"2020-04-15T13:10:05","slug":"osaamisen-arviointioppaat","status":"publish","type":"page","link":"https:\/\/blogit.gradia.fi\/parasta_osaamista\/osaamisen-arviointioppaat\/","title":{"rendered":"Osaamisen arviointioppaat"},"content":{"rendered":"<p>Osaamisen arviointi on yksi t\u00e4rke\u00e4 osa opiskelijan opintopolkua\u00a0&#8211;\u00a0er\u00e4\u00e4nlainen\u00a0huipentuma siit\u00e4, mit\u00e4 on saatu aikaan ja millainen osaaminen opiskelijalle on muodostunut. Arviointiin liittyy monia t\u00e4rkeit\u00e4 asioita, joita on tuotu esille osaamisen arviointioppaissa. Tasavertaisuus varmistuu silloin kun arviointi on objektiivista ja kriteeriperusteista.<\/p>\n<p>Opettajalla arviointiin liittyv\u00e4 osaaminen on yksi keskeinen osa alue ammatillisen koulutuksen toteuttamisessa. Arviointiosaamista tarvitsevat my\u00f6s ty\u00f6paikkaohjaajat ja muut ty\u00f6el\u00e4m\u00e4n edustajat, jotka ohjausty\u00f6n lis\u00e4ksi osallistuvat my\u00f6s opiskelijan osaamisen arviointiin.\u00a0L\u00f6yd\u00e4t alla olevien linkkien takaa tulostettavat, paino- ja InDesign-versiot osaamisen arviointioppaista.<\/p>\n<p>Huomioithan, ett\u00e4 InDesign-versioista ei saa muuttaa tai poistaa sis\u00e4lt\u00f6\u00e4, niihin voi vain lis\u00e4t\u00e4 esimerkiksi oman organisaatiot logon ja yhteystiedot.<span style=\"float: none;background-color: transparent;color: #191e23;cursor: text;font-family: 'Noto Serif';font-size: 16px;font-style: normal;font-variant: normal;font-weight: 400;letter-spacing: normal;text-align: left;text-decoration: none;text-indent: 0px;text-transform: none\">\u00a0<\/span><\/p>\n<ul>\n<li><a href=\"https:\/\/blogit.gradia.fi\/parasta_osaamista\/wp-content\/uploads\/sites\/20\/2019\/08\/Arviointiopas_opettajille_NETTI.pdf\" target=\"_blank\" rel=\"noopener noreferrer\">Osaamisen arviointiopas opettajalle <\/a>\n<ul>\n<li><a href=\"https:\/\/blogit.gradia.fi\/parasta_osaamista\/wp-content\/uploads\/sites\/20\/2019\/12\/Arviointiopas_opettajille_PAINO1.pdf\" target=\"_blank\" rel=\"noopener noreferrer\">Painoversio<\/a><\/li>\n<li><a href=\"https:\/\/jaofi.sharepoint.com\/:u:\/s\/3\/Parasta_osaamista\/EfrhFVJYxfhJgDoY0CwyfawBNee-mi6_K_Rosbbuyi4r7w?e=Ncm68U\">InDesign-versio<\/a><\/li>\n<\/ul>\n<\/li>\n<li><a href=\"https:\/\/blogit.gradia.fi\/parasta_osaamista\/wp-content\/uploads\/sites\/20\/2018\/11\/Arviointiopas_opettajalle_mukauttaminen.pdf\" target=\"_blank\" rel=\"noopener noreferrer\">Osaamisen arviointiopas opettajalle (mukauttaminen)\u00a0<\/a>\n<ul>\n<li><a href=\"https:\/\/blogit.gradia.fi\/parasta_osaamista\/wp-content\/uploads\/sites\/20\/2019\/12\/Mukautettu_arviointiopas_opettajalle_PAINO1.pdf\" target=\"_blank\" rel=\"noopener noreferrer\">Painoversio<\/a><\/li>\n<li>InDesign-versio<\/li>\n<\/ul>\n<\/li>\n<li><a href=\"https:\/\/blogit.gradia.fi\/parasta_osaamista\/wp-content\/uploads\/sites\/20\/2019\/08\/Arviointiopas_opiskelijalle_NETTI.pdf\" target=\"_blank\" rel=\"noopener noreferrer\">Osaamisen arviointiopas opiskelijalle<\/a>\n<ul>\n<li><a href=\"https:\/\/blogit.gradia.fi\/parasta_osaamista\/wp-content\/uploads\/sites\/20\/2019\/12\/Arviointiopas_opiskelijalle_PAINO1.pdf\" target=\"_blank\" rel=\"noopener noreferrer\">Painoversio<\/a><\/li>\n<li><a href=\"https:\/\/jaofi.sharepoint.com\/:u:\/s\/3\/Parasta_osaamista\/ETwCsiA52_5JkqK0gP96DtkBW3OwUtHf7WBMHQRSNClPcQ?e=0cG3PH\">InDesign-versio<\/a><\/li>\n<\/ul>\n<\/li>\n<li><a href=\"https:\/\/blogit.gradia.fi\/parasta_osaamista\/wp-content\/uploads\/sites\/20\/2019\/08\/Arviointiopas_ty\u00f6paikoille_NETTI.pdf\" target=\"_blank\" rel=\"noopener noreferrer\">Osaamisen arviointiopas ty\u00f6paikoille<\/a>\n<ul>\n<li><a href=\"https:\/\/blogit.gradia.fi\/parasta_osaamista\/wp-content\/uploads\/sites\/20\/2019\/12\/Arviointiopas_ty\u00f6paikoille_PAINO1.pdf\" target=\"_blank\" rel=\"noopener noreferrer\">Painoversio<\/a><\/li>\n<li><a href=\"https:\/\/jaofi.sharepoint.com\/:u:\/s\/3\/Parasta_osaamista\/EXrlR9NCwPxOvxA1_Z37PVEBUt9d-aVGxIJndSXFTMcrvg?e=Gx1j2g\">InDesign-versio<\/a><\/li>\n<\/ul>\n<\/li>\n<\/ul>\n<p><img loading=\"lazy\" decoding=\"async\" class=\"size-thumbnail wp-image-2920 alignnone\" src=\"https:\/\/blogit.gradia.fi\/parasta_osaamista\/wp-content\/uploads\/sites\/20\/2019\/08\/Arviointiopas_opiskelijalle_NETTI_Page_1-150x150.jpg\" alt=\"\" width=\"150\" height=\"150\" srcset=\"https:\/\/blogit.gradia.fi\/parasta_osaamista\/wp-content\/uploads\/sites\/20\/2019\/08\/Arviointiopas_opiskelijalle_NETTI_Page_1-150x150.jpg 150w, https:\/\/blogit.gradia.fi\/parasta_osaamista\/wp-content\/uploads\/sites\/20\/2019\/08\/Arviointiopas_opiskelijalle_NETTI_Page_1-160x160.jpg 160w, https:\/\/blogit.gradia.fi\/parasta_osaamista\/wp-content\/uploads\/sites\/20\/2019\/08\/Arviointiopas_opiskelijalle_NETTI_Page_1-320x320.jpg 320w\" sizes=\"auto, (max-width: 150px) 100vw, 150px\" \/>\u00a0 \u00a0<img loading=\"lazy\" decoding=\"async\" class=\"size-thumbnail wp-image-2921 alignnone\" src=\"https:\/\/blogit.gradia.fi\/parasta_osaamista\/wp-content\/uploads\/sites\/20\/2019\/08\/Arviointiopas_ty\u00f6paikoille_NETTI_Page_1-150x150.jpg\" alt=\"\" width=\"150\" height=\"150\" srcset=\"https:\/\/blogit.gradia.fi\/parasta_osaamista\/wp-content\/uploads\/sites\/20\/2019\/08\/Arviointiopas_ty\u00f6paikoille_NETTI_Page_1-150x150.jpg 150w, https:\/\/blogit.gradia.fi\/parasta_osaamista\/wp-content\/uploads\/sites\/20\/2019\/08\/Arviointiopas_ty\u00f6paikoille_NETTI_Page_1-160x160.jpg 160w, https:\/\/blogit.gradia.fi\/parasta_osaamista\/wp-content\/uploads\/sites\/20\/2019\/08\/Arviointiopas_ty\u00f6paikoille_NETTI_Page_1-320x320.jpg 320w\" sizes=\"auto, (max-width: 150px) 100vw, 150px\" \/>\u00a0 \u00a0<img loading=\"lazy\" decoding=\"async\" class=\"size-thumbnail wp-image-2919 alignnone\" src=\"https:\/\/blogit.gradia.fi\/parasta_osaamista\/wp-content\/uploads\/sites\/20\/2019\/08\/Arviointiopas_opettajille_NETTI_Page_1-150x150.jpg\" alt=\"\" width=\"150\" height=\"150\" srcset=\"https:\/\/blogit.gradia.fi\/parasta_osaamista\/wp-content\/uploads\/sites\/20\/2019\/08\/Arviointiopas_opettajille_NETTI_Page_1-150x150.jpg 150w, https:\/\/blogit.gradia.fi\/parasta_osaamista\/wp-content\/uploads\/sites\/20\/2019\/08\/Arviointiopas_opettajille_NETTI_Page_1-160x160.jpg 160w, https:\/\/blogit.gradia.fi\/parasta_osaamista\/wp-content\/uploads\/sites\/20\/2019\/08\/Arviointiopas_opettajille_NETTI_Page_1-320x320.jpg 320w\" sizes=\"auto, (max-width: 150px) 100vw, 150px\" \/><\/p>\n<p>\u00a0<\/p>\n<p><a href=\"https:\/\/www.youtube.com\/watch?v=ZDlBytaH90U\" target=\"_blank\" rel=\"noopener noreferrer\"><strong>Osaamisen arvioinnin oppaat -webinaari<\/strong><\/a><\/p>\n<p><strong><a href=\"https:\/\/www.youtube.com\/watch?v=AuI0ByaQrtk\" target=\"_blank\" rel=\"noopener noreferrer\">Arvioinnin kokonaisuus \/ osaamisen arviointi, n\u00e4ytt\u00f6 -webinaari<\/a> <\/strong><a href=\"https:\/\/blogit.gradia.fi\/parastaosaamista\/wp-content\/uploads\/sites\/401\/2018\/02\/Arvioinnin-kokonaisuus_naytto-210218.pdf\" target=\"_blank\" rel=\"noopener noreferrer\">\u00a0Materiaali<\/a><\/p>\n<p>\u00a0<\/p>\n\n\n<hr class=\"wp-block-separator\" \/>\n\n\n\n<hr class=\"wp-block-separator\" \/>\n","protected":false},"excerpt":{"rendered":"<p>Osaamisen arviointi on yksi t\u00e4rke\u00e4 osa opiskelijan opintopolkua\u00a0&#8211;\u00a0er\u00e4\u00e4nlainen\u00a0huipentuma siit\u00e4, mit\u00e4 on saatu aikaan ja millainen osaaminen opiskelijalle on muodostunut. Arviointiin liittyy monia t\u00e4rkeit\u00e4 asioita, joita on tuotu esille osaamisen arviointioppaissa. Tasavertaisuus varmistuu silloin kun&#46;&#46;&#46;<\/p>\n","protected":false},"author":178,"featured_media":0,"parent":0,"menu_order":0,"comment_status":"closed","ping_status":"closed","template":"","meta":{"_uag_custom_page_level_css":"","footnotes":""},"class_list":["post-1082","page","type-page","status-publish","hentry"],"yoast_head":"<!-- This site is optimized with the Yoast SEO plugin v27.4 - https:\/\/yoast.com\/product\/yoast-seo-wordpress\/ -->\n<title>Osaamisen arviointioppaat - Parasta osaamista<\/title>\n<meta name=\"robots\" content=\"index, follow, max-snippet:-1, max-image-preview:large, max-video-preview:-1\" \/>\n<link rel=\"canonical\" href=\"https:\/\/blogit.gradia.fi\/parasta_osaamista\/osaamisen-arviointioppaat\/\" \/>\n<meta property=\"og:locale\" content=\"fi_FI\" \/>\n<meta property=\"og:type\" content=\"article\" \/>\n<meta property=\"og:title\" content=\"Osaamisen arviointioppaat - Parasta osaamista\" \/>\n<meta property=\"og:description\" content=\"Osaamisen arviointi on yksi t\u00e4rke\u00e4 osa opiskelijan opintopolkua\u00a0&#8211;\u00a0er\u00e4\u00e4nlainen\u00a0huipentuma siit\u00e4, mit\u00e4 on saatu aikaan ja millainen osaaminen opiskelijalle on muodostunut. Arviointiin liittyy monia t\u00e4rkeit\u00e4 asioita, joita on tuotu esille osaamisen arviointioppaissa. Tasavertaisuus varmistuu silloin kun&#046;&#046;&#046;\" \/>\n<meta property=\"og:url\" content=\"https:\/\/blogit.gradia.fi\/parasta_osaamista\/osaamisen-arviointioppaat\/\" \/>\n<meta property=\"og:site_name\" content=\"Parasta osaamista\" \/>\n<meta property=\"article:publisher\" content=\"https:\/\/www.facebook.com\/POsaamista\/\" \/>\n<meta property=\"article:modified_time\" content=\"2020-04-15T13:10:05+00:00\" \/>\n<meta property=\"og:image\" content=\"https:\/\/blogit.gradia.fi\/parasta_osaamista\/wp-content\/uploads\/sites\/20\/2019\/08\/Arviointiopas_opiskelijalle_NETTI_Page_1-150x150.jpg\" \/>\n<meta name=\"twitter:card\" content=\"summary_large_image\" \/>\n<meta name=\"twitter:site\" content=\"@Posaaja_\" \/>\n<meta name=\"twitter:label1\" content=\"Arvioitu lukuaika\" \/>\n\t<meta name=\"twitter:data1\" content=\"1 minuutti\" \/>\n<script type=\"application\/ld+json\" class=\"yoast-schema-graph\">{\"@context\":\"https:\\\/\\\/schema.org\",\"@graph\":[{\"@type\":\"WebPage\",\"@id\":\"https:\\\/\\\/blogit.gradia.fi\\\/parasta_osaamista\\\/osaamisen-arviointioppaat\\\/\",\"url\":\"https:\\\/\\\/blogit.gradia.fi\\\/parasta_osaamista\\\/osaamisen-arviointioppaat\\\/\",\"name\":\"Osaamisen arviointioppaat - Parasta osaamista\",\"isPartOf\":{\"@id\":\"https:\\\/\\\/blogit.gradia.fi\\\/parasta_osaamista\\\/#website\"},\"primaryImageOfPage\":{\"@id\":\"https:\\\/\\\/blogit.gradia.fi\\\/parasta_osaamista\\\/osaamisen-arviointioppaat\\\/#primaryimage\"},\"image\":{\"@id\":\"https:\\\/\\\/blogit.gradia.fi\\\/parasta_osaamista\\\/osaamisen-arviointioppaat\\\/#primaryimage\"},\"thumbnailUrl\":\"https:\\\/\\\/blogit.gradia.fi\\\/parasta_osaamista\\\/wp-content\\\/uploads\\\/sites\\\/20\\\/2019\\\/08\\\/Arviointiopas_opiskelijalle_NETTI_Page_1-150x150.jpg\",\"datePublished\":\"2018-11-08T12:22:53+00:00\",\"dateModified\":\"2020-04-15T13:10:05+00:00\",\"inLanguage\":\"fi\",\"potentialAction\":[{\"@type\":\"ReadAction\",\"target\":[\"https:\\\/\\\/blogit.gradia.fi\\\/parasta_osaamista\\\/osaamisen-arviointioppaat\\\/\"]}]},{\"@type\":\"ImageObject\",\"inLanguage\":\"fi\",\"@id\":\"https:\\\/\\\/blogit.gradia.fi\\\/parasta_osaamista\\\/osaamisen-arviointioppaat\\\/#primaryimage\",\"url\":\"https:\\\/\\\/blogit.gradia.fi\\\/parasta_osaamista\\\/wp-content\\\/uploads\\\/sites\\\/20\\\/2019\\\/08\\\/Arviointiopas_opiskelijalle_NETTI_Page_1.jpg\",\"contentUrl\":\"https:\\\/\\\/blogit.gradia.fi\\\/parasta_osaamista\\\/wp-content\\\/uploads\\\/sites\\\/20\\\/2019\\\/08\\\/Arviointiopas_opiskelijalle_NETTI_Page_1.jpg\",\"width\":1654,\"height\":2339},{\"@type\":\"WebSite\",\"@id\":\"https:\\\/\\\/blogit.gradia.fi\\\/parasta_osaamista\\\/#website\",\"url\":\"https:\\\/\\\/blogit.gradia.fi\\\/parasta_osaamista\\\/\",\"name\":\"Parasta osaamista\",\"description\":\"Parasta osaamista -verkostohanke\",\"publisher\":{\"@id\":\"https:\\\/\\\/blogit.gradia.fi\\\/parasta_osaamista\\\/#organization\"},\"potentialAction\":[{\"@type\":\"SearchAction\",\"target\":{\"@type\":\"EntryPoint\",\"urlTemplate\":\"https:\\\/\\\/blogit.gradia.fi\\\/parasta_osaamista\\\/?s={search_term_string}\"},\"query-input\":{\"@type\":\"PropertyValueSpecification\",\"valueRequired\":true,\"valueName\":\"search_term_string\"}}],\"inLanguage\":\"fi\"},{\"@type\":\"Organization\",\"@id\":\"https:\\\/\\\/blogit.gradia.fi\\\/parasta_osaamista\\\/#organization\",\"name\":\"Parasta osaamista -verkostohanke\",\"url\":\"https:\\\/\\\/blogit.gradia.fi\\\/parasta_osaamista\\\/\",\"logo\":{\"@type\":\"ImageObject\",\"inLanguage\":\"fi\",\"@id\":\"https:\\\/\\\/blogit.gradia.fi\\\/parasta_osaamista\\\/#\\\/schema\\\/logo\\\/image\\\/\",\"url\":\"https:\\\/\\\/blogit.gradia.fi\\\/parasta_osaamista\\\/wp-content\\\/uploads\\\/sites\\\/20\\\/2018\\\/02\\\/parasta_osaamista_logo.jpg\",\"contentUrl\":\"https:\\\/\\\/blogit.gradia.fi\\\/parasta_osaamista\\\/wp-content\\\/uploads\\\/sites\\\/20\\\/2018\\\/02\\\/parasta_osaamista_logo.jpg\",\"width\":344,\"height\":334,\"caption\":\"Parasta osaamista -verkostohanke\"},\"image\":{\"@id\":\"https:\\\/\\\/blogit.gradia.fi\\\/parasta_osaamista\\\/#\\\/schema\\\/logo\\\/image\\\/\"},\"sameAs\":[\"https:\\\/\\\/www.facebook.com\\\/POsaamista\\\/\",\"https:\\\/\\\/x.com\\\/Posaaja_\",\"https:\\\/\\\/www.instagram.com\\\/parastaosaamista\\\/\",\"https:\\\/\\\/www.youtube.com\\\/channel\\\/UC7hv9jw0R6lS_Fmz5L9TUPw\"]}]}<\/script>\n<!-- \/ Yoast SEO plugin. -->","yoast_head_json":{"title":"Osaamisen arviointioppaat - Parasta osaamista","robots":{"index":"index","follow":"follow","max-snippet":"max-snippet:-1","max-image-preview":"max-image-preview:large","max-video-preview":"max-video-preview:-1"},"canonical":"https:\/\/blogit.gradia.fi\/parasta_osaamista\/osaamisen-arviointioppaat\/","og_locale":"fi_FI","og_type":"article","og_title":"Osaamisen arviointioppaat - Parasta osaamista","og_description":"Osaamisen arviointi on yksi t\u00e4rke\u00e4 osa opiskelijan opintopolkua\u00a0&#8211;\u00a0er\u00e4\u00e4nlainen\u00a0huipentuma siit\u00e4, mit\u00e4 on saatu aikaan ja millainen osaaminen opiskelijalle on muodostunut. Arviointiin liittyy monia t\u00e4rkeit\u00e4 asioita, joita on tuotu esille osaamisen arviointioppaissa. Tasavertaisuus varmistuu silloin kun&#46;&#46;&#46;","og_url":"https:\/\/blogit.gradia.fi\/parasta_osaamista\/osaamisen-arviointioppaat\/","og_site_name":"Parasta osaamista","article_publisher":"https:\/\/www.facebook.com\/POsaamista\/","article_modified_time":"2020-04-15T13:10:05+00:00","og_image":[{"url":"https:\/\/blogit.gradia.fi\/parasta_osaamista\/wp-content\/uploads\/sites\/20\/2019\/08\/Arviointiopas_opiskelijalle_NETTI_Page_1-150x150.jpg","type":"","width":"","height":""}],"twitter_card":"summary_large_image","twitter_site":"@Posaaja_","twitter_misc":{"Arvioitu lukuaika":"1 minuutti"},"schema":{"@context":"https:\/\/schema.org","@graph":[{"@type":"WebPage","@id":"https:\/\/blogit.gradia.fi\/parasta_osaamista\/osaamisen-arviointioppaat\/","url":"https:\/\/blogit.gradia.fi\/parasta_osaamista\/osaamisen-arviointioppaat\/","name":"Osaamisen arviointioppaat - Parasta osaamista","isPartOf":{"@id":"https:\/\/blogit.gradia.fi\/parasta_osaamista\/#website"},"primaryImageOfPage":{"@id":"https:\/\/blogit.gradia.fi\/parasta_osaamista\/osaamisen-arviointioppaat\/#primaryimage"},"image":{"@id":"https:\/\/blogit.gradia.fi\/parasta_osaamista\/osaamisen-arviointioppaat\/#primaryimage"},"thumbnailUrl":"https:\/\/blogit.gradia.fi\/parasta_osaamista\/wp-content\/uploads\/sites\/20\/2019\/08\/Arviointiopas_opiskelijalle_NETTI_Page_1-150x150.jpg","datePublished":"2018-11-08T12:22:53+00:00","dateModified":"2020-04-15T13:10:05+00:00","inLanguage":"fi","potentialAction":[{"@type":"ReadAction","target":["https:\/\/blogit.gradia.fi\/parasta_osaamista\/osaamisen-arviointioppaat\/"]}]},{"@type":"ImageObject","inLanguage":"fi","@id":"https:\/\/blogit.gradia.fi\/parasta_osaamista\/osaamisen-arviointioppaat\/#primaryimage","url":"https:\/\/blogit.gradia.fi\/parasta_osaamista\/wp-content\/uploads\/sites\/20\/2019\/08\/Arviointiopas_opiskelijalle_NETTI_Page_1.jpg","contentUrl":"https:\/\/blogit.gradia.fi\/parasta_osaamista\/wp-content\/uploads\/sites\/20\/2019\/08\/Arviointiopas_opiskelijalle_NETTI_Page_1.jpg","width":1654,"height":2339},{"@type":"WebSite","@id":"https:\/\/blogit.gradia.fi\/parasta_osaamista\/#website","url":"https:\/\/blogit.gradia.fi\/parasta_osaamista\/","name":"Parasta osaamista","description":"Parasta osaamista -verkostohanke","publisher":{"@id":"https:\/\/blogit.gradia.fi\/parasta_osaamista\/#organization"},"potentialAction":[{"@type":"SearchAction","target":{"@type":"EntryPoint","urlTemplate":"https:\/\/blogit.gradia.fi\/parasta_osaamista\/?s={search_term_string}"},"query-input":{"@type":"PropertyValueSpecification","valueRequired":true,"valueName":"search_term_string"}}],"inLanguage":"fi"},{"@type":"Organization","@id":"https:\/\/blogit.gradia.fi\/parasta_osaamista\/#organization","name":"Parasta osaamista -verkostohanke","url":"https:\/\/blogit.gradia.fi\/parasta_osaamista\/","logo":{"@type":"ImageObject","inLanguage":"fi","@id":"https:\/\/blogit.gradia.fi\/parasta_osaamista\/#\/schema\/logo\/image\/","url":"https:\/\/blogit.gradia.fi\/parasta_osaamista\/wp-content\/uploads\/sites\/20\/2018\/02\/parasta_osaamista_logo.jpg","contentUrl":"https:\/\/blogit.gradia.fi\/parasta_osaamista\/wp-content\/uploads\/sites\/20\/2018\/02\/parasta_osaamista_logo.jpg","width":344,"height":334,"caption":"Parasta osaamista -verkostohanke"},"image":{"@id":"https:\/\/blogit.gradia.fi\/parasta_osaamista\/#\/schema\/logo\/image\/"},"sameAs":["https:\/\/www.facebook.com\/POsaamista\/","https:\/\/x.com\/Posaaja_","https:\/\/www.instagram.com\/parastaosaamista\/","https:\/\/www.youtube.com\/channel\/UC7hv9jw0R6lS_Fmz5L9TUPw"]}]}},"uagb_featured_image_src":{"full":false,"thumbnail":false,"medium":false,"medium_large":false,"large":false,"1536x1536":false,"2048x2048":false,"thumb-small":false,"thumb-standard":false,"thumb-medium":false,"thumb-large":false,"thumb-xlarge":false,"thumb-xxlarge":false},"uagb_author_info":{"display_name":"Sami Ahonen","author_link":"https:\/\/blogit.gradia.fi\/parasta_osaamista\/author\/ahonesam\/"},"uagb_comment_info":0,"uagb_excerpt":"Osaamisen arviointi on yksi t\u00e4rke\u00e4 osa opiskelijan opintopolkua\u00a0&#8211;\u00a0er\u00e4\u00e4nlainen\u00a0huipentuma siit\u00e4, mit\u00e4 on saatu aikaan ja millainen osaaminen opiskelijalle on muodostunut. Arviointiin liittyy monia t\u00e4rkeit\u00e4 asioita, joita on tuotu esille osaamisen arviointioppaissa. Tasavertaisuus varmistuu silloin kun&#46;&#46;&#46;","_links":{"self":[{"href":"https:\/\/blogit.gradia.fi\/parasta_osaamista\/wp-json\/wp\/v2\/pages\/1082","targetHints":{"allow":["GET"]}}],"collection":[{"href":"https:\/\/blogit.gradia.fi\/parasta_osaamista\/wp-json\/wp\/v2\/pages"}],"about":[{"href":"https:\/\/blogit.gradia.fi\/parasta_osaamista\/wp-json\/wp\/v2\/types\/page"}],"author":[{"embeddable":true,"href":"https:\/\/blogit.gradia.fi\/parasta_osaamista\/wp-json\/wp\/v2\/users\/178"}],"replies":[{"embeddable":true,"href":"https:\/\/blogit.gradia.fi\/parasta_osaamista\/wp-json\/wp\/v2\/comments?post=1082"}],"version-history":[{"count":31,"href":"https:\/\/blogit.gradia.fi\/parasta_osaamista\/wp-json\/wp\/v2\/pages\/1082\/revisions"}],"predecessor-version":[{"id":3603,"href":"https:\/\/blogit.gradia.fi\/parasta_osaamista\/wp-json\/wp\/v2\/pages\/1082\/revisions\/3603"}],"wp:attachment":[{"href":"https:\/\/blogit.gradia.fi\/parasta_osaamista\/wp-json\/wp\/v2\/media?parent=1082"}],"curies":[{"name":"wp","href":"https:\/\/api.w.org\/{rel}","templated":true}]}}