{"id":522,"date":"2013-11-09T09:26:39","date_gmt":"2013-11-09T07:26:39","guid":{"rendered":"https:\/\/blogit.gradia.fi\/opeoppii\/?page_id=522"},"modified":"2013-11-09T10:31:07","modified_gmt":"2013-11-09T08:31:07","slug":"hennis-henkilona","status":"publish","type":"page","link":"https:\/\/blogit.gradia.fi\/opeoppii\/hennis-henkilona\/","title":{"rendered":"Hennis Henkil\u00f6n\u00e4"},"content":{"rendered":"<p><strong>Kuka olen?<\/strong><\/p>\n<p>Olen hm&#8230; &#8221;hieman&#8221; p\u00e4\u00e4lle 28 -vuotias jyv\u00e4skyl\u00e4l\u00e4istynyt paljasjalkainen raumalainen. Sisin on siis syv\u00e4ll\u00e4 pitseiss\u00e4 ja iho merisuolan karaisema, mutta syd\u00e4n t\u00e4ynn\u00e4 m\u00e4ennyppyl\u00f6it\u00e4, lunta ja j\u00e4rvimaisemaa. Ulkomailla seikkailujeni j\u00e4lkeen p\u00e4\u00e4dyin Jyv\u00e4skyl\u00e4\u00e4n jatkamaan opintojani ja t\u00e4nne se syd\u00e4n j\u00e4i kun mies sen vei. T\u00e4nne sitten p\u00e4\u00e4dyttiin takaisin viel\u00e4 pienten mutkien kautta. Ennen opettajan uraani olen ty\u00f6skennellyt mm. IBM:ll\u00e4, Hewlett-Packardilla, Rolls-Roycell\u00e4, Grant Instrumentilla, The Body Shopilla ja monessa muussa yrityksess\u00e4.\u00a0 Linedinist\u00e4 l\u00f6ytyy lis\u00e4\u00e4 tietoa, jos tutkinnot ja sen sellaiset kiinnostavat. Pyrin harrastamaan urheilua, mutta kolme pient\u00e4 pellavap\u00e4\u00e4t\u00e4 p\u00e4\u00e4s\u00e4\u00e4nt\u00f6isesti j\u00e4rjest\u00e4v\u00e4t sen niin, ett\u00e4 mamma harrastaa urheilulajeihin kuskaamista vaikka ennen olikin superaktiivinen. J\u00e4rjest\u00f6toiminnassa olen tiiviisti mukana. Innostun kaikesta uudesta, nautin ihmisten seurasta ja k\u00e4velen lujaa. Minulla ja Peppi Pitk\u00e4tossulla on yhteist\u00e4 Huvikumpu, suuret keng\u00e4t ja hauskuuksien rakastaminen.<\/p>\n<p>&nbsp;<\/p>\n<p><strong>Mit\u00e4 teen?<\/strong><\/p>\n<p>T\u00e4m\u00e4n blogin kirjoittaja on Jyv\u00e4skyl\u00e4n ammattiopiston Kaupan yksik\u00f6n opettaja ja kv-yhteysope. Opettamiini aineisiin kuuluvat muun muassa asiakaspalvelu, kaupan ty\u00f6t ja toiminta, yritt\u00e4jyys sek\u00e4 visuaalinen myyntity\u00f6. Toimin my\u00f6s kv-yhteysopettajana l\u00e4hett\u00e4en merkonomiopiskelijoita maailmalle ty\u00f6ss\u00e4oppimaan sek\u00e4 vastaanotan ulkomailta oppilaita. Ohjaan tietysti ty\u00f6ss\u00e4oppijoita my\u00f6s Jyv\u00e4skyl\u00e4ss\u00e4. Erilaisissa projekteissa on tullut oltua mukana esimerkiksi Seutumallissa, &#8221;Soppakirjassa&#8221; (yritt\u00e4jyyden tiimoilta),\u00a0Kansainv\u00e4lisyyskoulussa parina vuotena, Pulpetista tabletille -hankkeessa sek\u00e4\u00a0 nyt Mobiilit Ohjaajat -hankkeessa. Jyv\u00e4skyl\u00e4n ammattiopistossa olen ty\u00f6skennellyt elokuusta 2007.<\/p>\n<p>&nbsp;<\/p>\n<p><strong>Mist\u00e4 kaikki alkoi?<\/strong><\/p>\n<p>Alun perin idea kirjoittamiseen l\u00e4hti siit\u00e4, ett\u00e4 ajattelin haastaa itseni tekem\u00e4\u00e4n opettajan ty\u00f6el\u00e4m\u00e4jaksolla Malagassa samat teht\u00e4v\u00e4t kuin vaadimme omilta oppilailtamme Mobiilit Ohjaajat -projektimme tiimoilta. Osa kirjoittamistani jutuista pohjautuu siis\u00a0l\u00f6yh\u00e4sti Heini Pennasen kanssa tekemiin teht\u00e4vienantoihimme ty\u00f6ss\u00e4oppimispainotteiselle luokalle. Jouduin v\u00e4h\u00e4n teht\u00e4v\u00e4viss\u00e4 oikaisemaan, koska espanjankielentaitoni ei ollut kovin vankka, eik\u00e4 ty\u00f6paikalla juuri puhuttu englantia joka minulta olisi sujunut sutjakkaasti. Teht\u00e4v\u00e4nantoja sek\u00e4 oppilaiden tuotoksia l\u00f6ytyy blogista Ty\u00f6ss\u00e4oppien merkonomiksi: <a href=\"https:\/\/blogit.gradia.fi\/visu\">https:\/\/blogit.gradia.fi\/visu<\/a>.\u00a0Osa jutuista tosin vain syntyi omien kiinnostuksieni ja tapahtumien mukaan.<\/p>\n<p>&nbsp;<\/p>\n<p><strong>Mit\u00e4 sitten?<\/strong><\/p>\n<p>Kuten yleens\u00e4 k\u00e4y, idea sai siivet. Huomasin, ett\u00e4 opehan oppii ihan muutoinkin kuin varta vasten opettelemalla. Varsinkin, kun on oppimisesta itse aina ollut\u00a0kiinnostunut. Niin ja kun on se elinik\u00e4inen oppiminenkin sellainen nykyjuttu\u2026 Voi siis olla, ett\u00e4 tuohon &#8221;sit\u00e4sunt\u00e4t\u00e4&#8221; -kohtaan tulee matkanvarrelta sattumuksia.<\/p>\n<p>Katsotaan, mit\u00e4 tuleman pit\u00e4\u00e4 \u2013 ja mit\u00e4 ope oppii.<\/p>\n<p>Kiitos blogini seuraamisesta,<\/p>\n<p><img loading=\"lazy\" decoding=\"async\" alt=\"kuva\" src=\"https:\/\/blogit.gradia.fi\/opeoppii\/wp-content\/uploads\/sites\/129\/2013\/11\/kuva.jpg\" width=\"107\" height=\"81\" \/><\/p>\n<p>Hennis<\/p>\n<p>&nbsp;<\/p>\n<p><strong>Miten minuun saa yhteyden?<\/strong><\/p>\n<p>&nbsp;<\/p>\n<p>Henna-Liisa Maljonen<\/p>\n<p>Opettaja, Mobility Liaison for Business<\/p>\n<p>gsm: 040 341 5817<\/p>\n<p>henna-liisa.maljonen@jao.fi<\/p>\n<p>&nbsp;<\/p>\n<p>Jyv\u00e4skyl\u00e4n ammattiopisto<\/p>\n<p>Kauppa ja palvelut<\/p>\n<p>PL 472, Viitaniementie 1 B<\/p>\n<p>40101 Jyv\u00e4skyl\u00e4<\/p>\n<p><a href=\"http:\/\/www.jao.fi\">www.jao.fi<\/a><\/p>\n<p>&nbsp;<\/p>\n<p>&nbsp;<\/p>\n","protected":false},"excerpt":{"rendered":"<p>Kuka olen? Olen hm&#8230; &#8221;hieman&#8221; p\u00e4\u00e4lle 28 -vuotias jyv\u00e4skyl\u00e4l\u00e4istynyt paljasjalkainen raumalainen. Sisin on siis syv\u00e4ll\u00e4 pitseiss\u00e4 ja iho merisuolan karaisema, mutta syd\u00e4n t\u00e4ynn\u00e4 m\u00e4ennyppyl\u00f6it\u00e4, lunta ja j\u00e4rvimaisemaa. Ulkomailla seikkailujeni j\u00e4lkeen p\u00e4\u00e4dyin Jyv\u00e4skyl\u00e4\u00e4n jatkamaan opintojani ja t\u00e4nne se syd\u00e4n j\u00e4i kun mies sen vei. T\u00e4nne sitten p\u00e4\u00e4dyttiin takaisin viel\u00e4 pienten mutkien kautta. Ennen opettajan uraani olen &hellip; <a href=\"https:\/\/blogit.gradia.fi\/opeoppii\/hennis-henkilona\/\" class=\"more-link\">Jatka lukemista <span class=\"screen-reader-text\">Hennis Henkil\u00f6n\u00e4<\/span> <span class=\"meta-nav\">&rarr;<\/span><\/a><\/p>\n","protected":false},"author":163,"featured_media":0,"parent":0,"menu_order":0,"comment_status":"open","ping_status":"open","template":"","meta":{"_uag_custom_page_level_css":"","footnotes":""},"class_list":["post-522","page","type-page","status-publish","hentry"],"yoast_head":"<!-- This site is optimized with the Yoast SEO plugin v27.5 - https:\/\/yoast.com\/product\/yoast-seo-wordpress\/ -->\n<title>Hennis Henkil\u00f6n\u00e4 - Ope oppii<\/title>\n<meta name=\"robots\" content=\"index, follow, max-snippet:-1, max-image-preview:large, max-video-preview:-1\" \/>\n<link rel=\"canonical\" href=\"https:\/\/blogit.gradia.fi\/opeoppii\/hennis-henkilona\/\" \/>\n<meta property=\"og:locale\" content=\"fi_FI\" \/>\n<meta property=\"og:type\" content=\"article\" \/>\n<meta property=\"og:title\" content=\"Hennis Henkil\u00f6n\u00e4 - Ope oppii\" \/>\n<meta property=\"og:description\" content=\"Kuka olen? Olen hm&#8230; &#8221;hieman&#8221; p\u00e4\u00e4lle 28 -vuotias jyv\u00e4skyl\u00e4l\u00e4istynyt paljasjalkainen raumalainen. Sisin on siis syv\u00e4ll\u00e4 pitseiss\u00e4 ja iho merisuolan karaisema, mutta syd\u00e4n t\u00e4ynn\u00e4 m\u00e4ennyppyl\u00f6it\u00e4, lunta ja j\u00e4rvimaisemaa. Ulkomailla seikkailujeni j\u00e4lkeen p\u00e4\u00e4dyin Jyv\u00e4skyl\u00e4\u00e4n jatkamaan opintojani ja t\u00e4nne se syd\u00e4n j\u00e4i kun mies sen vei. T\u00e4nne sitten p\u00e4\u00e4dyttiin takaisin viel\u00e4 pienten mutkien kautta. Ennen opettajan uraani olen &hellip; Jatka lukemista Hennis Henkil\u00f6n\u00e4 &rarr;\" \/>\n<meta property=\"og:url\" content=\"https:\/\/blogit.gradia.fi\/opeoppii\/hennis-henkilona\/\" \/>\n<meta property=\"og:site_name\" content=\"Ope oppii\" \/>\n<meta property=\"article:modified_time\" content=\"2013-11-09T08:31:07+00:00\" \/>\n<meta property=\"og:image\" content=\"https:\/\/blogit.gradia.fi\/opeoppii\/wp-content\/uploads\/sites\/129\/2013\/11\/kuva.jpg\" \/>\n<meta name=\"twitter:card\" content=\"summary_large_image\" \/>\n<meta name=\"twitter:label1\" content=\"Arvioitu lukuaika\" \/>\n\t<meta name=\"twitter:data1\" content=\"2 minuuttia\" \/>\n<script type=\"application\/ld+json\" class=\"yoast-schema-graph\">{\"@context\":\"https:\\\/\\\/schema.org\",\"@graph\":[{\"@type\":\"WebPage\",\"@id\":\"https:\\\/\\\/blogit.gradia.fi\\\/opeoppii\\\/hennis-henkilona\\\/\",\"url\":\"https:\\\/\\\/blogit.gradia.fi\\\/opeoppii\\\/hennis-henkilona\\\/\",\"name\":\"Hennis Henkil\u00f6n\u00e4 - Ope oppii\",\"isPartOf\":{\"@id\":\"https:\\\/\\\/blogit.gradia.fi\\\/opeoppii\\\/#website\"},\"primaryImageOfPage\":{\"@id\":\"https:\\\/\\\/blogit.gradia.fi\\\/opeoppii\\\/hennis-henkilona\\\/#primaryimage\"},\"image\":{\"@id\":\"https:\\\/\\\/blogit.gradia.fi\\\/opeoppii\\\/hennis-henkilona\\\/#primaryimage\"},\"thumbnailUrl\":\"https:\\\/\\\/blogit.gradia.fi\\\/opeoppii\\\/wp-content\\\/uploads\\\/sites\\\/129\\\/2013\\\/11\\\/kuva.jpg\",\"datePublished\":\"2013-11-09T07:26:39+00:00\",\"dateModified\":\"2013-11-09T08:31:07+00:00\",\"inLanguage\":\"fi\",\"potentialAction\":[{\"@type\":\"ReadAction\",\"target\":[\"https:\\\/\\\/blogit.gradia.fi\\\/opeoppii\\\/hennis-henkilona\\\/\"]}]},{\"@type\":\"ImageObject\",\"inLanguage\":\"fi\",\"@id\":\"https:\\\/\\\/blogit.gradia.fi\\\/opeoppii\\\/hennis-henkilona\\\/#primaryimage\",\"url\":\"https:\\\/\\\/blogit.gradia.fi\\\/opeoppii\\\/wp-content\\\/uploads\\\/sites\\\/129\\\/2013\\\/11\\\/kuva.jpg\",\"contentUrl\":\"https:\\\/\\\/blogit.gradia.fi\\\/opeoppii\\\/wp-content\\\/uploads\\\/sites\\\/129\\\/2013\\\/11\\\/kuva.jpg\",\"width\":1936,\"height\":2592},{\"@type\":\"WebSite\",\"@id\":\"https:\\\/\\\/blogit.gradia.fi\\\/opeoppii\\\/#website\",\"url\":\"https:\\\/\\\/blogit.gradia.fi\\\/opeoppii\\\/\",\"name\":\"Ope oppii\",\"description\":\"Opettajakin voi oppia. Mutta mit\u00e4 ja miten?\",\"potentialAction\":[{\"@type\":\"SearchAction\",\"target\":{\"@type\":\"EntryPoint\",\"urlTemplate\":\"https:\\\/\\\/blogit.gradia.fi\\\/opeoppii\\\/?s={search_term_string}\"},\"query-input\":{\"@type\":\"PropertyValueSpecification\",\"valueRequired\":true,\"valueName\":\"search_term_string\"}}],\"inLanguage\":\"fi\"}]}<\/script>\n<!-- \/ Yoast SEO plugin. -->","yoast_head_json":{"title":"Hennis Henkil\u00f6n\u00e4 - Ope oppii","robots":{"index":"index","follow":"follow","max-snippet":"max-snippet:-1","max-image-preview":"max-image-preview:large","max-video-preview":"max-video-preview:-1"},"canonical":"https:\/\/blogit.gradia.fi\/opeoppii\/hennis-henkilona\/","og_locale":"fi_FI","og_type":"article","og_title":"Hennis Henkil\u00f6n\u00e4 - Ope oppii","og_description":"Kuka olen? Olen hm&#8230; &#8221;hieman&#8221; p\u00e4\u00e4lle 28 -vuotias jyv\u00e4skyl\u00e4l\u00e4istynyt paljasjalkainen raumalainen. Sisin on siis syv\u00e4ll\u00e4 pitseiss\u00e4 ja iho merisuolan karaisema, mutta syd\u00e4n t\u00e4ynn\u00e4 m\u00e4ennyppyl\u00f6it\u00e4, lunta ja j\u00e4rvimaisemaa. Ulkomailla seikkailujeni j\u00e4lkeen p\u00e4\u00e4dyin Jyv\u00e4skyl\u00e4\u00e4n jatkamaan opintojani ja t\u00e4nne se syd\u00e4n j\u00e4i kun mies sen vei. T\u00e4nne sitten p\u00e4\u00e4dyttiin takaisin viel\u00e4 pienten mutkien kautta. Ennen opettajan uraani olen &hellip; Jatka lukemista Hennis Henkil\u00f6n\u00e4 &rarr;","og_url":"https:\/\/blogit.gradia.fi\/opeoppii\/hennis-henkilona\/","og_site_name":"Ope oppii","article_modified_time":"2013-11-09T08:31:07+00:00","og_image":[{"url":"https:\/\/blogit.gradia.fi\/opeoppii\/wp-content\/uploads\/sites\/129\/2013\/11\/kuva.jpg","type":"","width":"","height":""}],"twitter_card":"summary_large_image","twitter_misc":{"Arvioitu lukuaika":"2 minuuttia"},"schema":{"@context":"https:\/\/schema.org","@graph":[{"@type":"WebPage","@id":"https:\/\/blogit.gradia.fi\/opeoppii\/hennis-henkilona\/","url":"https:\/\/blogit.gradia.fi\/opeoppii\/hennis-henkilona\/","name":"Hennis Henkil\u00f6n\u00e4 - Ope oppii","isPartOf":{"@id":"https:\/\/blogit.gradia.fi\/opeoppii\/#website"},"primaryImageOfPage":{"@id":"https:\/\/blogit.gradia.fi\/opeoppii\/hennis-henkilona\/#primaryimage"},"image":{"@id":"https:\/\/blogit.gradia.fi\/opeoppii\/hennis-henkilona\/#primaryimage"},"thumbnailUrl":"https:\/\/blogit.gradia.fi\/opeoppii\/wp-content\/uploads\/sites\/129\/2013\/11\/kuva.jpg","datePublished":"2013-11-09T07:26:39+00:00","dateModified":"2013-11-09T08:31:07+00:00","inLanguage":"fi","potentialAction":[{"@type":"ReadAction","target":["https:\/\/blogit.gradia.fi\/opeoppii\/hennis-henkilona\/"]}]},{"@type":"ImageObject","inLanguage":"fi","@id":"https:\/\/blogit.gradia.fi\/opeoppii\/hennis-henkilona\/#primaryimage","url":"https:\/\/blogit.gradia.fi\/opeoppii\/wp-content\/uploads\/sites\/129\/2013\/11\/kuva.jpg","contentUrl":"https:\/\/blogit.gradia.fi\/opeoppii\/wp-content\/uploads\/sites\/129\/2013\/11\/kuva.jpg","width":1936,"height":2592},{"@type":"WebSite","@id":"https:\/\/blogit.gradia.fi\/opeoppii\/#website","url":"https:\/\/blogit.gradia.fi\/opeoppii\/","name":"Ope oppii","description":"Opettajakin voi oppia. Mutta mit\u00e4 ja miten?","potentialAction":[{"@type":"SearchAction","target":{"@type":"EntryPoint","urlTemplate":"https:\/\/blogit.gradia.fi\/opeoppii\/?s={search_term_string}"},"query-input":{"@type":"PropertyValueSpecification","valueRequired":true,"valueName":"search_term_string"}}],"inLanguage":"fi"}]}},"uagb_featured_image_src":{"full":false,"thumbnail":false,"medium":false,"medium_large":false,"large":false,"1536x1536":false,"2048x2048":false,"post-thumbnail":false},"uagb_author_info":{"display_name":"Henna-Liisa Maljonen","author_link":"https:\/\/blogit.gradia.fi\/opeoppii\/author\/maljohen\/"},"uagb_comment_info":4,"uagb_excerpt":"Kuka olen? Olen hm&#8230; &#8221;hieman&#8221; p\u00e4\u00e4lle 28 -vuotias jyv\u00e4skyl\u00e4l\u00e4istynyt paljasjalkainen raumalainen. Sisin on siis syv\u00e4ll\u00e4 pitseiss\u00e4 ja iho merisuolan karaisema, mutta syd\u00e4n t\u00e4ynn\u00e4 m\u00e4ennyppyl\u00f6it\u00e4, lunta ja j\u00e4rvimaisemaa. Ulkomailla seikkailujeni j\u00e4lkeen p\u00e4\u00e4dyin Jyv\u00e4skyl\u00e4\u00e4n jatkamaan opintojani ja t\u00e4nne se syd\u00e4n j\u00e4i kun mies sen vei. T\u00e4nne sitten p\u00e4\u00e4dyttiin takaisin viel\u00e4 pienten mutkien kautta. Ennen opettajan uraani olen&hellip;","_links":{"self":[{"href":"https:\/\/blogit.gradia.fi\/opeoppii\/wp-json\/wp\/v2\/pages\/522","targetHints":{"allow":["GET"]}}],"collection":[{"href":"https:\/\/blogit.gradia.fi\/opeoppii\/wp-json\/wp\/v2\/pages"}],"about":[{"href":"https:\/\/blogit.gradia.fi\/opeoppii\/wp-json\/wp\/v2\/types\/page"}],"author":[{"embeddable":true,"href":"https:\/\/blogit.gradia.fi\/opeoppii\/wp-json\/wp\/v2\/users\/163"}],"replies":[{"embeddable":true,"href":"https:\/\/blogit.gradia.fi\/opeoppii\/wp-json\/wp\/v2\/comments?post=522"}],"version-history":[{"count":0,"href":"https:\/\/blogit.gradia.fi\/opeoppii\/wp-json\/wp\/v2\/pages\/522\/revisions"}],"wp:attachment":[{"href":"https:\/\/blogit.gradia.fi\/opeoppii\/wp-json\/wp\/v2\/media?parent=522"}],"curies":[{"name":"wp","href":"https:\/\/api.w.org\/{rel}","templated":true}]}}