{"id":45,"date":"2021-04-07T11:04:24","date_gmt":"2021-04-07T08:04:24","guid":{"rendered":"https:\/\/blogit.gradia.fi\/oikeusosata\/?page_id=45"},"modified":"2022-06-22T12:26:33","modified_gmt":"2022-06-22T09:26:33","slug":"pitavaa-ohjausta-verkosto","status":"publish","type":"page","link":"https:\/\/blogit.gradia.fi\/oikeusosata\/pitavaa-ohjausta-verkosto\/","title":{"rendered":"Pit\u00e4v\u00e4\u00e4 ohjausta -verkosto"},"content":{"rendered":"\n<p>Gradia toimii koordinaattorina kahdeksan organisaation yhteishankkeessa. <\/p>\n\n\n\n<p><a href=\"https:\/\/www.gradia.fi\/\" target=\"_blank\" rel=\"noreferrer noopener\">Gradian<\/a> lis\u00e4ksi mukana ovat <\/p>\n\n\n\n<ul class=\"wp-block-list\"><li><a href=\"https:\/\/www.salpaus.fi\/info\/kehitamme-toimintaamme\/hankkeet\/pitavaa-ohjausta\/\" target=\"_blank\" rel=\"noreferrer noopener\">Koulutuskeskus Salpaus -kuntayhtym\u00e4<\/a><\/li><li><a href=\"https:\/\/www.jko.fi\/tyoelamapalvelut\/hankkeet\/#aktiivihankkeet\" target=\"_blank\" rel=\"noreferrer noopener\">Jyv\u00e4skyl\u00e4n kristillinen opisto<\/a><\/li><li><a href=\"https:\/\/peda.net\/yksityiskoulut\/jypao\/jjto\/hankkeet2\/ooh\" target=\"_blank\" rel=\"noreferrer noopener\">Jyv\u00e4skyl\u00e4n palvelualan opisto<\/a><\/li><li><a href=\"https:\/\/poke.fi\/hankkeet\/oikeus-osata\" target=\"_blank\" rel=\"noreferrer noopener\">Pohjoisen Keski-Suomen ammattiopisto POKE<\/a><\/li><li><a href=\"https:\/\/www.edusampo.fi\/tietoa_samposta\/saimaan_ammattiopisto_sampo\/kehittaminen\/kehittamishankkeet\/kaynnissa_olevat_hankkeet\/pitavaa_ohjausta\" target=\"_blank\" rel=\"noreferrer noopener\">Saimaan ammattiopisto<\/a><\/li><li><a href=\"https:\/\/www.brahe.fi\/tietoa-brahesta\/hankkeet\">Koulutuskuntayhtym\u00e4 Brahe<\/a><\/li><li><a href=\"https:\/\/www.kao.fi\/hanke\/pitavaa-ohjausta\/\" target=\"_blank\" rel=\"noreferrer noopener\">Kainuun ammattiopisto KAO<\/a>.<\/li><\/ul>\n\n\n\n<div class=\"wp-block-file\"><a id=\"wp-block-file--media-2257e4f6-a220-447f-8c12-9e663f136a9f\" href=\"https:\/\/blogit.gradia.fi\/oikeusosata\/wp-content\/uploads\/sites\/193\/2022\/06\/Verkoston-tulosten-nostoja-kootusti.pdf\" target=\"_blank\" rel=\"noreferrer noopener\">Verkoston-tulosten-nostoja-kootusti<\/a><a href=\"https:\/\/blogit.gradia.fi\/oikeusosata\/wp-content\/uploads\/sites\/193\/2022\/06\/Verkoston-tulosten-nostoja-kootusti.pdf\" class=\"wp-block-file__button\" download aria-describedby=\"wp-block-file--media-2257e4f6-a220-447f-8c12-9e663f136a9f\">Lataa<\/a><\/div>\n\n\n\n<p><strong>Alle on koottu Pit\u00e4v\u00e4\u00e4 ohjausta -hankkeen osatoteuttajien nostoja tuloksista<\/strong><\/p>\n\n\n\n<p><strong>Salpaus<\/strong><\/p>\n\n\n\n<p>Linkkien kautta p\u00e4\u00e4set tutustumaan Salpauksen hankkeen tuloksiin.<\/p>\n\n\n\n<ul class=\"wp-block-list\"><li><a href=\"https:\/\/www.salpaus.fi\/wp-content\/uploads\/2022\/01\/Nivelvaiheen-tiedonsiirtolomake.pdf\" target=\"_blank\" rel=\"noreferrer noopener\">Nivelvaiheen tiedonsiirtolomake <\/a><\/li><li><a href=\"https:\/\/www.salpaus.fi\/wp-content\/uploads\/2022\/05\/Nivelvaiheen-ka%CC%88sikirja_05-2022.pdf\" target=\"_blank\" rel=\"noreferrer noopener\">Nivelvaiheen k\u00e4sikirja<\/a><\/li><li><a href=\"https:\/\/www.salpaus.fi\/koulutus\/infoa-ohjaushenkilostolle\/tietoa-nivelvaiheesta\/\" target=\"_blank\" rel=\"noreferrer noopener\">Nivelvaiheopon ohjaus Nopo- opo<\/a><\/li><li><a href=\"https:\/\/www.salpaus.fi\/wp-content\/uploads\/2022\/02\/Pitavaa-ohjausta-Salpaus-Motari-vaihtoehdot.pdf\" target=\"_blank\" rel=\"noreferrer noopener\">Salpauksen Motari vaihtoehdot<\/a><\/li><\/ul>\n\n\n\n<p>Lis\u00e4tietoja: Tarja M\u00e4enp\u00e4\u00e4 <a href=\"mailto:Tarja.L.Maenpaa@salpaus.fi\">tarja.l.maenpaa@salpaus.fi<\/a><\/p>\n\n\n\n<p><strong>Jyv\u00e4skyl\u00e4n kristillinen opisto <\/strong><\/p>\n\n\n\n<div class=\"wp-block-file\"><a id=\"wp-block-file--media-f73234c3-ca63-4ced-be9d-40a57e1ccfe4\" href=\"https:\/\/blogit.gradia.fi\/oikeusosata\/wp-content\/uploads\/sites\/193\/2022\/06\/Pitavaa-ohjausta-JKO-tulokset-koottuna.pdf\" target=\"_blank\" rel=\"noreferrer noopener\">Pitavaa-ohjausta-JKO-tulokset-koottuna<\/a><a href=\"https:\/\/blogit.gradia.fi\/oikeusosata\/wp-content\/uploads\/sites\/193\/2022\/06\/Pitavaa-ohjausta-JKO-tulokset-koottuna.pdf\" class=\"wp-block-file__button\" download aria-describedby=\"wp-block-file--media-f73234c3-ca63-4ced-be9d-40a57e1ccfe4\">Lataa<\/a><\/div>\n\n\n\n<p>Lis\u00e4tietoja: Sirkka Salvi <a href=\"mailto:sirkka.salvi@jko.fi\" target=\"_blank\" rel=\"noreferrer noopener\">sirkka.salvi@jko.fi<\/a><\/p>\n\n\n\n<p><strong>Jyv\u00e4skyl\u00e4n palvelualan opisto<\/strong><\/p>\n\n\n\n<p>Linkin kautta p\u00e4\u00e4set tutustumaan Jyv\u00e4skyl\u00e4n palvelualan opiston hankkeen tuloksiin<\/p>\n\n\n\n<p><a href=\"https:\/\/peda.net\/yksityiskoulut\/jypao\/jjto\/hankkeet2\/ooh\" target=\"_blank\" rel=\"noreferrer noopener\">Pit\u00e4v\u00e4\u00e4 ohjausta -hankkeen tulokisa (Jypao)<\/a><\/p>\n\n\n\n<p>Lis\u00e4tietoja: Sami Ahonen <a href=\"mailto:sami.ahonen@jypao.fi\" target=\"_blank\" rel=\"noreferrer noopener\">sami.ahonen@jypao.fi<\/a><\/p>\n\n\n\n<p><strong>Pohjoisen Keski-Suomen ammattiopisto <\/strong><\/p>\n\n\n\n<p>Linkin kautta p\u00e4\u00e4set tutustumaan Pohjoisen Keski-Suomen ammattiopiston hankkeen tuloksiin<\/p>\n\n\n\n<p><a href=\"https:\/\/peda.net\/poke\/projektit\/pitavaa-ohjausta\/pitavaa-ohjausta-hankemateriaali\">Pit\u00e4v\u00e4\u00e4 ohjausta -hankkeen tuloksia (POKE)<\/a><\/p>\n\n\n\n<p>Lis\u00e4tietoja: Marika Marttinen <a href=\"mailto:marika.marttinen@poke.fi\" target=\"_blank\" rel=\"noreferrer noopener\">marika.marttinen@poke.fi<\/a><\/p>\n\n\n\n<p><strong>Sa<\/strong>i<strong>maan ammattiopisto<\/strong><\/p>\n\n\n\n<p>Linkin kautta p\u00e4\u00e4set tutustumaan Saimaan ammattiopiston hankkeen tuloksiin<\/p>\n\n\n\n<p><a href=\"https:\/\/www.edusampo.fi\/opiskelemaan\/tutustu_sampoon\/pitavaa_ohjausta-hanke\" target=\"_blank\" rel=\"noreferrer noopener\">Pit\u00e4v\u00e4\u00e4 ohjausta -hankkeen tuloksia (Saimaan ammattiopisto)<\/a><\/p>\n\n\n\n<p><\/p>\n\n\n\n<p>Lis\u00e4tietoja: Virve Kiviharju <a href=\"mailto:virve.kiviharju@edusampo.fi\" target=\"_blank\" rel=\"noreferrer noopener\">virve.kiviharju@edusampo.fi<\/a><\/p>\n\n\n\n<p><strong>Koulutuskeskus<\/strong> <strong>Brahe<\/strong><\/p>\n\n\n\n<p>Tiedostoja Brahen hankkeen tuloksista <\/p>\n\n\n\n<div class=\"wp-block-file\"><a id=\"wp-block-file--media-3a81f130-88fb-4bd9-ade9-d6aad2ff8795\" href=\"https:\/\/blogit.gradia.fi\/oikeusosata\/wp-content\/uploads\/sites\/193\/2022\/06\/Brahe-opiskelijavaikuttaminen-2022.pptx\">Brahe-opiskelijavaikuttaminen-2022<\/a><a href=\"https:\/\/blogit.gradia.fi\/oikeusosata\/wp-content\/uploads\/sites\/193\/2022\/06\/Brahe-opiskelijavaikuttaminen-2022.pptx\" class=\"wp-block-file__button\" download aria-describedby=\"wp-block-file--media-3a81f130-88fb-4bd9-ade9-d6aad2ff8795\">Lataa<\/a><\/div>\n\n\n\n<div class=\"wp-block-file\"><a id=\"wp-block-file--media-b849aece-dc06-4e52-a170-8a43427f5056\" href=\"https:\/\/blogit.gradia.fi\/oikeusosata\/wp-content\/uploads\/sites\/193\/2022\/06\/Brahe-opiskelijoiden-puheenvuorot-2022.pptx\" target=\"_blank\" rel=\"noreferrer noopener\">Brahe-opiskelijoiden-puheenvuorot-2022<\/a><a href=\"https:\/\/blogit.gradia.fi\/oikeusosata\/wp-content\/uploads\/sites\/193\/2022\/06\/Brahe-opiskelijoiden-puheenvuorot-2022.pptx\" class=\"wp-block-file__button\" download aria-describedby=\"wp-block-file--media-b849aece-dc06-4e52-a170-8a43427f5056\">Lataa<\/a><\/div>\n\n\n\n<div class=\"wp-block-file\"><a id=\"wp-block-file--media-e9b9c0ca-f51e-4be4-8dd1-221007c044bc\" href=\"https:\/\/blogit.gradia.fi\/oikeusosata\/wp-content\/uploads\/sites\/193\/2022\/06\/BraheStartti.pdf\" target=\"_blank\" rel=\"noreferrer noopener\">BraheStartti<\/a><a href=\"https:\/\/blogit.gradia.fi\/oikeusosata\/wp-content\/uploads\/sites\/193\/2022\/06\/BraheStartti.pdf\" class=\"wp-block-file__button\" download aria-describedby=\"wp-block-file--media-e9b9c0ca-f51e-4be4-8dd1-221007c044bc\">Lataa<\/a><\/div>\n\n\n\n<div class=\"wp-block-file\"><a id=\"wp-block-file--media-da17f569-9c6a-4fbb-92f3-9e9d43cd64dd\" href=\"https:\/\/blogit.gradia.fi\/oikeusosata\/wp-content\/uploads\/sites\/193\/2022\/06\/Opinpaja-Brahe.pdf\" target=\"_blank\" rel=\"noreferrer noopener\">Opinpaja-Brahe<\/a><a href=\"https:\/\/blogit.gradia.fi\/oikeusosata\/wp-content\/uploads\/sites\/193\/2022\/06\/Opinpaja-Brahe.pdf\" class=\"wp-block-file__button\" download aria-describedby=\"wp-block-file--media-da17f569-9c6a-4fbb-92f3-9e9d43cd64dd\">Lataa<\/a><\/div>\n\n\n\n<div class=\"wp-block-file\"><a id=\"wp-block-file--media-2f553504-7c3a-4e03-8095-87c96423584d\" href=\"https:\/\/blogit.gradia.fi\/oikeusosata\/wp-content\/uploads\/sites\/193\/2022\/06\/Oppivelvollisen-polku-Brahe.pdf\" target=\"_blank\" rel=\"noreferrer noopener\">Oppivelvollisen-polku-Brahe<\/a><a href=\"https:\/\/blogit.gradia.fi\/oikeusosata\/wp-content\/uploads\/sites\/193\/2022\/06\/Oppivelvollisen-polku-Brahe.pdf\" class=\"wp-block-file__button\" download aria-describedby=\"wp-block-file--media-2f553504-7c3a-4e03-8095-87c96423584d\">Lataa<\/a><\/div>\n\n\n\n<div class=\"wp-block-file\"><a id=\"wp-block-file--media-733d8068-d700-40e3-818f-b473ef77b549\" href=\"https:\/\/blogit.gradia.fi\/oikeusosata\/wp-content\/uploads\/sites\/193\/2022\/06\/Tyopaikalla-oppiminen-Brahe.pptx\">Tyopaikalla-oppiminen-Brahe<\/a><a href=\"https:\/\/blogit.gradia.fi\/oikeusosata\/wp-content\/uploads\/sites\/193\/2022\/06\/Tyopaikalla-oppiminen-Brahe.pptx\" class=\"wp-block-file__button\" download aria-describedby=\"wp-block-file--media-733d8068-d700-40e3-818f-b473ef77b549\">Lataa<\/a><\/div>\n\n\n\n<p>Lis\u00e4tietoja: P\u00e4ivi Antinoja <a href=\"mailto:paivi.antinoja@brahe.fi\" target=\"_blank\" rel=\"noreferrer noopener\">paivi.antinoja@brahe.fi<\/a><\/p>\n\n\n\n<p><strong>Kainuun ammattiopisto<\/strong><\/p>\n\n\n\n<p>Linkin kautta p\u00e4\u00e4set tutustumaan Kainuun ammattiopiston hankeen tuloksiin<\/p>\n\n\n\n<p><a href=\"https:\/\/trello.com\/b\/hLJ7w9DA\/pit%C3%A4v%C3%A4%C3%A4-ohjausta\">Pit\u00e4v\u00e4\u00e4 ohjausta -hankkeen tuloksia (KAO)<\/a><\/p>\n\n\n\n<p>Lis\u00e4tietoja: Katja Valtanen <a href=\"mailto:katja.valtanen@kao.fi\" target=\"_blank\" rel=\"noreferrer noopener\">katja.valtanen@kao.fi<\/a><\/p>\n","protected":false},"excerpt":{"rendered":"<p>Gradia toimii koordinaattorina kahdeksan organisaation yhteishankkeessa. Gradian lis\u00e4ksi mukana ovat Koulutuskeskus Salpaus -kuntayhtym\u00e4 Jyv\u00e4skyl\u00e4n kristillinen opisto Jyv\u00e4skyl\u00e4n palvelualan opisto Pohjoisen Keski-Suomen ammattiopisto POKE Saimaan ammattiopisto Koulutuskuntayhtym\u00e4 Brahe Kainuun ammattiopisto KAO. Alle on koottu Pit\u00e4v\u00e4\u00e4&#46;&#46;&#46;<\/p>\n","protected":false},"author":661,"featured_media":0,"parent":0,"menu_order":0,"comment_status":"closed","ping_status":"closed","template":"","meta":{"_uag_custom_page_level_css":"","footnotes":""},"class_list":["post-45","page","type-page","status-publish","hentry"],"yoast_head":"<!-- This site is optimized with the Yoast SEO plugin v27.4 - https:\/\/yoast.com\/product\/yoast-seo-wordpress\/ -->\n<title>Pit\u00e4v\u00e4\u00e4 ohjausta -verkosto - Oikeus osata<\/title>\n<meta name=\"robots\" content=\"index, follow, max-snippet:-1, max-image-preview:large, max-video-preview:-1\" \/>\n<link rel=\"canonical\" href=\"https:\/\/blogit.gradia.fi\/oikeusosata\/pitavaa-ohjausta-verkosto\/\" \/>\n<meta property=\"og:locale\" content=\"fi_FI\" \/>\n<meta property=\"og:type\" content=\"article\" \/>\n<meta property=\"og:title\" content=\"Pit\u00e4v\u00e4\u00e4 ohjausta -verkosto - Oikeus osata\" \/>\n<meta property=\"og:description\" content=\"Gradia toimii koordinaattorina kahdeksan organisaation yhteishankkeessa. Gradian lis\u00e4ksi mukana ovat Koulutuskeskus Salpaus -kuntayhtym\u00e4 Jyv\u00e4skyl\u00e4n kristillinen opisto Jyv\u00e4skyl\u00e4n palvelualan opisto Pohjoisen Keski-Suomen ammattiopisto POKE Saimaan ammattiopisto Koulutuskuntayhtym\u00e4 Brahe Kainuun ammattiopisto KAO. Alle on koottu Pit\u00e4v\u00e4\u00e4&#046;&#046;&#046;\" \/>\n<meta property=\"og:url\" content=\"https:\/\/blogit.gradia.fi\/oikeusosata\/pitavaa-ohjausta-verkosto\/\" \/>\n<meta property=\"og:site_name\" content=\"Oikeus osata\" \/>\n<meta property=\"article:modified_time\" content=\"2022-06-22T09:26:33+00:00\" \/>\n<meta name=\"twitter:card\" content=\"summary_large_image\" \/>\n<meta name=\"twitter:label1\" content=\"Arvioitu lukuaika\" \/>\n\t<meta name=\"twitter:data1\" content=\"2 minuuttia\" \/>\n<script type=\"application\/ld+json\" class=\"yoast-schema-graph\">{\"@context\":\"https:\\\/\\\/schema.org\",\"@graph\":[{\"@type\":\"WebPage\",\"@id\":\"https:\\\/\\\/blogit.gradia.fi\\\/oikeusosata\\\/pitavaa-ohjausta-verkosto\\\/\",\"url\":\"https:\\\/\\\/blogit.gradia.fi\\\/oikeusosata\\\/pitavaa-ohjausta-verkosto\\\/\",\"name\":\"Pit\u00e4v\u00e4\u00e4 ohjausta -verkosto - Oikeus osata\",\"isPartOf\":{\"@id\":\"https:\\\/\\\/blogit.gradia.fi\\\/oikeusosata\\\/#website\"},\"datePublished\":\"2021-04-07T08:04:24+00:00\",\"dateModified\":\"2022-06-22T09:26:33+00:00\",\"breadcrumb\":{\"@id\":\"https:\\\/\\\/blogit.gradia.fi\\\/oikeusosata\\\/pitavaa-ohjausta-verkosto\\\/#breadcrumb\"},\"inLanguage\":\"fi\",\"potentialAction\":[{\"@type\":\"ReadAction\",\"target\":[\"https:\\\/\\\/blogit.gradia.fi\\\/oikeusosata\\\/pitavaa-ohjausta-verkosto\\\/\"]}]},{\"@type\":\"BreadcrumbList\",\"@id\":\"https:\\\/\\\/blogit.gradia.fi\\\/oikeusosata\\\/pitavaa-ohjausta-verkosto\\\/#breadcrumb\",\"itemListElement\":[{\"@type\":\"ListItem\",\"position\":1,\"name\":\"Etusivu\",\"item\":\"https:\\\/\\\/blogit.gradia.fi\\\/oikeusosata\\\/\"},{\"@type\":\"ListItem\",\"position\":2,\"name\":\"Pit\u00e4v\u00e4\u00e4 ohjausta -verkosto\"}]},{\"@type\":\"WebSite\",\"@id\":\"https:\\\/\\\/blogit.gradia.fi\\\/oikeusosata\\\/#website\",\"url\":\"https:\\\/\\\/blogit.gradia.fi\\\/oikeusosata\\\/\",\"name\":\"Oikeus osata\",\"description\":\"Ammatillisen koulutuksen laatua ja tasa-arvoa parantava kehitt\u00e4misohjelma\",\"potentialAction\":[{\"@type\":\"SearchAction\",\"target\":{\"@type\":\"EntryPoint\",\"urlTemplate\":\"https:\\\/\\\/blogit.gradia.fi\\\/oikeusosata\\\/?s={search_term_string}\"},\"query-input\":{\"@type\":\"PropertyValueSpecification\",\"valueRequired\":true,\"valueName\":\"search_term_string\"}}],\"inLanguage\":\"fi\"}]}<\/script>\n<!-- \/ Yoast SEO plugin. -->","yoast_head_json":{"title":"Pit\u00e4v\u00e4\u00e4 ohjausta -verkosto - Oikeus osata","robots":{"index":"index","follow":"follow","max-snippet":"max-snippet:-1","max-image-preview":"max-image-preview:large","max-video-preview":"max-video-preview:-1"},"canonical":"https:\/\/blogit.gradia.fi\/oikeusosata\/pitavaa-ohjausta-verkosto\/","og_locale":"fi_FI","og_type":"article","og_title":"Pit\u00e4v\u00e4\u00e4 ohjausta -verkosto - Oikeus osata","og_description":"Gradia toimii koordinaattorina kahdeksan organisaation yhteishankkeessa. Gradian lis\u00e4ksi mukana ovat Koulutuskeskus Salpaus -kuntayhtym\u00e4 Jyv\u00e4skyl\u00e4n kristillinen opisto Jyv\u00e4skyl\u00e4n palvelualan opisto Pohjoisen Keski-Suomen ammattiopisto POKE Saimaan ammattiopisto Koulutuskuntayhtym\u00e4 Brahe Kainuun ammattiopisto KAO. Alle on koottu Pit\u00e4v\u00e4\u00e4&#46;&#46;&#46;","og_url":"https:\/\/blogit.gradia.fi\/oikeusosata\/pitavaa-ohjausta-verkosto\/","og_site_name":"Oikeus osata","article_modified_time":"2022-06-22T09:26:33+00:00","twitter_card":"summary_large_image","twitter_misc":{"Arvioitu lukuaika":"2 minuuttia"},"schema":{"@context":"https:\/\/schema.org","@graph":[{"@type":"WebPage","@id":"https:\/\/blogit.gradia.fi\/oikeusosata\/pitavaa-ohjausta-verkosto\/","url":"https:\/\/blogit.gradia.fi\/oikeusosata\/pitavaa-ohjausta-verkosto\/","name":"Pit\u00e4v\u00e4\u00e4 ohjausta -verkosto - Oikeus osata","isPartOf":{"@id":"https:\/\/blogit.gradia.fi\/oikeusosata\/#website"},"datePublished":"2021-04-07T08:04:24+00:00","dateModified":"2022-06-22T09:26:33+00:00","breadcrumb":{"@id":"https:\/\/blogit.gradia.fi\/oikeusosata\/pitavaa-ohjausta-verkosto\/#breadcrumb"},"inLanguage":"fi","potentialAction":[{"@type":"ReadAction","target":["https:\/\/blogit.gradia.fi\/oikeusosata\/pitavaa-ohjausta-verkosto\/"]}]},{"@type":"BreadcrumbList","@id":"https:\/\/blogit.gradia.fi\/oikeusosata\/pitavaa-ohjausta-verkosto\/#breadcrumb","itemListElement":[{"@type":"ListItem","position":1,"name":"Etusivu","item":"https:\/\/blogit.gradia.fi\/oikeusosata\/"},{"@type":"ListItem","position":2,"name":"Pit\u00e4v\u00e4\u00e4 ohjausta -verkosto"}]},{"@type":"WebSite","@id":"https:\/\/blogit.gradia.fi\/oikeusosata\/#website","url":"https:\/\/blogit.gradia.fi\/oikeusosata\/","name":"Oikeus osata","description":"Ammatillisen koulutuksen laatua ja tasa-arvoa parantava kehitt\u00e4misohjelma","potentialAction":[{"@type":"SearchAction","target":{"@type":"EntryPoint","urlTemplate":"https:\/\/blogit.gradia.fi\/oikeusosata\/?s={search_term_string}"},"query-input":{"@type":"PropertyValueSpecification","valueRequired":true,"valueName":"search_term_string"}}],"inLanguage":"fi"}]}},"uagb_featured_image_src":{"full":false,"thumbnail":false,"medium":false,"medium_large":false,"large":false,"1536x1536":false,"2048x2048":false,"thumb-small":false,"thumb-standard":false,"thumb-medium":false,"thumb-large":false,"thumb-xlarge":false,"thumb-xxlarge":false},"uagb_author_info":{"display_name":"Anne-Mari Landen","author_link":"https:\/\/blogit.gradia.fi\/oikeusosata\/author\/jokirann\/"},"uagb_comment_info":0,"uagb_excerpt":"Gradia toimii koordinaattorina kahdeksan organisaation yhteishankkeessa. Gradian lis\u00e4ksi mukana ovat Koulutuskeskus Salpaus -kuntayhtym\u00e4 Jyv\u00e4skyl\u00e4n kristillinen opisto Jyv\u00e4skyl\u00e4n palvelualan opisto Pohjoisen Keski-Suomen ammattiopisto POKE Saimaan ammattiopisto Koulutuskuntayhtym\u00e4 Brahe Kainuun ammattiopisto KAO. Alle on koottu Pit\u00e4v\u00e4\u00e4&#46;&#46;&#46;","_links":{"self":[{"href":"https:\/\/blogit.gradia.fi\/oikeusosata\/wp-json\/wp\/v2\/pages\/45","targetHints":{"allow":["GET"]}}],"collection":[{"href":"https:\/\/blogit.gradia.fi\/oikeusosata\/wp-json\/wp\/v2\/pages"}],"about":[{"href":"https:\/\/blogit.gradia.fi\/oikeusosata\/wp-json\/wp\/v2\/types\/page"}],"author":[{"embeddable":true,"href":"https:\/\/blogit.gradia.fi\/oikeusosata\/wp-json\/wp\/v2\/users\/661"}],"replies":[{"embeddable":true,"href":"https:\/\/blogit.gradia.fi\/oikeusosata\/wp-json\/wp\/v2\/comments?post=45"}],"version-history":[{"count":23,"href":"https:\/\/blogit.gradia.fi\/oikeusosata\/wp-json\/wp\/v2\/pages\/45\/revisions"}],"predecessor-version":[{"id":622,"href":"https:\/\/blogit.gradia.fi\/oikeusosata\/wp-json\/wp\/v2\/pages\/45\/revisions\/622"}],"wp:attachment":[{"href":"https:\/\/blogit.gradia.fi\/oikeusosata\/wp-json\/wp\/v2\/media?parent=45"}],"curies":[{"name":"wp","href":"https:\/\/api.w.org\/{rel}","templated":true}]}}