{"id":15,"date":"2021-04-06T14:01:56","date_gmt":"2021-04-06T11:01:56","guid":{"rendered":"https:\/\/blogit.gradia.fi\/oikeusosata\/?page_id=15"},"modified":"2022-04-29T11:46:39","modified_gmt":"2022-04-29T08:46:39","slug":"tapahtumat","status":"publish","type":"page","link":"https:\/\/blogit.gradia.fi\/oikeusosata\/tapahtumat\/","title":{"rendered":"Tapahtumat"},"content":{"rendered":"\n<p>T\u00e4ll\u00e4 sivulla kerrotaan Oikeus osata -hankkeiden tapahtumista, ty\u00f6pajoista, webinaareista jne. <\/p>\n\n\n\n<ul class=\"wp-block-list\"><li><a href=\"#grafe\">Virtuaalikahvilat opiskelijoille<\/a><\/li><li><a href=\"#verkkopeda\">Verkkopedagogiset webinaarit yto-verkko-opintojaksojen opettajille<\/a><\/li><li><strong>Henkil\u00f6st\u00f6n hyvinvointiosaamisen webinaarisarja<\/strong>,<strong> ohjelma alla<\/strong>,<\/li><\/ul>\n\n\n\n<p><\/p>\n\n\n\n<div class=\"wp-block-file\"><a id=\"wp-block-file--media-03fe3dca-e94c-4eb1-991c-861583dc6a4e\" href=\"https:\/\/blogit.gradia.fi\/oikeusosata\/wp-content\/uploads\/sites\/193\/2022\/01\/webinaarisarja-henkilosto-2021_2022-1.docx\">webinaarisarja-henkilosto-2021_2022-1<\/a><a href=\"https:\/\/blogit.gradia.fi\/oikeusosata\/wp-content\/uploads\/sites\/193\/2022\/01\/webinaarisarja-henkilosto-2021_2022-1.docx\" class=\"wp-block-file__button\" download aria-describedby=\"wp-block-file--media-03fe3dca-e94c-4eb1-991c-861583dc6a4e\">Lataa<\/a><\/div>\n\n\n\n<p>Webinaarien materiaaleja:<\/p>\n\n\n\n<div class=\"wp-block-file\"><a href=\"https:\/\/blogit.gradia.fi\/oikeusosata\/wp-content\/uploads\/sites\/193\/2022\/03\/Kuinka_tukea_yhteison_hyvinvointia_150920211.pdf\">Kuinka_tukea_yhteison_hyvinvointia_150920211<\/a><a href=\"https:\/\/blogit.gradia.fi\/oikeusosata\/wp-content\/uploads\/sites\/193\/2022\/03\/Kuinka_tukea_yhteison_hyvinvointia_150920211.pdf\" class=\"wp-block-file__button\" download>Lataa<\/a><\/div>\n\n\n\n<div class=\"wp-block-file\"><a href=\"https:\/\/blogit.gradia.fi\/oikeusosata\/wp-content\/uploads\/sites\/193\/2022\/03\/Uraohjaus_muutoskyvykkyys_nyt_ja_tulevaisuudessa_10.11.20211.pdf\">Uraohjaus_muutoskyvykkyys_nyt_ja_tulevaisuudessa_10.11.20211<\/a><a href=\"https:\/\/blogit.gradia.fi\/oikeusosata\/wp-content\/uploads\/sites\/193\/2022\/03\/Uraohjaus_muutoskyvykkyys_nyt_ja_tulevaisuudessa_10.11.20211.pdf\" class=\"wp-block-file__button\" download>Lataa<\/a><\/div>\n\n\n\n<div class=\"wp-block-file\"><a id=\"wp-block-file--media-6aa12621-3f6d-4e6c-9fef-b162bc1b4e9a\" href=\"https:\/\/blogit.gradia.fi\/oikeusosata\/wp-content\/uploads\/sites\/193\/2022\/03\/Versoresto_14.2.20221.pptx\">Versoresto_14.2.20221<\/a><a href=\"https:\/\/blogit.gradia.fi\/oikeusosata\/wp-content\/uploads\/sites\/193\/2022\/03\/Versoresto_14.2.20221.pptx\" class=\"wp-block-file__button\" download aria-describedby=\"wp-block-file--media-6aa12621-3f6d-4e6c-9fef-b162bc1b4e9a\">Lataa<\/a><\/div>\n\n\n\n<div data-wp-interactive=\"core\/file\" class=\"wp-block-file\"><object data-wp-bind--hidden=\"!state.hasPdfPreview\" hidden class=\"wp-block-file__embed\" data=\"https:\/\/blogit.gradia.fi\/oikeusosata\/wp-content\/uploads\/sites\/193\/2022\/04\/Webinaari-SL_Gradia_280422_esitys-1.pdf\" type=\"application\/pdf\" style=\"width:100%;height:600px\" aria-label=\"Tiedoston Tiedoston Webinaari-SL_Gradia_280422_esitys-1 upotus. upotus.\"><\/object><a id=\"wp-block-file--media-86856d48-f993-45a7-b97f-94387862627a\" href=\"https:\/\/blogit.gradia.fi\/oikeusosata\/wp-content\/uploads\/sites\/193\/2022\/04\/Webinaari-SL_Gradia_280422_esitys-1.pdf\">Webinaari-SL_Gradia_280422_esitys-1<\/a><a href=\"https:\/\/blogit.gradia.fi\/oikeusosata\/wp-content\/uploads\/sites\/193\/2022\/04\/Webinaari-SL_Gradia_280422_esitys-1.pdf\" class=\"wp-block-file__button\" download aria-describedby=\"wp-block-file--media-86856d48-f993-45a7-b97f-94387862627a\">Lataa<\/a><\/div>\n\n\n\n<p> <strong>29.3.2022\u202fklo 14 \u2013 15<\/strong>, <strong>Luovien menetelmien k\u00e4ytt\u00e4minen\u202fopetuksessa\u202f\u2013 opiskelijan\u202fitsetuntemus ja voimavarat\u202fesiin!\u202f<\/strong>&nbsp;<\/p>\n\n\n\n<p> Ei ilmoittautumista, <strong>Teams<\/strong> <strong><a href=\"https:\/\/eur03.safelinks.protection.outlook.com\/ap\/t-59584e83\/?url=https%3A%2F%2Fteams.microsoft.com%2Fl%2Fmeetup-join%2F19%253ameeting_MGFlMjgzZDctMWVlZS00MGUxLWI5NDgtODA0NDdiMWZhZTZi%2540thread.v2%2F0%3Fcontext%3D%257b%2522Tid%2522%253a%252278e3dc5c-6407-463b-ba5e-7b28e32ca5b6%2522%252c%2522Oid%2522%253a%25229a0028cf-1289-41a1-88cc-a63cfdec0d95%2522%257d&amp;data=04%7C01%7Cannukka.norontaus%40gradia.fi%7Cdb87c313db57498ac39008d9d75b57cb%7C4e1441812f68401faa869ec9e400e6b3%7C0%7C0%7C637777609733979291%7CUnknown%7CTWFpbGZsb3d8eyJWIjoiMC4wLjAwMDAiLCJQIjoiV2luMzIiLCJBTiI6Ik1haWwiLCJXVCI6Mn0%3D%7C1000&amp;sdata=64D9W6ijLA%2B%2BDDCXb1WgXHzwK6TADW%2FMs8PSqbXBZBI%3D&amp;reserved=0\" target=\"_blank\" rel=\"noreferrer noopener\">Liity t\u00e4st\u00e4<\/a>&nbsp;<\/strong><\/p>\n\n\n\n<p>Alkusanat + virittelev\u00e4 ty\u00f6skentely&nbsp;&nbsp;&nbsp;<\/p>\n\n\n\n<p>Osallistava teht\u00e4v\u00e4: mieti mit\u00e4 tykk\u00e4\u00e4t tehd\u00e4 ja miten voisit hy\u00f6dynt\u00e4\u00e4 sit\u00e4 omassa ty\u00f6ss\u00e4si\/opetuksessasi?&nbsp;&nbsp;<\/p>\n\n\n\n<p>(Jamboard) Salla Ancker&nbsp;&nbsp;<\/p>\n\n\n\n<p> Itsetuntemuksen ja opiskelijan voimavarojen tukeminen&nbsp;luovien menetelmien keinoin: case Live\/ Leena Linjama &amp; Karoliina Pitk\u00e4nen&nbsp;&nbsp;<\/p>\n\n\n\n<p> Seikkailukasvatus opiskelijan voimavaroja tukemassa: case Live\/ Mikael Pursi &amp; Leena Linjama&nbsp;&nbsp;<\/p>\n\n\n\n<p> Loppukeskustelu ja katsaus virittelev\u00e4\u00e4n teht\u00e4v\u00e4\u00e4n&nbsp;<\/p>\n\n\n\n<p><strong>28.4.2022 klo 14. 00 &#8211; 15.30<\/strong> <strong>Voimavarojen vaihtelua &#8211; resilienssi arjessa<\/strong>,<strong> Satu L\u00e4hteenkorva, Psykologipalvelu Core<\/strong>. Webinaari henkil\u00f6st\u00f6n hyvinvointiosaamisen tueksi, ilmoittautuminen 21.4 menness\u00e4 <a href=\"https:\/\/forms.office.com\/r\/wGm4dccbp9\">t\u00e4st\u00e4 linkist\u00e4<\/a>.<\/p>\n\n\n\n<p><\/p>\n\n\n\n<p><strong>Aiemmat webinaarit ja niiden materiaali<\/strong><\/p>\n\n\n\n<p><strong>Uraohjaus,&nbsp;muutoskyvykkyys&nbsp;nyt ja tulevaisuud<\/strong>essa&nbsp;10.11.2021 klo 14.00\u201315.30 <\/p>\n\n\n\n<p>Webinaarin tallenne (24.11.2021 asti) <a href=\"https:\/\/eur03.safelinks.protection.outlook.com\/?url=https%3A%2F%2Fjaofi-my.sharepoint.com%2F%3Av%3A%2Fg%2Fpersonal%2Fharkobir_gradia_fi%2FEZ_AMp8WTn5Jn4CYmwSFe2wBaKlE6n-t42zSa8of8w_Axg&amp;data=04%7C01%7Cannukka.norontaus%40gradia.fi%7C3e2d84e382624b068aae08d9a8710cd8%7C4e1441812f68401faa869ec9e400e6b3%7C0%7C0%7C637726026072211222%7CUnknown%7CTWFpbGZsb3d8eyJWIjoiMC4wLjAwMDAiLCJQIjoiV2luMzIiLCJBTiI6Ik1haWwiLCJXVCI6Mn0%3D%7C3000&amp;sdata=GCawj%2Fd3zREA2e4%2BTsclUHiGs8a56BWUFHqadzUexxQ%3D&amp;reserved=0\">Uraohjaus, muuntokyvykkyys nyt ja tulevaisuudessa webinaari-20211110_140305-Kokouksen tallenne.mp4<\/a><\/p>\n\n\n\n<div class=\"wp-block-file\"><a href=\"https:\/\/blogit.gradia.fi\/oikeusosata\/wp-content\/uploads\/sites\/193\/2021\/11\/uraohjauswebinaari_alustus_101121.pdf\">uraohjauswebinaari_alustus_101121<\/a><a href=\"https:\/\/blogit.gradia.fi\/oikeusosata\/wp-content\/uploads\/sites\/193\/2021\/11\/uraohjauswebinaari_alustus_101121.pdf\" class=\"wp-block-file__button\" download><\/a><\/div>\n\n\n\n<div class=\"wp-block-file\"><a href=\"https:\/\/blogit.gradia.fi\/oikeusosata\/wp-content\/uploads\/sites\/193\/2021\/11\/Uraohjaus-muutoskyvykkyys-nyt-ja-tulevaisuudessa_10.11.2021.pdf\">Uraohjaus-muutoskyvykkyys-nyt-ja-tulevaisuudessa_10.11.2021<\/a><a href=\"https:\/\/blogit.gradia.fi\/oikeusosata\/wp-content\/uploads\/sites\/193\/2021\/11\/Uraohjaus-muutoskyvykkyys-nyt-ja-tulevaisuudessa_10.11.2021.pdf\" class=\"wp-block-file__button\" download>Lataa<\/a><\/div>\n\n\n\n<p><strong>Tasa-arvo ja yhdenvertaisuus suunnitelma<\/strong>&nbsp; 21.9.&nbsp;2021&nbsp;klo 12.30&nbsp;&#8211;&nbsp;14.45&nbsp;<\/p>\n\n\n\n<p>&nbsp;<strong>Miten tukea koko yhteis\u00f6\u00e4?<\/strong> &nbsp; 15.9.2021\u202fklo 14.00 &#8211; 15.30&nbsp;<\/p>\n\n\n\n<p>\u202f&nbsp;<\/p>\n\n\n\n<div class=\"wp-block-file\"><a href=\"https:\/\/blogit.gradia.fi\/oikeusosata\/wp-content\/uploads\/sites\/193\/2021\/11\/Kuinka-tukea-yhteison-hyvinvointia-15092021.pdf\">Kuinka-tukea-yhteison-hyvinvointia-15092021<\/a><a href=\"https:\/\/blogit.gradia.fi\/oikeusosata\/wp-content\/uploads\/sites\/193\/2021\/11\/Kuinka-tukea-yhteison-hyvinvointia-15092021.pdf\" class=\"wp-block-file__button\" download>Lataa<\/a><\/div>\n\n\n\n<h2 class=\"wp-block-heading\" id=\"grafe\">Virtuaalikahvilat opiskelijoille<\/h2>\n\n\n\n<p>Virtuaalikahvila Graf\u00e9 on suunnattu Gradian ammatillisille opiskelijoille. Virtuaalikahvilatoiminnan tavoitteena lis\u00e4t\u00e4 opiskelijoiden osallisuutta ja yhteis\u00f6llisyytt\u00e4 opintojensa aikana. Kahvilat ovat teemoitettuja ja vapaamuotoisia.<\/p>\n\n\n\n<p>Tarkoituksena on, ett\u00e4&nbsp;toiminta toteutetaan tulevaisuudessa ajatuksella opiskelijoilta opiskelijoille, ja toteuttajina ovat tuolloin Gradian tutoropiskelijat. Toistaiseksi virtuaalikahvilaa toteuttavat Oikeus osata -hankkeen toimijat.&nbsp;<\/p>\n\n\n\n<h3 class=\"wp-block-heading\">Graf\u00e9iden ajankohdat ja teemat<\/h3>\n\n\n\n<p>Listaan lis\u00e4t\u00e4\u00e4n jo pidetyt virtuaalikahvilat sek\u00e4 tiedot tulevista kahviloista.<\/p>\n\n\n\n<ul class=\"wp-block-list\"><li>Kev\u00e4t 2021<\/li><li>20.5.2021 klo 13-14: onnistumiskahvila <strong><a href=\"https:\/\/teams.microsoft.com\/l\/meetup-join\/19%3ameeting_MTJhMThjOWUtNDBlNC00NDdhLWFjYTAtNjE4MjRiMGY2MTEx%40thread.v2\/0?context=%7b%22Tid%22%3a%224e144181-2f68-401f-aa86-9ec9e400e6b3%22%2c%22Oid%22%3a%228935af6b-6806-471e-989d-38669e80f00f%22%7d\">Tule kuulolle<\/a>!<\/strong><\/li><li>15.4.2021 klo 13-14: teemana jaksaminen<\/li><li>11.3.2021 klo 13-14: teemana jatko-opinnot <\/li><\/ul>\n\n\n\n<p><strong>Syksy 2021<\/strong><\/p>\n\n\n\n<p><strong>2.9.2021&nbsp;klo 13 \u2013 14<\/strong>&nbsp; Mun&nbsp;Gradia \u2013 Monta tapaa&nbsp;vaikuttaa. Mukana kahvilassa tutoreita sek\u00e4 opiskelijakunnat.<\/p>\n\n\n\n<p><strong>23.9.2021<\/strong>&nbsp;<strong>klo 13 \u2013 14<\/strong>&nbsp;Kest\u00e4v\u00e4 kehitys&nbsp;mun&nbsp;opintopolulla, liity <a href=\"https:\/\/eur03.safelinks.protection.outlook.com\/ap\/t-59584e83\/?url=https%3A%2F%2Fteams.microsoft.com%2Fl%2Fmeetup-join%2F19%253ameeting_NjYzMTRmYWUtN2VhOS00N2ZmLTg4MjItMzhjMTE5ZDQzYjc0%2540thread.v2%2F0%3Fcontext%3D%257b%2522Tid%2522%253a%25224e144181-2f68-401f-aa86-9ec9e400e6b3%2522%252c%2522Oid%2522%253a%25228935af6b-6806-471e-989d-38669e80f00f%2522%257d&amp;data=04%7C01%7Cannukka.norontaus%40gradia.fi%7C7e60f08bd3654f7f547808d92ffe4b5a%7C4e1441812f68401faa869ec9e400e6b3%7C0%7C0%7C637593591488506242%7CUnknown%7CTWFpbGZsb3d8eyJWIjoiMC4wLjAwMDAiLCJQIjoiV2luMzIiLCJBTiI6Ik1haWwiLCJXVCI6Mn0%3D%7C1000&amp;sdata=GkvjA2sEZVBuQs7O9MM3wZ0kLOa4HY9nB9pVD7xiZWI%3D&amp;reserved=0\">t\u00e4st\u00e4<\/a><\/p>\n\n\n\n<p><strong>7.10.2021&nbsp;klo 13 \u2013 14&nbsp;<\/strong> Hetki hyvinvoinnille (hyvinvointiviikko), liity <a href=\"http:\/\/Liity kokoukseen napsauttamalla t\u00e4t\u00e4\">t\u00e4st\u00e4<\/a><\/p>\n\n\n\n<h2 class=\"wp-block-heading\" id=\"verkkopeda\">Verkkopedagogiset webinaarit yto-verkko-opintojaksojen opettajille<\/h2>\n\n\n\n<p>Yhteisten tutkinnon osien verkko-opintojaksojen opettajille j\u00e4rjestet\u00e4\u00e4n kev\u00e4\u00e4ll\u00e4 2021 kolme verkkopedagogista webinaaria. Jokaisella webinaarilla on oma verkko-opintojaksojen kehitt\u00e4miseen liittyv\u00e4 teema.<\/p>\n\n\n\n<p>Webinaarit ovat luonteeltaan keskustelevia, jotta jo olemassa olevia hyvi\u00e4 k\u00e4yt\u00e4nteit\u00e4 saataisiin jaettua opettajien kesken. Webinaareista tehd\u00e4\u00e4n tallenteet verkko-opintojaksoja opettavien omaan Teams-ty\u00f6tilaan. Tarvittaessa webinaareja voidaan pit\u00e4\u00e4 laajemmallekin joukolle.<\/p>\n\n\n\n<ul class=\"wp-block-list\"><li>to 29.4. klo 14-16: yhteis\u00f6llisyyden lis\u00e4\u00e4minen verkko-opintoihin<\/li><li>to 20.4.2021 klo 10-12: erityist\u00e4 tukea tarvitsevan opiskelijan huomioiminen verkko-opinnoissa<\/li><li>to 15.4.2021 klo 10-12: ohjauksen menetelmien hyv\u00e4t k\u00e4yt\u00e4nteet verkko-opinnoissa<\/li><\/ul>\n\n\n\n<div class=\"wp-block-file\"><a id=\"wp-block-file--media-7f8822a9-234a-45ad-9c36-d96ba7ad88e4\" href=\"https:\/\/blogit.gradia.fi\/oikeusosata\/wp-content\/uploads\/sites\/193\/2021\/04\/Verkko-opintojen-ohjauksen-hyvat-kaytanteet-Gradiassa_verkostolle.pptx\">Webinaariesityksen diasarja: Verkko-opintojen ohjauksen hyv\u00e4t k\u00e4yt\u00e4nteet Gradiassa<\/a><a href=\"https:\/\/blogit.gradia.fi\/oikeusosata\/wp-content\/uploads\/sites\/193\/2021\/04\/Verkko-opintojen-ohjauksen-hyvat-kaytanteet-Gradiassa_verkostolle.pptx\" class=\"wp-block-file__button\" download aria-describedby=\"wp-block-file--media-7f8822a9-234a-45ad-9c36-d96ba7ad88e4\">Lataa<\/a><\/div>\n\n\n\n<div class=\"wp-block-file\"><a id=\"wp-block-file--media-14c8ff01-044b-44f4-889e-954c7a64b107\" href=\"https:\/\/blogit.gradia.fi\/oikeusosata\/wp-content\/uploads\/sites\/193\/2021\/04\/Erityista-tukea-tarvitsevan-opiskelijan-huomioiminen-verkossa_verkostolle.pptx\">Webinaariesityksen diasarja: Erityist\u00e4 tukea tarvitsevan opiskelijan huomioiminen verkko-opinnoissa<\/a><a href=\"https:\/\/blogit.gradia.fi\/oikeusosata\/wp-content\/uploads\/sites\/193\/2021\/04\/Erityista-tukea-tarvitsevan-opiskelijan-huomioiminen-verkossa_verkostolle.pptx\" class=\"wp-block-file__button\" download aria-describedby=\"wp-block-file--media-14c8ff01-044b-44f4-889e-954c7a64b107\">Lataa<\/a><\/div>\n\n\n\n<div class=\"wp-block-file\"><a id=\"wp-block-file--media-c4f621b4-3be4-43b7-a8e0-6594a7f4fa90\" href=\"https:\/\/blogit.gradia.fi\/oikeusosata\/wp-content\/uploads\/sites\/193\/2021\/04\/Verkko-opiskelun-yhteisollisyyden-hyvat-kaytanteet-Gradiassa_verkostolle.pptx\">Verkko-opiskelun yhteis\u00f6llisyyden hyv\u00e4t k\u00e4yt\u00e4nteet Gradiassa<\/a><a href=\"https:\/\/blogit.gradia.fi\/oikeusosata\/wp-content\/uploads\/sites\/193\/2021\/04\/Verkko-opiskelun-yhteisollisyyden-hyvat-kaytanteet-Gradiassa_verkostolle.pptx\" class=\"wp-block-file__button\" download aria-describedby=\"wp-block-file--media-c4f621b4-3be4-43b7-a8e0-6594a7f4fa90\">Lataa<\/a><\/div>\n\n\n\n<p><\/p>\n\n\n\n<p><strong>Henkil\u00f6st\u00f6n hyvinvointiosaamisen webinaarisarja<\/strong><\/p>\n\n\n\n<p>Tuntuuko joskus, ett\u00e4 oma osaaminen kaipaisi vahvistusta opiskelijoiden hyvinvointikysymysten \u00e4\u00e4rell\u00e4? Opiskeluhuolto ja muut tukipalvelut ovat avainasemassa opiskelijoiden hyvinvoinnin edist\u00e4misess\u00e4. Arjessa kuitenkin n\u00e4ytt\u00e4\u00e4 esiintyv\u00e4n monenlaisia asioita ja ilmi\u00f6it\u00e4, joissa meid\u00e4n kaikkien hyvinvointiosaamisella olisi laajempaa merkityst\u00e4.<\/p>\n\n\n\n<p>Oikeus osata kehitt\u00e4misohjelmassa kiinnit\u00e4mme huomiota opiskelijoiden osallisuuden ja yhteis\u00f6llisyyden lis\u00e4ksi my\u00f6s <strong>henkil\u00f6st\u00f6n hyvinvointiosaamiseen<\/strong>, jota tuetaan webinaarisarjalla. Sarja sis\u00e4lt\u00e4\u00e4 <strong>yhteens\u00e4 viisi tai kuusi eri teemoin koostettua webinaaria<\/strong>, joiden kesto on 1 \u2013 1,5 tuntia\/ webinaari.<\/p>\n\n\n\n<p><strong>Tule mukaan!<\/strong><\/p>\n\n\n\n<p><strong>&nbsp;Ohjelma p\u00e4ivittyy ja tarkentuu webinaarisarjan edetess\u00e4.<\/strong> Voit osallistua jokaiseen tai poimia itselle tai omalle yhteis\u00f6lle t\u00e4rkeimm\u00e4t kokonaisuudet. Webinaariin voivat osallistua Gradian henkil\u00f6st\u00f6n lis\u00e4ksi hankeverkosto.<\/p>\n\n\n\n<p><strong>&nbsp;Miten tukea koko yhteis\u00f6\u00e4?<\/strong>&nbsp;&nbsp;&nbsp;&nbsp;&nbsp;&nbsp;&nbsp;&nbsp;&nbsp;&nbsp;&nbsp;&nbsp;&nbsp;&nbsp;&nbsp;&nbsp;&nbsp;&nbsp;&nbsp;&nbsp;&nbsp;&nbsp;&nbsp;&nbsp;&nbsp;&nbsp;<\/p>\n\n\n\n<p>Aika &nbsp;&nbsp;&nbsp;&nbsp;&nbsp;&nbsp;&nbsp;&nbsp;&nbsp;&nbsp;&nbsp;&nbsp;&nbsp;&nbsp;&nbsp;&nbsp;&nbsp;&nbsp;&nbsp;&nbsp;&nbsp;&nbsp;&nbsp;&nbsp;&nbsp;&nbsp;&nbsp;&nbsp;&nbsp;&nbsp;&nbsp;&nbsp;&nbsp;&nbsp;&nbsp;&nbsp;&nbsp; <strong>15.9.2021&nbsp;klo 14.00 &#8211; 15.30 <\/strong>(1,5h)<\/p>\n\n\n\n<p>Sis\u00e4lt\u00f6\/ kuvaus&nbsp;&nbsp;&nbsp;&nbsp;&nbsp;&nbsp;&nbsp;&nbsp;&nbsp;&nbsp;&nbsp;&nbsp;&nbsp;&nbsp;&nbsp;&nbsp;&nbsp;&nbsp;&nbsp;&nbsp;&nbsp;&nbsp;&nbsp;&nbsp; <\/p>\n\n\n\n<p>Pedagoginen hyvinvointi ja sen edist\u00e4minen&nbsp;&nbsp;<\/p>\n\n\n\n<p>Vuorovaikutuksen ja my\u00f6nteisten tunteiden merkitys yhteis\u00f6ss\u00e4&nbsp;&nbsp;<\/p>\n\n\n\n<p>Yhteis\u00f6llisyys,&nbsp;resilienssi&nbsp;ja moninaisuus voimavarana&nbsp;<\/p>\n\n\n\n<p>Kouluttaja&nbsp;&nbsp;&nbsp;&nbsp;&nbsp;&nbsp;&nbsp;&nbsp;&nbsp;&nbsp;&nbsp;&nbsp;&nbsp;&nbsp;&nbsp;&nbsp;&nbsp;&nbsp;&nbsp;&nbsp;&nbsp;&nbsp;&nbsp;&nbsp;&nbsp;&nbsp;&nbsp;&nbsp;&nbsp;&nbsp;&nbsp;&nbsp;&nbsp; Jari Karttunen, Lehtori<\/p>\n\n\n\n<p>JAMK Ammatillinen opettajakorkeakoulu<\/p>\n\n\n\n<p><strong>I<\/strong>lmoittautuminen &nbsp;&nbsp;&nbsp;&nbsp;&nbsp;&nbsp;&nbsp;&nbsp;&nbsp;&nbsp;&nbsp;&nbsp;&nbsp;&nbsp;&nbsp;&nbsp;&nbsp;&nbsp;&nbsp; 10.9.2021 menness\u00e4 <a href=\"https:\/\/forms.office.com\/r\/9fAZVRb3sQ\">https:\/\/forms.office.com\/r\/9fAZVRb3sQ<\/a><\/p>\n\n\n\n<p>Linkki tapahtumaan ilmoittautuneille l\u00e4hetet\u00e4\u00e4n ilmoittautumisajan p\u00e4\u00e4ttymisen j\u00e4lkeen.<\/p>\n\n\n\n<p>Koko webinaarisarja ohjema l\u00f6ytyy alta, ohjelma p\u00e4ivittyy webinaarien edetess\u00e4.<\/p>\n\n\n\n<figure class=\"wp-block-embed\"><div class=\"wp-block-embed__wrapper\">\nhttps:\/\/forms.office.com\/r\/9fAZVRb3sQ\n<\/div><\/figure>\n\n\n\n<p><\/p>\n\n\n\n<p><\/p>\n\n\n\n<div class=\"wp-block-file\"><a id=\"wp-block-file--media-39256c5e-9f42-4e99-9ace-9241fd7e6e67\" href=\"https:\/\/blogit.gradia.fi\/oikeusosata\/wp-content\/uploads\/sites\/193\/2021\/09\/webinaarisarja-henkilosto-2021_2022.docx\">webinaarisarja-henkilosto-2021_2022<\/a><a href=\"https:\/\/blogit.gradia.fi\/oikeusosata\/wp-content\/uploads\/sites\/193\/2021\/09\/webinaarisarja-henkilosto-2021_2022.docx\" class=\"wp-block-file__button\" download aria-describedby=\"wp-block-file--media-39256c5e-9f42-4e99-9ace-9241fd7e6e67\">Lataa<\/a><\/div>\n","protected":false},"excerpt":{"rendered":"<p>T\u00e4ll\u00e4 sivulla kerrotaan Oikeus osata -hankkeiden tapahtumista, ty\u00f6pajoista, webinaareista jne. Virtuaalikahvilat opiskelijoille Verkkopedagogiset webinaarit yto-verkko-opintojaksojen opettajille Henkil\u00f6st\u00f6n hyvinvointiosaamisen webinaarisarja, ohjelma alla, Webinaarien materiaaleja: 29.3.2022\u202fklo 14 \u2013 15, Luovien menetelmien k\u00e4ytt\u00e4minen\u202fopetuksessa\u202f\u2013 opiskelijan\u202fitsetuntemus ja voimavarat\u202fesiin!\u202f&nbsp; Ei&#46;&#46;&#46;<\/p>\n","protected":false},"author":725,"featured_media":0,"parent":0,"menu_order":0,"comment_status":"closed","ping_status":"closed","template":"","meta":{"_uag_custom_page_level_css":"","footnotes":""},"class_list":["post-15","page","type-page","status-publish","hentry"],"yoast_head":"<!-- This site is optimized with the Yoast SEO plugin v27.4 - https:\/\/yoast.com\/product\/yoast-seo-wordpress\/ -->\n<title>Tapahtumat - Oikeus osata<\/title>\n<meta name=\"robots\" content=\"index, follow, max-snippet:-1, max-image-preview:large, max-video-preview:-1\" \/>\n<link rel=\"canonical\" href=\"https:\/\/blogit.gradia.fi\/oikeusosata\/tapahtumat\/\" \/>\n<meta property=\"og:locale\" content=\"fi_FI\" \/>\n<meta property=\"og:type\" content=\"article\" \/>\n<meta property=\"og:title\" content=\"Tapahtumat - Oikeus osata\" \/>\n<meta property=\"og:description\" content=\"T\u00e4ll\u00e4 sivulla kerrotaan Oikeus osata -hankkeiden tapahtumista, ty\u00f6pajoista, webinaareista jne. Virtuaalikahvilat opiskelijoille Verkkopedagogiset webinaarit yto-verkko-opintojaksojen opettajille Henkil\u00f6st\u00f6n hyvinvointiosaamisen webinaarisarja, ohjelma alla, Webinaarien materiaaleja: 29.3.2022\u202fklo 14 \u2013 15, Luovien menetelmien k\u00e4ytt\u00e4minen\u202fopetuksessa\u202f\u2013 opiskelijan\u202fitsetuntemus ja voimavarat\u202fesiin!\u202f&nbsp; Ei&#046;&#046;&#046;\" \/>\n<meta property=\"og:url\" content=\"https:\/\/blogit.gradia.fi\/oikeusosata\/tapahtumat\/\" \/>\n<meta property=\"og:site_name\" content=\"Oikeus osata\" \/>\n<meta property=\"article:modified_time\" content=\"2022-04-29T08:46:39+00:00\" \/>\n<meta name=\"twitter:card\" content=\"summary_large_image\" \/>\n<meta name=\"twitter:label1\" content=\"Arvioitu lukuaika\" \/>\n\t<meta name=\"twitter:data1\" content=\"4 minuuttia\" \/>\n<script type=\"application\/ld+json\" class=\"yoast-schema-graph\">{\"@context\":\"https:\\\/\\\/schema.org\",\"@graph\":[{\"@type\":\"WebPage\",\"@id\":\"https:\\\/\\\/blogit.gradia.fi\\\/oikeusosata\\\/tapahtumat\\\/\",\"url\":\"https:\\\/\\\/blogit.gradia.fi\\\/oikeusosata\\\/tapahtumat\\\/\",\"name\":\"Tapahtumat - Oikeus osata\",\"isPartOf\":{\"@id\":\"https:\\\/\\\/blogit.gradia.fi\\\/oikeusosata\\\/#website\"},\"datePublished\":\"2021-04-06T11:01:56+00:00\",\"dateModified\":\"2022-04-29T08:46:39+00:00\",\"breadcrumb\":{\"@id\":\"https:\\\/\\\/blogit.gradia.fi\\\/oikeusosata\\\/tapahtumat\\\/#breadcrumb\"},\"inLanguage\":\"fi\",\"potentialAction\":[{\"@type\":\"ReadAction\",\"target\":[\"https:\\\/\\\/blogit.gradia.fi\\\/oikeusosata\\\/tapahtumat\\\/\"]}]},{\"@type\":\"BreadcrumbList\",\"@id\":\"https:\\\/\\\/blogit.gradia.fi\\\/oikeusosata\\\/tapahtumat\\\/#breadcrumb\",\"itemListElement\":[{\"@type\":\"ListItem\",\"position\":1,\"name\":\"Etusivu\",\"item\":\"https:\\\/\\\/blogit.gradia.fi\\\/oikeusosata\\\/\"},{\"@type\":\"ListItem\",\"position\":2,\"name\":\"Tapahtumat\"}]},{\"@type\":\"WebSite\",\"@id\":\"https:\\\/\\\/blogit.gradia.fi\\\/oikeusosata\\\/#website\",\"url\":\"https:\\\/\\\/blogit.gradia.fi\\\/oikeusosata\\\/\",\"name\":\"Oikeus osata\",\"description\":\"Ammatillisen koulutuksen laatua ja tasa-arvoa parantava kehitt\u00e4misohjelma\",\"potentialAction\":[{\"@type\":\"SearchAction\",\"target\":{\"@type\":\"EntryPoint\",\"urlTemplate\":\"https:\\\/\\\/blogit.gradia.fi\\\/oikeusosata\\\/?s={search_term_string}\"},\"query-input\":{\"@type\":\"PropertyValueSpecification\",\"valueRequired\":true,\"valueName\":\"search_term_string\"}}],\"inLanguage\":\"fi\"}]}<\/script>\n<!-- \/ Yoast SEO plugin. -->","yoast_head_json":{"title":"Tapahtumat - Oikeus osata","robots":{"index":"index","follow":"follow","max-snippet":"max-snippet:-1","max-image-preview":"max-image-preview:large","max-video-preview":"max-video-preview:-1"},"canonical":"https:\/\/blogit.gradia.fi\/oikeusosata\/tapahtumat\/","og_locale":"fi_FI","og_type":"article","og_title":"Tapahtumat - Oikeus osata","og_description":"T\u00e4ll\u00e4 sivulla kerrotaan Oikeus osata -hankkeiden tapahtumista, ty\u00f6pajoista, webinaareista jne. Virtuaalikahvilat opiskelijoille Verkkopedagogiset webinaarit yto-verkko-opintojaksojen opettajille Henkil\u00f6st\u00f6n hyvinvointiosaamisen webinaarisarja, ohjelma alla, Webinaarien materiaaleja: 29.3.2022\u202fklo 14 \u2013 15, Luovien menetelmien k\u00e4ytt\u00e4minen\u202fopetuksessa\u202f\u2013 opiskelijan\u202fitsetuntemus ja voimavarat\u202fesiin!\u202f&nbsp; Ei&#46;&#46;&#46;","og_url":"https:\/\/blogit.gradia.fi\/oikeusosata\/tapahtumat\/","og_site_name":"Oikeus osata","article_modified_time":"2022-04-29T08:46:39+00:00","twitter_card":"summary_large_image","twitter_misc":{"Arvioitu lukuaika":"4 minuuttia"},"schema":{"@context":"https:\/\/schema.org","@graph":[{"@type":"WebPage","@id":"https:\/\/blogit.gradia.fi\/oikeusosata\/tapahtumat\/","url":"https:\/\/blogit.gradia.fi\/oikeusosata\/tapahtumat\/","name":"Tapahtumat - Oikeus osata","isPartOf":{"@id":"https:\/\/blogit.gradia.fi\/oikeusosata\/#website"},"datePublished":"2021-04-06T11:01:56+00:00","dateModified":"2022-04-29T08:46:39+00:00","breadcrumb":{"@id":"https:\/\/blogit.gradia.fi\/oikeusosata\/tapahtumat\/#breadcrumb"},"inLanguage":"fi","potentialAction":[{"@type":"ReadAction","target":["https:\/\/blogit.gradia.fi\/oikeusosata\/tapahtumat\/"]}]},{"@type":"BreadcrumbList","@id":"https:\/\/blogit.gradia.fi\/oikeusosata\/tapahtumat\/#breadcrumb","itemListElement":[{"@type":"ListItem","position":1,"name":"Etusivu","item":"https:\/\/blogit.gradia.fi\/oikeusosata\/"},{"@type":"ListItem","position":2,"name":"Tapahtumat"}]},{"@type":"WebSite","@id":"https:\/\/blogit.gradia.fi\/oikeusosata\/#website","url":"https:\/\/blogit.gradia.fi\/oikeusosata\/","name":"Oikeus osata","description":"Ammatillisen koulutuksen laatua ja tasa-arvoa parantava kehitt\u00e4misohjelma","potentialAction":[{"@type":"SearchAction","target":{"@type":"EntryPoint","urlTemplate":"https:\/\/blogit.gradia.fi\/oikeusosata\/?s={search_term_string}"},"query-input":{"@type":"PropertyValueSpecification","valueRequired":true,"valueName":"search_term_string"}}],"inLanguage":"fi"}]}},"uagb_featured_image_src":{"full":false,"thumbnail":false,"medium":false,"medium_large":false,"large":false,"1536x1536":false,"2048x2048":false,"thumb-small":false,"thumb-standard":false,"thumb-medium":false,"thumb-large":false,"thumb-xlarge":false,"thumb-xxlarge":false},"uagb_author_info":{"display_name":"Anne Maria Tikkanen","author_link":"https:\/\/blogit.gradia.fi\/oikeusosata\/author\/tikkaann\/"},"uagb_comment_info":0,"uagb_excerpt":"T\u00e4ll\u00e4 sivulla kerrotaan Oikeus osata -hankkeiden tapahtumista, ty\u00f6pajoista, webinaareista jne. Virtuaalikahvilat opiskelijoille Verkkopedagogiset webinaarit yto-verkko-opintojaksojen opettajille Henkil\u00f6st\u00f6n hyvinvointiosaamisen webinaarisarja, ohjelma alla, Webinaarien materiaaleja: 29.3.2022\u202fklo 14 \u2013 15, Luovien menetelmien k\u00e4ytt\u00e4minen\u202fopetuksessa\u202f\u2013 opiskelijan\u202fitsetuntemus ja voimavarat\u202fesiin!\u202f&nbsp; Ei&#46;&#46;&#46;","_links":{"self":[{"href":"https:\/\/blogit.gradia.fi\/oikeusosata\/wp-json\/wp\/v2\/pages\/15","targetHints":{"allow":["GET"]}}],"collection":[{"href":"https:\/\/blogit.gradia.fi\/oikeusosata\/wp-json\/wp\/v2\/pages"}],"about":[{"href":"https:\/\/blogit.gradia.fi\/oikeusosata\/wp-json\/wp\/v2\/types\/page"}],"author":[{"embeddable":true,"href":"https:\/\/blogit.gradia.fi\/oikeusosata\/wp-json\/wp\/v2\/users\/725"}],"replies":[{"embeddable":true,"href":"https:\/\/blogit.gradia.fi\/oikeusosata\/wp-json\/wp\/v2\/comments?post=15"}],"version-history":[{"count":32,"href":"https:\/\/blogit.gradia.fi\/oikeusosata\/wp-json\/wp\/v2\/pages\/15\/revisions"}],"predecessor-version":[{"id":420,"href":"https:\/\/blogit.gradia.fi\/oikeusosata\/wp-json\/wp\/v2\/pages\/15\/revisions\/420"}],"wp:attachment":[{"href":"https:\/\/blogit.gradia.fi\/oikeusosata\/wp-json\/wp\/v2\/media?parent=15"}],"curies":[{"name":"wp","href":"https:\/\/api.w.org\/{rel}","templated":true}]}}