{"id":2,"date":"2013-08-14T04:53:30","date_gmt":"2013-08-14T04:53:30","guid":{"rendered":"https:\/\/blogit.gradia.fi\/mobiilitohjaajat\/?page_id=2"},"modified":"2013-09-05T08:35:13","modified_gmt":"2013-09-05T05:35:13","slug":"esimerkkisivu","status":"publish","type":"page","link":"https:\/\/blogit.gradia.fi\/mobiilitohjaajat\/esimerkkisivu\/","title":{"rendered":"T\u00e4nne kurkotellaan!"},"content":{"rendered":"<p>Me mobiilit ohjaajat etsimme ratkaisuja\u00a0siihen,\u00a0kuinka voisimme monipuolisesti tukea\u00a0opiskelun ohjausta ammatillisella kent\u00e4ll\u00e4,\u00a0sek\u00e4 ty\u00f6ss\u00e4oppimisessa ett\u00e4\u00a0&#8221;kouluopetuksessa&#8221;. Pyrimme l\u00f6yt\u00e4m\u00e4\u00e4n\u00a0ty\u00f6el\u00e4m\u00e4l\u00e4ht\u00f6isi\u00e4, nykyp\u00e4iv\u00e4n oppilaita motivoivia\u00a0ja\u00a0saavuttavia tapoja ja ty\u00f6v\u00e4lineit\u00e4 ohjauksen tukemiseen. Keskitymme erityisesti mobiilin ohjauksen menetelmien ja ty\u00f6v\u00e4lineiden kehitt\u00e4miseen. N\u00e4it\u00e4 kysymyksi\u00e4 kyselemme matkan varrella:<\/p>\n<ul>\n<li>Millaiset ty\u00f6v\u00e4lineet toimivat t\u00e4n\u00e4 p\u00e4iv\u00e4n\u00e4 parhaiten oppilaiden et\u00e4ohjaamisessa?<\/li>\n<li>Mill\u00e4 ty\u00f6v\u00e4lineill\u00e4 saamme oppilaat parhaiten &#8221;kuulolle&#8221; ja ohjauksen piiriin?<\/li>\n<li>Mitk\u00e4 v\u00e4lineet auttavat oikea-aikaisen ohjauksen antamisessa?<\/li>\n<li>Kuinka eri tavoin voimme tukea ohjauksen n\u00e4kyv\u00e4ksi tekemist\u00e4?<\/li>\n<li>Miten saisimme ty\u00f6paikkojen ohjaajat viel\u00e4 vahvemmin mukaan ohjauksen prosesseihin?<\/li>\n<li>Millaiset ty\u00f6tavat ja v\u00e4lineet motivoivat ja innostavat oppilaita ja opettajaa, auttavat pit\u00e4m\u00e4\u00e4n yhteytt\u00e4 ja n\u00e4kem\u00e4\u00e4n mit\u00e4 ty\u00f6paikoilla ja koulussa tapahtuu?<\/li>\n<li>Mink\u00e4laisilla laitteilla ja v\u00e4lineill\u00e4 ohjaaminen parhaiten onnistuu?<\/li>\n<li>Mihin suuntaan oppilaitosten tulisi kehitty\u00e4?<\/li>\n<\/ul>\n<p>Oppimisymp\u00e4rist\u00f6n laajentaminen mobiilisti vie oppimista luonnollisempaan suuntaan, ja parhaimmillaan antaa opettajalle ja oppilaille ty\u00f6v\u00e4lineet, joilla oppimista voidaan tukea ja edist\u00e4\u00e4 kaikkialla. Tavoitteenamme on kuvata mobiilin ohjauksen k\u00e4yt\u00e4nn\u00f6n kokeiluja syksyll\u00e4 2013 ja kev\u00e4\u00e4ll\u00e4 2014. Mukana on erilaisia aloja, opettajia ja oppilaita. Liity mukaan seuraamaan kirjoituksia\u00a0ja keskustelemaan.<\/p>\n<div><!--more--><\/div>\n<p>Mobiilit ohjaajat on OPH:n 2013-2014 rahoittama opetuksen ja oppimisymp\u00e4rist\u00f6jen kehitt\u00e4mishanke. Mukana hankkeessa ovat Jyv\u00e4skyl\u00e4n ammattiopisto, Etel\u00e4-Savon ammattiopisto, Saimaan ammattiopisto Sampo ja Espoon seudun osaamiskeskus InnoOmnia.<\/p>\n","protected":false},"excerpt":{"rendered":"<p>Me mobiilit ohjaajat etsimme ratkaisuja\u00a0siihen,\u00a0kuinka voisimme monipuolisesti tukea\u00a0opiskelun ohjausta ammatillisella kent\u00e4ll\u00e4,\u00a0sek\u00e4 ty\u00f6ss\u00e4oppimisessa ett\u00e4\u00a0&#8221;kouluopetuksessa&#8221;. Pyrimme l\u00f6yt\u00e4m\u00e4\u00e4n\u00a0ty\u00f6el\u00e4m\u00e4l\u00e4ht\u00f6isi\u00e4, nykyp\u00e4iv\u00e4n oppilaita motivoivia\u00a0ja\u00a0saavuttavia tapoja ja ty\u00f6v\u00e4lineit\u00e4 ohjauksen tukemiseen. Keskitymme erityisesti mobiilin ohjauksen menetelmien ja ty\u00f6v\u00e4lineiden kehitt\u00e4miseen. N\u00e4it\u00e4 kysymyksi\u00e4 kyselemme matkan varrella: Millaiset ty\u00f6v\u00e4lineet toimivat t\u00e4n\u00e4 p\u00e4iv\u00e4n\u00e4 parhaiten oppilaiden et\u00e4ohjaamisessa? Mill\u00e4 ty\u00f6v\u00e4lineill\u00e4 saamme oppilaat parhaiten &#8221;kuulolle&#8221; ja ohjauksen piiriin? Mitk\u00e4 v\u00e4lineet &hellip; <a href=\"https:\/\/blogit.gradia.fi\/mobiilitohjaajat\/esimerkkisivu\/\" class=\"more-link\">Jatka lukemista <span class=\"screen-reader-text\">T\u00e4nne kurkotellaan!<\/span> <span class=\"meta-nav\">&rarr;<\/span><\/a><\/p>\n","protected":false},"author":161,"featured_media":0,"parent":0,"menu_order":0,"comment_status":"open","ping_status":"open","template":"","meta":{"_uag_custom_page_level_css":"","footnotes":""},"class_list":["post-2","page","type-page","status-publish","hentry"],"yoast_head":"<!-- This site is optimized with the Yoast SEO plugin v27.5 - https:\/\/yoast.com\/product\/yoast-seo-wordpress\/ -->\n<title>T\u00e4nne kurkotellaan! - Mobiilit ohjaajat<\/title>\n<meta name=\"robots\" content=\"index, follow, max-snippet:-1, max-image-preview:large, max-video-preview:-1\" \/>\n<link rel=\"canonical\" href=\"https:\/\/blogit.gradia.fi\/mobiilitohjaajat\/esimerkkisivu\/\" \/>\n<meta property=\"og:locale\" content=\"fi_FI\" \/>\n<meta property=\"og:type\" content=\"article\" \/>\n<meta property=\"og:title\" content=\"T\u00e4nne kurkotellaan! - Mobiilit ohjaajat\" \/>\n<meta property=\"og:description\" content=\"Me mobiilit ohjaajat etsimme ratkaisuja\u00a0siihen,\u00a0kuinka voisimme monipuolisesti tukea\u00a0opiskelun ohjausta ammatillisella kent\u00e4ll\u00e4,\u00a0sek\u00e4 ty\u00f6ss\u00e4oppimisessa ett\u00e4\u00a0&#8221;kouluopetuksessa&#8221;. Pyrimme l\u00f6yt\u00e4m\u00e4\u00e4n\u00a0ty\u00f6el\u00e4m\u00e4l\u00e4ht\u00f6isi\u00e4, nykyp\u00e4iv\u00e4n oppilaita motivoivia\u00a0ja\u00a0saavuttavia tapoja ja ty\u00f6v\u00e4lineit\u00e4 ohjauksen tukemiseen. Keskitymme erityisesti mobiilin ohjauksen menetelmien ja ty\u00f6v\u00e4lineiden kehitt\u00e4miseen. N\u00e4it\u00e4 kysymyksi\u00e4 kyselemme matkan varrella: Millaiset ty\u00f6v\u00e4lineet toimivat t\u00e4n\u00e4 p\u00e4iv\u00e4n\u00e4 parhaiten oppilaiden et\u00e4ohjaamisessa? Mill\u00e4 ty\u00f6v\u00e4lineill\u00e4 saamme oppilaat parhaiten &#8221;kuulolle&#8221; ja ohjauksen piiriin? Mitk\u00e4 v\u00e4lineet &hellip; Jatka lukemista T\u00e4nne kurkotellaan! &rarr;\" \/>\n<meta property=\"og:url\" content=\"https:\/\/blogit.gradia.fi\/mobiilitohjaajat\/esimerkkisivu\/\" \/>\n<meta property=\"og:site_name\" content=\"Mobiilit ohjaajat\" \/>\n<meta property=\"article:modified_time\" content=\"2013-09-05T05:35:13+00:00\" \/>\n<meta name=\"twitter:card\" content=\"summary_large_image\" \/>\n<meta name=\"twitter:label1\" content=\"Arvioitu lukuaika\" \/>\n\t<meta name=\"twitter:data1\" content=\"1 minuutti\" \/>\n<script type=\"application\/ld+json\" class=\"yoast-schema-graph\">{\"@context\":\"https:\\\/\\\/schema.org\",\"@graph\":[{\"@type\":\"WebPage\",\"@id\":\"https:\\\/\\\/blogit.gradia.fi\\\/mobiilitohjaajat\\\/esimerkkisivu\\\/\",\"url\":\"https:\\\/\\\/blogit.gradia.fi\\\/mobiilitohjaajat\\\/esimerkkisivu\\\/\",\"name\":\"T\u00e4nne kurkotellaan! - Mobiilit ohjaajat\",\"isPartOf\":{\"@id\":\"https:\\\/\\\/blogit.gradia.fi\\\/mobiilitohjaajat\\\/#website\"},\"datePublished\":\"2013-08-14T04:53:30+00:00\",\"dateModified\":\"2013-09-05T05:35:13+00:00\",\"inLanguage\":\"fi\",\"potentialAction\":[{\"@type\":\"ReadAction\",\"target\":[\"https:\\\/\\\/blogit.gradia.fi\\\/mobiilitohjaajat\\\/esimerkkisivu\\\/\"]}]},{\"@type\":\"WebSite\",\"@id\":\"https:\\\/\\\/blogit.gradia.fi\\\/mobiilitohjaajat\\\/#website\",\"url\":\"https:\\\/\\\/blogit.gradia.fi\\\/mobiilitohjaajat\\\/\",\"name\":\"Mobiilit ohjaajat\",\"description\":\"Opetushallituksen rahoittaman Mobiilit ohjaajat -hankkeen sivusto\",\"potentialAction\":[{\"@type\":\"SearchAction\",\"target\":{\"@type\":\"EntryPoint\",\"urlTemplate\":\"https:\\\/\\\/blogit.gradia.fi\\\/mobiilitohjaajat\\\/?s={search_term_string}\"},\"query-input\":{\"@type\":\"PropertyValueSpecification\",\"valueRequired\":true,\"valueName\":\"search_term_string\"}}],\"inLanguage\":\"fi\"}]}<\/script>\n<!-- \/ Yoast SEO plugin. -->","yoast_head_json":{"title":"T\u00e4nne kurkotellaan! - Mobiilit ohjaajat","robots":{"index":"index","follow":"follow","max-snippet":"max-snippet:-1","max-image-preview":"max-image-preview:large","max-video-preview":"max-video-preview:-1"},"canonical":"https:\/\/blogit.gradia.fi\/mobiilitohjaajat\/esimerkkisivu\/","og_locale":"fi_FI","og_type":"article","og_title":"T\u00e4nne kurkotellaan! - Mobiilit ohjaajat","og_description":"Me mobiilit ohjaajat etsimme ratkaisuja\u00a0siihen,\u00a0kuinka voisimme monipuolisesti tukea\u00a0opiskelun ohjausta ammatillisella kent\u00e4ll\u00e4,\u00a0sek\u00e4 ty\u00f6ss\u00e4oppimisessa ett\u00e4\u00a0&#8221;kouluopetuksessa&#8221;. Pyrimme l\u00f6yt\u00e4m\u00e4\u00e4n\u00a0ty\u00f6el\u00e4m\u00e4l\u00e4ht\u00f6isi\u00e4, nykyp\u00e4iv\u00e4n oppilaita motivoivia\u00a0ja\u00a0saavuttavia tapoja ja ty\u00f6v\u00e4lineit\u00e4 ohjauksen tukemiseen. Keskitymme erityisesti mobiilin ohjauksen menetelmien ja ty\u00f6v\u00e4lineiden kehitt\u00e4miseen. N\u00e4it\u00e4 kysymyksi\u00e4 kyselemme matkan varrella: Millaiset ty\u00f6v\u00e4lineet toimivat t\u00e4n\u00e4 p\u00e4iv\u00e4n\u00e4 parhaiten oppilaiden et\u00e4ohjaamisessa? Mill\u00e4 ty\u00f6v\u00e4lineill\u00e4 saamme oppilaat parhaiten &#8221;kuulolle&#8221; ja ohjauksen piiriin? Mitk\u00e4 v\u00e4lineet &hellip; Jatka lukemista T\u00e4nne kurkotellaan! &rarr;","og_url":"https:\/\/blogit.gradia.fi\/mobiilitohjaajat\/esimerkkisivu\/","og_site_name":"Mobiilit ohjaajat","article_modified_time":"2013-09-05T05:35:13+00:00","twitter_card":"summary_large_image","twitter_misc":{"Arvioitu lukuaika":"1 minuutti"},"schema":{"@context":"https:\/\/schema.org","@graph":[{"@type":"WebPage","@id":"https:\/\/blogit.gradia.fi\/mobiilitohjaajat\/esimerkkisivu\/","url":"https:\/\/blogit.gradia.fi\/mobiilitohjaajat\/esimerkkisivu\/","name":"T\u00e4nne kurkotellaan! - Mobiilit ohjaajat","isPartOf":{"@id":"https:\/\/blogit.gradia.fi\/mobiilitohjaajat\/#website"},"datePublished":"2013-08-14T04:53:30+00:00","dateModified":"2013-09-05T05:35:13+00:00","inLanguage":"fi","potentialAction":[{"@type":"ReadAction","target":["https:\/\/blogit.gradia.fi\/mobiilitohjaajat\/esimerkkisivu\/"]}]},{"@type":"WebSite","@id":"https:\/\/blogit.gradia.fi\/mobiilitohjaajat\/#website","url":"https:\/\/blogit.gradia.fi\/mobiilitohjaajat\/","name":"Mobiilit ohjaajat","description":"Opetushallituksen rahoittaman Mobiilit ohjaajat -hankkeen sivusto","potentialAction":[{"@type":"SearchAction","target":{"@type":"EntryPoint","urlTemplate":"https:\/\/blogit.gradia.fi\/mobiilitohjaajat\/?s={search_term_string}"},"query-input":{"@type":"PropertyValueSpecification","valueRequired":true,"valueName":"search_term_string"}}],"inLanguage":"fi"}]}},"uagb_featured_image_src":{"full":false,"thumbnail":false,"medium":false,"medium_large":false,"large":false,"1536x1536":false,"2048x2048":false,"post-thumbnail":false},"uagb_author_info":{"display_name":"Hanna Frilander","author_link":"https:\/\/blogit.gradia.fi\/mobiilitohjaajat\/author\/frilahan\/"},"uagb_comment_info":1,"uagb_excerpt":"Me mobiilit ohjaajat etsimme ratkaisuja\u00a0siihen,\u00a0kuinka voisimme monipuolisesti tukea\u00a0opiskelun ohjausta ammatillisella kent\u00e4ll\u00e4,\u00a0sek\u00e4 ty\u00f6ss\u00e4oppimisessa ett\u00e4\u00a0&#8221;kouluopetuksessa&#8221;. Pyrimme l\u00f6yt\u00e4m\u00e4\u00e4n\u00a0ty\u00f6el\u00e4m\u00e4l\u00e4ht\u00f6isi\u00e4, nykyp\u00e4iv\u00e4n oppilaita motivoivia\u00a0ja\u00a0saavuttavia tapoja ja ty\u00f6v\u00e4lineit\u00e4 ohjauksen tukemiseen. Keskitymme erityisesti mobiilin ohjauksen menetelmien ja ty\u00f6v\u00e4lineiden kehitt\u00e4miseen. N\u00e4it\u00e4 kysymyksi\u00e4 kyselemme matkan varrella: Millaiset ty\u00f6v\u00e4lineet toimivat t\u00e4n\u00e4 p\u00e4iv\u00e4n\u00e4 parhaiten oppilaiden et\u00e4ohjaamisessa? Mill\u00e4 ty\u00f6v\u00e4lineill\u00e4 saamme oppilaat parhaiten &#8221;kuulolle&#8221; ja ohjauksen piiriin? Mitk\u00e4 v\u00e4lineet&hellip;","_links":{"self":[{"href":"https:\/\/blogit.gradia.fi\/mobiilitohjaajat\/wp-json\/wp\/v2\/pages\/2","targetHints":{"allow":["GET"]}}],"collection":[{"href":"https:\/\/blogit.gradia.fi\/mobiilitohjaajat\/wp-json\/wp\/v2\/pages"}],"about":[{"href":"https:\/\/blogit.gradia.fi\/mobiilitohjaajat\/wp-json\/wp\/v2\/types\/page"}],"author":[{"embeddable":true,"href":"https:\/\/blogit.gradia.fi\/mobiilitohjaajat\/wp-json\/wp\/v2\/users\/161"}],"replies":[{"embeddable":true,"href":"https:\/\/blogit.gradia.fi\/mobiilitohjaajat\/wp-json\/wp\/v2\/comments?post=2"}],"version-history":[{"count":0,"href":"https:\/\/blogit.gradia.fi\/mobiilitohjaajat\/wp-json\/wp\/v2\/pages\/2\/revisions"}],"wp:attachment":[{"href":"https:\/\/blogit.gradia.fi\/mobiilitohjaajat\/wp-json\/wp\/v2\/media?parent=2"}],"curies":[{"name":"wp","href":"https:\/\/api.w.org\/{rel}","templated":true}]}}