{"id":7,"date":"2023-11-24T08:53:07","date_gmt":"2023-11-24T06:53:07","guid":{"rendered":"https:\/\/blogit.gradia.fi\/mkpt2303-valkonen\/?page_id=7"},"modified":"2024-01-30T11:05:12","modified_gmt":"2024-01-30T09:05:12","slug":"etusivu","status":"publish","type":"page","link":"https:\/\/blogit.gradia.fi\/mkpt2303-valkonen\/","title":{"rendered":"Esittely"},"content":{"rendered":"\n<div class=\"wp-block-uagb-image aligncenter uagb-block-9445c0a1 wp-block-uagb-image--layout-default wp-block-uagb-image--effect-static wp-block-uagb-image--align-center\"><figure class=\"wp-block-uagb-image__figure\"><img decoding=\"async\" src=\"https:\/\/blogit.gradia.fi\/mkpt2303-valkonen\/wp-content\/uploads\/sites\/523\/2024\/01\/puppy-1189067_1280-1024x739.jpg\" alt=\"\" class=\"uag-image-202\" width=\"492\" height=\"354\" title=\"\" loading=\"lazy\" \/><\/figure><\/div>\n\n\n\n<div class=\"wp-block-uagb-container uagb-block-125ba9ba alignfull uagb-is-root-container\"><div class=\"uagb-container-inner-blocks-wrap\">\n<p class=\"has-cyan-bluish-gray-color has-text-color has-link-color wp-elements-d2657ca67603354862faed6dbe13fbca\">Tervetuloa sivustollemme<\/p>\n<\/div><\/div>\n\n\n\n<p class=\"has-ast-global-color-3-color has-text-color has-link-color wp-elements-51d18e1968195f11e6e5c6e4d4982cef\">Kennelimme on kultaistennoutajien erikoiskennel. Palvelemme koiranomistajia Jyv\u00e4skyl\u00e4n seudulla ja pentujamme kasvaa t\u00e4ll\u00e4 hetkell\u00e4 ymp\u00e4ri Suomen Rovaniemelt\u00e4 Helsinkiin.&nbsp;<\/p>\n\n\n\n<p>Kennel perustettiin vuonna 2003 ja on kasvanut nopeasti kolmen koiran kenneliksi. Kennelin v\u00e4keen kuuluu 2 innokasta kasvattajaa ja kolme kaunista narttua.&nbsp;&nbsp;<\/p>\n\n\n\n<p>Kenneliss\u00e4mme on t\u00e4ll\u00e4 kasvanut t\u00e4h\u00e4n menness\u00e4 kolme kaunista pentuetta. Pentujamme kuvaillaan reippaiksi, hyv\u00e4 luonteisiksi ja iloisiksi. Meid\u00e4n teht\u00e4v\u00e4n\u00e4mme ei ole ainoastaan tuottaa pentuja, vaan parantaa (valloittaa) maailmaa lis\u00e4\u00e4m\u00e4ll\u00e4 tietoutta ihanasta rodusta ja koiran kasvatuksesta.&nbsp;<\/p>\n\n\n\n<p>Asiakkaistamme pidet\u00e4\u00e4n huolta my\u00f6s pennun luovutuksen j\u00e4lkeen. Olemme taidoistamme ja kokemuksestamme ylpeit\u00e4.&nbsp;<\/p>\n\n\n\n<p class=\"has-ast-global-color-6-color has-ast-global-color-5-background-color has-text-color has-background has-link-color wp-elements-17c3206c326d2f16cba3f54838f012dd\"><strong>Pienimuotoisesti kotioloissa<\/strong>&nbsp;<\/p>\n\n\n\n<p>Tavoitteenamme on kasvattaa terveit\u00e4 ja tasapainoisia noutajia perheenj\u00e4seniksi sek\u00e4 monipuolisiksi harrastuskavereiksi. Kasvatusty\u00f6 on alkumetreill\u00e4 ja harkitsen tarkkaan jokaisen astutetun yhdistelm\u00e4n. Tavoitteena on kasvattaa terveit\u00e4 ja rotum\u00e4\u00e4ritelm\u00e4n mukaisia kultaisianoutajia, joiden kanssa voi harrastaa monipuolisesti. Meill\u00e4 pennut kasvavat kotona muiden koirien ja perheemme keskell\u00e4.&nbsp;&nbsp;<\/p>\n\n\n\n<p class=\"has-ast-global-color-6-color has-ast-global-color-5-background-color has-text-color has-background has-link-color wp-elements-811b945518f4da432291319290a83908\"><strong>Miksi kultainennoutaja?<\/strong>&nbsp;<\/p>\n\n\n\n<p>Kultainennoutaja on sek\u00e4 Suomessa ett\u00e4 maailmanlaajuisesti eritt\u00e4in suosittu rotu. Suomessa se on nelj\u00e4nneksi suosituin rotu. Kultainennoutaja on \u00e4lyk\u00e4s, keskikokoinen, miellytt\u00e4misenhaluinen sek\u00e4 toiminnanhaluinen koira. Kultaisennoutajan ominaisuudet tekev\u00e4t siit\u00e4 hyv\u00e4n harrastuskoiran. Alun perin se on jalostettu mets\u00e4styskoiraksi (ammutun pienriistan noutajai). Kultainennoutaja ei ole pelkk\u00e4 seurakoira, vaan se kaipaa my\u00f6s liikuntaa ja ohjattua toimintaa.&nbsp;<\/p>\n\n\n\n<div class=\"wp-block-uagb-container uagb-block-63eb9dc0 alignfull uagb-is-root-container\"><div class=\"uagb-container-inner-blocks-wrap\">\n<div class=\"wp-block-uagb-info-box uagb-block-190f133f uagb-infobox__content-wrap  uagb-infobox-icon-above-title uagb-infobox-image-valign-top\"><div class=\"uagb-ifb-content\"><div class=\"uagb-ifb-title-wrap\"><h3 class=\"uagb-ifb-title\"><strong>Yhteystiedot<\/strong>&nbsp;<\/h3><\/div><p class=\"uagb-ifb-desc\"><strong>Jessica Laine: <a href=\"mailto:jessica@goldie.fi\" target=\"_blank\" rel=\"noreferrer noopener\">jessica@goldie.fi<\/a>, 040-1111 111&nbsp;<\/strong><br><strong>Kaarnaankatu 4, Palokka, Jyv\u00e4skyl\u00e4&nbsp;<\/strong><\/p><\/div><\/div>\n\n\n\n<div class=\"wp-block-uagb-container uagb-block-44d0d8b7\"><\/div>\n<\/div><\/div>\n\n\n\n<ul class=\"wp-block-list\">\n<li><strong>Arvot-Missio-Visio<\/strong>&nbsp;<\/li>\n<\/ul>\n\n\n\n<div class=\"wp-block-uagb-container uagb-block-f9958aae alignfull uagb-is-root-container\"><div class=\"uagb-container-inner-blocks-wrap\">\n<div class=\"wp-block-uagb-container uagb-block-9caf6cda\">\n<div class=\"wp-block-uagb-info-box uagb-block-8d97e1d6 uagb-infobox__content-wrap  uagb-infobox-icon-above-title uagb-infobox-image-valign-top\"><div class=\"uagb-ifb-content\"><div class=\"uagb-ifb-title-wrap\"><h3 class=\"uagb-ifb-title\"><strong>Arvot<\/strong>&nbsp;<\/h3><\/div><p class=\"uagb-ifb-desc\">L\u00e4ht\u00f6kohtanamme on pentukeskeinen n\u00e4kemys. N\u00e4emme jokaisen pennun yksil\u00f6n\u00e4, joka on aktiivinen toimija sek\u00e4 yksin, ett\u00e4 ryhm\u00e4ss\u00e4.\u202f&nbsp;<br><\/p><\/div><\/div>\n<\/div>\n\n\n\n<div class=\"wp-block-uagb-info-box uagb-block-efe3baa6 uagb-infobox__content-wrap  uagb-infobox-icon-above-title uagb-infobox-image-valign-top\"><div class=\"uagb-ifb-content\"><div class=\"uagb-ifb-title-wrap\"><h3 class=\"uagb-ifb-title\"><strong>Missio<\/strong>&nbsp;<\/h3><\/div><p class=\"uagb-ifb-desc\">-Kohdata haasteet rohkeasti&nbsp;<br>-Tehd\u00e4 pentuja, joista<br> voi olla ylpe\u00e4<br>&nbsp;-Jakaa tietoa ja kokemuksia koiran kasvatuksesta<br><\/p><\/div><\/div>\n\n\n\n<div class=\"wp-block-uagb-container uagb-block-ea7e05cb\">\n<div class=\"wp-block-uagb-info-box uagb-block-03841bbd uagb-infobox__content-wrap  uagb-infobox-icon-above-title uagb-infobox-image-valign-top\"><div class=\"uagb-ifb-content\"><div class=\"uagb-ifb-title-wrap\"><h3 class=\"uagb-ifb-title\"><strong>Visio<\/strong>&nbsp;<\/h3><\/div><p class=\"uagb-ifb-desc\">Haluamme olla edell\u00e4k\u00e4vij\u00e4 Suomen ensimm\u00e4isen\u00e4 kennelin\u00e4, jonka pentujen varhaiskasvatus perustuu pentu-behavioristiseen kasvatusteoriaan.&nbsp;<\/p><\/div><\/div>\n<\/div>\n<\/div><\/div>\n\n\n\n<div class=\"wp-block-uagb-image uagb-block-9abee395 wp-block-uagb-image--layout-default wp-block-uagb-image--effect-static wp-block-uagb-image--align-none\"><figure class=\"wp-block-uagb-image__figure\"><img decoding=\"async\" src=\"https:\/\/blogit.gradia.fi\/mkpt2303-valkonen\/wp-content\/uploads\/sites\/523\/2024\/01\/dog-1551708_960_720-1.jpg\" alt=\"\" class=\"uag-image-164\" width=\"270\" height=\"408\" title=\"\" loading=\"lazy\" \/><\/figure><\/div>\n\n\n\n<div style=\"height:100px\" aria-hidden=\"true\" class=\"wp-block-spacer\"><\/div>\n\n\n\n<div class=\"wp-block-uagb-container uagb-block-7bf20b40 alignfull uagb-is-root-container\"><div class=\"uagb-container-inner-blocks-wrap\"><\/div><\/div>\n","protected":false},"excerpt":{"rendered":"<p>Tervetuloa sivustollemme Kennelimme on kultaistennoutajien erikoiskennel. Palvelemme koiranomistajia Jyv\u00e4skyl\u00e4n seudulla ja pentujamme kasvaa t\u00e4ll\u00e4 hetkell\u00e4 ymp\u00e4ri Suomen Rovaniemelt\u00e4 Helsinkiin.&nbsp; Kennel perustettiin vuonna 2003 ja on kasvanut nopeasti kolmen koiran kenneliksi. Kennelin v\u00e4keen kuuluu 2 innokasta kasvattajaa ja kolme kaunista narttua.&nbsp;&nbsp; Kenneliss\u00e4mme on t\u00e4ll\u00e4 kasvanut t\u00e4h\u00e4n menness\u00e4 kolme kaunista pentuetta. Pentujamme kuvaillaan reippaiksi, hyv\u00e4 luonteisiksi ja [&hellip;]<\/p>\n","protected":false},"author":1060,"featured_media":0,"parent":0,"menu_order":0,"comment_status":"closed","ping_status":"closed","template":"","meta":{"_uag_custom_page_level_css":"","site-sidebar-layout":"default","site-content-layout":"","ast-site-content-layout":"default","site-content-style":"default","site-sidebar-style":"default","ast-global-header-display":"","ast-banner-title-visibility":"","ast-main-header-display":"","ast-hfb-above-header-display":"","ast-hfb-below-header-display":"","ast-hfb-mobile-header-display":"","site-post-title":"","ast-breadcrumbs-content":"","ast-featured-img":"","footer-sml-layout":"","ast-disable-related-posts":"","theme-transparent-header-meta":"","adv-header-id-meta":"","stick-header-meta":"","header-above-stick-meta":"","header-main-stick-meta":"","header-below-stick-meta":"","astra-migrate-meta-layouts":"","ast-page-background-enabled":"default","ast-page-background-meta":{"desktop":{"background-color":"var(--ast-global-color-4)","background-image":"","background-repeat":"repeat","background-position":"center center","background-size":"auto","background-attachment":"scroll","background-type":"","background-media":"","overlay-type":"","overlay-color":"","overlay-opacity":"","overlay-gradient":""},"tablet":{"background-color":"","background-image":"","background-repeat":"repeat","background-position":"center center","background-size":"auto","background-attachment":"scroll","background-type":"","background-media":"","overlay-type":"","overlay-color":"","overlay-opacity":"","overlay-gradient":""},"mobile":{"background-color":"","background-image":"","background-repeat":"repeat","background-position":"center center","background-size":"auto","background-attachment":"scroll","background-type":"","background-media":"","overlay-type":"","overlay-color":"","overlay-opacity":"","overlay-gradient":""}},"ast-content-background-meta":{"desktop":{"background-color":"var(--ast-global-color-5)","background-image":"","background-repeat":"repeat","background-position":"center center","background-size":"auto","background-attachment":"scroll","background-type":"","background-media":"","overlay-type":"","overlay-color":"","overlay-opacity":"","overlay-gradient":""},"tablet":{"background-color":"var(--ast-global-color-5)","background-image":"","background-repeat":"repeat","background-position":"center center","background-size":"auto","background-attachment":"scroll","background-type":"","background-media":"","overlay-type":"","overlay-color":"","overlay-opacity":"","overlay-gradient":""},"mobile":{"background-color":"var(--ast-global-color-5)","background-image":"","background-repeat":"repeat","background-position":"center center","background-size":"auto","background-attachment":"scroll","background-type":"","background-media":"","overlay-type":"","overlay-color":"","overlay-opacity":"","overlay-gradient":""}},"footnotes":""},"class_list":["post-7","page","type-page","status-publish","hentry"],"yoast_head":"<!-- This site is optimized with the Yoast SEO plugin v27.4 - https:\/\/yoast.com\/product\/yoast-seo-wordpress\/ -->\n<title>Esittely - KennelGoldie<\/title>\n<meta name=\"robots\" content=\"index, follow, max-snippet:-1, max-image-preview:large, max-video-preview:-1\" \/>\n<link rel=\"canonical\" href=\"https:\/\/blogit.gradia.fi\/mkpt2303-valkonen\/\" \/>\n<meta property=\"og:locale\" content=\"fi_FI\" \/>\n<meta property=\"og:type\" content=\"article\" \/>\n<meta property=\"og:title\" content=\"Esittely - KennelGoldie\" \/>\n<meta property=\"og:description\" content=\"Tervetuloa sivustollemme Kennelimme on kultaistennoutajien erikoiskennel. Palvelemme koiranomistajia Jyv\u00e4skyl\u00e4n seudulla ja pentujamme kasvaa t\u00e4ll\u00e4 hetkell\u00e4 ymp\u00e4ri Suomen Rovaniemelt\u00e4 Helsinkiin.&nbsp; Kennel perustettiin vuonna 2003 ja on kasvanut nopeasti kolmen koiran kenneliksi. Kennelin v\u00e4keen kuuluu 2 innokasta kasvattajaa ja kolme kaunista narttua.&nbsp;&nbsp; Kenneliss\u00e4mme on t\u00e4ll\u00e4 kasvanut t\u00e4h\u00e4n menness\u00e4 kolme kaunista pentuetta. Pentujamme kuvaillaan reippaiksi, hyv\u00e4 luonteisiksi ja [&hellip;]\" \/>\n<meta property=\"og:url\" content=\"https:\/\/blogit.gradia.fi\/mkpt2303-valkonen\/\" \/>\n<meta property=\"og:site_name\" content=\"KennelGoldie\" \/>\n<meta property=\"article:modified_time\" content=\"2024-01-30T09:05:12+00:00\" \/>\n<meta property=\"og:image\" content=\"https:\/\/blogit.gradia.fi\/mkpt2303-valkonen\/wp-content\/uploads\/sites\/523\/2024\/01\/puppy-1189067_1280-1024x739.jpg\" \/>\n<meta name=\"twitter:card\" content=\"summary_large_image\" \/>\n<meta name=\"twitter:label1\" content=\"Arvioitu lukuaika\" \/>\n\t<meta name=\"twitter:data1\" content=\"3 minuuttia\" \/>\n<script type=\"application\/ld+json\" class=\"yoast-schema-graph\">{\"@context\":\"https:\\\/\\\/schema.org\",\"@graph\":[{\"@type\":\"WebPage\",\"@id\":\"https:\\\/\\\/blogit.gradia.fi\\\/mkpt2303-valkonen\\\/\",\"url\":\"https:\\\/\\\/blogit.gradia.fi\\\/mkpt2303-valkonen\\\/\",\"name\":\"Esittely - KennelGoldie\",\"isPartOf\":{\"@id\":\"https:\\\/\\\/blogit.gradia.fi\\\/mkpt2303-valkonen\\\/#website\"},\"primaryImageOfPage\":{\"@id\":\"https:\\\/\\\/blogit.gradia.fi\\\/mkpt2303-valkonen\\\/#primaryimage\"},\"image\":{\"@id\":\"https:\\\/\\\/blogit.gradia.fi\\\/mkpt2303-valkonen\\\/#primaryimage\"},\"thumbnailUrl\":\"https:\\\/\\\/blogit.gradia.fi\\\/mkpt2303-valkonen\\\/wp-content\\\/uploads\\\/sites\\\/523\\\/2024\\\/01\\\/puppy-1189067_1280-1024x739.jpg\",\"datePublished\":\"2023-11-24T06:53:07+00:00\",\"dateModified\":\"2024-01-30T09:05:12+00:00\",\"breadcrumb\":{\"@id\":\"https:\\\/\\\/blogit.gradia.fi\\\/mkpt2303-valkonen\\\/#breadcrumb\"},\"inLanguage\":\"fi\",\"potentialAction\":[{\"@type\":\"ReadAction\",\"target\":[\"https:\\\/\\\/blogit.gradia.fi\\\/mkpt2303-valkonen\\\/\"]}]},{\"@type\":\"ImageObject\",\"inLanguage\":\"fi\",\"@id\":\"https:\\\/\\\/blogit.gradia.fi\\\/mkpt2303-valkonen\\\/#primaryimage\",\"url\":\"https:\\\/\\\/blogit.gradia.fi\\\/mkpt2303-valkonen\\\/wp-content\\\/uploads\\\/sites\\\/523\\\/2024\\\/01\\\/puppy-1189067_1280-e1706456317477.jpg\",\"contentUrl\":\"https:\\\/\\\/blogit.gradia.fi\\\/mkpt2303-valkonen\\\/wp-content\\\/uploads\\\/sites\\\/523\\\/2024\\\/01\\\/puppy-1189067_1280-e1706456317477.jpg\",\"width\":800,\"height\":578},{\"@type\":\"BreadcrumbList\",\"@id\":\"https:\\\/\\\/blogit.gradia.fi\\\/mkpt2303-valkonen\\\/#breadcrumb\",\"itemListElement\":[{\"@type\":\"ListItem\",\"position\":1,\"name\":\"Etusivu\",\"item\":\"https:\\\/\\\/blogit.gradia.fi\\\/mkpt2303-valkonen\\\/\"},{\"@type\":\"ListItem\",\"position\":2,\"name\":\"Esittely\"}]},{\"@type\":\"WebSite\",\"@id\":\"https:\\\/\\\/blogit.gradia.fi\\\/mkpt2303-valkonen\\\/#website\",\"url\":\"https:\\\/\\\/blogit.gradia.fi\\\/mkpt2303-valkonen\\\/\",\"name\":\"KennelGoldie\",\"description\":\"Digimarkkinointia keskisuopmessa\",\"publisher\":{\"@id\":\"https:\\\/\\\/blogit.gradia.fi\\\/mkpt2303-valkonen\\\/#organization\"},\"potentialAction\":[{\"@type\":\"SearchAction\",\"target\":{\"@type\":\"EntryPoint\",\"urlTemplate\":\"https:\\\/\\\/blogit.gradia.fi\\\/mkpt2303-valkonen\\\/?s={search_term_string}\"},\"query-input\":{\"@type\":\"PropertyValueSpecification\",\"valueRequired\":true,\"valueName\":\"search_term_string\"}}],\"inLanguage\":\"fi\"},{\"@type\":\"Organization\",\"@id\":\"https:\\\/\\\/blogit.gradia.fi\\\/mkpt2303-valkonen\\\/#organization\",\"name\":\"KennelGoldie\",\"url\":\"https:\\\/\\\/blogit.gradia.fi\\\/mkpt2303-valkonen\\\/\",\"logo\":{\"@type\":\"ImageObject\",\"inLanguage\":\"fi\",\"@id\":\"https:\\\/\\\/blogit.gradia.fi\\\/mkpt2303-valkonen\\\/#\\\/schema\\\/logo\\\/image\\\/\",\"url\":\"https:\\\/\\\/blogit.gradia.fi\\\/mkpt2303-valkonen\\\/wp-content\\\/uploads\\\/sites\\\/523\\\/2024\\\/01\\\/Untitled-2.gif\",\"contentUrl\":\"https:\\\/\\\/blogit.gradia.fi\\\/mkpt2303-valkonen\\\/wp-content\\\/uploads\\\/sites\\\/523\\\/2024\\\/01\\\/Untitled-2.gif\",\"width\":236,\"height\":173,\"caption\":\"KennelGoldie\"},\"image\":{\"@id\":\"https:\\\/\\\/blogit.gradia.fi\\\/mkpt2303-valkonen\\\/#\\\/schema\\\/logo\\\/image\\\/\"}}]}<\/script>\n<!-- \/ Yoast SEO plugin. -->","yoast_head_json":{"title":"Esittely - KennelGoldie","robots":{"index":"index","follow":"follow","max-snippet":"max-snippet:-1","max-image-preview":"max-image-preview:large","max-video-preview":"max-video-preview:-1"},"canonical":"https:\/\/blogit.gradia.fi\/mkpt2303-valkonen\/","og_locale":"fi_FI","og_type":"article","og_title":"Esittely - KennelGoldie","og_description":"Tervetuloa sivustollemme Kennelimme on kultaistennoutajien erikoiskennel. Palvelemme koiranomistajia Jyv\u00e4skyl\u00e4n seudulla ja pentujamme kasvaa t\u00e4ll\u00e4 hetkell\u00e4 ymp\u00e4ri Suomen Rovaniemelt\u00e4 Helsinkiin.&nbsp; Kennel perustettiin vuonna 2003 ja on kasvanut nopeasti kolmen koiran kenneliksi. Kennelin v\u00e4keen kuuluu 2 innokasta kasvattajaa ja kolme kaunista narttua.&nbsp;&nbsp; Kenneliss\u00e4mme on t\u00e4ll\u00e4 kasvanut t\u00e4h\u00e4n menness\u00e4 kolme kaunista pentuetta. Pentujamme kuvaillaan reippaiksi, hyv\u00e4 luonteisiksi ja [&hellip;]","og_url":"https:\/\/blogit.gradia.fi\/mkpt2303-valkonen\/","og_site_name":"KennelGoldie","article_modified_time":"2024-01-30T09:05:12+00:00","og_image":[{"url":"https:\/\/blogit.gradia.fi\/mkpt2303-valkonen\/wp-content\/uploads\/sites\/523\/2024\/01\/puppy-1189067_1280-1024x739.jpg","type":"","width":"","height":""}],"twitter_card":"summary_large_image","twitter_misc":{"Arvioitu lukuaika":"3 minuuttia"},"schema":{"@context":"https:\/\/schema.org","@graph":[{"@type":"WebPage","@id":"https:\/\/blogit.gradia.fi\/mkpt2303-valkonen\/","url":"https:\/\/blogit.gradia.fi\/mkpt2303-valkonen\/","name":"Esittely - KennelGoldie","isPartOf":{"@id":"https:\/\/blogit.gradia.fi\/mkpt2303-valkonen\/#website"},"primaryImageOfPage":{"@id":"https:\/\/blogit.gradia.fi\/mkpt2303-valkonen\/#primaryimage"},"image":{"@id":"https:\/\/blogit.gradia.fi\/mkpt2303-valkonen\/#primaryimage"},"thumbnailUrl":"https:\/\/blogit.gradia.fi\/mkpt2303-valkonen\/wp-content\/uploads\/sites\/523\/2024\/01\/puppy-1189067_1280-1024x739.jpg","datePublished":"2023-11-24T06:53:07+00:00","dateModified":"2024-01-30T09:05:12+00:00","breadcrumb":{"@id":"https:\/\/blogit.gradia.fi\/mkpt2303-valkonen\/#breadcrumb"},"inLanguage":"fi","potentialAction":[{"@type":"ReadAction","target":["https:\/\/blogit.gradia.fi\/mkpt2303-valkonen\/"]}]},{"@type":"ImageObject","inLanguage":"fi","@id":"https:\/\/blogit.gradia.fi\/mkpt2303-valkonen\/#primaryimage","url":"https:\/\/blogit.gradia.fi\/mkpt2303-valkonen\/wp-content\/uploads\/sites\/523\/2024\/01\/puppy-1189067_1280-e1706456317477.jpg","contentUrl":"https:\/\/blogit.gradia.fi\/mkpt2303-valkonen\/wp-content\/uploads\/sites\/523\/2024\/01\/puppy-1189067_1280-e1706456317477.jpg","width":800,"height":578},{"@type":"BreadcrumbList","@id":"https:\/\/blogit.gradia.fi\/mkpt2303-valkonen\/#breadcrumb","itemListElement":[{"@type":"ListItem","position":1,"name":"Etusivu","item":"https:\/\/blogit.gradia.fi\/mkpt2303-valkonen\/"},{"@type":"ListItem","position":2,"name":"Esittely"}]},{"@type":"WebSite","@id":"https:\/\/blogit.gradia.fi\/mkpt2303-valkonen\/#website","url":"https:\/\/blogit.gradia.fi\/mkpt2303-valkonen\/","name":"KennelGoldie","description":"Digimarkkinointia keskisuopmessa","publisher":{"@id":"https:\/\/blogit.gradia.fi\/mkpt2303-valkonen\/#organization"},"potentialAction":[{"@type":"SearchAction","target":{"@type":"EntryPoint","urlTemplate":"https:\/\/blogit.gradia.fi\/mkpt2303-valkonen\/?s={search_term_string}"},"query-input":{"@type":"PropertyValueSpecification","valueRequired":true,"valueName":"search_term_string"}}],"inLanguage":"fi"},{"@type":"Organization","@id":"https:\/\/blogit.gradia.fi\/mkpt2303-valkonen\/#organization","name":"KennelGoldie","url":"https:\/\/blogit.gradia.fi\/mkpt2303-valkonen\/","logo":{"@type":"ImageObject","inLanguage":"fi","@id":"https:\/\/blogit.gradia.fi\/mkpt2303-valkonen\/#\/schema\/logo\/image\/","url":"https:\/\/blogit.gradia.fi\/mkpt2303-valkonen\/wp-content\/uploads\/sites\/523\/2024\/01\/Untitled-2.gif","contentUrl":"https:\/\/blogit.gradia.fi\/mkpt2303-valkonen\/wp-content\/uploads\/sites\/523\/2024\/01\/Untitled-2.gif","width":236,"height":173,"caption":"KennelGoldie"},"image":{"@id":"https:\/\/blogit.gradia.fi\/mkpt2303-valkonen\/#\/schema\/logo\/image\/"}}]}},"uagb_featured_image_src":{"full":false,"thumbnail":false,"medium":false,"medium_large":false,"large":false,"1536x1536":false,"2048x2048":false},"uagb_author_info":{"display_name":"Annukka Valkonen","author_link":"https:\/\/blogit.gradia.fi\/mkpt2303-valkonen\/author\/gr289318\/"},"uagb_comment_info":0,"uagb_excerpt":"Tervetuloa sivustollemme Kennelimme on kultaistennoutajien erikoiskennel. Palvelemme koiranomistajia Jyv\u00e4skyl\u00e4n seudulla ja pentujamme kasvaa t\u00e4ll\u00e4 hetkell\u00e4 ymp\u00e4ri Suomen Rovaniemelt\u00e4 Helsinkiin.&nbsp; Kennel perustettiin vuonna 2003 ja on kasvanut nopeasti kolmen koiran kenneliksi. Kennelin v\u00e4keen kuuluu 2 innokasta kasvattajaa ja kolme kaunista narttua.&nbsp;&nbsp; Kenneliss\u00e4mme on t\u00e4ll\u00e4 kasvanut t\u00e4h\u00e4n menness\u00e4 kolme kaunista pentuetta. Pentujamme kuvaillaan reippaiksi, hyv\u00e4 luonteisiksi ja&hellip;","_links":{"self":[{"href":"https:\/\/blogit.gradia.fi\/mkpt2303-valkonen\/wp-json\/wp\/v2\/pages\/7","targetHints":{"allow":["GET"]}}],"collection":[{"href":"https:\/\/blogit.gradia.fi\/mkpt2303-valkonen\/wp-json\/wp\/v2\/pages"}],"about":[{"href":"https:\/\/blogit.gradia.fi\/mkpt2303-valkonen\/wp-json\/wp\/v2\/types\/page"}],"author":[{"embeddable":true,"href":"https:\/\/blogit.gradia.fi\/mkpt2303-valkonen\/wp-json\/wp\/v2\/users\/1060"}],"replies":[{"embeddable":true,"href":"https:\/\/blogit.gradia.fi\/mkpt2303-valkonen\/wp-json\/wp\/v2\/comments?post=7"}],"version-history":[{"count":18,"href":"https:\/\/blogit.gradia.fi\/mkpt2303-valkonen\/wp-json\/wp\/v2\/pages\/7\/revisions"}],"predecessor-version":[{"id":235,"href":"https:\/\/blogit.gradia.fi\/mkpt2303-valkonen\/wp-json\/wp\/v2\/pages\/7\/revisions\/235"}],"wp:attachment":[{"href":"https:\/\/blogit.gradia.fi\/mkpt2303-valkonen\/wp-json\/wp\/v2\/media?parent=7"}],"curies":[{"name":"wp","href":"https:\/\/api.w.org\/{rel}","templated":true}]}}