{"id":18,"date":"2023-01-26T09:03:36","date_gmt":"2023-01-26T07:03:36","guid":{"rendered":"https:\/\/blogit.gradia.fi\/mkpt2204-rekonen\/?page_id=18"},"modified":"2023-03-09T13:47:08","modified_gmt":"2023-03-09T11:47:08","slug":"yhteydenotto","status":"publish","type":"page","link":"https:\/\/blogit.gradia.fi\/mkpt2204-rekonen\/yhteydenotto\/","title":{"rendered":"Koiran hankkiminen"},"content":{"rendered":"\n<div class=\"wp-block-uagb-container uagb-block-839f4dcc alignfull uagb-is-root-container\"><div class=\"uagb-container-inner-blocks-wrap\">\n<div class=\"wp-block-uagb-container uagb-block-34e28488\">\n<div class=\"wp-block-uagb-image uagb-block-2d32a444 wp-block-uagb-image--layout-default wp-block-uagb-image--effect-static wp-block-uagb-image--align-none\"><figure class=\"wp-block-uagb-image__figure\"><img decoding=\"async\" src=\"https:\/\/blogit.gradia.fi\/mkpt2204-rekonen\/wp-content\/uploads\/sites\/384\/2023\/03\/north-sea-930312__480.jpg\" alt=\"\" class=\"uag-image-493\" title=\"\" loading=\"lazy\" \/><\/figure><\/div>\n<\/div>\n\n\n\n<div class=\"wp-block-uagb-container uagb-block-8e454614\">\n<div class=\"wp-block-uagb-info-box uagb-block-3cbad4f3 uagb-infobox__content-wrap  uagb-infobox-icon-above-title uagb-infobox-image-valign-top\"><div class=\"uagb-ifb-content\"><div class=\"uagb-ifb-title-wrap\"><h2 class=\"uagb-ifb-title\">Koiran hankkiminen vaatii harkintaa<\/h2><\/div><p class=\"uagb-ifb-desc\">Koiran hankkiminen vaatii huolellista harkintaa ja asiaan perehtymist\u00e4. Koiraa ei voi ottaa hetken mielijohteesta. Kun pohjaty\u00f6n tekee huolella, koirasta saa uskollisen yst\u00e4v\u00e4n pitk\u00e4ksi aikaa ja se tuo iloa omistajalleen vuosiksi.<br><br>-\u00c4l\u00e4 hanki koiraa, jos et ole varma onko sinulla riitt\u00e4v\u00e4sti aikaa koiralle<br>-Koira vaatii paljon, koira on kuin lapsi<br>-Tutustu huolella koiran kasvattajaan<\/p><\/div><\/div>\n<\/div>\n<\/div><\/div>\n\n\n\n<div class=\"wp-block-uagb-container uagb-block-2fc9c693 alignfull uagb-is-root-container\"><div class=\"uagb-container-inner-blocks-wrap\">\n<div class=\"wp-block-uagb-advanced-heading uagb-block-a17c4a8f\"><h2 class=\"uagb-heading-text\">Pohdi n\u00e4it\u00e4 kysymyksi\u00e4, ennen kuin otat koiran:<\/h2><\/div>\n\n\n\n<div class=\"wp-block-uagb-container uagb-block-9c1bc3e9\">\n<div class=\"wp-block-uagb-container uagb-block-cb495ac5\">\n<div class=\"wp-block-uagb-container uagb-block-e687bba6\">\n<p class=\"has-ast-global-color-0-color has-text-color\">Onko sinulla tarpeeksi aikaa koiralle?<\/p>\n<\/div>\n<\/div>\n\n\n\n<div class=\"wp-block-uagb-container uagb-block-c558121d\">\n<p class=\"has-ast-global-color-0-color has-text-color\">Oletko valmis sitoutumaan koiraan sen elini\u00e4ksi, 10\u201315 vuodeksi?<\/p>\n<\/div>\n\n\n\n<div class=\"wp-block-uagb-container uagb-block-e9272605\">\n<p class=\"has-ast-global-color-0-color has-text-color\">Onko perheess\u00e4si tai l\u00e4hipiiriss\u00e4si allergiaa?<\/p>\n<\/div>\n\n\n\n<div class=\"wp-block-uagb-container uagb-block-dce627d8\">\n<p class=\"has-ast-global-color-0-color has-text-color\">Kest\u00e4\u00e4k\u00f6 taloutesi koirasta aiheutuvat kustannukset?<\/p>\n<\/div>\n\n\n\n<div class=\"wp-block-uagb-container uagb-block-3051aa71\">\n<p class=\"has-ast-global-color-0-color has-text-color\">Saako asunnossasi pit\u00e4\u00e4 koiraa?<\/p>\n<\/div>\n\n\n\n<div class=\"wp-block-uagb-container uagb-block-71e548d6\">\n<p class=\"has-ast-global-color-0-color has-text-color\">Oletko valmis ulkoilemaan koiran kanssa useita kertoja p\u00e4iv\u00e4ss\u00e4?<\/p>\n<\/div>\n<\/div>\n<\/div><\/div>\n\n\n\n<div class=\"wp-block-uagb-container uagb-block-52aea922 alignfull uagb-is-root-container\"><div class=\"uagb-container-inner-blocks-wrap\">\n<div class=\"wp-block-uagb-container uagb-block-0371a362\">\n<div class=\"wp-block-uagb-image uagb-block-1e8a7476 wp-block-uagb-image--layout-default wp-block-uagb-image--effect-static wp-block-uagb-image--align-none\"><figure class=\"wp-block-uagb-image__figure\"><img decoding=\"async\" src=\"https:\/\/blogit.gradia.fi\/mkpt2204-rekonen\/wp-content\/uploads\/sites\/384\/2023\/03\/north-sea-2106117__480.jpg\" alt=\"\" class=\"uag-image-497\" title=\"\" loading=\"lazy\" \/><\/figure><\/div>\n<\/div>\n\n\n\n<div class=\"wp-block-uagb-container uagb-block-14c7b5c9\">\n<div class=\"wp-block-uagb-info-box uagb-block-944e19e0 uagb-infobox__content-wrap  uagb-infobox-icon-above-title uagb-infobox-image-valign-top\"><div class=\"uagb-ifb-content\"><div class=\"uagb-ifb-title-wrap\"><h2 class=\"uagb-ifb-title\">Valitse rotu huolella<\/h2><\/div><p class=\"uagb-ifb-desc\">Koiraa valitessasi sinun on hyv\u00e4 ottaa selv\u00e4\u00e4 esimerkiksi eri rotujen luonteista, liikunnantarpeista, luontaisista vaistoista, turkinhoidosta ja koulutettavuudesta. My\u00f6s kiinnostus johonkin tiettyyn koiraharrastuslajiin on hyv\u00e4 huomioida rotuvaihtoehtoja punnitessa.<br><br>Kiinnit\u00e4 huomiota my\u00f6s rodun kokoon, energisyyteen, alkuper\u00e4\u00e4n ja k\u00e4ytt\u00f6tarkoitukseen. K\u00e4ytt\u00f6tarkoitus voi edelleen vaikuttaa koiran luonteeseen ja k\u00e4yt\u00f6kseen.<br><br>Tutustu huolella eri rotujen terveystilanteisiin. Useilla roduilla on jalostuksentavoiteohjelmia, JTO, joissa on kerrottu kattavasti muun muassa rodun terveystilanteesta ja perinn\u00f6llisist\u00e4 sairauksista, luonneominaisuuksista ja mahdollisista luonneongelmista sek\u00e4 rotujen historiasta.<br><br>Muista, ett\u00e4 rodun valinta ei saa perustua pelk\u00e4st\u00e4\u00e4n ulkon\u00e4k\u00f6\u00f6n.<br><br>Apua rodun valintaan saat Kennelliiton hankikoira.fin <a href=\"http:\/\/www.hankikoira.fi\" target=\"_blank\" rel=\"noreferrer noopener\">rotutestist\u00e4<\/a> ja <a href=\"http:\/\/www.hankikoira.fi\/koirarodut\" target=\"_blank\" rel=\"noreferrer noopener\">rotuesittelyist\u00e4<\/a>.<br><br>Teksti:&nbsp;<a href=\"https:\/\/www.kennelliitto.fi\" target=\"_blank\" rel=\"noreferrer noopener\">www.kennelliitto.fi<\/a><\/p><\/div><\/div>\n<\/div>\n<\/div><\/div>\n\n\n\n<div class=\"wp-block-uagb-container uagb-block-aee2413b alignfull uagb-is-root-container\"><div class=\"uagb-container-inner-blocks-wrap\">\n<div class=\"wp-block-uagb-container uagb-block-8f048c29\">\n<div class=\"wp-block-uagb-advanced-heading uagb-block-7fd5e577\"><h2 class=\"uagb-heading-text\">Koiran hankinta<\/h2><p class=\"uagb-desc-text\">Teksti: Kennelliitto<\/p><\/div>\n<\/div>\n\n\n\n<div class=\"wp-block-uagb-container uagb-block-a08db87d\">\n<div class=\"wp-block-uagb-container uagb-block-48bf313d\">\n<div class=\"wp-block-uagb-team uagb-team__image-position-above uagb-team__align-center uagb-team__stack-tablet uagb-block-a5c86dce\"><div class=\"uagb-team__content\"><img decoding=\"async\" class=\"uagb-team__image-crop-circle\" src=\"https:\/\/blogit.gradia.fi\/mkpt2204-rekonen\/wp-content\/uploads\/sites\/384\/2023\/03\/dog-2728661_1280-150x150.jpg\" alt=\"\" height=\"75\" width=\"75\" loading=\"lazy\" \/><h5 class=\"uagb-team__title\"><\/h5><span class=\"uagb-team__prefix\"><\/span><p class=\"uagb-team__desc\">Koirakuume valtaa koiranyst\u00e4v\u00e4n silloin t\u00e4ll\u00f6in. Koirasta saa uskollisen yst\u00e4v\u00e4n pitk\u00e4ksi aikaa ja se tuo iloa omistajalleen vuosiksi.<\/p><\/div><\/div>\n<\/div>\n\n\n\n<div class=\"wp-block-uagb-container uagb-block-98f16c84\">\n<div class=\"wp-block-uagb-team uagb-team__image-position-above uagb-team__align-center uagb-team__stack-tablet uagb-block-105df912\"><div class=\"uagb-team__content\"><img decoding=\"async\" class=\"uagb-team__image-crop-circle\" src=\"https:\/\/blogit.gradia.fi\/mkpt2204-rekonen\/wp-content\/uploads\/sites\/384\/2023\/03\/golden-5073759__480-150x150.jpg\" alt=\"\" height=\"75\" width=\"75\" loading=\"lazy\" \/><h5 class=\"uagb-team__title\"><\/h5><span class=\"uagb-team__prefix\"><\/span><p class=\"uagb-team__desc\">Koiraa ei kuitenkaan tule ottaa hetken mielijohteesta, sill\u00e4 koiran hankintaan tutustuminen vaatii paljon aikaa, huolellista harkintaa ja asiaan perehtymist\u00e4.<\/p><\/div><\/div>\n<\/div>\n\n\n\n<div class=\"wp-block-uagb-container uagb-block-af6393da\">\n<div class=\"wp-block-uagb-team uagb-team__image-position-above uagb-team__align-center uagb-team__stack-tablet uagb-block-fb167df2\"><div class=\"uagb-team__content\"><img decoding=\"async\" class=\"uagb-team__image-crop-circle\" src=\"https:\/\/blogit.gradia.fi\/mkpt2204-rekonen\/wp-content\/uploads\/sites\/384\/2023\/03\/dog-414621__480-150x150.jpg\" alt=\"\" height=\"75\" width=\"75\" loading=\"lazy\" \/><h5 class=\"uagb-team__title\"><\/h5><span class=\"uagb-team__prefix\"><\/span><p class=\"uagb-team__desc\">Koira ei k\u00e4y lapselle lahjaksi, sill\u00e4 vastuu koirasta on aina vanhemmilla.<\/p><\/div><\/div>\n<\/div>\n<\/div>\n<\/div><\/div>\n","protected":false},"excerpt":{"rendered":"<p>Pohdi n\u00e4it\u00e4 kysymyksi\u00e4, ennen kuin otat koiran: Onko sinulla tarpeeksi aikaa koiralle? Oletko valmis sitoutumaan koiraan sen elini\u00e4ksi, 10\u201315 vuodeksi? Onko perheess\u00e4si tai l\u00e4hipiiriss\u00e4si allergiaa? Kest\u00e4\u00e4k\u00f6 taloutesi koirasta aiheutuvat kustannukset? Saako asunnossasi pit\u00e4\u00e4 koiraa? Oletko valmis ulkoilemaan koiran kanssa useita kertoja p\u00e4iv\u00e4ss\u00e4? Koiran hankinta Teksti: Kennelliitto<\/p>\n","protected":false},"author":925,"featured_media":0,"parent":0,"menu_order":0,"comment_status":"closed","ping_status":"closed","template":"","meta":{"_uag_custom_page_level_css":"","site-sidebar-layout":"default","site-content-layout":"","ast-site-content-layout":"default","site-content-style":"default","site-sidebar-style":"default","ast-global-header-display":"","ast-banner-title-visibility":"","ast-main-header-display":"","ast-hfb-above-header-display":"","ast-hfb-below-header-display":"","ast-hfb-mobile-header-display":"","site-post-title":"","ast-breadcrumbs-content":"","ast-featured-img":"","footer-sml-layout":"","ast-disable-related-posts":"","theme-transparent-header-meta":"","adv-header-id-meta":"","stick-header-meta":"","header-above-stick-meta":"","header-main-stick-meta":"","header-below-stick-meta":"","astra-migrate-meta-layouts":"default","ast-page-background-enabled":"default","ast-page-background-meta":{"desktop":{"background-color":"var(--ast-global-color-4)","background-image":"","background-repeat":"repeat","background-position":"center center","background-size":"auto","background-attachment":"scroll","background-type":"","background-media":"","overlay-type":"","overlay-color":"","overlay-opacity":"","overlay-gradient":""},"tablet":{"background-color":"","background-image":"","background-repeat":"repeat","background-position":"center center","background-size":"auto","background-attachment":"scroll","background-type":"","background-media":"","overlay-type":"","overlay-color":"","overlay-opacity":"","overlay-gradient":""},"mobile":{"background-color":"","background-image":"","background-repeat":"repeat","background-position":"center center","background-size":"auto","background-attachment":"scroll","background-type":"","background-media":"","overlay-type":"","overlay-color":"","overlay-opacity":"","overlay-gradient":""}},"ast-content-background-meta":{"desktop":{"background-color":"var(--ast-global-color-5)","background-image":"","background-repeat":"repeat","background-position":"center center","background-size":"auto","background-attachment":"scroll","background-type":"","background-media":"","overlay-type":"","overlay-color":"","overlay-opacity":"","overlay-gradient":""},"tablet":{"background-color":"var(--ast-global-color-5)","background-image":"","background-repeat":"repeat","background-position":"center center","background-size":"auto","background-attachment":"scroll","background-type":"","background-media":"","overlay-type":"","overlay-color":"","overlay-opacity":"","overlay-gradient":""},"mobile":{"background-color":"var(--ast-global-color-5)","background-image":"","background-repeat":"repeat","background-position":"center center","background-size":"auto","background-attachment":"scroll","background-type":"","background-media":"","overlay-type":"","overlay-color":"","overlay-opacity":"","overlay-gradient":""}},"footnotes":""},"class_list":["post-18","page","type-page","status-publish","hentry"],"yoast_head":"<!-- This site is optimized with the Yoast SEO plugin v27.2 - https:\/\/yoast.com\/product\/yoast-seo-wordpress\/ -->\n<title>Koiran hankkiminen - Kultsi &amp; Noutaja<\/title>\n<meta name=\"robots\" content=\"index, follow, max-snippet:-1, max-image-preview:large, max-video-preview:-1\" \/>\n<link rel=\"canonical\" href=\"https:\/\/blogit.gradia.fi\/mkpt2204-rekonen\/yhteydenotto\/\" \/>\n<meta property=\"og:locale\" content=\"fi_FI\" \/>\n<meta property=\"og:type\" content=\"article\" \/>\n<meta property=\"og:title\" content=\"Koiran hankkiminen - Kultsi &amp; Noutaja\" \/>\n<meta property=\"og:description\" content=\"Pohdi n\u00e4it\u00e4 kysymyksi\u00e4, ennen kuin otat koiran: Onko sinulla tarpeeksi aikaa koiralle? Oletko valmis sitoutumaan koiraan sen elini\u00e4ksi, 10\u201315 vuodeksi? Onko perheess\u00e4si tai l\u00e4hipiiriss\u00e4si allergiaa? Kest\u00e4\u00e4k\u00f6 taloutesi koirasta aiheutuvat kustannukset? Saako asunnossasi pit\u00e4\u00e4 koiraa? Oletko valmis ulkoilemaan koiran kanssa useita kertoja p\u00e4iv\u00e4ss\u00e4? Koiran hankinta Teksti: Kennelliitto\" \/>\n<meta property=\"og:url\" content=\"https:\/\/blogit.gradia.fi\/mkpt2204-rekonen\/yhteydenotto\/\" \/>\n<meta property=\"og:site_name\" content=\"Kultsi &amp; Noutaja\" \/>\n<meta property=\"article:modified_time\" content=\"2023-03-09T11:47:08+00:00\" \/>\n<meta property=\"og:image\" content=\"https:\/\/blogit.gradia.fi\/mkpt2204-rekonen\/wp-content\/uploads\/sites\/384\/2023\/03\/north-sea-930312__480.jpg\" \/>\n<meta name=\"twitter:card\" content=\"summary_large_image\" \/>\n<meta name=\"twitter:label1\" content=\"Arvioitu lukuaika\" \/>\n\t<meta name=\"twitter:data1\" content=\"3 minuuttia\" \/>\n<script type=\"application\/ld+json\" class=\"yoast-schema-graph\">{\"@context\":\"https:\/\/schema.org\",\"@graph\":[{\"@type\":\"WebPage\",\"@id\":\"https:\/\/blogit.gradia.fi\/mkpt2204-rekonen\/yhteydenotto\/\",\"url\":\"https:\/\/blogit.gradia.fi\/mkpt2204-rekonen\/yhteydenotto\/\",\"name\":\"Koiran hankkiminen - Kultsi &amp; Noutaja\",\"isPartOf\":{\"@id\":\"https:\/\/blogit.gradia.fi\/mkpt2204-rekonen\/#website\"},\"primaryImageOfPage\":{\"@id\":\"https:\/\/blogit.gradia.fi\/mkpt2204-rekonen\/yhteydenotto\/#primaryimage\"},\"image\":{\"@id\":\"https:\/\/blogit.gradia.fi\/mkpt2204-rekonen\/yhteydenotto\/#primaryimage\"},\"thumbnailUrl\":\"https:\/\/blogit.gradia.fi\/mkpt2204-rekonen\/wp-content\/uploads\/sites\/384\/2023\/03\/north-sea-930312__480.jpg\",\"datePublished\":\"2023-01-26T07:03:36+00:00\",\"dateModified\":\"2023-03-09T11:47:08+00:00\",\"breadcrumb\":{\"@id\":\"https:\/\/blogit.gradia.fi\/mkpt2204-rekonen\/yhteydenotto\/#breadcrumb\"},\"inLanguage\":\"fi\",\"potentialAction\":[{\"@type\":\"ReadAction\",\"target\":[\"https:\/\/blogit.gradia.fi\/mkpt2204-rekonen\/yhteydenotto\/\"]}]},{\"@type\":\"ImageObject\",\"inLanguage\":\"fi\",\"@id\":\"https:\/\/blogit.gradia.fi\/mkpt2204-rekonen\/yhteydenotto\/#primaryimage\",\"url\":\"https:\/\/blogit.gradia.fi\/mkpt2204-rekonen\/wp-content\/uploads\/sites\/384\/2023\/03\/north-sea-930312__480.jpg\",\"contentUrl\":\"https:\/\/blogit.gradia.fi\/mkpt2204-rekonen\/wp-content\/uploads\/sites\/384\/2023\/03\/north-sea-930312__480.jpg\",\"width\":640,\"height\":480},{\"@type\":\"BreadcrumbList\",\"@id\":\"https:\/\/blogit.gradia.fi\/mkpt2204-rekonen\/yhteydenotto\/#breadcrumb\",\"itemListElement\":[{\"@type\":\"ListItem\",\"position\":1,\"name\":\"Etusivu\",\"item\":\"https:\/\/blogit.gradia.fi\/mkpt2204-rekonen\/\"},{\"@type\":\"ListItem\",\"position\":2,\"name\":\"Koiran hankkiminen\"}]},{\"@type\":\"WebSite\",\"@id\":\"https:\/\/blogit.gradia.fi\/mkpt2204-rekonen\/#website\",\"url\":\"https:\/\/blogit.gradia.fi\/mkpt2204-rekonen\/\",\"name\":\"Kultsi &amp; Noutaja\",\"description\":\"\",\"publisher\":{\"@id\":\"https:\/\/blogit.gradia.fi\/mkpt2204-rekonen\/#organization\"},\"potentialAction\":[{\"@type\":\"SearchAction\",\"target\":{\"@type\":\"EntryPoint\",\"urlTemplate\":\"https:\/\/blogit.gradia.fi\/mkpt2204-rekonen\/?s={search_term_string}\"},\"query-input\":{\"@type\":\"PropertyValueSpecification\",\"valueRequired\":true,\"valueName\":\"search_term_string\"}}],\"inLanguage\":\"fi\"},{\"@type\":\"Organization\",\"@id\":\"https:\/\/blogit.gradia.fi\/mkpt2204-rekonen\/#organization\",\"name\":\"Kultsi &amp; Noutaja\",\"url\":\"https:\/\/blogit.gradia.fi\/mkpt2204-rekonen\/\",\"logo\":{\"@type\":\"ImageObject\",\"inLanguage\":\"fi\",\"@id\":\"https:\/\/blogit.gradia.fi\/mkpt2204-rekonen\/#\/schema\/logo\/image\/\",\"url\":\"https:\/\/blogit.gradia.fi\/mkpt2204-rekonen\/wp-content\/uploads\/sites\/384\/2023\/03\/Kultainen-noutaja-2.png\",\"contentUrl\":\"https:\/\/blogit.gradia.fi\/mkpt2204-rekonen\/wp-content\/uploads\/sites\/384\/2023\/03\/Kultainen-noutaja-2.png\",\"width\":2194,\"height\":2294,\"caption\":\"Kultsi &amp; Noutaja\"},\"image\":{\"@id\":\"https:\/\/blogit.gradia.fi\/mkpt2204-rekonen\/#\/schema\/logo\/image\/\"}}]}<\/script>\n<!-- \/ Yoast SEO plugin. -->","yoast_head_json":{"title":"Koiran hankkiminen - Kultsi &amp; Noutaja","robots":{"index":"index","follow":"follow","max-snippet":"max-snippet:-1","max-image-preview":"max-image-preview:large","max-video-preview":"max-video-preview:-1"},"canonical":"https:\/\/blogit.gradia.fi\/mkpt2204-rekonen\/yhteydenotto\/","og_locale":"fi_FI","og_type":"article","og_title":"Koiran hankkiminen - Kultsi &amp; Noutaja","og_description":"Pohdi n\u00e4it\u00e4 kysymyksi\u00e4, ennen kuin otat koiran: Onko sinulla tarpeeksi aikaa koiralle? Oletko valmis sitoutumaan koiraan sen elini\u00e4ksi, 10\u201315 vuodeksi? Onko perheess\u00e4si tai l\u00e4hipiiriss\u00e4si allergiaa? Kest\u00e4\u00e4k\u00f6 taloutesi koirasta aiheutuvat kustannukset? Saako asunnossasi pit\u00e4\u00e4 koiraa? Oletko valmis ulkoilemaan koiran kanssa useita kertoja p\u00e4iv\u00e4ss\u00e4? Koiran hankinta Teksti: Kennelliitto","og_url":"https:\/\/blogit.gradia.fi\/mkpt2204-rekonen\/yhteydenotto\/","og_site_name":"Kultsi &amp; Noutaja","article_modified_time":"2023-03-09T11:47:08+00:00","og_image":[{"url":"https:\/\/blogit.gradia.fi\/mkpt2204-rekonen\/wp-content\/uploads\/sites\/384\/2023\/03\/north-sea-930312__480.jpg","type":"","width":"","height":""}],"twitter_card":"summary_large_image","twitter_misc":{"Arvioitu lukuaika":"3 minuuttia"},"schema":{"@context":"https:\/\/schema.org","@graph":[{"@type":"WebPage","@id":"https:\/\/blogit.gradia.fi\/mkpt2204-rekonen\/yhteydenotto\/","url":"https:\/\/blogit.gradia.fi\/mkpt2204-rekonen\/yhteydenotto\/","name":"Koiran hankkiminen - Kultsi &amp; Noutaja","isPartOf":{"@id":"https:\/\/blogit.gradia.fi\/mkpt2204-rekonen\/#website"},"primaryImageOfPage":{"@id":"https:\/\/blogit.gradia.fi\/mkpt2204-rekonen\/yhteydenotto\/#primaryimage"},"image":{"@id":"https:\/\/blogit.gradia.fi\/mkpt2204-rekonen\/yhteydenotto\/#primaryimage"},"thumbnailUrl":"https:\/\/blogit.gradia.fi\/mkpt2204-rekonen\/wp-content\/uploads\/sites\/384\/2023\/03\/north-sea-930312__480.jpg","datePublished":"2023-01-26T07:03:36+00:00","dateModified":"2023-03-09T11:47:08+00:00","breadcrumb":{"@id":"https:\/\/blogit.gradia.fi\/mkpt2204-rekonen\/yhteydenotto\/#breadcrumb"},"inLanguage":"fi","potentialAction":[{"@type":"ReadAction","target":["https:\/\/blogit.gradia.fi\/mkpt2204-rekonen\/yhteydenotto\/"]}]},{"@type":"ImageObject","inLanguage":"fi","@id":"https:\/\/blogit.gradia.fi\/mkpt2204-rekonen\/yhteydenotto\/#primaryimage","url":"https:\/\/blogit.gradia.fi\/mkpt2204-rekonen\/wp-content\/uploads\/sites\/384\/2023\/03\/north-sea-930312__480.jpg","contentUrl":"https:\/\/blogit.gradia.fi\/mkpt2204-rekonen\/wp-content\/uploads\/sites\/384\/2023\/03\/north-sea-930312__480.jpg","width":640,"height":480},{"@type":"BreadcrumbList","@id":"https:\/\/blogit.gradia.fi\/mkpt2204-rekonen\/yhteydenotto\/#breadcrumb","itemListElement":[{"@type":"ListItem","position":1,"name":"Etusivu","item":"https:\/\/blogit.gradia.fi\/mkpt2204-rekonen\/"},{"@type":"ListItem","position":2,"name":"Koiran hankkiminen"}]},{"@type":"WebSite","@id":"https:\/\/blogit.gradia.fi\/mkpt2204-rekonen\/#website","url":"https:\/\/blogit.gradia.fi\/mkpt2204-rekonen\/","name":"Kultsi &amp; Noutaja","description":"","publisher":{"@id":"https:\/\/blogit.gradia.fi\/mkpt2204-rekonen\/#organization"},"potentialAction":[{"@type":"SearchAction","target":{"@type":"EntryPoint","urlTemplate":"https:\/\/blogit.gradia.fi\/mkpt2204-rekonen\/?s={search_term_string}"},"query-input":{"@type":"PropertyValueSpecification","valueRequired":true,"valueName":"search_term_string"}}],"inLanguage":"fi"},{"@type":"Organization","@id":"https:\/\/blogit.gradia.fi\/mkpt2204-rekonen\/#organization","name":"Kultsi &amp; Noutaja","url":"https:\/\/blogit.gradia.fi\/mkpt2204-rekonen\/","logo":{"@type":"ImageObject","inLanguage":"fi","@id":"https:\/\/blogit.gradia.fi\/mkpt2204-rekonen\/#\/schema\/logo\/image\/","url":"https:\/\/blogit.gradia.fi\/mkpt2204-rekonen\/wp-content\/uploads\/sites\/384\/2023\/03\/Kultainen-noutaja-2.png","contentUrl":"https:\/\/blogit.gradia.fi\/mkpt2204-rekonen\/wp-content\/uploads\/sites\/384\/2023\/03\/Kultainen-noutaja-2.png","width":2194,"height":2294,"caption":"Kultsi &amp; Noutaja"},"image":{"@id":"https:\/\/blogit.gradia.fi\/mkpt2204-rekonen\/#\/schema\/logo\/image\/"}}]}},"uagb_featured_image_src":{"full":false,"thumbnail":false,"medium":false,"medium_large":false,"large":false,"1536x1536":false,"2048x2048":false},"uagb_author_info":{"display_name":"Reetta Rekonen","author_link":"https:\/\/blogit.gradia.fi\/mkpt2204-rekonen\/author\/gr276318\/"},"uagb_comment_info":0,"uagb_excerpt":"Pohdi n\u00e4it\u00e4 kysymyksi\u00e4, ennen kuin otat koiran: Onko sinulla tarpeeksi aikaa koiralle? Oletko valmis sitoutumaan koiraan sen elini\u00e4ksi, 10\u201315 vuodeksi? Onko perheess\u00e4si tai l\u00e4hipiiriss\u00e4si allergiaa? Kest\u00e4\u00e4k\u00f6 taloutesi koirasta aiheutuvat kustannukset? Saako asunnossasi pit\u00e4\u00e4 koiraa? Oletko valmis ulkoilemaan koiran kanssa useita kertoja p\u00e4iv\u00e4ss\u00e4? Koiran hankinta Teksti: Kennelliitto","_links":{"self":[{"href":"https:\/\/blogit.gradia.fi\/mkpt2204-rekonen\/wp-json\/wp\/v2\/pages\/18","targetHints":{"allow":["GET"]}}],"collection":[{"href":"https:\/\/blogit.gradia.fi\/mkpt2204-rekonen\/wp-json\/wp\/v2\/pages"}],"about":[{"href":"https:\/\/blogit.gradia.fi\/mkpt2204-rekonen\/wp-json\/wp\/v2\/types\/page"}],"author":[{"embeddable":true,"href":"https:\/\/blogit.gradia.fi\/mkpt2204-rekonen\/wp-json\/wp\/v2\/users\/925"}],"replies":[{"embeddable":true,"href":"https:\/\/blogit.gradia.fi\/mkpt2204-rekonen\/wp-json\/wp\/v2\/comments?post=18"}],"version-history":[{"count":65,"href":"https:\/\/blogit.gradia.fi\/mkpt2204-rekonen\/wp-json\/wp\/v2\/pages\/18\/revisions"}],"predecessor-version":[{"id":559,"href":"https:\/\/blogit.gradia.fi\/mkpt2204-rekonen\/wp-json\/wp\/v2\/pages\/18\/revisions\/559"}],"wp:attachment":[{"href":"https:\/\/blogit.gradia.fi\/mkpt2204-rekonen\/wp-json\/wp\/v2\/media?parent=18"}],"curies":[{"name":"wp","href":"https:\/\/api.w.org\/{rel}","templated":true}]}}