{"id":96,"date":"2023-05-24T13:54:22","date_gmt":"2023-05-24T10:54:22","guid":{"rendered":"https:\/\/blogit.gradia.fi\/mkpt2203-keskinen\/?page_id=96"},"modified":"2023-05-24T19:20:45","modified_gmt":"2023-05-24T16:20:45","slug":"96-2","status":"publish","type":"page","link":"https:\/\/blogit.gradia.fi\/mkpt2203-keskinen\/96-2\/","title":{"rendered":""},"content":{"rendered":"\n<div class=\"wp-block-uagb-image alignleft uagb-block-3fe035bb wp-block-uagb-image--layout-default wp-block-uagb-image--effect-static wp-block-uagb-image--align-left\"><figure class=\"wp-block-uagb-image__figure\"><img decoding=\"async\" src=\"https:\/\/blogit.gradia.fi\/mkpt2203-keskinen\/wp-content\/uploads\/sites\/402\/2023\/05\/naytto-kn-logo.png\" alt=\"\" class=\"uag-image-124\" width=\"115\" height=\"99\" title=\"\" loading=\"lazy\" \/><\/figure><\/div>\n\n\n\n<h2 class=\"wp-block-heading has-text-align-center has-text-color has-source-serif-pro-font-family\" style=\"color:#128f06;font-size:clamp(2.331rem, 2.331rem + ((1vw - 0.2rem) * 3.58), 4.3rem);font-style:normal;font-weight:500\">Artikkelit<\/h2>\n\n\n\n<p class=\"has-text-align-center\">Koiran hankkiminen vaatii harkintaa<\/p>\n\n\n\n<p class=\"has-text-align-center\">Koiran hankkiminen vaatii huolellista harkintaa ja asiaan perehtymist\u00e4. Koiraa ei voi ottaa hetken mielijohteesta. Kun pohjaty\u00f6n tekee huolella, koirasta saa uskollisen yst\u00e4v\u00e4n pitk\u00e4ksi aikaa ja se tuo iloa omistajalleen vuosiksi.<\/p>\n\n\n\n<p class=\"has-text-align-center\">Faktalaatikko<\/p>\n\n\n\n<p class=\"has-text-align-center\">\u00c4l\u00e4 hanki koiraa, jos et ole varma onko sinulla riitt\u00e4v\u00e4sti aikaa koiralle<\/p>\n\n\n\n<p class=\"has-text-align-center\">Koira vaatii paljon, koira on kuin lapsi<\/p>\n\n\n\n<p class=\"has-text-align-center\">Tutustu huolella koiran kasvattajaan<\/p>\n\n\n\n<p><\/p>\n\n\n\n<div class=\"wp-block-uagb-image uagb-block-ef2dc16d wp-block-uagb-image--layout-overlay wp-block-uagb-image--effect-static wp-block-uagb-image--align-none\"><figure class=\"wp-block-uagb-image__figure\"><img decoding=\"async\" src=\"https:\/\/blogit.gradia.fi\/mkpt2203-keskinen\/wp-content\/uploads\/sites\/402\/2023\/05\/golden-2763243_1920-1024x678.jpg\" alt=\"\" class=\"uag-image-103\" width=\"650\" height=\"430\" title=\"\" loading=\"lazy\" \/><div class=\"wp-block-uagb-image--layout-overlay__color-wrapper\"><\/div><div class=\"wp-block-uagb-image--layout-overlay__inner center-center\"><a class=\"wp-block-uagb-image--layout-overlay-link \" href=\"\" target=\"\" rel=\"noopener\"><\/a><h5 class=\"uagb-image-heading\">Pohdi n\u00e4it\u00e4 kysymyksi\u00e4, ennen kuin otat koiran:<\/h5><figcaption class=\"uagb-image-caption\">Onko sinulla tarpeeksi aikaa koiralle?<br>Oletko valmis sitoutumaan koiraan sen elini\u00e4ksi, 10\u201315 vuodeksi?<br>Onko perheess\u00e4si tai l\u00e4hipiiriss\u00e4si allergiaa?<br>Kest\u00e4\u00e4k\u00f6 taloutesi koirasta aiheutuvat kustannukset?<br>Saako asunnossasi pit\u00e4\u00e4 koiraa?<br>Oletko valmis ulkoilemaan koiran kanssa useita kertoja p\u00e4iv\u00e4ss\u00e4?<\/figcaption><\/div><\/figure><\/div>\n\n\n\n<div style=\"height:48px\" aria-hidden=\"true\" class=\"wp-block-spacer\"><\/div>\n\n\n\n<p class=\"has-text-align-center has-text-color has-large-font-size\" style=\"color:#128f06\"><strong>Valitse rotu huolella<\/strong><\/p>\n\n\n\n<p class=\"has-text-align-center\">Koiraa valitessasi sinun on hyv\u00e4 ottaa selv\u00e4\u00e4 esimerkiksi eri rotujen luonteista, liikunnantarpeista, luontaisista vaistoista, turkinhoidosta ja koulutettavuudesta. My\u00f6s kiinnostus johonkin tiettyyn koiraharrastuslajiin on hyv\u00e4 huomioida rotuvaihtoehtoja punnitessa.<\/p>\n\n\n\n<p class=\"has-text-align-center\">Kiinnit\u00e4 huomiota my\u00f6s rodun kokoon, energisyyteen, alkuper\u00e4\u00e4n ja k\u00e4ytt\u00f6tarkoitukseen. K\u00e4ytt\u00f6tarkoitus voi edelleen vaikuttaa koiran luonteeseen ja k\u00e4yt\u00f6kseen.<\/p>\n\n\n\n<p class=\"has-text-align-center\">Tutustu huolella eri rotujen terveystilanteisiin. Useilla roduilla on jalostuksentavoiteohjelmia, JTO, joissa on kerrottu kattavasti muun muassa rodun terveystilanteesta ja perinn\u00f6llisist\u00e4 sairauksista, luonneominaisuuksista ja mahdollisista luonneongelmista sek\u00e4 rotujen historiasta.<\/p>\n\n\n\n<p class=\"has-text-align-center\">Muista, ett\u00e4 rodun valinta ei saa perustua pelk\u00e4st\u00e4\u00e4n ulkon\u00e4k\u00f6\u00f6n.<\/p>\n\n\n\n<p class=\"has-text-align-center\">Apua rodun valintaan saat Kennelliiton hankikoira.fin <a href=\"http:\/\/www.hankikoira.fi\" target=\"_blank\" rel=\"noreferrer noopener\">rotutestist\u00e4<\/a> ja <a href=\"http:\/\/www.hankikoira.fi\/koirarodut\" target=\"_blank\" rel=\"noreferrer noopener\">rotuesittelyist\u00e4<\/a>.<\/p>\n\n\n\n<p class=\"has-text-align-left has-link-color wp-elements-1d18cb2e38bacb92d012677ed534cd42\"><em>Teksti:&nbsp;<\/em><a href=\"https:\/\/www.kennelliitto.fi\" target=\"_blank\" rel=\"noreferrer noopener\">www.kennelliitto.fi<\/a><\/p>\n\n\n\n<div style=\"height:58px\" aria-hidden=\"true\" class=\"wp-block-spacer\"><\/div>\n\n\n\n<p class=\"has-text-align-center has-text-color has-large-font-size\" style=\"color:#128f06\"><strong>Koiran omistaminen<\/strong><\/p>\n\n\n\n<p class=\"has-text-align-center\">Koiran hankkiminen asettaa koiranomistajalle vaatimuksia, joista on hyv\u00e4 olla selvill\u00e4. Omistajan on huolehdittava muun muassa koiran rokotuksista ja kannattaa my\u00f6s harkita, pit\u00e4isik\u00f6 koiralle ottaa lemmikkiel\u00e4invakuutus.<\/p>\n\n\n\n<p class=\"has-text-align-center has-text-color\" style=\"color:#128f06\"><em><strong>Kaupasta kauppasopimus<\/strong><\/em><\/p>\n\n\n\n<p class=\"has-text-align-center\">Koiran kaupasta tulee aina tehd\u00e4 virallinen kirjallinen kauppasopimus. Kauppahintaan kuuluu rekisteritodistus, jos koira on Kennelliiton rekister\u00f6im\u00e4. Ilman rekisteritodistusta ei voi olla varma pennun tai sen vanhempien alkuper\u00e4st\u00e4. Rekister\u00f6im\u00e4t\u00f6nt\u00e4 pentua ei saa myyd\u00e4 mink\u00e4\u00e4n rotunimikkeen alla.<\/p>\n\n\n\n<p class=\"has-text-align-center has-text-color\" style=\"color:#128f06\"><em><strong>Rokotukset suojaavat koiraa taudeilta<\/strong><\/em><\/p>\n\n\n\n<p class=\"has-text-align-center\">Rokottamisen tarkoituksena on suojata koiraa tartuntatauteja vastaan. Raivotauti- ja penikkatautirokotukset ovat n\u00e4yttelyiss\u00e4 ja kokeissa k\u00e4yville koirille pakollisia.<\/p>\n\n\n\n<p class=\"has-text-align-center\">Suositeltavia ovat my\u00f6s rokotukset tarttuvaa maksatulehdusta ja parvoviruksen aiheuttamaa ripulia sek\u00e4 kennelysk\u00e4\u00e4 vastaan.<\/p>\n\n\n\n<p class=\"has-text-align-center has-text-color\" style=\"color:#128f06\"><em><strong>Koiralle vakuutus<\/strong><\/em><\/p>\n\n\n\n<p class=\"has-text-align-center\">Suurimmalla osalla suomalaisista vakuutusyhti\u00f6ist\u00e4 on koiralle lemmikkiel\u00e4invakuutus. Yleens\u00e4 vakuutukset on luokiteltu seuraavasti:<\/p>\n\n\n\n<p class=\"has-text-align-center\">Suurimmalla osalla suomalaisista vakuutusyhti\u00f6ist\u00e4 on koiralle lemmikkiel\u00e4invakuutus. Yleens\u00e4 vakuutukset on luokiteltu seuraavasti:<\/p>\n\n\n\n<ul class=\"wp-block-list\">\n<li>Perusvakuutus: korvaa yleens\u00e4 koiran menetyksen, kun koira kuolee, katoaa, vahingoittuu tai sairastuu niin pahoin, ett\u00e4 se on lopetettava.<\/li>\n\n\n\n<li>K\u00e4ytt\u00f6koiran vakuutus: tarkoitettu mets\u00e4stys-, palvelus- ja siitoskoirille.<\/li>\n\n\n\n<li>El\u00e4inl\u00e4\u00e4k\u00e4rikuluvakuutus: koiran hoitoja tutkimuskuluja varten sairauden ja tapaturman yhteydess\u00e4.<\/li>\n\n\n\n<li>Henkivakuutus: korvaa koiran menetyksen sairaus- tai tapaturmaisessa kuolemassa.<\/li>\n\n\n\n<li>Vastuuvakuutus: koiran ulkopuolisille aiheuttamien henkil\u00f6- ja esinevahinkojen varalle.<\/li>\n\n\n\n<li>Kasvattajan pentuevakuutus: korvaa pentueen menetyksen ja el\u00e4inl\u00e4\u00e4k\u00e4rikuluja, jos pennuilla on ollut piilevi\u00e4 tai perinn\u00f6llisi\u00e4 vikoja.<\/li>\n<\/ul>\n\n\n\n<p class=\"has-link-color wp-elements-e152df77c1d460fff49aa4899863ab82\"><em>Teksti:&nbsp;<\/em><a href=\"https:\/\/www.kennelliitto.fi\" target=\"_blank\" rel=\"noreferrer noopener\">www.kennelliitto.fi<\/a><\/p>\n\n\n\n<div style=\"height:78px\" aria-hidden=\"true\" class=\"wp-block-spacer\"><\/div>\n\n\n\n<div class=\"wp-block-cover alignwide is-light\" style=\"min-height:391px;aspect-ratio:unset;\"><span aria-hidden=\"true\" class=\"wp-block-cover__background has-background-dim\"><\/span><img loading=\"lazy\" decoding=\"async\" width=\"1920\" height=\"964\" class=\"wp-block-cover__image-background wp-image-111\" alt=\"\" src=\"https:\/\/blogit.gradia.fi\/mkpt2203-keskinen\/wp-content\/uploads\/sites\/402\/2023\/05\/puppies-2658725_1920-1.jpg\" style=\"object-position:42% 22%\" data-object-fit=\"cover\" data-object-position=\"42% 22%\" srcset=\"https:\/\/blogit.gradia.fi\/mkpt2203-keskinen\/wp-content\/uploads\/sites\/402\/2023\/05\/puppies-2658725_1920-1.jpg 1920w, https:\/\/blogit.gradia.fi\/mkpt2203-keskinen\/wp-content\/uploads\/sites\/402\/2023\/05\/puppies-2658725_1920-1-300x151.jpg 300w, https:\/\/blogit.gradia.fi\/mkpt2203-keskinen\/wp-content\/uploads\/sites\/402\/2023\/05\/puppies-2658725_1920-1-1024x514.jpg 1024w, https:\/\/blogit.gradia.fi\/mkpt2203-keskinen\/wp-content\/uploads\/sites\/402\/2023\/05\/puppies-2658725_1920-1-768x386.jpg 768w, https:\/\/blogit.gradia.fi\/mkpt2203-keskinen\/wp-content\/uploads\/sites\/402\/2023\/05\/puppies-2658725_1920-1-1536x771.jpg 1536w\" sizes=\"auto, (max-width: 1920px) 100vw, 1920px\" \/><div class=\"wp-block-cover__inner-container is-layout-flow wp-block-cover-is-layout-flow\">\n<p class=\"has-text-align-center has-text-color has-ibm-plex-mono-font-family has-x-large-font-size\" style=\"color:#ecffd5\"><strong>Vastuullinen koiranomistaja<\/strong><\/p>\n<\/div><\/div>\n\n\n\n<p class=\"has-text-align-center\">Koiran omistaminen tuo paljon vastuuta ja monia velvollisuuksia. Omistaja on aina vastuussa koirastaan, joten omistajalla on velvollisuus kouluttaa koirastaan yhteiskuntakelpoinen. Eri roduilla on erilaiset tarpeet ja omistajan tulee huolehtia koiran rodunomaisten tarpeiden t\u00e4ytt\u00e4misest\u00e4. Omistajan tulee my\u00f6s muistaa, ett\u00e4 koira on el\u00e4in, eik\u00e4 sit\u00e4 pid\u00e4 inhimillist\u00e4\u00e4 liikaa.<\/p>\n\n\n\n<p class=\"has-text-align-left\">Vastuullinen koiranomistaja ottaa seuraavat seikat huomioon toimiessaan koiransa kanssa:<\/p>\n\n\n\n<div class=\"wp-block-uagb-image alignright uagb-block-484c5a9f wp-block-uagb-image--layout-default wp-block-uagb-image--effect-static wp-block-uagb-image--align-right\"><figure class=\"wp-block-uagb-image__figure\"><img decoding=\"async\" src=\"https:\/\/blogit.gradia.fi\/mkpt2203-keskinen\/wp-content\/uploads\/sites\/402\/2023\/05\/golden-retriever-672814_1920-1024x979.jpg\" alt=\"\" class=\"uag-image-112\" width=\"479\" height=\"421\" title=\"\" loading=\"lazy\" \/><\/figure><\/div>\n\n\n\n<ul class=\"wp-block-list\">\n<li>Koiran omistaja vastaa aina koirastaan ja sen tekemisist\u00e4<\/li>\n\n\n\n<li>Jokaiselle koiralle tulee opettaa arkitottelevaisuus<\/li>\n\n\n\n<li>Koiran on saatava riitt\u00e4v\u00e4sti liikuntaa, ravintoa ja huolenpitoa<\/li>\n\n\n\n<li>Koira tarvitsee lis\u00e4ksi ulkoilua, lajinomaisia virikkeit\u00e4 ja riitt\u00e4v\u00e4sti lepoa<\/li>\n\n\n\n<li>Koira on pidett\u00e4v\u00e4 kytkettyn\u00e4 taajama-alueella ja sen j\u00e4t\u00f6kset on korjattava<\/li>\n\n\n\n<li>Koiranpidosta ei saa aiheutua kohtuutonta haittaa ymp\u00e4rist\u00f6lle<\/li>\n\n\n\n<li>Koiran kanssa liikkuessa on aina otettava huomioon my\u00f6s muut ihmiset ja el\u00e4imet<\/li>\n\n\n\n<li>Hyv\u00e4 omistaja ei inhimillist\u00e4 koiraansa liikaa, vaan antaa koiralleen koiramaisen el\u00e4m\u00e4n<\/li>\n\n\n\n<li>Koiran omistaja huomioi Koiranomistajan ja -haltijan peruss\u00e4\u00e4nn\u00f6ss\u00e4 m\u00e4\u00e4ritellyt periaatteet<\/li>\n<\/ul>\n\n\n\n<p class=\"has-link-color wp-elements-2015fd934a8b573d42a1163948e3c6ef\"><em>Teksti:<\/em>&nbsp;<a href=\"https:\/\/www.kennelliitto.fi\" target=\"_blank\" rel=\"noreferrer noopener\">www.kennelliitto.fi<\/a><\/p>\n\n\n\n<div style=\"height:78px\" aria-hidden=\"true\" class=\"wp-block-spacer\"><\/div>\n\n\n\n<p class=\"has-text-color has-large-font-size\" style=\"color:#128f06\"><strong>Koiran hankinta<\/strong><\/p>\n\n\n\n<div class=\"wp-block-uagb-image alignright uagb-block-cd7cfdd8 wp-block-uagb-image--layout-default wp-block-uagb-image--effect-static wp-block-uagb-image--align-right\"><figure class=\"wp-block-uagb-image__figure\"><img decoding=\"async\" src=\"https:\/\/blogit.gradia.fi\/mkpt2203-keskinen\/wp-content\/uploads\/sites\/402\/2023\/05\/golden-retriever-puppy-2706666_1920-1024x683.jpg\" alt=\"\" class=\"uag-image-104\" width=\"485\" height=\"323\" title=\"\" loading=\"lazy\" \/><\/figure><\/div>\n\n\n\n<p>Koirakuume valtaa koiranyst\u00e4v\u00e4n silloin t\u00e4ll\u00f6in. Koirasta saa uskollisen yst\u00e4v\u00e4n pitk\u00e4ksi aikaa ja se tuo iloa omistajalleen vuosiksi.<\/p>\n\n\n\n<p>Koiraa ei kuitenkaan tule ottaa hetken mielijohteesta, sill\u00e4 koiran hankintaan tutustuminen vaatii paljon aikaa, huolellista harkintaa ja asiaan perehtymist\u00e4.<\/p>\n\n\n\n<p>Koira ei k\u00e4y lapselle lahjaksi, sill\u00e4 vastuu koirasta on aina vanhemmilla.<\/p>\n\n\n\n<p><em>Teksti:<\/em> Kennelliitto<\/p>\n\n\n\n<div style=\"height:78px\" aria-hidden=\"true\" class=\"wp-block-spacer\"><\/div>\n\n\n\n<div class=\"wp-block-uagb-buttons uagb-buttons__outer-wrap uagb-btn__default-btn uagb-btn-tablet__default-btn uagb-btn-mobile__default-btn uagb-block-ebdd64df\"><div class=\"uagb-buttons__wrap uagb-buttons-layout-wrap\">\n<div data-aos= \"fade\" data-aos-duration=\"400\" data-aos-delay=\"0\" data-aos-easing=\"ease\" data-aos-once=\"true\" class=\"wp-block-uagb-buttons-child uagb-buttons__outer-wrap uagb-block-f2c0fe7e wp-block-button is-style-outline\"><div class=\"uagb-button__wrapper\"><a class=\"uagb-buttons-repeater wp-block-button__link has-background has-text-color\" href=\"\/\/blogit.gradia.fi\/mkpt2203-keskinen\/koirat\/\" rel=\"follow noopener\" target=\"_self\"><div class=\"uagb-button__link\">Edellinen sivu<\/div><\/a><\/div><\/div>\n\n\n\n<div data-aos= \"fade\" data-aos-duration=\"400\" data-aos-delay=\"0\" data-aos-easing=\"ease\" data-aos-once=\"true\" class=\"wp-block-uagb-buttons-child uagb-buttons__outer-wrap uagb-block-76b5bbce wp-block-button is-style-outline\"><div class=\"uagb-button__wrapper\"><a class=\"uagb-buttons-repeater wp-block-button__link has-background has-text-color\" href=\"\/\/blogit.gradia.fi\/mkpt2203-keskinen\/kultsinoutaja\/\" rel=\"follow noopener\" target=\"_self\"><div class=\"uagb-button__link\">Aloitus<\/div><\/a><\/div><\/div>\n<\/div><\/div>\n","protected":false},"excerpt":{"rendered":"<p>Artikkelit Koiran hankkiminen vaatii harkintaa Koiran hankkiminen vaatii huolellista harkintaa ja asiaan perehtymist\u00e4. Koiraa ei voi ottaa hetken mielijohteesta. Kun pohjaty\u00f6n tekee huolella, koirasta saa uskollisen yst\u00e4v\u00e4n pitk\u00e4ksi aikaa ja se tuo iloa omistajalleen vuosiksi. Faktalaatikko \u00c4l\u00e4 hanki koiraa, jos et ole varma onko sinulla riitt\u00e4v\u00e4sti aikaa koiralle Koira vaatii paljon, koira on kuin lapsi [&hellip;]<\/p>\n","protected":false},"author":939,"featured_media":0,"parent":0,"menu_order":0,"comment_status":"closed","ping_status":"closed","template":"","meta":{"_uag_custom_page_level_css":"","footnotes":""},"class_list":["post-96","page","type-page","status-publish","hentry"],"yoast_head":"<!-- This site is optimized with the Yoast SEO plugin v27.4 - https:\/\/yoast.com\/product\/yoast-seo-wordpress\/ -->\n<title>- MKTP2203 - Nova Keskinen<\/title>\n<meta name=\"robots\" content=\"index, follow, max-snippet:-1, max-image-preview:large, max-video-preview:-1\" \/>\n<link rel=\"canonical\" href=\"https:\/\/blogit.gradia.fi\/mkpt2203-keskinen\/96-2\/\" \/>\n<meta property=\"og:locale\" content=\"fi_FI\" \/>\n<meta property=\"og:type\" content=\"article\" \/>\n<meta property=\"og:title\" content=\"- MKTP2203 - Nova Keskinen\" \/>\n<meta property=\"og:description\" content=\"Artikkelit Koiran hankkiminen vaatii harkintaa Koiran hankkiminen vaatii huolellista harkintaa ja asiaan perehtymist\u00e4. Koiraa ei voi ottaa hetken mielijohteesta. Kun pohjaty\u00f6n tekee huolella, koirasta saa uskollisen yst\u00e4v\u00e4n pitk\u00e4ksi aikaa ja se tuo iloa omistajalleen vuosiksi. Faktalaatikko \u00c4l\u00e4 hanki koiraa, jos et ole varma onko sinulla riitt\u00e4v\u00e4sti aikaa koiralle Koira vaatii paljon, koira on kuin lapsi [&hellip;]\" \/>\n<meta property=\"og:url\" content=\"https:\/\/blogit.gradia.fi\/mkpt2203-keskinen\/96-2\/\" \/>\n<meta property=\"og:site_name\" content=\"MKTP2203 - Nova Keskinen\" \/>\n<meta property=\"article:modified_time\" content=\"2023-05-24T16:20:45+00:00\" \/>\n<meta property=\"og:image\" content=\"https:\/\/blogit.gradia.fi\/mkpt2203-keskinen\/wp-content\/uploads\/sites\/402\/2023\/05\/naytto-kn-logo.png\" \/>\n<meta name=\"twitter:card\" content=\"summary_large_image\" \/>\n<meta name=\"twitter:label1\" content=\"Arvioitu lukuaika\" \/>\n\t<meta name=\"twitter:data1\" content=\"5 minuuttia\" \/>\n<script type=\"application\/ld+json\" class=\"yoast-schema-graph\">{\"@context\":\"https:\\\/\\\/schema.org\",\"@graph\":[{\"@type\":\"WebPage\",\"@id\":\"https:\\\/\\\/blogit.gradia.fi\\\/mkpt2203-keskinen\\\/96-2\\\/\",\"url\":\"https:\\\/\\\/blogit.gradia.fi\\\/mkpt2203-keskinen\\\/96-2\\\/\",\"name\":\"- MKTP2203 - Nova Keskinen\",\"isPartOf\":{\"@id\":\"https:\\\/\\\/blogit.gradia.fi\\\/mkpt2203-keskinen\\\/#website\"},\"primaryImageOfPage\":{\"@id\":\"https:\\\/\\\/blogit.gradia.fi\\\/mkpt2203-keskinen\\\/96-2\\\/#primaryimage\"},\"image\":{\"@id\":\"https:\\\/\\\/blogit.gradia.fi\\\/mkpt2203-keskinen\\\/96-2\\\/#primaryimage\"},\"thumbnailUrl\":\"https:\\\/\\\/blogit.gradia.fi\\\/mkpt2203-keskinen\\\/wp-content\\\/uploads\\\/sites\\\/402\\\/2023\\\/05\\\/naytto-kn-logo.png\",\"datePublished\":\"2023-05-24T10:54:22+00:00\",\"dateModified\":\"2023-05-24T16:20:45+00:00\",\"inLanguage\":\"fi\",\"potentialAction\":[{\"@type\":\"ReadAction\",\"target\":[\"https:\\\/\\\/blogit.gradia.fi\\\/mkpt2203-keskinen\\\/96-2\\\/\"]}]},{\"@type\":\"ImageObject\",\"inLanguage\":\"fi\",\"@id\":\"https:\\\/\\\/blogit.gradia.fi\\\/mkpt2203-keskinen\\\/96-2\\\/#primaryimage\",\"url\":\"https:\\\/\\\/blogit.gradia.fi\\\/mkpt2203-keskinen\\\/wp-content\\\/uploads\\\/sites\\\/402\\\/2023\\\/05\\\/naytto-kn-logo.png\",\"contentUrl\":\"https:\\\/\\\/blogit.gradia.fi\\\/mkpt2203-keskinen\\\/wp-content\\\/uploads\\\/sites\\\/402\\\/2023\\\/05\\\/naytto-kn-logo.png\",\"width\":426,\"height\":368},{\"@type\":\"WebSite\",\"@id\":\"https:\\\/\\\/blogit.gradia.fi\\\/mkpt2203-keskinen\\\/#website\",\"url\":\"https:\\\/\\\/blogit.gradia.fi\\\/mkpt2203-keskinen\\\/\",\"name\":\"MKTP2203 - Nova Keskinen\",\"description\":\"\",\"potentialAction\":[{\"@type\":\"SearchAction\",\"target\":{\"@type\":\"EntryPoint\",\"urlTemplate\":\"https:\\\/\\\/blogit.gradia.fi\\\/mkpt2203-keskinen\\\/?s={search_term_string}\"},\"query-input\":{\"@type\":\"PropertyValueSpecification\",\"valueRequired\":true,\"valueName\":\"search_term_string\"}}],\"inLanguage\":\"fi\"}]}<\/script>\n<!-- \/ Yoast SEO plugin. -->","yoast_head_json":{"title":"- MKTP2203 - Nova Keskinen","robots":{"index":"index","follow":"follow","max-snippet":"max-snippet:-1","max-image-preview":"max-image-preview:large","max-video-preview":"max-video-preview:-1"},"canonical":"https:\/\/blogit.gradia.fi\/mkpt2203-keskinen\/96-2\/","og_locale":"fi_FI","og_type":"article","og_title":"- MKTP2203 - Nova Keskinen","og_description":"Artikkelit Koiran hankkiminen vaatii harkintaa Koiran hankkiminen vaatii huolellista harkintaa ja asiaan perehtymist\u00e4. Koiraa ei voi ottaa hetken mielijohteesta. Kun pohjaty\u00f6n tekee huolella, koirasta saa uskollisen yst\u00e4v\u00e4n pitk\u00e4ksi aikaa ja se tuo iloa omistajalleen vuosiksi. Faktalaatikko \u00c4l\u00e4 hanki koiraa, jos et ole varma onko sinulla riitt\u00e4v\u00e4sti aikaa koiralle Koira vaatii paljon, koira on kuin lapsi [&hellip;]","og_url":"https:\/\/blogit.gradia.fi\/mkpt2203-keskinen\/96-2\/","og_site_name":"MKTP2203 - Nova Keskinen","article_modified_time":"2023-05-24T16:20:45+00:00","og_image":[{"url":"https:\/\/blogit.gradia.fi\/mkpt2203-keskinen\/wp-content\/uploads\/sites\/402\/2023\/05\/naytto-kn-logo.png","type":"","width":"","height":""}],"twitter_card":"summary_large_image","twitter_misc":{"Arvioitu lukuaika":"5 minuuttia"},"schema":{"@context":"https:\/\/schema.org","@graph":[{"@type":"WebPage","@id":"https:\/\/blogit.gradia.fi\/mkpt2203-keskinen\/96-2\/","url":"https:\/\/blogit.gradia.fi\/mkpt2203-keskinen\/96-2\/","name":"- MKTP2203 - Nova Keskinen","isPartOf":{"@id":"https:\/\/blogit.gradia.fi\/mkpt2203-keskinen\/#website"},"primaryImageOfPage":{"@id":"https:\/\/blogit.gradia.fi\/mkpt2203-keskinen\/96-2\/#primaryimage"},"image":{"@id":"https:\/\/blogit.gradia.fi\/mkpt2203-keskinen\/96-2\/#primaryimage"},"thumbnailUrl":"https:\/\/blogit.gradia.fi\/mkpt2203-keskinen\/wp-content\/uploads\/sites\/402\/2023\/05\/naytto-kn-logo.png","datePublished":"2023-05-24T10:54:22+00:00","dateModified":"2023-05-24T16:20:45+00:00","inLanguage":"fi","potentialAction":[{"@type":"ReadAction","target":["https:\/\/blogit.gradia.fi\/mkpt2203-keskinen\/96-2\/"]}]},{"@type":"ImageObject","inLanguage":"fi","@id":"https:\/\/blogit.gradia.fi\/mkpt2203-keskinen\/96-2\/#primaryimage","url":"https:\/\/blogit.gradia.fi\/mkpt2203-keskinen\/wp-content\/uploads\/sites\/402\/2023\/05\/naytto-kn-logo.png","contentUrl":"https:\/\/blogit.gradia.fi\/mkpt2203-keskinen\/wp-content\/uploads\/sites\/402\/2023\/05\/naytto-kn-logo.png","width":426,"height":368},{"@type":"WebSite","@id":"https:\/\/blogit.gradia.fi\/mkpt2203-keskinen\/#website","url":"https:\/\/blogit.gradia.fi\/mkpt2203-keskinen\/","name":"MKTP2203 - Nova Keskinen","description":"","potentialAction":[{"@type":"SearchAction","target":{"@type":"EntryPoint","urlTemplate":"https:\/\/blogit.gradia.fi\/mkpt2203-keskinen\/?s={search_term_string}"},"query-input":{"@type":"PropertyValueSpecification","valueRequired":true,"valueName":"search_term_string"}}],"inLanguage":"fi"}]}},"uagb_featured_image_src":{"full":false,"thumbnail":false,"medium":false,"medium_large":false,"large":false,"1536x1536":false,"2048x2048":false},"uagb_author_info":{"display_name":"Nova Keskinen","author_link":"https:\/\/blogit.gradia.fi\/mkpt2203-keskinen\/author\/gr276289\/"},"uagb_comment_info":0,"uagb_excerpt":"Artikkelit Koiran hankkiminen vaatii harkintaa Koiran hankkiminen vaatii huolellista harkintaa ja asiaan perehtymist\u00e4. Koiraa ei voi ottaa hetken mielijohteesta. Kun pohjaty\u00f6n tekee huolella, koirasta saa uskollisen yst\u00e4v\u00e4n pitk\u00e4ksi aikaa ja se tuo iloa omistajalleen vuosiksi. Faktalaatikko \u00c4l\u00e4 hanki koiraa, jos et ole varma onko sinulla riitt\u00e4v\u00e4sti aikaa koiralle Koira vaatii paljon, koira on kuin lapsi&hellip;","_links":{"self":[{"href":"https:\/\/blogit.gradia.fi\/mkpt2203-keskinen\/wp-json\/wp\/v2\/pages\/96","targetHints":{"allow":["GET"]}}],"collection":[{"href":"https:\/\/blogit.gradia.fi\/mkpt2203-keskinen\/wp-json\/wp\/v2\/pages"}],"about":[{"href":"https:\/\/blogit.gradia.fi\/mkpt2203-keskinen\/wp-json\/wp\/v2\/types\/page"}],"author":[{"embeddable":true,"href":"https:\/\/blogit.gradia.fi\/mkpt2203-keskinen\/wp-json\/wp\/v2\/users\/939"}],"replies":[{"embeddable":true,"href":"https:\/\/blogit.gradia.fi\/mkpt2203-keskinen\/wp-json\/wp\/v2\/comments?post=96"}],"version-history":[{"count":8,"href":"https:\/\/blogit.gradia.fi\/mkpt2203-keskinen\/wp-json\/wp\/v2\/pages\/96\/revisions"}],"predecessor-version":[{"id":134,"href":"https:\/\/blogit.gradia.fi\/mkpt2203-keskinen\/wp-json\/wp\/v2\/pages\/96\/revisions\/134"}],"wp:attachment":[{"href":"https:\/\/blogit.gradia.fi\/mkpt2203-keskinen\/wp-json\/wp\/v2\/media?parent=96"}],"curies":[{"name":"wp","href":"https:\/\/api.w.org\/{rel}","templated":true}]}}