{"id":64,"date":"2023-05-24T13:16:51","date_gmt":"2023-05-24T10:16:51","guid":{"rendered":"https:\/\/blogit.gradia.fi\/mkpt2203-keskinen\/?page_id=64"},"modified":"2023-05-24T19:18:20","modified_gmt":"2023-05-24T16:18:20","slug":"koirat","status":"publish","type":"page","link":"https:\/\/blogit.gradia.fi\/mkpt2203-keskinen\/koirat\/","title":{"rendered":""},"content":{"rendered":"\n<div class=\"wp-block-uagb-image alignleft uagb-block-ef693455 wp-block-uagb-image--layout-default wp-block-uagb-image--effect-static wp-block-uagb-image--align-left\"><figure class=\"wp-block-uagb-image__figure\"><img decoding=\"async\" src=\"https:\/\/blogit.gradia.fi\/mkpt2203-keskinen\/wp-content\/uploads\/sites\/402\/2023\/05\/naytto-kn-logo.png\" alt=\"\" class=\"uag-image-124\" width=\"115\" height=\"99\" title=\"\" loading=\"lazy\" \/><\/figure><\/div>\n\n\n\n<h3 class=\"wp-block-heading has-text-align-center has-text-color has-source-serif-pro-font-family\" style=\"color:#128f06;font-size:clamp(2.712rem, 2.712rem + ((1vw - 0.2rem) * 4.524), 5.2rem);font-style:normal;font-weight:600\">Koirat<\/h3>\n\n\n\n<div class=\"wp-block-uagb-slider uagb-block-259cbcd4 uagb-slider-container\"><div class=\"uagb-slides uagb-swiper\"><div class=\"swiper-wrapper\">\n<div class=\"wp-block-uagb-slider-child uagb-slider-child-wrap swiper-slide uagb-block-c8409cce\"><div class=\"swiper-content\">\n<div class=\"wp-block-uagb-container uagb-block-fe2d944d alignfull uagb-is-root-container\"><div class=\"uagb-container-inner-blocks-wrap\">\n<div class=\"wp-block-uagb-info-box uagb-block-881eb47b uagb-infobox__content-wrap  uagb-infobox-icon-above-title uagb-infobox-image-valign-top\"><div class=\"uagb-ifb-content\"><div class=\"uagb-ifb-title-wrap\"><\/div><p class=\"uagb-ifb-desc\"><br><strong>Nimi<\/strong>: Toto<br><strong>Virallinen nimi:<\/strong> Tophias Darktooth<br><strong>Sukupuoli:<\/strong> Uros<br><strong>Oma koira<\/strong>:<br><strong>Kasvattaja<\/strong>: Kennel Cerbi<br><strong>Syntym\u00e4p\u00e4iv\u00e4<\/strong>: 12.5.2011<br><strong>Terveys:<\/strong><br>Lonkat: A\/A&nbsp;<br>Kyyn\u00e4rp\u00e4\u00e4t:&nbsp;0\/0<br>Silm\u00e4t:&nbsp;ok<br><strong>Meriitit:<\/strong><br>1 x reserve CC<br>1 x CC from Estonia.<\/p><\/div><\/div>\n\n\n\n<div class=\"wp-block-group has-global-padding is-layout-constrained wp-block-group-is-layout-constrained\">\n<div class=\"wp-block-uagb-image uagb-block-97c8f51b wp-block-uagb-image--layout-default wp-block-uagb-image--effect-static wp-block-uagb-image--align-none\"><figure class=\"wp-block-uagb-image__figure\"><img decoding=\"async\" src=\"https:\/\/blogit.gradia.fi\/mkpt2203-keskinen\/wp-content\/uploads\/sites\/402\/2023\/05\/Toto-2-1024x635.jpg\" alt=\"\" class=\"uag-image-84\" width=\"1024\" height=\"635\" title=\"\" loading=\"lazy\" \/><\/figure><\/div>\n<\/div>\n<\/div><\/div>\n<\/div><\/div>\n\n\n\n<div class=\"wp-block-uagb-slider-child uagb-slider-child-wrap swiper-slide uagb-block-a2e213d1\"><div class=\"swiper-content\">\n<div class=\"wp-block-uagb-container uagb-block-9b25c644 alignfull uagb-is-root-container\"><div class=\"uagb-container-inner-blocks-wrap\">\n<div class=\"wp-block-group has-global-padding is-layout-constrained wp-block-group-is-layout-constrained\">\n<div class=\"wp-block-uagb-info-box uagb-block-c2f83a13 uagb-infobox__content-wrap  uagb-infobox-icon-above-title uagb-infobox-image-valign-top\"><div class=\"uagb-ifb-content\"><div class=\"uagb-ifb-title-wrap\"><\/div><p class=\"uagb-ifb-desc\"><strong>Nimi:<\/strong> Stella<br><strong>Virallinen nimi:<\/strong> Stella Palefur<br><strong>Sukupuoli:<\/strong> Naaras<br><strong>Oma koira<\/strong>: X<br><strong>Kasvattaja<\/strong>:<br><strong>Syntym\u00e4p\u00e4iv\u00e4<\/strong>: 24.8.2015<br><strong>Terveys:<\/strong><br>Lonkat: A\/A&nbsp;<br>Kyyn\u00e4rp\u00e4\u00e4t:&nbsp;0\/0<br>Silm\u00e4t:&nbsp;clear, PRA-1 clear<br><strong>Meriitit:<\/strong><br>Puppy class 2nd with HP<br>Open class 1st\/EXC, CQ -&gt; 2nd BEST BITCH -&gt; CAC<\/p><\/div><\/div>\n\n\n\n<div class=\"wp-block-uagb-image uagb-block-84c792a8 wp-block-uagb-image--layout-default wp-block-uagb-image--effect-static wp-block-uagb-image--align-none\"><figure class=\"wp-block-uagb-image__figure\"><img decoding=\"async\" src=\"https:\/\/blogit.gradia.fi\/mkpt2203-keskinen\/wp-content\/uploads\/sites\/402\/2023\/05\/Stella-1-1024x683.jpg\" alt=\"\" class=\"uag-image-85\" width=\"1024\" height=\"683\" title=\"\" loading=\"lazy\" \/><\/figure><\/div>\n<\/div>\n<\/div><\/div>\n<\/div><\/div>\n\n\n\n<div class=\"wp-block-uagb-slider-child uagb-slider-child-wrap swiper-slide uagb-block-a8728a7e\"><div class=\"swiper-content\">\n<div class=\"wp-block-uagb-container uagb-block-7cc57c2b alignfull uagb-is-root-container\"><div class=\"uagb-container-inner-blocks-wrap\">\n<div class=\"wp-block-group has-global-padding is-layout-constrained wp-block-group-is-layout-constrained\">\n<div class=\"wp-block-uagb-info-box uagb-block-f4da44ef uagb-infobox__content-wrap  uagb-infobox-icon-above-title uagb-infobox-image-valign-top\"><div class=\"uagb-ifb-content\"><div class=\"uagb-ifb-title-wrap\"><\/div><p class=\"uagb-ifb-desc\"><strong>Nimi:<\/strong> Tille<br><strong>Virallinen nimi:<\/strong> Tiara Spiritrunner<br><strong>Sukupuoli:<\/strong> Naaras<br><strong>Oma koira<\/strong>: X<br><strong>Kasvattaja<\/strong>:<br><strong>Syntym\u00e4p\u00e4iv\u00e4<\/strong>: 11.3.2016<br><strong>Terveys:<\/strong><br>Lonkat: A\/A&nbsp;<br>Kyyn\u00e4rp\u00e4\u00e4t:&nbsp;0\/0<br>Silm\u00e4t:&nbsp;clear<br><strong>Meriitit:<\/strong><br>Junior class 2nd with EXC<\/p><\/div><\/div>\n\n\n\n<div class=\"wp-block-uagb-image uagb-block-b15b74c0 wp-block-uagb-image--layout-default wp-block-uagb-image--effect-static wp-block-uagb-image--align-none\"><figure class=\"wp-block-uagb-image__figure\"><img decoding=\"async\" src=\"https:\/\/blogit.gradia.fi\/mkpt2203-keskinen\/wp-content\/uploads\/sites\/402\/2023\/05\/Tille-1-1024x683.jpg\" alt=\"\" class=\"uag-image-86\" width=\"1024\" height=\"683\" title=\"\" loading=\"lazy\" \/><\/figure><\/div>\n<\/div>\n<\/div><\/div>\n<\/div><\/div>\n\n\n\n<div class=\"wp-block-uagb-slider-child uagb-slider-child-wrap swiper-slide uagb-block-f6d5bbfa\"><div class=\"swiper-content\">\n<div class=\"wp-block-uagb-container uagb-block-3412b2e7 alignfull uagb-is-root-container\"><div class=\"uagb-container-inner-blocks-wrap\">\n<div class=\"wp-block-group has-global-padding is-layout-constrained wp-block-group-is-layout-constrained\">\n<div class=\"wp-block-group has-global-padding is-layout-constrained wp-block-group-is-layout-constrained\">\n<div class=\"wp-block-uagb-info-box uagb-block-16104d1d uagb-infobox__content-wrap  uagb-infobox-icon-above-title uagb-infobox-image-valign-top\"><div class=\"uagb-ifb-content\"><div class=\"uagb-ifb-title-wrap\"><\/div><p class=\"uagb-ifb-desc\"><strong>Nimi:<\/strong> Musti<br><strong>Virallinen nimi:<\/strong> Murphy Von Reynard<br><strong>Sukupuoli:<\/strong> Uros<br><strong>Oma koira<\/strong>:<br><strong>Kasvattaja<\/strong>: Kennel Reynard<br><strong>Syntym\u00e4p\u00e4iv\u00e4<\/strong>: 5.1.2015<br><strong>Terveys:<\/strong><br>Lonkat: A\/A&nbsp;<br>Kyyn\u00e4rp\u00e4\u00e4t:&nbsp;0\/0<br>Silm\u00e4t:&nbsp;ok<br><strong>Meriitit:<\/strong><br>Puppy class 5-7 months 2nd with HP<br>Junior class 3rd with EXC<\/p><\/div><\/div>\n\n\n\n<div class=\"wp-block-uagb-image uagb-block-48dd4b62 wp-block-uagb-image--layout-default wp-block-uagb-image--effect-static wp-block-uagb-image--align-none\"><figure class=\"wp-block-uagb-image__figure\"><img decoding=\"async\" src=\"https:\/\/blogit.gradia.fi\/mkpt2203-keskinen\/wp-content\/uploads\/sites\/402\/2023\/05\/Musti-1-1024x746.jpg\" alt=\"\" class=\"uag-image-87\" width=\"1024\" height=\"746\" title=\"\" loading=\"lazy\" \/><\/figure><\/div>\n<\/div>\n<\/div>\n<\/div><\/div>\n<\/div><\/div>\n\n\n\n<div class=\"wp-block-uagb-slider-child uagb-slider-child-wrap swiper-slide uagb-block-f5c65ee3\"><div class=\"swiper-content\">\n<div class=\"wp-block-uagb-container uagb-block-cb95f560 alignfull uagb-is-root-container\"><div class=\"uagb-container-inner-blocks-wrap\">\n<div class=\"wp-block-group has-global-padding is-layout-constrained wp-block-group-is-layout-constrained\">\n<div class=\"wp-block-uagb-info-box uagb-block-4aaddbfb uagb-infobox__content-wrap  uagb-infobox-icon-above-title uagb-infobox-image-valign-top\"><div class=\"uagb-ifb-content\"><div class=\"uagb-ifb-title-wrap\"><\/div><p class=\"uagb-ifb-desc\"><strong>Nimi:<\/strong> Minni<br><strong>Virallinen nimi:<\/strong> Lady Minnie Cupcake<br><strong>Sukupuoli:<\/strong> Naaras<br><strong>Oma koira<\/strong>: X<br><strong>Kasvattaja<\/strong>:<br><strong>Syntym\u00e4p\u00e4iv\u00e4<\/strong>: 7.9.2014<br><strong>Terveys:<\/strong><br>Lonkat: A\/A&nbsp;<br>Kyyn\u00e4rp\u00e4\u00e4t:&nbsp;0\/0<br>Silm\u00e4t:&nbsp;ok<br><strong>Meriitit:<\/strong><br>Puppy class 5-7 months 3rd with HP<br>Puppy class 7-9 months 1st with HP -&gt;BOB PUPPY<br>Junior class 1st EXC, CQ, 3rd BEST BITCH, rec CC<\/p><\/div><\/div>\n\n\n\n<div class=\"wp-block-uagb-image uagb-block-ce17ad28 wp-block-uagb-image--layout-default wp-block-uagb-image--effect-static wp-block-uagb-image--align-none\"><figure class=\"wp-block-uagb-image__figure\"><img decoding=\"async\" src=\"https:\/\/blogit.gradia.fi\/mkpt2203-keskinen\/wp-content\/uploads\/sites\/402\/2023\/05\/Minni-1-1024x683.jpg\" alt=\"\" class=\"uag-image-88\" width=\"1024\" height=\"683\" title=\"\" loading=\"lazy\" \/><\/figure><\/div>\n<\/div>\n<\/div><\/div>\n<\/div><\/div>\n<\/div><\/div><div class=\"swiper-pagination\"><\/div><div class=\"swiper-button-prev\"><\/div><div class=\"swiper-button-next\"><\/div><\/div>\n\n\n\n<div class=\"wp-block-uagb-buttons uagb-buttons__outer-wrap uagb-btn__-btn uagb-btn-tablet__-btn uagb-btn-mobile__-btn uagb-block-578c67fc\"><div class=\"uagb-buttons__wrap uagb-buttons-layout-wrap\">\n<div data-aos= \"fade\" data-aos-duration=\"400\" data-aos-delay=\"0\" data-aos-easing=\"ease\" data-aos-once=\"true\" class=\"wp-block-uagb-buttons-child uagb-buttons__outer-wrap uagb-block-ffb82e16 wp-block-button is-style-outline\"><div class=\"uagb-button__wrapper\"><a class=\"uagb-buttons-repeater wp-block-button__link has-background has-text-color\" href=\"\/\/blogit.gradia.fi\/mkpt2203-keskinen\/ulkonako\/#\" rel=\"follow noopener\" target=\"_self\"><div class=\"uagb-button__link\">Edellinen sivu<\/div><\/a><\/div><\/div>\n\n\n\n<div data-aos= \"fade\" data-aos-duration=\"400\" data-aos-delay=\"0\" data-aos-easing=\"ease\" data-aos-once=\"true\" class=\"wp-block-uagb-buttons-child uagb-buttons__outer-wrap uagb-block-267c2d7a wp-block-button is-style-outline\"><div class=\"uagb-button__wrapper\"><a class=\"uagb-buttons-repeater wp-block-button__link has-background has-text-color\" href=\"\/\/blogit.gradia.fi\/mkpt2203-keskinen\/96-2\/\" rel=\"follow noopener\" target=\"_self\"><div class=\"uagb-button__link\">Seuraava sivu<\/div><\/a><\/div><\/div>\n<\/div><\/div>\n","protected":false},"excerpt":{"rendered":"<p>Koirat<\/p>\n","protected":false},"author":939,"featured_media":0,"parent":0,"menu_order":0,"comment_status":"closed","ping_status":"closed","template":"","meta":{"_uag_custom_page_level_css":"","footnotes":""},"class_list":["post-64","page","type-page","status-publish","hentry"],"yoast_head":"<!-- This site is optimized with the Yoast SEO plugin v27.4 - https:\/\/yoast.com\/product\/yoast-seo-wordpress\/ -->\n<title>- MKTP2203 - Nova Keskinen<\/title>\n<meta name=\"robots\" content=\"index, follow, max-snippet:-1, max-image-preview:large, max-video-preview:-1\" \/>\n<link rel=\"canonical\" href=\"https:\/\/blogit.gradia.fi\/mkpt2203-keskinen\/koirat\/\" \/>\n<meta property=\"og:locale\" content=\"fi_FI\" \/>\n<meta property=\"og:type\" content=\"article\" \/>\n<meta property=\"og:title\" content=\"- MKTP2203 - Nova Keskinen\" \/>\n<meta property=\"og:description\" content=\"Koirat\" \/>\n<meta property=\"og:url\" content=\"https:\/\/blogit.gradia.fi\/mkpt2203-keskinen\/koirat\/\" \/>\n<meta property=\"og:site_name\" content=\"MKTP2203 - Nova Keskinen\" \/>\n<meta property=\"article:modified_time\" content=\"2023-05-24T16:18:20+00:00\" \/>\n<meta property=\"og:image\" content=\"https:\/\/blogit.gradia.fi\/mkpt2203-keskinen\/wp-content\/uploads\/sites\/402\/2023\/05\/naytto-kn-logo.png\" \/>\n<meta name=\"twitter:card\" content=\"summary_large_image\" \/>\n<meta name=\"twitter:label1\" content=\"Arvioitu lukuaika\" \/>\n\t<meta name=\"twitter:data1\" content=\"3 minuuttia\" \/>\n<script type=\"application\/ld+json\" class=\"yoast-schema-graph\">{\"@context\":\"https:\\\/\\\/schema.org\",\"@graph\":[{\"@type\":\"WebPage\",\"@id\":\"https:\\\/\\\/blogit.gradia.fi\\\/mkpt2203-keskinen\\\/koirat\\\/\",\"url\":\"https:\\\/\\\/blogit.gradia.fi\\\/mkpt2203-keskinen\\\/koirat\\\/\",\"name\":\"- MKTP2203 - Nova Keskinen\",\"isPartOf\":{\"@id\":\"https:\\\/\\\/blogit.gradia.fi\\\/mkpt2203-keskinen\\\/#website\"},\"primaryImageOfPage\":{\"@id\":\"https:\\\/\\\/blogit.gradia.fi\\\/mkpt2203-keskinen\\\/koirat\\\/#primaryimage\"},\"image\":{\"@id\":\"https:\\\/\\\/blogit.gradia.fi\\\/mkpt2203-keskinen\\\/koirat\\\/#primaryimage\"},\"thumbnailUrl\":\"https:\\\/\\\/blogit.gradia.fi\\\/mkpt2203-keskinen\\\/wp-content\\\/uploads\\\/sites\\\/402\\\/2023\\\/05\\\/naytto-kn-logo.png\",\"datePublished\":\"2023-05-24T10:16:51+00:00\",\"dateModified\":\"2023-05-24T16:18:20+00:00\",\"inLanguage\":\"fi\",\"potentialAction\":[{\"@type\":\"ReadAction\",\"target\":[\"https:\\\/\\\/blogit.gradia.fi\\\/mkpt2203-keskinen\\\/koirat\\\/\"]}]},{\"@type\":\"ImageObject\",\"inLanguage\":\"fi\",\"@id\":\"https:\\\/\\\/blogit.gradia.fi\\\/mkpt2203-keskinen\\\/koirat\\\/#primaryimage\",\"url\":\"https:\\\/\\\/blogit.gradia.fi\\\/mkpt2203-keskinen\\\/wp-content\\\/uploads\\\/sites\\\/402\\\/2023\\\/05\\\/naytto-kn-logo.png\",\"contentUrl\":\"https:\\\/\\\/blogit.gradia.fi\\\/mkpt2203-keskinen\\\/wp-content\\\/uploads\\\/sites\\\/402\\\/2023\\\/05\\\/naytto-kn-logo.png\",\"width\":426,\"height\":368},{\"@type\":\"WebSite\",\"@id\":\"https:\\\/\\\/blogit.gradia.fi\\\/mkpt2203-keskinen\\\/#website\",\"url\":\"https:\\\/\\\/blogit.gradia.fi\\\/mkpt2203-keskinen\\\/\",\"name\":\"MKTP2203 - Nova Keskinen\",\"description\":\"\",\"potentialAction\":[{\"@type\":\"SearchAction\",\"target\":{\"@type\":\"EntryPoint\",\"urlTemplate\":\"https:\\\/\\\/blogit.gradia.fi\\\/mkpt2203-keskinen\\\/?s={search_term_string}\"},\"query-input\":{\"@type\":\"PropertyValueSpecification\",\"valueRequired\":true,\"valueName\":\"search_term_string\"}}],\"inLanguage\":\"fi\"}]}<\/script>\n<!-- \/ Yoast SEO plugin. -->","yoast_head_json":{"title":"- MKTP2203 - Nova Keskinen","robots":{"index":"index","follow":"follow","max-snippet":"max-snippet:-1","max-image-preview":"max-image-preview:large","max-video-preview":"max-video-preview:-1"},"canonical":"https:\/\/blogit.gradia.fi\/mkpt2203-keskinen\/koirat\/","og_locale":"fi_FI","og_type":"article","og_title":"- MKTP2203 - Nova Keskinen","og_description":"Koirat","og_url":"https:\/\/blogit.gradia.fi\/mkpt2203-keskinen\/koirat\/","og_site_name":"MKTP2203 - Nova Keskinen","article_modified_time":"2023-05-24T16:18:20+00:00","og_image":[{"url":"https:\/\/blogit.gradia.fi\/mkpt2203-keskinen\/wp-content\/uploads\/sites\/402\/2023\/05\/naytto-kn-logo.png","type":"","width":"","height":""}],"twitter_card":"summary_large_image","twitter_misc":{"Arvioitu lukuaika":"3 minuuttia"},"schema":{"@context":"https:\/\/schema.org","@graph":[{"@type":"WebPage","@id":"https:\/\/blogit.gradia.fi\/mkpt2203-keskinen\/koirat\/","url":"https:\/\/blogit.gradia.fi\/mkpt2203-keskinen\/koirat\/","name":"- MKTP2203 - Nova Keskinen","isPartOf":{"@id":"https:\/\/blogit.gradia.fi\/mkpt2203-keskinen\/#website"},"primaryImageOfPage":{"@id":"https:\/\/blogit.gradia.fi\/mkpt2203-keskinen\/koirat\/#primaryimage"},"image":{"@id":"https:\/\/blogit.gradia.fi\/mkpt2203-keskinen\/koirat\/#primaryimage"},"thumbnailUrl":"https:\/\/blogit.gradia.fi\/mkpt2203-keskinen\/wp-content\/uploads\/sites\/402\/2023\/05\/naytto-kn-logo.png","datePublished":"2023-05-24T10:16:51+00:00","dateModified":"2023-05-24T16:18:20+00:00","inLanguage":"fi","potentialAction":[{"@type":"ReadAction","target":["https:\/\/blogit.gradia.fi\/mkpt2203-keskinen\/koirat\/"]}]},{"@type":"ImageObject","inLanguage":"fi","@id":"https:\/\/blogit.gradia.fi\/mkpt2203-keskinen\/koirat\/#primaryimage","url":"https:\/\/blogit.gradia.fi\/mkpt2203-keskinen\/wp-content\/uploads\/sites\/402\/2023\/05\/naytto-kn-logo.png","contentUrl":"https:\/\/blogit.gradia.fi\/mkpt2203-keskinen\/wp-content\/uploads\/sites\/402\/2023\/05\/naytto-kn-logo.png","width":426,"height":368},{"@type":"WebSite","@id":"https:\/\/blogit.gradia.fi\/mkpt2203-keskinen\/#website","url":"https:\/\/blogit.gradia.fi\/mkpt2203-keskinen\/","name":"MKTP2203 - Nova Keskinen","description":"","potentialAction":[{"@type":"SearchAction","target":{"@type":"EntryPoint","urlTemplate":"https:\/\/blogit.gradia.fi\/mkpt2203-keskinen\/?s={search_term_string}"},"query-input":{"@type":"PropertyValueSpecification","valueRequired":true,"valueName":"search_term_string"}}],"inLanguage":"fi"}]}},"uagb_featured_image_src":{"full":false,"thumbnail":false,"medium":false,"medium_large":false,"large":false,"1536x1536":false,"2048x2048":false},"uagb_author_info":{"display_name":"Nova Keskinen","author_link":"https:\/\/blogit.gradia.fi\/mkpt2203-keskinen\/author\/gr276289\/"},"uagb_comment_info":0,"uagb_excerpt":"Koirat","_links":{"self":[{"href":"https:\/\/blogit.gradia.fi\/mkpt2203-keskinen\/wp-json\/wp\/v2\/pages\/64","targetHints":{"allow":["GET"]}}],"collection":[{"href":"https:\/\/blogit.gradia.fi\/mkpt2203-keskinen\/wp-json\/wp\/v2\/pages"}],"about":[{"href":"https:\/\/blogit.gradia.fi\/mkpt2203-keskinen\/wp-json\/wp\/v2\/types\/page"}],"author":[{"embeddable":true,"href":"https:\/\/blogit.gradia.fi\/mkpt2203-keskinen\/wp-json\/wp\/v2\/users\/939"}],"replies":[{"embeddable":true,"href":"https:\/\/blogit.gradia.fi\/mkpt2203-keskinen\/wp-json\/wp\/v2\/comments?post=64"}],"version-history":[{"count":7,"href":"https:\/\/blogit.gradia.fi\/mkpt2203-keskinen\/wp-json\/wp\/v2\/pages\/64\/revisions"}],"predecessor-version":[{"id":130,"href":"https:\/\/blogit.gradia.fi\/mkpt2203-keskinen\/wp-json\/wp\/v2\/pages\/64\/revisions\/130"}],"wp:attachment":[{"href":"https:\/\/blogit.gradia.fi\/mkpt2203-keskinen\/wp-json\/wp\/v2\/media?parent=64"}],"curies":[{"name":"wp","href":"https:\/\/api.w.org\/{rel}","templated":true}]}}