{"id":77,"date":"2023-02-02T08:52:07","date_gmt":"2023-02-02T06:52:07","guid":{"rendered":"https:\/\/blogit.gradia.fi\/mkpt2203-holopainen\/?page_id=77"},"modified":"2023-03-07T10:36:07","modified_gmt":"2023-03-07T08:36:07","slug":"koirat","status":"publish","type":"page","link":"https:\/\/blogit.gradia.fi\/mkpt2203-holopainen\/koirat\/","title":{"rendered":"Koirat"},"content":{"rendered":"\n<div class=\"wp-block-uagb-container uagb-block-a8c239ee alignfull uagb-is-root-container\"><div class=\"uagb-container-inner-blocks-wrap\">\n<div class=\"wp-block-uagb-container uagb-block-05fa6aca\"><\/div>\n\n\n\n<div class=\"wp-block-uagb-container uagb-block-f10c0818\">\n<div class=\"wp-block-uagb-advanced-heading uagb-block-4a5f810a\"><h1 class=\"uagb-heading-text\">Kultsi &amp; Noutaja<\/h1><\/div>\n\n\n\n<div class=\"wp-block-uagb-advanced-heading uagb-block-d731717f\"><h2 class=\"uagb-heading-text\">Koirat<br><\/h2><\/div>\n<\/div>\n<\/div><\/div>\n\n\n\n<div style=\"height:100px\" aria-hidden=\"true\" class=\"wp-block-spacer\"><\/div>\n\n\n\n<div class=\"wp-block-uagb-container uagb-block-c6a32e49 alignfull uagb-is-root-container\"><div class=\"uagb-container-inner-blocks-wrap\">\n<div class=\"wp-block-uagb-container uagb-block-2105d7ff\">\n<div class=\"wp-block-uagb-info-box uagb-block-b30a4887 uagb-infobox__content-wrap  uagb-infobox-icon-above-title uagb-infobox-image-valign-top\"><div class=\"uagb-ifb-content\"><div class=\"uagb-ifb-title-wrap\"><h3 class=\"uagb-ifb-title\">Toto<\/h3><\/div><p class=\"uagb-ifb-desc\">Virallinen nimi: Tophias Darktooth<br>Sukupuoli: Uros<br>Oma koira:<br>Kasvattaja: Kennel Cerbi<br>Syntym\u00e4p\u00e4iv\u00e4: 12.5.2011<br>Terveys:<br>Lonkat: A\/A Kyyn\u00e4rp\u00e4\u00e4t: 0\/0 Silm\u00e4t: ok<br>Meriitit:1 x reserve CC 1 x CC from Estonia<\/p><\/div><\/div>\n<\/div>\n\n\n\n<div class=\"wp-block-uagb-container uagb-block-93b92e6e\">\n<div class=\"wp-block-uagb-image uagb-block-7deb3745 wp-block-uagb-image--layout-default wp-block-uagb-image--effect-static wp-block-uagb-image--align-none\"><figure class=\"wp-block-uagb-image__figure\"><img decoding=\"async\" src=\"https:\/\/blogit.gradia.fi\/mkpt2203-holopainen\/wp-content\/uploads\/sites\/398\/2023\/03\/Toto-1024x635.jpg\" alt=\"\" class=\"uag-image-412\" width=\"428\" height=\"265\" title=\"\" loading=\"lazy\" \/><\/figure><\/div>\n<\/div>\n<\/div><\/div>\n\n\n\n<div style=\"height:100px\" aria-hidden=\"true\" class=\"wp-block-spacer\"><\/div>\n\n\n\n<div class=\"wp-block-uagb-container uagb-block-c6a32e49 alignfull uagb-is-root-container\"><div class=\"uagb-container-inner-blocks-wrap\">\n<div class=\"wp-block-uagb-container uagb-block-a65b6834\">\n<div class=\"wp-block-uagb-info-box uagb-block-93f36861 uagb-infobox__content-wrap  uagb-infobox-icon-above-title uagb-infobox-image-valign-top\"><div class=\"uagb-ifb-content\"><div class=\"uagb-ifb-title-wrap\"><h3 class=\"uagb-ifb-title\">Stella<\/h3><\/div><p class=\"uagb-ifb-desc\">Virallinen nimi: Stella Palefur<br>Sukupuoli: Naaras<br>Oma koira: X<br>Kasvattaja:<br>Syntym\u00e4p\u00e4iv\u00e4: 24.8.2015<br>Terveys:<br>Lonkat: A\/A Kyyn\u00e4rp\u00e4\u00e4t: 0\/0 Silm\u00e4t: clear, PRA-1 clear<br>Meriitit: Puppy class 2nd with HP Open class 1st\/EXC, <br>CQ -&gt; 2nd BEST BITCH -&gt; CAC<\/p><\/div><\/div>\n<\/div>\n\n\n\n<div class=\"wp-block-uagb-container uagb-block-93b92e6e\">\n<div class=\"wp-block-uagb-image uagb-block-f627f732 wp-block-uagb-image--layout-default wp-block-uagb-image--effect-static wp-block-uagb-image--align-none\"><figure class=\"wp-block-uagb-image__figure\"><img decoding=\"async\" src=\"https:\/\/blogit.gradia.fi\/mkpt2203-holopainen\/wp-content\/uploads\/sites\/398\/2023\/03\/Stella-1024x683.jpg\" alt=\"\" class=\"uag-image-414\" width=\"430\" height=\"190\" title=\"\" loading=\"lazy\" \/><\/figure><\/div>\n<\/div>\n<\/div><\/div>\n\n\n\n<div style=\"height:100px\" aria-hidden=\"true\" class=\"wp-block-spacer\"><\/div>\n\n\n\n<div class=\"wp-block-uagb-container uagb-block-568d851e alignfull uagb-is-root-container\"><div class=\"uagb-container-inner-blocks-wrap\">\n<div class=\"wp-block-uagb-container uagb-block-b7dccf7c\">\n<div class=\"wp-block-uagb-info-box uagb-block-33a3f091 uagb-infobox__content-wrap  uagb-infobox-icon-above-title uagb-infobox-image-valign-top\"><div class=\"uagb-ifb-content\"><div class=\"uagb-ifb-title-wrap\"><h3 class=\"uagb-ifb-title\">Tille<\/h3><\/div><p class=\"uagb-ifb-desc\">Virallinen nimi: Tiara Spiritrunner<br>Sukupuoli: Naaras<br>Oma koira: X<br>Kasvattaja:<br>Syntym\u00e4p\u00e4iv\u00e4: 11.3.2016<br>Terveys:<br>Lonkat: A\/A Kyyn\u00e4rp\u00e4\u00e4t: 0\/0 Silm\u00e4t: clear<br>Meriitit: Junior class 2nd with EXC<\/p><\/div><\/div>\n<\/div>\n\n\n\n<div class=\"wp-block-uagb-container uagb-block-0a2ad527\">\n<div class=\"wp-block-uagb-image uagb-block-951d1a48 wp-block-uagb-image--layout-default wp-block-uagb-image--effect-static wp-block-uagb-image--align-none\"><figure class=\"wp-block-uagb-image__figure\"><img decoding=\"async\" src=\"https:\/\/blogit.gradia.fi\/mkpt2203-holopainen\/wp-content\/uploads\/sites\/398\/2023\/03\/Tille-1-1024x683.jpg\" alt=\"\" class=\"uag-image-416\" width=\"427\" height=\"229\" title=\"\" loading=\"lazy\" \/><\/figure><\/div>\n<\/div>\n<\/div><\/div>\n\n\n\n<div style=\"height:100px\" aria-hidden=\"true\" class=\"wp-block-spacer\"><\/div>\n\n\n\n<div class=\"wp-block-uagb-container uagb-block-5f034779 alignfull uagb-is-root-container\"><div class=\"uagb-container-inner-blocks-wrap\">\n<div class=\"wp-block-uagb-container uagb-block-6e5440ca\">\n<div class=\"wp-block-uagb-info-box uagb-block-a0511007 uagb-infobox__content-wrap  uagb-infobox-icon-above-title uagb-infobox-image-valign-top\"><div class=\"uagb-ifb-content\"><div class=\"uagb-ifb-title-wrap\"><h3 class=\"uagb-ifb-title\">Musti<\/h3><\/div><p class=\"uagb-ifb-desc\">Virallinen nimi: Murphy Von Reynard<br>Sukupuoli: Uros<br>Oma koira:<br>Kasvattaja: Kennel Reynard<br>Syntym\u00e4p\u00e4iv\u00e4: 5.1.2015<br>Terveys:<br>Lonkat: A\/A Kyyn\u00e4rp\u00e4\u00e4t: 0\/0 Silm\u00e4t: ok<br>Meriitit: Puppy class 5-7 months 2nd with <br>HP Junior class 3rd with EXC<\/p><\/div><\/div>\n<\/div>\n\n\n\n<div class=\"wp-block-uagb-container uagb-block-7194dee7\">\n<div class=\"wp-block-uagb-image uagb-block-fa3f93fa wp-block-uagb-image--layout-default wp-block-uagb-image--effect-static wp-block-uagb-image--align-none\"><figure class=\"wp-block-uagb-image__figure\"><img decoding=\"async\" src=\"https:\/\/blogit.gradia.fi\/mkpt2203-holopainen\/wp-content\/uploads\/sites\/398\/2023\/03\/Musti-1024x746.jpg\" alt=\"\" class=\"uag-image-418\" width=\"427\" height=\"216\" title=\"\" loading=\"lazy\" \/><\/figure><\/div>\n<\/div>\n<\/div><\/div>\n\n\n\n<div style=\"height:100px\" aria-hidden=\"true\" class=\"wp-block-spacer\"><\/div>\n\n\n\n<div class=\"wp-block-uagb-container uagb-block-48b4ca34 alignfull uagb-is-root-container\"><div class=\"uagb-container-inner-blocks-wrap\">\n<div class=\"wp-block-uagb-container uagb-block-bb45712e\">\n<div class=\"wp-block-uagb-info-box uagb-block-0da05ee7 uagb-infobox__content-wrap  uagb-infobox-icon-above-title uagb-infobox-image-valign-top\"><div class=\"uagb-ifb-content\"><div class=\"uagb-ifb-title-wrap\"><h3 class=\"uagb-ifb-title\">Minni<\/h3><\/div><p class=\"uagb-ifb-desc\">Virallinen nimi: Lady Minnie Cupcake<br>Sukupuoli: Naaras<br>Oma koira: X<br>Kasvattaja:<br>Syntym\u00e4p\u00e4iv\u00e4: 7.9.2014<br>Terveys:<br>Lonkat: A\/A Kyyn\u00e4rp\u00e4\u00e4t: 0\/0 Silm\u00e4t: ok<br>Meriitit: Puppy class 5-7 months 3rd with <br>HP Puppy class 7-9 months 1st with HP -&gt;BOB PUPPY <br>Junior class 1st EXC, CQ, 3rd BEST BITCH, rec CC<\/p><\/div><\/div>\n<\/div>\n\n\n\n<div class=\"wp-block-uagb-container uagb-block-7e70238a\">\n<div class=\"wp-block-uagb-image uagb-block-a7b74b3b wp-block-uagb-image--layout-default wp-block-uagb-image--effect-static wp-block-uagb-image--align-none\"><figure class=\"wp-block-uagb-image__figure\"><img decoding=\"async\" src=\"https:\/\/blogit.gradia.fi\/mkpt2203-holopainen\/wp-content\/uploads\/sites\/398\/2023\/03\/Minni-1024x683.jpg\" alt=\"\" class=\"uag-image-420\" width=\"433\" height=\"203\" title=\"\" loading=\"lazy\" \/><\/figure><\/div>\n<\/div>\n<\/div><\/div>\n","protected":false},"excerpt":{"rendered":"<p>Kultsi &amp; Noutaja Koirat<\/p>\n","protected":false},"author":935,"featured_media":0,"parent":0,"menu_order":0,"comment_status":"closed","ping_status":"closed","template":"","meta":{"_uag_custom_page_level_css":"","site-sidebar-layout":"default","site-content-layout":"","ast-site-content-layout":"default","site-content-style":"default","site-sidebar-style":"default","ast-global-header-display":"","ast-banner-title-visibility":"","ast-main-header-display":"","ast-hfb-above-header-display":"","ast-hfb-below-header-display":"","ast-hfb-mobile-header-display":"","site-post-title":"disabled","ast-breadcrumbs-content":"","ast-featured-img":"","footer-sml-layout":"","ast-disable-related-posts":"","theme-transparent-header-meta":"","adv-header-id-meta":"","stick-header-meta":"","header-above-stick-meta":"","header-main-stick-meta":"","header-below-stick-meta":"","astra-migrate-meta-layouts":"default","ast-page-background-enabled":"default","ast-page-background-meta":{"desktop":{"background-color":"var(--ast-global-color-4)","background-image":"","background-repeat":"repeat","background-position":"center center","background-size":"auto","background-attachment":"scroll","background-type":"","background-media":"","overlay-type":"","overlay-color":"","overlay-opacity":"","overlay-gradient":""},"tablet":{"background-color":"","background-image":"","background-repeat":"repeat","background-position":"center center","background-size":"auto","background-attachment":"scroll","background-type":"","background-media":"","overlay-type":"","overlay-color":"","overlay-opacity":"","overlay-gradient":""},"mobile":{"background-color":"","background-image":"","background-repeat":"repeat","background-position":"center center","background-size":"auto","background-attachment":"scroll","background-type":"","background-media":"","overlay-type":"","overlay-color":"","overlay-opacity":"","overlay-gradient":""}},"ast-content-background-meta":{"desktop":{"background-color":"var(--ast-global-color-5)","background-image":"","background-repeat":"repeat","background-position":"center center","background-size":"auto","background-attachment":"scroll","background-type":"","background-media":"","overlay-type":"","overlay-color":"","overlay-opacity":"","overlay-gradient":""},"tablet":{"background-color":"var(--ast-global-color-5)","background-image":"","background-repeat":"repeat","background-position":"center center","background-size":"auto","background-attachment":"scroll","background-type":"","background-media":"","overlay-type":"","overlay-color":"","overlay-opacity":"","overlay-gradient":""},"mobile":{"background-color":"var(--ast-global-color-5)","background-image":"","background-repeat":"repeat","background-position":"center center","background-size":"auto","background-attachment":"scroll","background-type":"","background-media":"","overlay-type":"","overlay-color":"","overlay-opacity":"","overlay-gradient":""}},"footnotes":""},"class_list":["post-77","page","type-page","status-publish","hentry"],"yoast_head":"<!-- This site is optimized with the Yoast SEO plugin v27.2 - https:\/\/yoast.com\/product\/yoast-seo-wordpress\/ -->\n<title>Koirat - Kultsi &amp; Noutaja<\/title>\n<meta name=\"robots\" content=\"index, follow, max-snippet:-1, max-image-preview:large, max-video-preview:-1\" \/>\n<link rel=\"canonical\" href=\"https:\/\/blogit.gradia.fi\/mkpt2203-holopainen\/koirat\/\" \/>\n<meta property=\"og:locale\" content=\"fi_FI\" \/>\n<meta property=\"og:type\" content=\"article\" \/>\n<meta property=\"og:title\" content=\"Koirat - Kultsi &amp; Noutaja\" \/>\n<meta property=\"og:description\" content=\"Kultsi &amp; Noutaja Koirat\" \/>\n<meta property=\"og:url\" content=\"https:\/\/blogit.gradia.fi\/mkpt2203-holopainen\/koirat\/\" \/>\n<meta property=\"og:site_name\" content=\"Kultsi &amp; Noutaja\" \/>\n<meta property=\"article:modified_time\" content=\"2023-03-07T08:36:07+00:00\" \/>\n<meta property=\"og:image\" content=\"https:\/\/blogit.gradia.fi\/mkpt2203-holopainen\/wp-content\/uploads\/sites\/398\/2023\/03\/Toto-1024x635.jpg\" \/>\n<meta name=\"twitter:card\" content=\"summary_large_image\" \/>\n<script type=\"application\/ld+json\" class=\"yoast-schema-graph\">{\"@context\":\"https:\/\/schema.org\",\"@graph\":[{\"@type\":\"WebPage\",\"@id\":\"https:\/\/blogit.gradia.fi\/mkpt2203-holopainen\/koirat\/\",\"url\":\"https:\/\/blogit.gradia.fi\/mkpt2203-holopainen\/koirat\/\",\"name\":\"Koirat - Kultsi &amp; Noutaja\",\"isPartOf\":{\"@id\":\"https:\/\/blogit.gradia.fi\/mkpt2203-holopainen\/#website\"},\"primaryImageOfPage\":{\"@id\":\"https:\/\/blogit.gradia.fi\/mkpt2203-holopainen\/koirat\/#primaryimage\"},\"image\":{\"@id\":\"https:\/\/blogit.gradia.fi\/mkpt2203-holopainen\/koirat\/#primaryimage\"},\"thumbnailUrl\":\"https:\/\/blogit.gradia.fi\/mkpt2203-holopainen\/wp-content\/uploads\/sites\/398\/2023\/03\/Toto-1024x635.jpg\",\"datePublished\":\"2023-02-02T06:52:07+00:00\",\"dateModified\":\"2023-03-07T08:36:07+00:00\",\"breadcrumb\":{\"@id\":\"https:\/\/blogit.gradia.fi\/mkpt2203-holopainen\/koirat\/#breadcrumb\"},\"inLanguage\":\"fi\",\"potentialAction\":[{\"@type\":\"ReadAction\",\"target\":[\"https:\/\/blogit.gradia.fi\/mkpt2203-holopainen\/koirat\/\"]}]},{\"@type\":\"ImageObject\",\"inLanguage\":\"fi\",\"@id\":\"https:\/\/blogit.gradia.fi\/mkpt2203-holopainen\/koirat\/#primaryimage\",\"url\":\"https:\/\/blogit.gradia.fi\/mkpt2203-holopainen\/wp-content\/uploads\/sites\/398\/2023\/03\/Toto.jpg\",\"contentUrl\":\"https:\/\/blogit.gradia.fi\/mkpt2203-holopainen\/wp-content\/uploads\/sites\/398\/2023\/03\/Toto.jpg\",\"width\":1920,\"height\":1190},{\"@type\":\"BreadcrumbList\",\"@id\":\"https:\/\/blogit.gradia.fi\/mkpt2203-holopainen\/koirat\/#breadcrumb\",\"itemListElement\":[{\"@type\":\"ListItem\",\"position\":1,\"name\":\"Etusivu\",\"item\":\"https:\/\/blogit.gradia.fi\/mkpt2203-holopainen\/\"},{\"@type\":\"ListItem\",\"position\":2,\"name\":\"Koirat\"}]},{\"@type\":\"WebSite\",\"@id\":\"https:\/\/blogit.gradia.fi\/mkpt2203-holopainen\/#website\",\"url\":\"https:\/\/blogit.gradia.fi\/mkpt2203-holopainen\/\",\"name\":\"Kultsi &amp; Noutaja\",\"description\":\"Kultaistennoutajien erikoiskennel\",\"publisher\":{\"@id\":\"https:\/\/blogit.gradia.fi\/mkpt2203-holopainen\/#organization\"},\"potentialAction\":[{\"@type\":\"SearchAction\",\"target\":{\"@type\":\"EntryPoint\",\"urlTemplate\":\"https:\/\/blogit.gradia.fi\/mkpt2203-holopainen\/?s={search_term_string}\"},\"query-input\":{\"@type\":\"PropertyValueSpecification\",\"valueRequired\":true,\"valueName\":\"search_term_string\"}}],\"inLanguage\":\"fi\"},{\"@type\":\"Organization\",\"@id\":\"https:\/\/blogit.gradia.fi\/mkpt2203-holopainen\/#organization\",\"name\":\"Kultsi &amp; Noutaja\",\"url\":\"https:\/\/blogit.gradia.fi\/mkpt2203-holopainen\/\",\"logo\":{\"@type\":\"ImageObject\",\"inLanguage\":\"fi\",\"@id\":\"https:\/\/blogit.gradia.fi\/mkpt2203-holopainen\/#\/schema\/logo\/image\/\",\"url\":\"https:\/\/blogit.gradia.fi\/mkpt2203-holopainen\/wp-content\/uploads\/sites\/398\/2023\/03\/cropped-Kultsi-Noutaja-Logo.png\",\"contentUrl\":\"https:\/\/blogit.gradia.fi\/mkpt2203-holopainen\/wp-content\/uploads\/sites\/398\/2023\/03\/cropped-Kultsi-Noutaja-Logo.png\",\"width\":474,\"height\":240,\"caption\":\"Kultsi &amp; Noutaja\"},\"image\":{\"@id\":\"https:\/\/blogit.gradia.fi\/mkpt2203-holopainen\/#\/schema\/logo\/image\/\"}}]}<\/script>\n<!-- \/ Yoast SEO plugin. -->","yoast_head_json":{"title":"Koirat - Kultsi &amp; Noutaja","robots":{"index":"index","follow":"follow","max-snippet":"max-snippet:-1","max-image-preview":"max-image-preview:large","max-video-preview":"max-video-preview:-1"},"canonical":"https:\/\/blogit.gradia.fi\/mkpt2203-holopainen\/koirat\/","og_locale":"fi_FI","og_type":"article","og_title":"Koirat - Kultsi &amp; Noutaja","og_description":"Kultsi &amp; Noutaja Koirat","og_url":"https:\/\/blogit.gradia.fi\/mkpt2203-holopainen\/koirat\/","og_site_name":"Kultsi &amp; Noutaja","article_modified_time":"2023-03-07T08:36:07+00:00","og_image":[{"url":"https:\/\/blogit.gradia.fi\/mkpt2203-holopainen\/wp-content\/uploads\/sites\/398\/2023\/03\/Toto-1024x635.jpg","type":"","width":"","height":""}],"twitter_card":"summary_large_image","schema":{"@context":"https:\/\/schema.org","@graph":[{"@type":"WebPage","@id":"https:\/\/blogit.gradia.fi\/mkpt2203-holopainen\/koirat\/","url":"https:\/\/blogit.gradia.fi\/mkpt2203-holopainen\/koirat\/","name":"Koirat - Kultsi &amp; Noutaja","isPartOf":{"@id":"https:\/\/blogit.gradia.fi\/mkpt2203-holopainen\/#website"},"primaryImageOfPage":{"@id":"https:\/\/blogit.gradia.fi\/mkpt2203-holopainen\/koirat\/#primaryimage"},"image":{"@id":"https:\/\/blogit.gradia.fi\/mkpt2203-holopainen\/koirat\/#primaryimage"},"thumbnailUrl":"https:\/\/blogit.gradia.fi\/mkpt2203-holopainen\/wp-content\/uploads\/sites\/398\/2023\/03\/Toto-1024x635.jpg","datePublished":"2023-02-02T06:52:07+00:00","dateModified":"2023-03-07T08:36:07+00:00","breadcrumb":{"@id":"https:\/\/blogit.gradia.fi\/mkpt2203-holopainen\/koirat\/#breadcrumb"},"inLanguage":"fi","potentialAction":[{"@type":"ReadAction","target":["https:\/\/blogit.gradia.fi\/mkpt2203-holopainen\/koirat\/"]}]},{"@type":"ImageObject","inLanguage":"fi","@id":"https:\/\/blogit.gradia.fi\/mkpt2203-holopainen\/koirat\/#primaryimage","url":"https:\/\/blogit.gradia.fi\/mkpt2203-holopainen\/wp-content\/uploads\/sites\/398\/2023\/03\/Toto.jpg","contentUrl":"https:\/\/blogit.gradia.fi\/mkpt2203-holopainen\/wp-content\/uploads\/sites\/398\/2023\/03\/Toto.jpg","width":1920,"height":1190},{"@type":"BreadcrumbList","@id":"https:\/\/blogit.gradia.fi\/mkpt2203-holopainen\/koirat\/#breadcrumb","itemListElement":[{"@type":"ListItem","position":1,"name":"Etusivu","item":"https:\/\/blogit.gradia.fi\/mkpt2203-holopainen\/"},{"@type":"ListItem","position":2,"name":"Koirat"}]},{"@type":"WebSite","@id":"https:\/\/blogit.gradia.fi\/mkpt2203-holopainen\/#website","url":"https:\/\/blogit.gradia.fi\/mkpt2203-holopainen\/","name":"Kultsi &amp; Noutaja","description":"Kultaistennoutajien erikoiskennel","publisher":{"@id":"https:\/\/blogit.gradia.fi\/mkpt2203-holopainen\/#organization"},"potentialAction":[{"@type":"SearchAction","target":{"@type":"EntryPoint","urlTemplate":"https:\/\/blogit.gradia.fi\/mkpt2203-holopainen\/?s={search_term_string}"},"query-input":{"@type":"PropertyValueSpecification","valueRequired":true,"valueName":"search_term_string"}}],"inLanguage":"fi"},{"@type":"Organization","@id":"https:\/\/blogit.gradia.fi\/mkpt2203-holopainen\/#organization","name":"Kultsi &amp; Noutaja","url":"https:\/\/blogit.gradia.fi\/mkpt2203-holopainen\/","logo":{"@type":"ImageObject","inLanguage":"fi","@id":"https:\/\/blogit.gradia.fi\/mkpt2203-holopainen\/#\/schema\/logo\/image\/","url":"https:\/\/blogit.gradia.fi\/mkpt2203-holopainen\/wp-content\/uploads\/sites\/398\/2023\/03\/cropped-Kultsi-Noutaja-Logo.png","contentUrl":"https:\/\/blogit.gradia.fi\/mkpt2203-holopainen\/wp-content\/uploads\/sites\/398\/2023\/03\/cropped-Kultsi-Noutaja-Logo.png","width":474,"height":240,"caption":"Kultsi &amp; Noutaja"},"image":{"@id":"https:\/\/blogit.gradia.fi\/mkpt2203-holopainen\/#\/schema\/logo\/image\/"}}]}},"uagb_featured_image_src":{"full":false,"thumbnail":false,"medium":false,"medium_large":false,"large":false,"1536x1536":false,"2048x2048":false},"uagb_author_info":{"display_name":"Oona Holopainen","author_link":"https:\/\/blogit.gradia.fi\/mkpt2203-holopainen\/author\/gr276278\/"},"uagb_comment_info":0,"uagb_excerpt":"Kultsi &amp; Noutaja Koirat","_links":{"self":[{"href":"https:\/\/blogit.gradia.fi\/mkpt2203-holopainen\/wp-json\/wp\/v2\/pages\/77","targetHints":{"allow":["GET"]}}],"collection":[{"href":"https:\/\/blogit.gradia.fi\/mkpt2203-holopainen\/wp-json\/wp\/v2\/pages"}],"about":[{"href":"https:\/\/blogit.gradia.fi\/mkpt2203-holopainen\/wp-json\/wp\/v2\/types\/page"}],"author":[{"embeddable":true,"href":"https:\/\/blogit.gradia.fi\/mkpt2203-holopainen\/wp-json\/wp\/v2\/users\/935"}],"replies":[{"embeddable":true,"href":"https:\/\/blogit.gradia.fi\/mkpt2203-holopainen\/wp-json\/wp\/v2\/comments?post=77"}],"version-history":[{"count":29,"href":"https:\/\/blogit.gradia.fi\/mkpt2203-holopainen\/wp-json\/wp\/v2\/pages\/77\/revisions"}],"predecessor-version":[{"id":422,"href":"https:\/\/blogit.gradia.fi\/mkpt2203-holopainen\/wp-json\/wp\/v2\/pages\/77\/revisions\/422"}],"wp:attachment":[{"href":"https:\/\/blogit.gradia.fi\/mkpt2203-holopainen\/wp-json\/wp\/v2\/media?parent=77"}],"curies":[{"name":"wp","href":"https:\/\/api.w.org\/{rel}","templated":true}]}}