{"id":501,"date":"2022-05-23T11:58:38","date_gmt":"2022-05-23T08:58:38","guid":{"rendered":"https:\/\/blogit.gradia.fi\/mestaripolku\/?page_id=501"},"modified":"2022-11-18T14:17:39","modified_gmt":"2022-11-18T12:17:39","slug":"tyouraohjaajavalmennus","status":"publish","type":"page","link":"https:\/\/blogit.gradia.fi\/mestaripolku\/tyouraohjaajavalmennus\/","title":{"rendered":"Ty\u00f6uraohjaajavalmennukset"},"content":{"rendered":"\n<p>Ty\u00f6uraohjaajan valmennus on hankkeen aikana kehitetty urasuunnittelua edist\u00e4v\u00e4 malli, jota toteutetaan hankkeen molemmissa oppilaitoksissa hiukan erilaisilla tavoilla. Yhteist\u00e4 valmennuksessa on, ett\u00e4 tavoitteena on kasvattaa osaamista ty\u00f6urien suunnittelussa. <\/p>\n\n\n<ul>\n<li style=\"list-style-type: none;\">\n<ul>\n<li><strong>Johtamisen ja yritysjohtamisen erikoisammattitutkinto<\/strong>, <strong>tutkinnonosa<br \/>Mestaripolku-mallilla, Turun AKK<\/strong><br \/>et\u00e4toteutus + ohjattua l\u00e4hiopetusta 14.1.-13.4.2022, 4 ty\u00f6p\u00e4iv\u00e4\u00e4, 11<br \/>ty\u00f6el\u00e4m\u00e4ss\u00e4 olevaa osallistujaa<!-- \/wp:post-content --><!-- wp:paragraph --><\/li>\n<li><strong>Ty\u00f6uraohjaajan valmennus I, Gradia<\/strong><br \/>22.3.-11.5.2022 4 ty\u00f6el\u00e4m\u00e4ss\u00e4 olevaa osallistujaa<!-- \/wp:paragraph --><!-- wp:paragraph --><\/li>\n<li><strong>OmaOpo-k\u00e4ynti ty\u00f6paikalla, Turun AKK<\/strong> <br \/>toukokuu 2022<\/li>\n<li><strong>Ty\u00f6uraohjaajan valmennus II, Gradia<\/strong><br \/>1.-29.11.2022 16 ty\u00f6el\u00e4m\u00e4ss\u00e4 olevaa osallistujaa<\/li>\n<\/ul>\n<\/li>\n<\/ul>","protected":false},"excerpt":{"rendered":"<p>Ty\u00f6uraohjaajan valmennus on hankkeen aikana kehitetty urasuunnittelua edist\u00e4v\u00e4 malli, jota toteutetaan hankkeen molemmissa oppilaitoksissa hiukan erilaisilla tavoilla. Yhteist\u00e4 valmennuksessa on, ett\u00e4 tavoitteena on kasvattaa osaamista ty\u00f6urien suunnittelussa. Johtamisen ja yritysjohtamisen erikoisammattitutkinto, tutkinnonosaMestaripolku-mallilla, Turun AKKet\u00e4toteutus + ohjattua l\u00e4hiopetusta 14.1.-13.4.2022, 4 ty\u00f6p\u00e4iv\u00e4\u00e4, 11ty\u00f6el\u00e4m\u00e4ss\u00e4 olevaa osallistujaa Ty\u00f6uraohjaajan valmennus I, Gradia22.3.-11.5.2022 4 ty\u00f6el\u00e4m\u00e4ss\u00e4 olevaa osallistujaa OmaOpo-k\u00e4ynti ty\u00f6paikalla, Turun AKK &hellip; <a href=\"https:\/\/blogit.gradia.fi\/mestaripolku\/tyouraohjaajavalmennus\/\" class=\"more-link\">Jatka lukemista <span class=\"screen-reader-text\">Ty\u00f6uraohjaajavalmennukset<\/span> <span class=\"meta-nav\">&rarr;<\/span><\/a><\/p>\n","protected":false},"author":152,"featured_media":0,"parent":0,"menu_order":0,"comment_status":"closed","ping_status":"closed","template":"","meta":{"_uag_custom_page_level_css":"","footnotes":""},"class_list":["post-501","page","type-page","status-publish","hentry"],"yoast_head":"<!-- This site is optimized with the Yoast SEO plugin v27.4 - https:\/\/yoast.com\/product\/yoast-seo-wordpress\/ -->\n<title>Ty\u00f6uraohjaajavalmennukset - Mestaripolkua rakentamassa<\/title>\n<meta name=\"robots\" content=\"index, follow, max-snippet:-1, max-image-preview:large, max-video-preview:-1\" \/>\n<link rel=\"canonical\" href=\"https:\/\/blogit.gradia.fi\/mestaripolku\/tyouraohjaajavalmennus\/\" \/>\n<meta property=\"og:locale\" content=\"fi_FI\" \/>\n<meta property=\"og:type\" content=\"article\" \/>\n<meta property=\"og:title\" content=\"Ty\u00f6uraohjaajavalmennukset - Mestaripolkua rakentamassa\" \/>\n<meta property=\"og:description\" content=\"Ty\u00f6uraohjaajan valmennus on hankkeen aikana kehitetty urasuunnittelua edist\u00e4v\u00e4 malli, jota toteutetaan hankkeen molemmissa oppilaitoksissa hiukan erilaisilla tavoilla. Yhteist\u00e4 valmennuksessa on, ett\u00e4 tavoitteena on kasvattaa osaamista ty\u00f6urien suunnittelussa. Johtamisen ja yritysjohtamisen erikoisammattitutkinto, tutkinnonosaMestaripolku-mallilla, Turun AKKet\u00e4toteutus + ohjattua l\u00e4hiopetusta 14.1.-13.4.2022, 4 ty\u00f6p\u00e4iv\u00e4\u00e4, 11ty\u00f6el\u00e4m\u00e4ss\u00e4 olevaa osallistujaa Ty\u00f6uraohjaajan valmennus I, Gradia22.3.-11.5.2022 4 ty\u00f6el\u00e4m\u00e4ss\u00e4 olevaa osallistujaa OmaOpo-k\u00e4ynti ty\u00f6paikalla, Turun AKK &hellip; Jatka lukemista Ty\u00f6uraohjaajavalmennukset &rarr;\" \/>\n<meta property=\"og:url\" content=\"https:\/\/blogit.gradia.fi\/mestaripolku\/tyouraohjaajavalmennus\/\" \/>\n<meta property=\"og:site_name\" content=\"Mestaripolkua rakentamassa\" \/>\n<meta property=\"article:modified_time\" content=\"2022-11-18T12:17:39+00:00\" \/>\n<meta name=\"twitter:card\" content=\"summary_large_image\" \/>\n<meta name=\"twitter:label1\" content=\"Arvioitu lukuaika\" \/>\n\t<meta name=\"twitter:data1\" content=\"1 minuutti\" \/>\n<script type=\"application\/ld+json\" class=\"yoast-schema-graph\">{\"@context\":\"https:\\\/\\\/schema.org\",\"@graph\":[{\"@type\":\"WebPage\",\"@id\":\"https:\\\/\\\/blogit.gradia.fi\\\/mestaripolku\\\/tyouraohjaajavalmennus\\\/\",\"url\":\"https:\\\/\\\/blogit.gradia.fi\\\/mestaripolku\\\/tyouraohjaajavalmennus\\\/\",\"name\":\"Ty\u00f6uraohjaajavalmennukset - Mestaripolkua rakentamassa\",\"isPartOf\":{\"@id\":\"https:\\\/\\\/blogit.gradia.fi\\\/mestaripolku\\\/#website\"},\"datePublished\":\"2022-05-23T08:58:38+00:00\",\"dateModified\":\"2022-11-18T12:17:39+00:00\",\"breadcrumb\":{\"@id\":\"https:\\\/\\\/blogit.gradia.fi\\\/mestaripolku\\\/tyouraohjaajavalmennus\\\/#breadcrumb\"},\"inLanguage\":\"fi\",\"potentialAction\":[{\"@type\":\"ReadAction\",\"target\":[\"https:\\\/\\\/blogit.gradia.fi\\\/mestaripolku\\\/tyouraohjaajavalmennus\\\/\"]}]},{\"@type\":\"BreadcrumbList\",\"@id\":\"https:\\\/\\\/blogit.gradia.fi\\\/mestaripolku\\\/tyouraohjaajavalmennus\\\/#breadcrumb\",\"itemListElement\":[{\"@type\":\"ListItem\",\"position\":1,\"name\":\"Home\",\"item\":\"https:\\\/\\\/blogit.gradia.fi\\\/mestaripolku\\\/\"},{\"@type\":\"ListItem\",\"position\":2,\"name\":\"Ty\u00f6uraohjaajavalmennukset\"}]},{\"@type\":\"WebSite\",\"@id\":\"https:\\\/\\\/blogit.gradia.fi\\\/mestaripolku\\\/#website\",\"url\":\"https:\\\/\\\/blogit.gradia.fi\\\/mestaripolku\\\/\",\"name\":\"Mestaripolkua rakentamassa\",\"description\":\"\",\"potentialAction\":[{\"@type\":\"SearchAction\",\"target\":{\"@type\":\"EntryPoint\",\"urlTemplate\":\"https:\\\/\\\/blogit.gradia.fi\\\/mestaripolku\\\/?s={search_term_string}\"},\"query-input\":{\"@type\":\"PropertyValueSpecification\",\"valueRequired\":true,\"valueName\":\"search_term_string\"}}],\"inLanguage\":\"fi\"}]}<\/script>\n<!-- \/ Yoast SEO plugin. -->","yoast_head_json":{"title":"Ty\u00f6uraohjaajavalmennukset - Mestaripolkua rakentamassa","robots":{"index":"index","follow":"follow","max-snippet":"max-snippet:-1","max-image-preview":"max-image-preview:large","max-video-preview":"max-video-preview:-1"},"canonical":"https:\/\/blogit.gradia.fi\/mestaripolku\/tyouraohjaajavalmennus\/","og_locale":"fi_FI","og_type":"article","og_title":"Ty\u00f6uraohjaajavalmennukset - Mestaripolkua rakentamassa","og_description":"Ty\u00f6uraohjaajan valmennus on hankkeen aikana kehitetty urasuunnittelua edist\u00e4v\u00e4 malli, jota toteutetaan hankkeen molemmissa oppilaitoksissa hiukan erilaisilla tavoilla. Yhteist\u00e4 valmennuksessa on, ett\u00e4 tavoitteena on kasvattaa osaamista ty\u00f6urien suunnittelussa. Johtamisen ja yritysjohtamisen erikoisammattitutkinto, tutkinnonosaMestaripolku-mallilla, Turun AKKet\u00e4toteutus + ohjattua l\u00e4hiopetusta 14.1.-13.4.2022, 4 ty\u00f6p\u00e4iv\u00e4\u00e4, 11ty\u00f6el\u00e4m\u00e4ss\u00e4 olevaa osallistujaa Ty\u00f6uraohjaajan valmennus I, Gradia22.3.-11.5.2022 4 ty\u00f6el\u00e4m\u00e4ss\u00e4 olevaa osallistujaa OmaOpo-k\u00e4ynti ty\u00f6paikalla, Turun AKK &hellip; Jatka lukemista Ty\u00f6uraohjaajavalmennukset &rarr;","og_url":"https:\/\/blogit.gradia.fi\/mestaripolku\/tyouraohjaajavalmennus\/","og_site_name":"Mestaripolkua rakentamassa","article_modified_time":"2022-11-18T12:17:39+00:00","twitter_card":"summary_large_image","twitter_misc":{"Arvioitu lukuaika":"1 minuutti"},"schema":{"@context":"https:\/\/schema.org","@graph":[{"@type":"WebPage","@id":"https:\/\/blogit.gradia.fi\/mestaripolku\/tyouraohjaajavalmennus\/","url":"https:\/\/blogit.gradia.fi\/mestaripolku\/tyouraohjaajavalmennus\/","name":"Ty\u00f6uraohjaajavalmennukset - Mestaripolkua rakentamassa","isPartOf":{"@id":"https:\/\/blogit.gradia.fi\/mestaripolku\/#website"},"datePublished":"2022-05-23T08:58:38+00:00","dateModified":"2022-11-18T12:17:39+00:00","breadcrumb":{"@id":"https:\/\/blogit.gradia.fi\/mestaripolku\/tyouraohjaajavalmennus\/#breadcrumb"},"inLanguage":"fi","potentialAction":[{"@type":"ReadAction","target":["https:\/\/blogit.gradia.fi\/mestaripolku\/tyouraohjaajavalmennus\/"]}]},{"@type":"BreadcrumbList","@id":"https:\/\/blogit.gradia.fi\/mestaripolku\/tyouraohjaajavalmennus\/#breadcrumb","itemListElement":[{"@type":"ListItem","position":1,"name":"Home","item":"https:\/\/blogit.gradia.fi\/mestaripolku\/"},{"@type":"ListItem","position":2,"name":"Ty\u00f6uraohjaajavalmennukset"}]},{"@type":"WebSite","@id":"https:\/\/blogit.gradia.fi\/mestaripolku\/#website","url":"https:\/\/blogit.gradia.fi\/mestaripolku\/","name":"Mestaripolkua rakentamassa","description":"","potentialAction":[{"@type":"SearchAction","target":{"@type":"EntryPoint","urlTemplate":"https:\/\/blogit.gradia.fi\/mestaripolku\/?s={search_term_string}"},"query-input":{"@type":"PropertyValueSpecification","valueRequired":true,"valueName":"search_term_string"}}],"inLanguage":"fi"}]}},"uagb_featured_image_src":{"full":false,"thumbnail":false,"medium":false,"medium_large":false,"large":false,"1536x1536":false,"2048x2048":false,"post-thumbnail":false},"uagb_author_info":{"display_name":"Anna Saari","author_link":"https:\/\/blogit.gradia.fi\/mestaripolku\/author\/palviann\/"},"uagb_comment_info":0,"uagb_excerpt":"Ty\u00f6uraohjaajan valmennus on hankkeen aikana kehitetty urasuunnittelua edist\u00e4v\u00e4 malli, jota toteutetaan hankkeen molemmissa oppilaitoksissa hiukan erilaisilla tavoilla. Yhteist\u00e4 valmennuksessa on, ett\u00e4 tavoitteena on kasvattaa osaamista ty\u00f6urien suunnittelussa. Johtamisen ja yritysjohtamisen erikoisammattitutkinto, tutkinnonosaMestaripolku-mallilla, Turun AKKet\u00e4toteutus + ohjattua l\u00e4hiopetusta 14.1.-13.4.2022, 4 ty\u00f6p\u00e4iv\u00e4\u00e4, 11ty\u00f6el\u00e4m\u00e4ss\u00e4 olevaa osallistujaa Ty\u00f6uraohjaajan valmennus I, Gradia22.3.-11.5.2022 4 ty\u00f6el\u00e4m\u00e4ss\u00e4 olevaa osallistujaa OmaOpo-k\u00e4ynti ty\u00f6paikalla, Turun AKK&hellip;","_links":{"self":[{"href":"https:\/\/blogit.gradia.fi\/mestaripolku\/wp-json\/wp\/v2\/pages\/501","targetHints":{"allow":["GET"]}}],"collection":[{"href":"https:\/\/blogit.gradia.fi\/mestaripolku\/wp-json\/wp\/v2\/pages"}],"about":[{"href":"https:\/\/blogit.gradia.fi\/mestaripolku\/wp-json\/wp\/v2\/types\/page"}],"author":[{"embeddable":true,"href":"https:\/\/blogit.gradia.fi\/mestaripolku\/wp-json\/wp\/v2\/users\/152"}],"replies":[{"embeddable":true,"href":"https:\/\/blogit.gradia.fi\/mestaripolku\/wp-json\/wp\/v2\/comments?post=501"}],"version-history":[{"count":6,"href":"https:\/\/blogit.gradia.fi\/mestaripolku\/wp-json\/wp\/v2\/pages\/501\/revisions"}],"predecessor-version":[{"id":552,"href":"https:\/\/blogit.gradia.fi\/mestaripolku\/wp-json\/wp\/v2\/pages\/501\/revisions\/552"}],"wp:attachment":[{"href":"https:\/\/blogit.gradia.fi\/mestaripolku\/wp-json\/wp\/v2\/media?parent=501"}],"curies":[{"name":"wp","href":"https:\/\/api.w.org\/{rel}","templated":true}]}}