{"id":449,"date":"2021-07-07T14:35:16","date_gmt":"2021-07-07T11:35:16","guid":{"rendered":"https:\/\/blogit.gradia.fi\/mestaripolku\/?page_id=449"},"modified":"2021-07-07T14:36:50","modified_gmt":"2021-07-07T11:36:50","slug":"tyoelamatapaaminen-semma-ravintolat-ravintola-tilia","status":"publish","type":"page","link":"https:\/\/blogit.gradia.fi\/mestaripolku\/tyoelamatapaaminen-semma-ravintolat-ravintola-tilia\/","title":{"rendered":"Ty\u00f6el\u00e4m\u00e4tapaaminen: Semma-ravintolat, Ravintola Tilia"},"content":{"rendered":"\n<p>Tapaaminen toteutettiin keskell\u00e4 koronapandemiaa, mik\u00e4 on vaikuttanut oleellisesti my\u00f6s ravintola Tilian toimintaan. Muun muassa t\u00e4st\u00e4 kertoi Semma-ravintoloiden toimitusjohtaja Jarmo Sallinen projektity\u00f6ntekij\u00e4 Jukka Miettiselle. <\/p>\n\n\n\n<p>Tapaamisen aiheet pysyiv\u00e4t vahvasti Semma-ravintoloiden tulevaisuuden n\u00e4kymiss\u00e4 ja osaamistarpeiden kartoittamisessa. N\u00e4kym\u00e4t syksyyn ovat koronasta huolimatta positiiviset. Keskusteluissa nousi muun muassa ravintolatoimintaan, tarjoiluun sek\u00e4 tuotekehitysty\u00f6h\u00f6n liittyvi\u00e4 koulutustarpeita.<\/p>\n\n\n\n<p>Tapaaminen osoitti, ett\u00e4 on tarpeellista ottaa eri alojen organisaatioihin yhteytt\u00e4 tarvekartoitusta ja yhteisty\u00f6n lis\u00e4\u00e4mist\u00e4 varten.<\/p>\n\n\n\n<figure class=\"wp-block-image size-large\"><img loading=\"lazy\" decoding=\"async\" width=\"510\" height=\"510\" src=\"https:\/\/blogit.gradia.fi\/mestaripolku\/wp-content\/uploads\/sites\/175\/2021\/07\/SEMMA-2.png\" alt=\"\" class=\"wp-image-450\" srcset=\"https:\/\/blogit.gradia.fi\/mestaripolku\/wp-content\/uploads\/sites\/175\/2021\/07\/SEMMA-2.png 510w, https:\/\/blogit.gradia.fi\/mestaripolku\/wp-content\/uploads\/sites\/175\/2021\/07\/SEMMA-2-300x300.png 300w, https:\/\/blogit.gradia.fi\/mestaripolku\/wp-content\/uploads\/sites\/175\/2021\/07\/SEMMA-2-150x150.png 150w\" sizes=\"auto, (max-width: 510px) 100vw, 510px\" \/><\/figure>\n","protected":false},"excerpt":{"rendered":"<p>Tapaaminen toteutettiin keskell\u00e4 koronapandemiaa, mik\u00e4 on vaikuttanut oleellisesti my\u00f6s ravintola Tilian toimintaan. Muun muassa t\u00e4st\u00e4 kertoi Semma-ravintoloiden toimitusjohtaja Jarmo Sallinen projektity\u00f6ntekij\u00e4 Jukka Miettiselle. Tapaamisen aiheet pysyiv\u00e4t vahvasti Semma-ravintoloiden tulevaisuuden n\u00e4kymiss\u00e4 ja osaamistarpeiden kartoittamisessa. N\u00e4kym\u00e4t syksyyn ovat koronasta huolimatta positiiviset. Keskusteluissa nousi muun muassa ravintolatoimintaan, tarjoiluun sek\u00e4 tuotekehitysty\u00f6h\u00f6n liittyvi\u00e4 koulutustarpeita. Tapaaminen osoitti, ett\u00e4 on tarpeellista ottaa &hellip; <a href=\"https:\/\/blogit.gradia.fi\/mestaripolku\/tyoelamatapaaminen-semma-ravintolat-ravintola-tilia\/\" class=\"more-link\">Jatka lukemista <span class=\"screen-reader-text\">Ty\u00f6el\u00e4m\u00e4tapaaminen: Semma-ravintolat, Ravintola Tilia<\/span> <span class=\"meta-nav\">&rarr;<\/span><\/a><\/p>\n","protected":false},"author":152,"featured_media":0,"parent":0,"menu_order":0,"comment_status":"closed","ping_status":"closed","template":"","meta":{"_uag_custom_page_level_css":"","footnotes":""},"class_list":["post-449","page","type-page","status-publish","hentry"],"yoast_head":"<!-- This site is optimized with the Yoast SEO plugin v27.4 - https:\/\/yoast.com\/product\/yoast-seo-wordpress\/ -->\n<title>Ty\u00f6el\u00e4m\u00e4tapaaminen: Semma-ravintolat, Ravintola Tilia - Mestaripolkua rakentamassa<\/title>\n<meta name=\"description\" content=\"Tapaamisen aiheet pysyiv\u00e4t vahvasti Semma-ravintoloiden tulevaisuuden n\u00e4kymiss\u00e4 ja osaamistarpeiden kartoittamisessa.\" \/>\n<meta name=\"robots\" content=\"index, follow, max-snippet:-1, max-image-preview:large, max-video-preview:-1\" \/>\n<link rel=\"canonical\" href=\"https:\/\/blogit.gradia.fi\/mestaripolku\/tyoelamatapaaminen-semma-ravintolat-ravintola-tilia\/\" \/>\n<meta property=\"og:locale\" content=\"fi_FI\" \/>\n<meta property=\"og:type\" content=\"article\" \/>\n<meta property=\"og:title\" content=\"Ty\u00f6el\u00e4m\u00e4tapaaminen: Semma-ravintolat, Ravintola Tilia - Mestaripolkua rakentamassa\" \/>\n<meta property=\"og:description\" content=\"Tapaamisen aiheet pysyiv\u00e4t vahvasti Semma-ravintoloiden tulevaisuuden n\u00e4kymiss\u00e4 ja osaamistarpeiden kartoittamisessa.\" \/>\n<meta property=\"og:url\" content=\"https:\/\/blogit.gradia.fi\/mestaripolku\/tyoelamatapaaminen-semma-ravintolat-ravintola-tilia\/\" \/>\n<meta property=\"og:site_name\" content=\"Mestaripolkua rakentamassa\" \/>\n<meta property=\"article:modified_time\" content=\"2021-07-07T11:36:50+00:00\" \/>\n<meta property=\"og:image\" content=\"https:\/\/blogit.gradia.fi\/mestaripolku\/wp-content\/uploads\/sites\/175\/2021\/07\/SEMMA-2.png\" \/>\n<meta name=\"twitter:card\" content=\"summary_large_image\" \/>\n<meta name=\"twitter:label1\" content=\"Arvioitu lukuaika\" \/>\n\t<meta name=\"twitter:data1\" content=\"1 minuutti\" \/>\n<script type=\"application\/ld+json\" class=\"yoast-schema-graph\">{\"@context\":\"https:\\\/\\\/schema.org\",\"@graph\":[{\"@type\":\"WebPage\",\"@id\":\"https:\\\/\\\/blogit.gradia.fi\\\/mestaripolku\\\/tyoelamatapaaminen-semma-ravintolat-ravintola-tilia\\\/\",\"url\":\"https:\\\/\\\/blogit.gradia.fi\\\/mestaripolku\\\/tyoelamatapaaminen-semma-ravintolat-ravintola-tilia\\\/\",\"name\":\"Ty\u00f6el\u00e4m\u00e4tapaaminen: Semma-ravintolat, Ravintola Tilia - Mestaripolkua rakentamassa\",\"isPartOf\":{\"@id\":\"https:\\\/\\\/blogit.gradia.fi\\\/mestaripolku\\\/#website\"},\"primaryImageOfPage\":{\"@id\":\"https:\\\/\\\/blogit.gradia.fi\\\/mestaripolku\\\/tyoelamatapaaminen-semma-ravintolat-ravintola-tilia\\\/#primaryimage\"},\"image\":{\"@id\":\"https:\\\/\\\/blogit.gradia.fi\\\/mestaripolku\\\/tyoelamatapaaminen-semma-ravintolat-ravintola-tilia\\\/#primaryimage\"},\"thumbnailUrl\":\"https:\\\/\\\/blogit.gradia.fi\\\/mestaripolku\\\/wp-content\\\/uploads\\\/sites\\\/175\\\/2021\\\/07\\\/SEMMA-2.png\",\"datePublished\":\"2021-07-07T11:35:16+00:00\",\"dateModified\":\"2021-07-07T11:36:50+00:00\",\"description\":\"Tapaamisen aiheet pysyiv\u00e4t vahvasti Semma-ravintoloiden tulevaisuuden n\u00e4kymiss\u00e4 ja osaamistarpeiden kartoittamisessa.\",\"breadcrumb\":{\"@id\":\"https:\\\/\\\/blogit.gradia.fi\\\/mestaripolku\\\/tyoelamatapaaminen-semma-ravintolat-ravintola-tilia\\\/#breadcrumb\"},\"inLanguage\":\"fi\",\"potentialAction\":[{\"@type\":\"ReadAction\",\"target\":[\"https:\\\/\\\/blogit.gradia.fi\\\/mestaripolku\\\/tyoelamatapaaminen-semma-ravintolat-ravintola-tilia\\\/\"]}]},{\"@type\":\"ImageObject\",\"inLanguage\":\"fi\",\"@id\":\"https:\\\/\\\/blogit.gradia.fi\\\/mestaripolku\\\/tyoelamatapaaminen-semma-ravintolat-ravintola-tilia\\\/#primaryimage\",\"url\":\"https:\\\/\\\/blogit.gradia.fi\\\/mestaripolku\\\/wp-content\\\/uploads\\\/sites\\\/175\\\/2021\\\/07\\\/SEMMA-2.png\",\"contentUrl\":\"https:\\\/\\\/blogit.gradia.fi\\\/mestaripolku\\\/wp-content\\\/uploads\\\/sites\\\/175\\\/2021\\\/07\\\/SEMMA-2.png\",\"width\":510,\"height\":510},{\"@type\":\"BreadcrumbList\",\"@id\":\"https:\\\/\\\/blogit.gradia.fi\\\/mestaripolku\\\/tyoelamatapaaminen-semma-ravintolat-ravintola-tilia\\\/#breadcrumb\",\"itemListElement\":[{\"@type\":\"ListItem\",\"position\":1,\"name\":\"Home\",\"item\":\"https:\\\/\\\/blogit.gradia.fi\\\/mestaripolku\\\/\"},{\"@type\":\"ListItem\",\"position\":2,\"name\":\"Ty\u00f6el\u00e4m\u00e4tapaaminen: Semma-ravintolat, Ravintola Tilia\"}]},{\"@type\":\"WebSite\",\"@id\":\"https:\\\/\\\/blogit.gradia.fi\\\/mestaripolku\\\/#website\",\"url\":\"https:\\\/\\\/blogit.gradia.fi\\\/mestaripolku\\\/\",\"name\":\"Mestaripolkua rakentamassa\",\"description\":\"\",\"potentialAction\":[{\"@type\":\"SearchAction\",\"target\":{\"@type\":\"EntryPoint\",\"urlTemplate\":\"https:\\\/\\\/blogit.gradia.fi\\\/mestaripolku\\\/?s={search_term_string}\"},\"query-input\":{\"@type\":\"PropertyValueSpecification\",\"valueRequired\":true,\"valueName\":\"search_term_string\"}}],\"inLanguage\":\"fi\"}]}<\/script>\n<!-- \/ Yoast SEO plugin. -->","yoast_head_json":{"title":"Ty\u00f6el\u00e4m\u00e4tapaaminen: Semma-ravintolat, Ravintola Tilia - Mestaripolkua rakentamassa","description":"Tapaamisen aiheet pysyiv\u00e4t vahvasti Semma-ravintoloiden tulevaisuuden n\u00e4kymiss\u00e4 ja osaamistarpeiden kartoittamisessa.","robots":{"index":"index","follow":"follow","max-snippet":"max-snippet:-1","max-image-preview":"max-image-preview:large","max-video-preview":"max-video-preview:-1"},"canonical":"https:\/\/blogit.gradia.fi\/mestaripolku\/tyoelamatapaaminen-semma-ravintolat-ravintola-tilia\/","og_locale":"fi_FI","og_type":"article","og_title":"Ty\u00f6el\u00e4m\u00e4tapaaminen: Semma-ravintolat, Ravintola Tilia - Mestaripolkua rakentamassa","og_description":"Tapaamisen aiheet pysyiv\u00e4t vahvasti Semma-ravintoloiden tulevaisuuden n\u00e4kymiss\u00e4 ja osaamistarpeiden kartoittamisessa.","og_url":"https:\/\/blogit.gradia.fi\/mestaripolku\/tyoelamatapaaminen-semma-ravintolat-ravintola-tilia\/","og_site_name":"Mestaripolkua rakentamassa","article_modified_time":"2021-07-07T11:36:50+00:00","og_image":[{"url":"https:\/\/blogit.gradia.fi\/mestaripolku\/wp-content\/uploads\/sites\/175\/2021\/07\/SEMMA-2.png","type":"","width":"","height":""}],"twitter_card":"summary_large_image","twitter_misc":{"Arvioitu lukuaika":"1 minuutti"},"schema":{"@context":"https:\/\/schema.org","@graph":[{"@type":"WebPage","@id":"https:\/\/blogit.gradia.fi\/mestaripolku\/tyoelamatapaaminen-semma-ravintolat-ravintola-tilia\/","url":"https:\/\/blogit.gradia.fi\/mestaripolku\/tyoelamatapaaminen-semma-ravintolat-ravintola-tilia\/","name":"Ty\u00f6el\u00e4m\u00e4tapaaminen: Semma-ravintolat, Ravintola Tilia - Mestaripolkua rakentamassa","isPartOf":{"@id":"https:\/\/blogit.gradia.fi\/mestaripolku\/#website"},"primaryImageOfPage":{"@id":"https:\/\/blogit.gradia.fi\/mestaripolku\/tyoelamatapaaminen-semma-ravintolat-ravintola-tilia\/#primaryimage"},"image":{"@id":"https:\/\/blogit.gradia.fi\/mestaripolku\/tyoelamatapaaminen-semma-ravintolat-ravintola-tilia\/#primaryimage"},"thumbnailUrl":"https:\/\/blogit.gradia.fi\/mestaripolku\/wp-content\/uploads\/sites\/175\/2021\/07\/SEMMA-2.png","datePublished":"2021-07-07T11:35:16+00:00","dateModified":"2021-07-07T11:36:50+00:00","description":"Tapaamisen aiheet pysyiv\u00e4t vahvasti Semma-ravintoloiden tulevaisuuden n\u00e4kymiss\u00e4 ja osaamistarpeiden kartoittamisessa.","breadcrumb":{"@id":"https:\/\/blogit.gradia.fi\/mestaripolku\/tyoelamatapaaminen-semma-ravintolat-ravintola-tilia\/#breadcrumb"},"inLanguage":"fi","potentialAction":[{"@type":"ReadAction","target":["https:\/\/blogit.gradia.fi\/mestaripolku\/tyoelamatapaaminen-semma-ravintolat-ravintola-tilia\/"]}]},{"@type":"ImageObject","inLanguage":"fi","@id":"https:\/\/blogit.gradia.fi\/mestaripolku\/tyoelamatapaaminen-semma-ravintolat-ravintola-tilia\/#primaryimage","url":"https:\/\/blogit.gradia.fi\/mestaripolku\/wp-content\/uploads\/sites\/175\/2021\/07\/SEMMA-2.png","contentUrl":"https:\/\/blogit.gradia.fi\/mestaripolku\/wp-content\/uploads\/sites\/175\/2021\/07\/SEMMA-2.png","width":510,"height":510},{"@type":"BreadcrumbList","@id":"https:\/\/blogit.gradia.fi\/mestaripolku\/tyoelamatapaaminen-semma-ravintolat-ravintola-tilia\/#breadcrumb","itemListElement":[{"@type":"ListItem","position":1,"name":"Home","item":"https:\/\/blogit.gradia.fi\/mestaripolku\/"},{"@type":"ListItem","position":2,"name":"Ty\u00f6el\u00e4m\u00e4tapaaminen: Semma-ravintolat, Ravintola Tilia"}]},{"@type":"WebSite","@id":"https:\/\/blogit.gradia.fi\/mestaripolku\/#website","url":"https:\/\/blogit.gradia.fi\/mestaripolku\/","name":"Mestaripolkua rakentamassa","description":"","potentialAction":[{"@type":"SearchAction","target":{"@type":"EntryPoint","urlTemplate":"https:\/\/blogit.gradia.fi\/mestaripolku\/?s={search_term_string}"},"query-input":{"@type":"PropertyValueSpecification","valueRequired":true,"valueName":"search_term_string"}}],"inLanguage":"fi"}]}},"uagb_featured_image_src":{"full":false,"thumbnail":false,"medium":false,"medium_large":false,"large":false,"1536x1536":false,"2048x2048":false,"post-thumbnail":false},"uagb_author_info":{"display_name":"Anna Saari","author_link":"https:\/\/blogit.gradia.fi\/mestaripolku\/author\/palviann\/"},"uagb_comment_info":0,"uagb_excerpt":"Tapaaminen toteutettiin keskell\u00e4 koronapandemiaa, mik\u00e4 on vaikuttanut oleellisesti my\u00f6s ravintola Tilian toimintaan. Muun muassa t\u00e4st\u00e4 kertoi Semma-ravintoloiden toimitusjohtaja Jarmo Sallinen projektity\u00f6ntekij\u00e4 Jukka Miettiselle. Tapaamisen aiheet pysyiv\u00e4t vahvasti Semma-ravintoloiden tulevaisuuden n\u00e4kymiss\u00e4 ja osaamistarpeiden kartoittamisessa. N\u00e4kym\u00e4t syksyyn ovat koronasta huolimatta positiiviset. Keskusteluissa nousi muun muassa ravintolatoimintaan, tarjoiluun sek\u00e4 tuotekehitysty\u00f6h\u00f6n liittyvi\u00e4 koulutustarpeita. Tapaaminen osoitti, ett\u00e4 on tarpeellista ottaa&hellip;","_links":{"self":[{"href":"https:\/\/blogit.gradia.fi\/mestaripolku\/wp-json\/wp\/v2\/pages\/449","targetHints":{"allow":["GET"]}}],"collection":[{"href":"https:\/\/blogit.gradia.fi\/mestaripolku\/wp-json\/wp\/v2\/pages"}],"about":[{"href":"https:\/\/blogit.gradia.fi\/mestaripolku\/wp-json\/wp\/v2\/types\/page"}],"author":[{"embeddable":true,"href":"https:\/\/blogit.gradia.fi\/mestaripolku\/wp-json\/wp\/v2\/users\/152"}],"replies":[{"embeddable":true,"href":"https:\/\/blogit.gradia.fi\/mestaripolku\/wp-json\/wp\/v2\/comments?post=449"}],"version-history":[{"count":2,"href":"https:\/\/blogit.gradia.fi\/mestaripolku\/wp-json\/wp\/v2\/pages\/449\/revisions"}],"predecessor-version":[{"id":454,"href":"https:\/\/blogit.gradia.fi\/mestaripolku\/wp-json\/wp\/v2\/pages\/449\/revisions\/454"}],"wp:attachment":[{"href":"https:\/\/blogit.gradia.fi\/mestaripolku\/wp-json\/wp\/v2\/media?parent=449"}],"curies":[{"name":"wp","href":"https:\/\/api.w.org\/{rel}","templated":true}]}}