{"id":342,"date":"2021-02-04T14:03:01","date_gmt":"2021-02-04T12:03:01","guid":{"rendered":"https:\/\/blogit.gradia.fi\/mestaripolku\/?page_id=342"},"modified":"2023-01-14T13:57:47","modified_gmt":"2023-01-14T11:57:47","slug":"oppilaitosyhteistyo","status":"publish","type":"page","link":"https:\/\/blogit.gradia.fi\/mestaripolku\/oppilaitosyhteistyo\/","title":{"rendered":"Oppilaitosyhteisty\u00f6"},"content":{"rendered":"\n<p>Mahdollisuuksia oppilaitosyhteisty\u00f6n kehitt\u00e4miseen on monia. Mestaripolulla me tarjoamme <strong>mahdollisuuden tutustua tuleviin ammattilaisiin<\/strong> jo opintojen aikana. J\u00e4rjest\u00e4mme mahdollisuuksia <strong>tavata opiskelijoita pienryhmiss\u00e4<\/strong> tai voimme tehd\u00e4 yrityksellesi <strong>opiskelijaty\u00f6n\u00e4 palveluja tai tuotteita<\/strong>.<\/p>\n\n\n\n<p>Ty\u00f6nantajana voit valmistella rekrytointia hyviss\u00e4 ajoin, kun tuleva ty\u00f6ntekij\u00e4 ja h\u00e4nen osaamisensa on jo tiedossa. Voit my\u00f6s vaikuttaa tulevan ty\u00f6ntekij\u00e4si osaamiseen kannustamalla h\u00e4nt\u00e4 tavoittelemaan hyv\u00e4\u00e4 ammattitaitoa ja ohjaamalla valitsemaan sopivia opintoja tutkintoonsa. <\/p>\n\n\n\n<h2 class=\"wp-block-heading\">Mentorivalmennus<\/h2>\n\n\n\n<p>Mentoritoiminnan k\u00e4ynnist\u00e4miseksi tarjoamme uudenlaista Mentorivalmennusta. Valmennuksen tavoitteena on vahvistaa oman alansa ammattilaisten ohjausosaamista, jotta Mestaripolulla ammattiaan opiskelevat saavat sparrausta ja tukea ty\u00f6el\u00e4m\u00e4n osaajilta. T\u00e4t\u00e4 ohjausosaamista voit hy\u00f6dynt\u00e4\u00e4 my\u00f6s omassa ty\u00f6yhteis\u00f6ss\u00e4si!<\/p>\n\n\n\n<p>Valmennuksessa tarkastellaan mentorointia ja mentorina toimimista monesta n\u00e4k\u00f6kulmasta: Mit\u00e4 mentorointi tarkoittaa? Osaanko min\u00e4 toimia mentorina? Keit\u00e4 ovat mentoroitavat?<\/p>\n\n\n\n<p><strong>Mentorivalmennusryhm\u00e4 kokoontuu 2 kertaa (\u00e1 2 tuntia) pohtimaan mentoroinnin kysymyksi\u00e4 ja vaihtamaan kokemuksia valmentajan johdolla. Valmennukset ovat k\u00e4ynnistyneet syksyll\u00e4 2021. Seuraava mentorivalmennus alkaa 7.2.2022. <a href=\"https:\/\/blogit.gradia.fi\/mestaripolku\/\">Seuraa blogiamme ja tule mukaan!<\/a><\/strong><\/p>\n\n\n\n<h2 class=\"wp-block-heading\">Ty\u00f6uraohjaajan valmennus&nbsp;<\/h2>\n\n\n\n<p>Tulevaisuudessa tarvittavan osaamisen tunnistaminen on t\u00e4rke\u00e4\u00e4 yrityksen&nbsp;toiminnan kehitt\u00e4misen&nbsp;kannalta. Osaava ja sitoutunut henkil\u00f6st\u00f6 vahvistaa yrityksen toiminnan kehittymist\u00e4, kasvua ja alalla menestymist\u00e4.&nbsp;Mestaripolkua rakentamassa hankkeessa k\u00e4ynnist\u00e4mme&nbsp;talvella&nbsp;2022&nbsp;Ty\u00f6uraohjaajan valmennuksen. <\/p>\n\n\n\n<p>Valmennuksessa&nbsp;perehdyt\u00e4\u00e4n&nbsp;t\u00e4m\u00e4n hetken&nbsp;ja&nbsp;tulevaisuuden osaamisen  havainnointiin&nbsp;sek\u00e4&nbsp;hankitaan&nbsp;valmiuksia tulevaisuudessa tarvittavan osaamisen tunnistamiseen.<strong>&nbsp;<\/strong>&nbsp;<\/p>\n\n\n\n<p>Valmennus sopii esimerkiksi yritt\u00e4j\u00e4lle, HR-henkil\u00f6lle, esihenkil\u00f6lle, tiiminvet\u00e4j\u00e4lle, ty\u00f6paikkaohjaajalle ja luottamushenkil\u00f6lle. Valmennus on maksuton.&nbsp;<\/p>\n\n\n\n<h3 class=\"wp-block-heading\"><strong>Ensimm\u00e4inen ty\u00f6uraohjaajan valmennus alkaa 9.2.2022<\/strong> <br>&#8211; ilmoittaudu mukaan!<\/h3>\n\n\n\n<p>Ryhm\u00e4 kokoontuu 4 kertaa (\u00e1 2 h). Valmennuksessa paneudutaan&nbsp;organisaation<strong> <\/strong>henkil\u00f6st\u00f6n&nbsp;osaamisen havainnointiin ja kehitt\u00e4miseen sek\u00e4&nbsp;tulevaisuudessa tarvittavan osaamisen tunnistamiseen.&nbsp;Ilmoittaudu mukaan: Jukka Miettinen, jukka.miettinen (a) gradia.fi<\/p>\n\n\n\n<h3 class=\"wp-block-heading\"><a href=\"https:\/\/blogit.gradia.fi\/mestaripolku\/yhteystiedot\/\">Ota meihin yhteytt\u00e4, niin keskustellaan lis\u00e4\u00e4 oppilaitosyhteisty\u00f6st\u00e4 Mestaripolulla!<\/a><\/h3>\n\n\n\n<h2 class=\"wp-block-heading\"><strong>Turun AKK:ssa Oma-opo palvelee yrityst\u00e4 ja yksil\u00f6\u00e4<\/strong><\/h2>\n\n\n\n<p>Oma-opo -palvelun avulla yritys voi tarjota ty\u00f6ntekij\u00f6illeen rauhallisen keskusteluhetken asiantuntevan opinto-ohjaajan kanssa osaamisen kehitt\u00e4misest\u00e4, koulutustarpeista ja toiveista. Oma-opolta saa ohjausta, ideoita ja ratkaisuja. Oma-opo toimii my\u00f6s koulutuksen yhteyshenkil\u00f6n\u00e4, jonka puoleen voi helposti k\u00e4\u00e4nty\u00e4.<\/p>\n\n\n\n<h3 class=\"wp-block-heading\"><strong>R\u00e4\u00e4t\u00e4l\u00f6id\u00e4\u00e4n kunkin yrityksen tarpeiden mukaisesti<\/strong><\/h3>\n\n\n\n<p>Tavoitteista ja aikatauluista sovitaan yhdess\u00e4 yrityksen johdon tai yhteyshenkil\u00f6n kanssa, mink\u00e4 j\u00e4lkeen Oma-opo sopii uraohjausajan jokaiselle henkil\u00f6kohtaisesti tai pienryhm\u00e4ohjauksena, selvitt\u00e4\u00e4 osaamistarpeet, kertoo miss\u00e4 ja miten koulutuksen voi aloittaa sek\u00e4 palvelee koulutuksen yhteyshenkil\u00f6n\u00e4 kaikissa yrityksen tai ty\u00f6paikan osaamisen kehitt\u00e4miseen liittyviss\u00e4 asioissa. Ohjauskeskusteluista jokainen saa yksil\u00f6lliset ehdotukset osaamisensa kehitt\u00e4miseen. Johdolle \/ yhteyshenkil\u00f6lle toimitetaan yhteenveto, jota voi hy\u00f6dynt\u00e4\u00e4 my\u00f6hemminkin henkil\u00f6st\u00f6n osaamisen kehitt\u00e4misen suunnittelussa ja vaikka kehityskeskusteluissa.<\/p>\n\n\n\n<h3 class=\"wp-block-heading\">Pilotoinnista positiivisia kokemuksia<\/h3>\n\n\n\n<p>Oma-opo -palvelua on kehitetty ja pilotoitu osana Mestaripolkua rakentamassa -hankkeen kehitt\u00e4misty\u00f6t\u00e4. Tavoitteena on ollut rakentaa jatkuvan oppimisen ohjaus- ja toimintamalli palvelemaan paikallisia yrityksi\u00e4 ja ty\u00f6organisaatioita. Toteutus on saanut osallistujilta positiivista palautetta. Osaamistarpeisiin on l\u00f6ytynyt hyvi\u00e4 ratkaisuja ja etenkin oppisopimuskoulutus opiskelumuotona on saanut kiitosta.<\/p>\n\n\n\n<p>Oma-opo -palvelu on osa Turun AKK:n ja Gradian Mestaripolkua rakentamassa -hanketta.<\/p>\n\n\n\n<p><em>Mik\u00e4 on Mestaripolkua rakentamassa -hanke?<\/em><br><em>ESR-hanketta toteuttavat Jyv\u00e4skyl\u00e4n koulutuskuntayhtym\u00e4 Gradia ja Turun AKK yhteisty\u00f6kumppaneinaan Keski-Suomen Mestarikilta, Turun Mestari- ja Kis\u00e4llikilta, Keski-Suomen Yritt\u00e4j\u00e4t, Varsinais-Suomen Yritt\u00e4j\u00e4t sek\u00e4 Mestarikiltaneuvosto. Toteutusaika 1.3.2020\u201328.2.2023.<\/em><\/p>\n","protected":false},"excerpt":{"rendered":"<p>Mahdollisuuksia oppilaitosyhteisty\u00f6n kehitt\u00e4miseen on monia. Mestaripolulla me tarjoamme mahdollisuuden tutustua tuleviin ammattilaisiin jo opintojen aikana. J\u00e4rjest\u00e4mme mahdollisuuksia tavata opiskelijoita pienryhmiss\u00e4 tai voimme tehd\u00e4 yrityksellesi opiskelijaty\u00f6n\u00e4 palveluja tai tuotteita. Ty\u00f6nantajana voit valmistella rekrytointia hyviss\u00e4 ajoin, kun tuleva ty\u00f6ntekij\u00e4 ja h\u00e4nen osaamisensa on jo tiedossa. Voit my\u00f6s vaikuttaa tulevan ty\u00f6ntekij\u00e4si osaamiseen kannustamalla h\u00e4nt\u00e4 tavoittelemaan hyv\u00e4\u00e4 ammattitaitoa ja &hellip; <a href=\"https:\/\/blogit.gradia.fi\/mestaripolku\/oppilaitosyhteistyo\/\" class=\"more-link\">Jatka lukemista <span class=\"screen-reader-text\">Oppilaitosyhteisty\u00f6<\/span> <span class=\"meta-nav\">&rarr;<\/span><\/a><\/p>\n","protected":false},"author":152,"featured_media":0,"parent":0,"menu_order":0,"comment_status":"closed","ping_status":"closed","template":"","meta":{"_uag_custom_page_level_css":"","footnotes":""},"class_list":["post-342","page","type-page","status-publish","hentry"],"yoast_head":"<!-- This site is optimized with the Yoast SEO plugin v27.4 - https:\/\/yoast.com\/product\/yoast-seo-wordpress\/ -->\n<title>Oppilaitosyhteisty\u00f6 - Mestaripolkua rakentamassa<\/title>\n<meta name=\"description\" content=\"Mestaripolulla me tarjoamme mahdollisuuden tutustua tuleviin ammattilaisiin jo opintojen aikana.\" \/>\n<meta name=\"robots\" content=\"index, follow, max-snippet:-1, max-image-preview:large, max-video-preview:-1\" \/>\n<link rel=\"canonical\" href=\"https:\/\/blogit.gradia.fi\/mestaripolku\/oppilaitosyhteistyo\/\" \/>\n<meta property=\"og:locale\" content=\"fi_FI\" \/>\n<meta property=\"og:type\" content=\"article\" \/>\n<meta property=\"og:title\" content=\"Oppilaitosyhteisty\u00f6 - Mestaripolkua rakentamassa\" \/>\n<meta property=\"og:description\" content=\"Mestaripolulla me tarjoamme mahdollisuuden tutustua tuleviin ammattilaisiin jo opintojen aikana.\" \/>\n<meta property=\"og:url\" content=\"https:\/\/blogit.gradia.fi\/mestaripolku\/oppilaitosyhteistyo\/\" \/>\n<meta property=\"og:site_name\" content=\"Mestaripolkua rakentamassa\" \/>\n<meta property=\"article:modified_time\" content=\"2023-01-14T11:57:47+00:00\" \/>\n<meta name=\"twitter:card\" content=\"summary_large_image\" \/>\n<meta name=\"twitter:label1\" content=\"Arvioitu lukuaika\" \/>\n\t<meta name=\"twitter:data1\" content=\"3 minuuttia\" \/>\n<script type=\"application\/ld+json\" class=\"yoast-schema-graph\">{\"@context\":\"https:\\\/\\\/schema.org\",\"@graph\":[{\"@type\":\"WebPage\",\"@id\":\"https:\\\/\\\/blogit.gradia.fi\\\/mestaripolku\\\/oppilaitosyhteistyo\\\/\",\"url\":\"https:\\\/\\\/blogit.gradia.fi\\\/mestaripolku\\\/oppilaitosyhteistyo\\\/\",\"name\":\"Oppilaitosyhteisty\u00f6 - Mestaripolkua rakentamassa\",\"isPartOf\":{\"@id\":\"https:\\\/\\\/blogit.gradia.fi\\\/mestaripolku\\\/#website\"},\"datePublished\":\"2021-02-04T12:03:01+00:00\",\"dateModified\":\"2023-01-14T11:57:47+00:00\",\"description\":\"Mestaripolulla me tarjoamme mahdollisuuden tutustua tuleviin ammattilaisiin jo opintojen aikana.\",\"breadcrumb\":{\"@id\":\"https:\\\/\\\/blogit.gradia.fi\\\/mestaripolku\\\/oppilaitosyhteistyo\\\/#breadcrumb\"},\"inLanguage\":\"fi\",\"potentialAction\":[{\"@type\":\"ReadAction\",\"target\":[\"https:\\\/\\\/blogit.gradia.fi\\\/mestaripolku\\\/oppilaitosyhteistyo\\\/\"]}]},{\"@type\":\"BreadcrumbList\",\"@id\":\"https:\\\/\\\/blogit.gradia.fi\\\/mestaripolku\\\/oppilaitosyhteistyo\\\/#breadcrumb\",\"itemListElement\":[{\"@type\":\"ListItem\",\"position\":1,\"name\":\"Home\",\"item\":\"https:\\\/\\\/blogit.gradia.fi\\\/mestaripolku\\\/\"},{\"@type\":\"ListItem\",\"position\":2,\"name\":\"Oppilaitosyhteisty\u00f6\"}]},{\"@type\":\"WebSite\",\"@id\":\"https:\\\/\\\/blogit.gradia.fi\\\/mestaripolku\\\/#website\",\"url\":\"https:\\\/\\\/blogit.gradia.fi\\\/mestaripolku\\\/\",\"name\":\"Mestaripolkua rakentamassa\",\"description\":\"\",\"potentialAction\":[{\"@type\":\"SearchAction\",\"target\":{\"@type\":\"EntryPoint\",\"urlTemplate\":\"https:\\\/\\\/blogit.gradia.fi\\\/mestaripolku\\\/?s={search_term_string}\"},\"query-input\":{\"@type\":\"PropertyValueSpecification\",\"valueRequired\":true,\"valueName\":\"search_term_string\"}}],\"inLanguage\":\"fi\"}]}<\/script>\n<!-- \/ Yoast SEO plugin. -->","yoast_head_json":{"title":"Oppilaitosyhteisty\u00f6 - Mestaripolkua rakentamassa","description":"Mestaripolulla me tarjoamme mahdollisuuden tutustua tuleviin ammattilaisiin jo opintojen aikana.","robots":{"index":"index","follow":"follow","max-snippet":"max-snippet:-1","max-image-preview":"max-image-preview:large","max-video-preview":"max-video-preview:-1"},"canonical":"https:\/\/blogit.gradia.fi\/mestaripolku\/oppilaitosyhteistyo\/","og_locale":"fi_FI","og_type":"article","og_title":"Oppilaitosyhteisty\u00f6 - Mestaripolkua rakentamassa","og_description":"Mestaripolulla me tarjoamme mahdollisuuden tutustua tuleviin ammattilaisiin jo opintojen aikana.","og_url":"https:\/\/blogit.gradia.fi\/mestaripolku\/oppilaitosyhteistyo\/","og_site_name":"Mestaripolkua rakentamassa","article_modified_time":"2023-01-14T11:57:47+00:00","twitter_card":"summary_large_image","twitter_misc":{"Arvioitu lukuaika":"3 minuuttia"},"schema":{"@context":"https:\/\/schema.org","@graph":[{"@type":"WebPage","@id":"https:\/\/blogit.gradia.fi\/mestaripolku\/oppilaitosyhteistyo\/","url":"https:\/\/blogit.gradia.fi\/mestaripolku\/oppilaitosyhteistyo\/","name":"Oppilaitosyhteisty\u00f6 - Mestaripolkua rakentamassa","isPartOf":{"@id":"https:\/\/blogit.gradia.fi\/mestaripolku\/#website"},"datePublished":"2021-02-04T12:03:01+00:00","dateModified":"2023-01-14T11:57:47+00:00","description":"Mestaripolulla me tarjoamme mahdollisuuden tutustua tuleviin ammattilaisiin jo opintojen aikana.","breadcrumb":{"@id":"https:\/\/blogit.gradia.fi\/mestaripolku\/oppilaitosyhteistyo\/#breadcrumb"},"inLanguage":"fi","potentialAction":[{"@type":"ReadAction","target":["https:\/\/blogit.gradia.fi\/mestaripolku\/oppilaitosyhteistyo\/"]}]},{"@type":"BreadcrumbList","@id":"https:\/\/blogit.gradia.fi\/mestaripolku\/oppilaitosyhteistyo\/#breadcrumb","itemListElement":[{"@type":"ListItem","position":1,"name":"Home","item":"https:\/\/blogit.gradia.fi\/mestaripolku\/"},{"@type":"ListItem","position":2,"name":"Oppilaitosyhteisty\u00f6"}]},{"@type":"WebSite","@id":"https:\/\/blogit.gradia.fi\/mestaripolku\/#website","url":"https:\/\/blogit.gradia.fi\/mestaripolku\/","name":"Mestaripolkua rakentamassa","description":"","potentialAction":[{"@type":"SearchAction","target":{"@type":"EntryPoint","urlTemplate":"https:\/\/blogit.gradia.fi\/mestaripolku\/?s={search_term_string}"},"query-input":{"@type":"PropertyValueSpecification","valueRequired":true,"valueName":"search_term_string"}}],"inLanguage":"fi"}]}},"uagb_featured_image_src":{"full":false,"thumbnail":false,"medium":false,"medium_large":false,"large":false,"1536x1536":false,"2048x2048":false,"post-thumbnail":false},"uagb_author_info":{"display_name":"Anna Saari","author_link":"https:\/\/blogit.gradia.fi\/mestaripolku\/author\/palviann\/"},"uagb_comment_info":0,"uagb_excerpt":"Mahdollisuuksia oppilaitosyhteisty\u00f6n kehitt\u00e4miseen on monia. Mestaripolulla me tarjoamme mahdollisuuden tutustua tuleviin ammattilaisiin jo opintojen aikana. J\u00e4rjest\u00e4mme mahdollisuuksia tavata opiskelijoita pienryhmiss\u00e4 tai voimme tehd\u00e4 yrityksellesi opiskelijaty\u00f6n\u00e4 palveluja tai tuotteita. Ty\u00f6nantajana voit valmistella rekrytointia hyviss\u00e4 ajoin, kun tuleva ty\u00f6ntekij\u00e4 ja h\u00e4nen osaamisensa on jo tiedossa. Voit my\u00f6s vaikuttaa tulevan ty\u00f6ntekij\u00e4si osaamiseen kannustamalla h\u00e4nt\u00e4 tavoittelemaan hyv\u00e4\u00e4 ammattitaitoa ja&hellip;","_links":{"self":[{"href":"https:\/\/blogit.gradia.fi\/mestaripolku\/wp-json\/wp\/v2\/pages\/342","targetHints":{"allow":["GET"]}}],"collection":[{"href":"https:\/\/blogit.gradia.fi\/mestaripolku\/wp-json\/wp\/v2\/pages"}],"about":[{"href":"https:\/\/blogit.gradia.fi\/mestaripolku\/wp-json\/wp\/v2\/types\/page"}],"author":[{"embeddable":true,"href":"https:\/\/blogit.gradia.fi\/mestaripolku\/wp-json\/wp\/v2\/users\/152"}],"replies":[{"embeddable":true,"href":"https:\/\/blogit.gradia.fi\/mestaripolku\/wp-json\/wp\/v2\/comments?post=342"}],"version-history":[{"count":8,"href":"https:\/\/blogit.gradia.fi\/mestaripolku\/wp-json\/wp\/v2\/pages\/342\/revisions"}],"predecessor-version":[{"id":576,"href":"https:\/\/blogit.gradia.fi\/mestaripolku\/wp-json\/wp\/v2\/pages\/342\/revisions\/576"}],"wp:attachment":[{"href":"https:\/\/blogit.gradia.fi\/mestaripolku\/wp-json\/wp\/v2\/media?parent=342"}],"curies":[{"name":"wp","href":"https:\/\/api.w.org\/{rel}","templated":true}]}}