{"id":148,"date":"2021-03-25T13:05:34","date_gmt":"2021-03-25T11:05:34","guid":{"rendered":"https:\/\/blogit.gradia.fi\/mab07\/?page_id=148"},"modified":"2021-03-26T15:23:49","modified_gmt":"2021-03-26T13:23:49","slug":"korot","status":"publish","type":"page","link":"https:\/\/blogit.gradia.fi\/mab07\/korot\/","title":{"rendered":"Korot"},"content":{"rendered":"\n<p><\/p>\n\n\n\n<p><a href=\"https:\/\/jaofi-my.sharepoint.com\/:b:\/g\/personal\/htabell_gradia_fi\/EbulBiuWIElMqyk0Z21oCwkBXH2Q2yGf8u_riN0GkJ3hxA?e=XqdWKu\" target=\"_blank\" rel=\"noreferrer noopener\">Teht\u00e4v\u00e4t<\/a><\/p>\n\n\n\n<ul class=\"wp-block-list\"><li>Korkolaskennassa voidaan k\u00e4ytt\u00e4\u00e4 samoja prosenttilaskennan tapoja kuin kaikessa muussakin prosenttilaskennassa. <\/li><li>Korkolaskenta liittyy tilanteisiin, jossa lainataan tai talletetaan rahaa.<\/li><li>N\u00e4iss\u00e4 esimerkeiss\u00e4 ei oteta huomioon sit\u00e4, ett\u00e4 talletuksesta pit\u00e4isi maksaa viel\u00e4 l\u00e4hdevero eli pankin perim\u00e4 ja valtiolle tilitt\u00e4m\u00e4 kertyneest\u00e4 korosta muodostuva vero.<\/li><li>Laskuissa k\u00e4ytet\u00e4\u00e4n saksalaista korkolaskun tapaa. Se tarkoittaa, ett\u00e4 kuukaudessa on 30 p\u00e4iv\u00e4\u00e4 ja vuodessa 360 p\u00e4iv\u00e4\u00e4.<\/li><\/ul>\n\n\n\n<h4 class=\"wp-block-heading\">Korkolaskennan perusteet<\/h4>\n\n\n\n<p><strong>Esimerkki 1<\/strong>. Talletetaan 650,00 \u20ac yhdeksi vuodeksi tilille, jolle maksetaan korkoa 0,54 %.<br><strong>a)<\/strong> Kuinka paljon yhden vuoden aikana maksettava korko on?<br><strong>b)<\/strong> Kuinka paljon tilill\u00e4 on rahaa vuoden p\u00e4\u00e4st\u00e4?<\/p>\n\n\n\n<p><strong>Ratkaisu<\/strong><br><strong>a)<\/strong> Koska 0,54 % = 0,0054, koron m\u00e4\u00e4r\u00e4 on<\/p>\n\n\n\n<p><p class=\"ql-center-displayed-equation\" style=\"line-height: 15px;\"><span class=\"ql-right-eqno\"> &nbsp; <\/span><span class=\"ql-left-eqno\"> &nbsp; <\/span><img loading=\"lazy\" decoding=\"async\" src=\"https:\/\/blogit.gradia.fi\/mab07\/wp-content\/ql-cache\/quicklatex.com-fee8f5f17091b726574ba182c677c15c_l3.png\" height=\"15\" width=\"194\" class=\"ql-img-displayed-equation quicklatex-auto-format\" alt=\"&#92;&#91;&#48;&#123;&#44;&#125;&#48;&#48;&#53;&#52;&#32;&#92;&#99;&#100;&#111;&#116;&#32;&#54;&#53;&#48;&#123;&#44;&#125;&#48;&#48;&#92;&#32;&#92;&#69;&#85;&#82;&#32;&#61;&#32;&#51;&#123;&#44;&#125;&#53;&#49;&#92;&#32;&#92;&#69;&#85;&#82;&#92;&#93;\" title=\"Rendered by QuickLaTeX.com\"\/><\/p><\/p>\n\n\n\n<p><strong>b)<\/strong> Koron maksamisen j\u00e4lkeen tilill\u00e4 on rahaa<\/p>\n\n\n\n<p><p class=\"ql-center-displayed-equation\" style=\"line-height: 15px;\"><span class=\"ql-right-eqno\"> &nbsp; <\/span><span class=\"ql-left-eqno\"> &nbsp; <\/span><img loading=\"lazy\" decoding=\"async\" src=\"https:\/\/blogit.gradia.fi\/mab07\/wp-content\/ql-cache\/quicklatex.com-703ee8ef27cb181b7de9660620ca698a_l3.png\" height=\"15\" width=\"217\" class=\"ql-img-displayed-equation quicklatex-auto-format\" alt=\"&#92;&#91;&#54;&#53;&#48;&#123;&#44;&#125;&#48;&#48;&#92;&#32;&#92;&#69;&#85;&#82;&#32;&#43;&#32;&#51;&#123;&#44;&#125;&#53;&#49;&#92;&#32;&#92;&#69;&#85;&#82;&#32;&#61;&#32;&#54;&#53;&#51;&#123;&#44;&#125;&#53;&#49;&#92;&#32;&#92;&#69;&#85;&#82;&#92;&#93;\" title=\"Rendered by QuickLaTeX.com\"\/><\/p><\/p>\n\n\n\n<p><strong>Vastaus<\/strong>: Korko on 3,51 \u20ac, tilill\u00e4 on rahaa 653,51 \u20ac.<\/p>\n\n\n\n<p><strong>Esimerkki 2<\/strong>. Talletuksen m\u00e4\u00e4r\u00e4 on 1400 \u20ac. Kuinka suuri on korkoprosentti, jos kolmen kuukauden ajalta maksettava korko on 12 \u20ac? <\/p>\n\n\n\n<p><strong>Ratkaisu<\/strong><br>Lasketaan ensin, kuinka paljon korkoa maksetaan koko vuoden aikana. <\/p>\n\n\n\n<p>Vuoden ajalta maksettava korko on <br><p class=\"ql-center-displayed-equation\" style=\"line-height: 37px;\"><span class=\"ql-right-eqno\"> &nbsp; <\/span><span class=\"ql-left-eqno\"> &nbsp; <\/span><img loading=\"lazy\" decoding=\"async\" src=\"https:\/\/blogit.gradia.fi\/mab07\/wp-content\/ql-cache\/quicklatex.com-19a72f69ab43b97469dd63334237c790_l3.png\" height=\"37\" width=\"198\" class=\"ql-img-displayed-equation quicklatex-auto-format\" alt=\"&#92;&#91;&#92;&#102;&#114;&#97;&#99;&#123;&#49;&#50;&#125;&#123;&#51;&#125;&#32;&#92;&#99;&#100;&#111;&#116;&#32;&#49;&#50;&#92;&#32;&#92;&#69;&#85;&#82;&#32;&#61;&#32;&#52;&#32;&#92;&#99;&#100;&#111;&#116;&#32;&#49;&#50;&#92;&#32;&#92;&#69;&#85;&#82;&#32;&#61;&#32;&#52;&#56;&#92;&#32;&#92;&#69;&#85;&#82;&#92;&#93;\" title=\"Rendered by QuickLaTeX.com\"\/><\/p><\/p>\n\n\n\n<p>Korkoprosentti saadaan laskemalla, kuinka monta prosenttia koron m\u00e4\u00e4r\u00e4 on talletuksen m\u00e4\u00e4r\u00e4st\u00e4. <\/p>\n\n\n\n<p><p class=\"ql-center-displayed-equation\" style=\"line-height: 37px;\"><span class=\"ql-right-eqno\"> &nbsp; <\/span><span class=\"ql-left-eqno\"> &nbsp; <\/span><img loading=\"lazy\" decoding=\"async\" src=\"https:\/\/blogit.gradia.fi\/mab07\/wp-content\/ql-cache\/quicklatex.com-edce2e49aa145afbc2e9a23fcbb35631_l3.png\" height=\"37\" width=\"259\" class=\"ql-img-displayed-equation quicklatex-auto-format\" alt=\"&#92;&#91;&#92;&#102;&#114;&#97;&#99;&#123;&#52;&#56;&#92;&#32;&#92;&#116;&#101;&#120;&#116;&#123;&#101;&#125;&#125;&#123;&#49;&#52;&#48;&#48;&#92;&#32;&#92;&#116;&#101;&#120;&#116;&#123;&#101;&#125;&#125;&#32;&#92;&#99;&#100;&#111;&#116;&#32;&#49;&#48;&#48;&#92;&#32;&#92;&#37;&#32;&#61;&#32;&#51;&#123;&#44;&#125;&#52;&#50;&#56;&#53;&#55;&#92;&#32;&#92;&#37;&#32;&#92;&#97;&#112;&#112;&#114;&#111;&#120;&#32;&#51;&#123;&#44;&#125;&#52;&#92;&#32;&#92;&#37;&#92;&#93;\" title=\"Rendered by QuickLaTeX.com\"\/><\/p><\/p>\n\n\n\n<p><strong>Vastaus<\/strong>: Korkoprosentti on 3,4 %.<\/p>\n\n\n\n<p><strong>Esimerkki 3<\/strong>. Mist\u00e4 lainam\u00e4\u00e4r\u00e4st\u00e4 kuukauden korko on 200 \u20ac, kun korko on 4 %?<\/p>\n\n\n\n<p><strong>Ratkaisu<\/strong>:<br>Vuoden korko on<br><p class=\"ql-center-displayed-equation\" style=\"line-height: 13px;\"><span class=\"ql-right-eqno\"> &nbsp; <\/span><span class=\"ql-left-eqno\"> &nbsp; <\/span><img loading=\"lazy\" decoding=\"async\" src=\"https:\/\/blogit.gradia.fi\/mab07\/wp-content\/ql-cache\/quicklatex.com-9bd8953e8f0347565781465f28bdac38_l3.png\" height=\"13\" width=\"145\" class=\"ql-img-displayed-equation quicklatex-auto-format\" alt=\"&#92;&#91;&#49;&#50;&#32;&#92;&#99;&#100;&#111;&#116;&#32;&#50;&#48;&#48;&#92;&#32;&#92;&#69;&#85;&#82;&#32;&#61;&#32;&#50;&#52;&#48;&#48;&#92;&#32;&#92;&#69;&#85;&#82;&#92;&#93;\" title=\"Rendered by QuickLaTeX.com\"\/><\/p><\/p>\n\n\n\n<p>Lainam\u00e4\u00e4r\u00e4 saadaan laskemalla, mist\u00e4 m\u00e4\u00e4r\u00e4st\u00e4 4 % on 2400 \u20ac?<\/p>\n\n\n\n<p><p class=\"ql-center-displayed-equation\" style=\"line-height: 37px;\"><span class=\"ql-right-eqno\"> &nbsp; <\/span><span class=\"ql-left-eqno\"> &nbsp; <\/span><img loading=\"lazy\" decoding=\"async\" src=\"https:\/\/blogit.gradia.fi\/mab07\/wp-content\/ql-cache\/quicklatex.com-f3fb5a96a42efd89908a2d3b4115ca5d_l3.png\" height=\"37\" width=\"191\" class=\"ql-img-displayed-equation quicklatex-auto-format\" alt=\"&#92;&#91;&#92;&#102;&#114;&#97;&#99;&#123;&#50;&#52;&#48;&#48;&#92;&#32;&#92;&#69;&#85;&#82;&#125;&#123;&#52;&#92;&#32;&#92;&#37;&#125;&#92;&#99;&#100;&#111;&#116;&#32;&#49;&#48;&#48;&#92;&#32;&#92;&#37;&#32;&#61;&#32;&#54;&#48;&#48;&#48;&#48;&#92;&#32;&#92;&#69;&#85;&#82;&#92;&#93;\" title=\"Rendered by QuickLaTeX.com\"\/><\/p><\/p>\n\n\n\n<p>Tai <br><p class=\"ql-center-displayed-equation\" style=\"line-height: 39px;\"><span class=\"ql-right-eqno\"> &nbsp; <\/span><span class=\"ql-left-eqno\"> &nbsp; <\/span><img loading=\"lazy\" decoding=\"async\" src=\"https:\/\/blogit.gradia.fi\/mab07\/wp-content\/ql-cache\/quicklatex.com-562c71e74000cbeb4e076a8e402b4c2a_l3.png\" height=\"39\" width=\"135\" class=\"ql-img-displayed-equation quicklatex-auto-format\" alt=\"&#92;&#91;&#92;&#102;&#114;&#97;&#99;&#123;&#50;&#52;&#48;&#48;&#92;&#32;&#92;&#69;&#85;&#82;&#125;&#123;&#48;&#123;&#44;&#125;&#48;&#52;&#125;&#61;&#54;&#48;&#48;&#48;&#48;&#92;&#32;&#92;&#69;&#85;&#82;&#92;&#93;\" title=\"Rendered by QuickLaTeX.com\"\/><\/p><\/p>\n\n\n\n<p><strong>Vastaus<\/strong>: Lainam\u00e4\u00e4r\u00e4 on 60000 \u20ac.<\/p>\n\n\n\n<h4 class=\"wp-block-heading\">Koronkorko<\/h4>\n\n\n\n<p>Tarkastellaan, kuinka suureksi talletus muuttuu, kun vuosittain p\u00e4\u00e4oma kasvaa tietyn<a rel=\"noreferrer noopener\" href=\"https:\/\/blogit.gradia.fi\/ostu\/sanasto\/\" target=\"_blank\"> <\/a>korkokannan mukaisesti.<\/p>\n\n\n\n<p><strong>Esimerkki 4<\/strong>. Talletetaan p\u00e4\u00e4oma 300,00 \u20ac. Kuinka suureksi talletus on kasvanut kahden vuoden kuluttua, kun nettokorkokanta&nbsp;on 1,2 %.<\/p>\n\n\n\n<p><strong>Ratkaisu<\/strong><\/p>\n\n\n\n<p>P\u00e4\u00e4oma kasvaa vuosittain 1,2 %, joten jokaisen vuoden kuluttua p\u00e4\u00e4oma on aina 1,2 % + 100 % = 101,2 % vuoden alun p\u00e4\u00e4omasta. T\u00e4m\u00e4 tarkoittaa, ett\u00e4 p\u00e4\u00e4oma kasvaa vuosittain 1,012-kertaiseksi. T\u00e4t\u00e4 kutsutaan <em>korkokertoimeksi<\/em>.<\/p>\n\n\n\n<p><em>Vuoden<\/em>&nbsp;p\u00e4\u00e4st\u00e4 p\u00e4\u00e4oman, johon on laskettu mukaan vuoden aikana kertynyt korko, suuruus on<\/p>\n\n\n\n<p><p class=\"ql-center-displayed-equation\" style=\"line-height: 15px;\"><span class=\"ql-right-eqno\"> &nbsp; <\/span><span class=\"ql-left-eqno\"> &nbsp; <\/span><img loading=\"lazy\" decoding=\"async\" src=\"https:\/\/blogit.gradia.fi\/mab07\/wp-content\/ql-cache\/quicklatex.com-d450d1aebd2936f6e7bf8958c6e39db7_l3.png\" height=\"15\" width=\"203\" class=\"ql-img-displayed-equation quicklatex-auto-format\" alt=\"&#92;&#91;&#51;&#48;&#48;&#123;&#44;&#125;&#48;&#48;&#92;&#32;&#92;&#69;&#85;&#82;&#32;&#92;&#99;&#100;&#111;&#116;&#32;&#49;&#123;&#44;&#125;&#48;&#49;&#50;&#32;&#61;&#32;&#51;&#48;&#51;&#123;&#44;&#125;&#54;&#48;&#92;&#32;&#92;&#69;&#85;&#82;&#92;&#93;\" title=\"Rendered by QuickLaTeX.com\"\/><\/p><\/p>\n\n\n\n<p><em>Toisena vuotena<\/em>&nbsp;t\u00e4m\u00e4 muuttunut p\u00e4\u00e4oma kasvaa j\u00e4lleen korkoa 1,2 %, joten talletuksen suuruus on<\/p>\n\n\n\n<p><p class=\"ql-center-displayed-equation\" style=\"line-height: 15px;\"><span class=\"ql-right-eqno\"> &nbsp; <\/span><span class=\"ql-left-eqno\"> &nbsp; <\/span><img loading=\"lazy\" decoding=\"async\" src=\"https:\/\/blogit.gradia.fi\/mab07\/wp-content\/ql-cache\/quicklatex.com-26e6e24f3c20d7c8f421f20c1c3360c2_l3.png\" height=\"15\" width=\"306\" class=\"ql-img-displayed-equation quicklatex-auto-format\" alt=\"&#92;&#91;&#51;&#48;&#51;&#123;&#44;&#125;&#54;&#48;&#92;&#32;&#92;&#69;&#85;&#82;&#32;&#92;&#99;&#100;&#111;&#116;&#32;&#49;&#123;&#44;&#125;&#48;&#49;&#50;&#32;&#61;&#32;&#51;&#48;&#55;&#123;&#44;&#125;&#50;&#52;&#51;&#50;&#92;&#32;&#92;&#69;&#85;&#82;&#32;&#92;&#97;&#112;&#112;&#114;&#111;&#120;&#32;&#51;&#48;&#55;&#123;&#44;&#125;&#50;&#52;&#92;&#32;&#92;&#69;&#85;&#82;&#92;&#93;\" title=\"Rendered by QuickLaTeX.com\"\/><\/p><\/p>\n\n\n\n<p>Merkit\u00e4\u00e4n toisen vuoden j\u00e4lkeen muuttuneen p\u00e4\u00e4oman laskemista siten, ett\u00e4 ensimm\u00e4isen vuoden laskutoimitus&nbsp;<img loading=\"lazy\" decoding=\"async\" src=\"https:\/\/blogit.gradia.fi\/mab07\/wp-content\/ql-cache\/quicklatex.com-51f01aa57a0290e03b457b6f186976f2_l3.png\" class=\"ql-img-inline-formula quicklatex-auto-format\" alt=\"&#51;&#48;&#48;&#123;&#44;&#125;&#48;&#48;&#32;&#92;&#99;&#100;&#111;&#116;&#32;&#49;&#123;&#44;&#125;\" title=\"Rendered by QuickLaTeX.com\" height=\"15\" width=\"74\" style=\"vertical-align: -3px;\"\/> kerrotaan 1,012:lla:<\/p>\n\n\n\n<p><p class=\"ql-center-displayed-equation\" style=\"line-height: 45px;\"><span class=\"ql-right-eqno\"> &nbsp; <\/span><span class=\"ql-left-eqno\"> &nbsp; <\/span><img loading=\"lazy\" decoding=\"async\" src=\"https:\/\/blogit.gradia.fi\/mab07\/wp-content\/ql-cache\/quicklatex.com-c9d1fa56792d2686aa851a06402de50e_l3.png\" height=\"45\" width=\"171\" class=\"ql-img-displayed-equation quicklatex-auto-format\" alt=\"&#92;&#91;&#51;&#48;&#48;&#123;&#44;&#125;&#48;&#48;&#92;&#32;&#92;&#69;&#85;&#82;&#32;&#92;&#99;&#100;&#111;&#116;&#32;&#92;&#111;&#118;&#101;&#114;&#115;&#101;&#116;&#123;&#50;&#125;&#123;&#92;&#111;&#118;&#101;&#114;&#98;&#114;&#97;&#99;&#101;&#123;&#49;&#123;&#44;&#125;&#48;&#49;&#50;&#32;&#92;&#99;&#100;&#111;&#116;&#32;&#49;&#123;&#44;&#125;&#48;&#49;&#50;&#125;&#125;&#92;&#93;\" title=\"Rendered by QuickLaTeX.com\"\/><\/p><\/p>\n\n\n\n<p>K\u00e4ytet\u00e4\u00e4n potenssimerkint\u00e4\u00e4:<br>&nbsp;<p class=\"ql-center-displayed-equation\" style=\"line-height: 20px;\"><span class=\"ql-right-eqno\"> &nbsp; <\/span><span class=\"ql-left-eqno\"> &nbsp; <\/span><img loading=\"lazy\" decoding=\"async\" src=\"https:\/\/blogit.gradia.fi\/mab07\/wp-content\/ql-cache\/quicklatex.com-f7713256aa03ec3f4d2ef3b04cf127ac_l3.png\" height=\"20\" width=\"210\" class=\"ql-img-displayed-equation quicklatex-auto-format\" alt=\"&#92;&#91;&#51;&#48;&#48;&#123;&#44;&#125;&#48;&#48;&#92;&#32;&#92;&#69;&#85;&#82;&#32;&#92;&#99;&#100;&#111;&#116;&#32;&#49;&#123;&#44;&#125;&#48;&#49;&#50;&#94;&#50;&#32;&#61;&#32;&#51;&#48;&#55;&#123;&#44;&#125;&#50;&#52;&#92;&#32;&#92;&#69;&#85;&#82;&#92;&#93;\" title=\"Rendered by QuickLaTeX.com\"\/><\/p><\/p>\n\n\n\n<p><strong>Vastaus<\/strong>: Talletuksen suuruus kahden vuoden kuluttua on 307,24 \u20ac.<\/p>\n\n\n\n<p><strong>Yleisesti <\/strong>t\u00e4m\u00e4 voidaan kirjoittaa seuraavaan muotoon, <\/p>\n\n\n\n<p><p class=\"ql-center-displayed-equation\" style=\"line-height: 28px;\"><span class=\"ql-right-eqno\"> &nbsp; <\/span><span class=\"ql-left-eqno\"> &nbsp; <\/span><img loading=\"lazy\" decoding=\"async\" src=\"https:\/\/blogit.gradia.fi\/mab07\/wp-content\/ql-cache\/quicklatex.com-2ae83adccd40ad8b4295dc9631935c4e_l3.png\" height=\"28\" width=\"89\" class=\"ql-img-displayed-equation quicklatex-auto-format\" alt=\"&#92;&#91;&#92;&#98;&#111;&#120;&#101;&#100;&#123;&#75;&#61;&#107;&#32;&#92;&#99;&#100;&#111;&#116;&#32;&#113;&#94;&#110;&#125;&#92;&#93;\" title=\"Rendered by QuickLaTeX.com\"\/><\/p><\/p>\n\n\n\n<p>Lausekkeessa <img loading=\"lazy\" decoding=\"async\" src=\"https:\/\/blogit.gradia.fi\/mab07\/wp-content\/ql-cache\/quicklatex.com-2b1fafbbb19f9112f8d57747a23795b1_l3.png\" class=\"ql-img-inline-formula quicklatex-auto-format\" alt=\"&#75;\" title=\"Rendered by QuickLaTeX.com\" height=\"12\" width=\"12\" style=\"vertical-align: 0px;\"\/> on kasvanut p\u00e4\u00e4oma, <img loading=\"lazy\" decoding=\"async\" src=\"https:\/\/blogit.gradia.fi\/mab07\/wp-content\/ql-cache\/quicklatex.com-0cf02410ff8bb2f705bfc78392eced35_l3.png\" class=\"ql-img-inline-formula quicklatex-auto-format\" alt=\"&#107;\" title=\"Rendered by QuickLaTeX.com\" height=\"13\" width=\"9\" style=\"vertical-align: 0px;\"\/> on alkup\u00e4\u00e4oma, <img loading=\"lazy\" decoding=\"async\" src=\"https:\/\/blogit.gradia.fi\/mab07\/wp-content\/ql-cache\/quicklatex.com-bc0f1cfbaa47e733d180b968f2cb0aac_l3.png\" class=\"ql-img-inline-formula quicklatex-auto-format\" alt=\"&#113;\" title=\"Rendered by QuickLaTeX.com\" height=\"13\" width=\"9\" style=\"vertical-align: -5px;\"\/> on korkokerroin ja <img loading=\"lazy\" decoding=\"async\" src=\"https:\/\/blogit.gradia.fi\/mab07\/wp-content\/ql-cache\/quicklatex.com-c6d6a39771acea126f4f51cb67b7565f_l3.png\" class=\"ql-img-inline-formula quicklatex-auto-format\" alt=\"&#110;\" title=\"Rendered by QuickLaTeX.com\" height=\"9\" width=\"9\" style=\"vertical-align: 0px;\"\/> on vuosien m\u00e4\u00e4r\u00e4.<\/p>\n\n\n\n<p><\/p>\n","protected":false},"excerpt":{"rendered":"<p>Teht\u00e4v\u00e4t Korkolaskennassa voidaan k\u00e4ytt\u00e4\u00e4 samoja prosenttilaskennan tapoja kuin kaikessa muussakin prosenttilaskennassa. Korkolaskenta liittyy tilanteisiin, jossa lainataan tai talletetaan rahaa. N\u00e4iss\u00e4 esimerkeiss\u00e4 ei oteta huomioon sit\u00e4, ett\u00e4 talletuksesta pit\u00e4isi maksaa viel\u00e4 l\u00e4hdevero eli pankin perim\u00e4 ja valtiolle tilitt\u00e4m\u00e4 kertyneest\u00e4 korosta muodostuva vero. Laskuissa k\u00e4ytet\u00e4\u00e4n saksalaista korkolaskun tapaa. Se tarkoittaa, ett\u00e4 kuukaudessa on 30 p\u00e4iv\u00e4\u00e4 ja vuodessa &hellip; <a href=\"https:\/\/blogit.gradia.fi\/mab07\/korot\/\" class=\"more-link\">Jatka lukemista <span class=\"screen-reader-text\">Korot<\/span> <span class=\"meta-nav\">&rarr;<\/span><\/a><\/p>\n","protected":false},"author":111,"featured_media":0,"parent":0,"menu_order":0,"comment_status":"closed","ping_status":"closed","template":"","meta":{"_uag_custom_page_level_css":"","footnotes":""},"class_list":["post-148","page","type-page","status-publish","hentry"],"yoast_head":"<!-- This site is optimized with the Yoast SEO plugin v27.4 - https:\/\/yoast.com\/product\/yoast-seo-wordpress\/ -->\n<title>Korot - Prosenttilaskujen osaaminen<\/title>\n<meta name=\"robots\" content=\"index, follow, max-snippet:-1, max-image-preview:large, max-video-preview:-1\" \/>\n<link rel=\"canonical\" href=\"https:\/\/blogit.gradia.fi\/mab07\/korot\/\" \/>\n<meta property=\"og:locale\" content=\"fi_FI\" \/>\n<meta property=\"og:type\" content=\"article\" \/>\n<meta property=\"og:title\" content=\"Korot - Prosenttilaskujen osaaminen\" \/>\n<meta property=\"og:description\" content=\"Teht\u00e4v\u00e4t Korkolaskennassa voidaan k\u00e4ytt\u00e4\u00e4 samoja prosenttilaskennan tapoja kuin kaikessa muussakin prosenttilaskennassa. Korkolaskenta liittyy tilanteisiin, jossa lainataan tai talletetaan rahaa. N\u00e4iss\u00e4 esimerkeiss\u00e4 ei oteta huomioon sit\u00e4, ett\u00e4 talletuksesta pit\u00e4isi maksaa viel\u00e4 l\u00e4hdevero eli pankin perim\u00e4 ja valtiolle tilitt\u00e4m\u00e4 kertyneest\u00e4 korosta muodostuva vero. Laskuissa k\u00e4ytet\u00e4\u00e4n saksalaista korkolaskun tapaa. Se tarkoittaa, ett\u00e4 kuukaudessa on 30 p\u00e4iv\u00e4\u00e4 ja vuodessa &hellip; Jatka lukemista Korot &rarr;\" \/>\n<meta property=\"og:url\" content=\"https:\/\/blogit.gradia.fi\/mab07\/korot\/\" \/>\n<meta property=\"og:site_name\" content=\"Prosenttilaskujen osaaminen\" \/>\n<meta property=\"article:modified_time\" content=\"2021-03-26T13:23:49+00:00\" \/>\n<meta name=\"twitter:card\" content=\"summary_large_image\" \/>\n<meta name=\"twitter:label1\" content=\"Arvioitu lukuaika\" \/>\n\t<meta name=\"twitter:data1\" content=\"2 minuuttia\" \/>\n<script type=\"application\/ld+json\" class=\"yoast-schema-graph\">{\"@context\":\"https:\\\/\\\/schema.org\",\"@graph\":[{\"@type\":\"WebPage\",\"@id\":\"https:\\\/\\\/blogit.gradia.fi\\\/mab07\\\/korot\\\/\",\"url\":\"https:\\\/\\\/blogit.gradia.fi\\\/mab07\\\/korot\\\/\",\"name\":\"Korot - Prosenttilaskujen osaaminen\",\"isPartOf\":{\"@id\":\"https:\\\/\\\/blogit.gradia.fi\\\/mab07\\\/#website\"},\"datePublished\":\"2021-03-25T11:05:34+00:00\",\"dateModified\":\"2021-03-26T13:23:49+00:00\",\"breadcrumb\":{\"@id\":\"https:\\\/\\\/blogit.gradia.fi\\\/mab07\\\/korot\\\/#breadcrumb\"},\"inLanguage\":\"fi\",\"potentialAction\":[{\"@type\":\"ReadAction\",\"target\":[\"https:\\\/\\\/blogit.gradia.fi\\\/mab07\\\/korot\\\/\"]}]},{\"@type\":\"BreadcrumbList\",\"@id\":\"https:\\\/\\\/blogit.gradia.fi\\\/mab07\\\/korot\\\/#breadcrumb\",\"itemListElement\":[{\"@type\":\"ListItem\",\"position\":1,\"name\":\"Home\",\"item\":\"https:\\\/\\\/blogit.gradia.fi\\\/mab07\\\/\"},{\"@type\":\"ListItem\",\"position\":2,\"name\":\"Korot\"}]},{\"@type\":\"WebSite\",\"@id\":\"https:\\\/\\\/blogit.gradia.fi\\\/mab07\\\/#website\",\"url\":\"https:\\\/\\\/blogit.gradia.fi\\\/mab07\\\/\",\"name\":\"Prosenttilaskujen osaaminen\",\"description\":\"YTO Matematiikka\",\"potentialAction\":[{\"@type\":\"SearchAction\",\"target\":{\"@type\":\"EntryPoint\",\"urlTemplate\":\"https:\\\/\\\/blogit.gradia.fi\\\/mab07\\\/?s={search_term_string}\"},\"query-input\":{\"@type\":\"PropertyValueSpecification\",\"valueRequired\":true,\"valueName\":\"search_term_string\"}}],\"inLanguage\":\"fi\"}]}<\/script>\n<!-- \/ Yoast SEO plugin. -->","yoast_head_json":{"title":"Korot - Prosenttilaskujen osaaminen","robots":{"index":"index","follow":"follow","max-snippet":"max-snippet:-1","max-image-preview":"max-image-preview:large","max-video-preview":"max-video-preview:-1"},"canonical":"https:\/\/blogit.gradia.fi\/mab07\/korot\/","og_locale":"fi_FI","og_type":"article","og_title":"Korot - Prosenttilaskujen osaaminen","og_description":"Teht\u00e4v\u00e4t Korkolaskennassa voidaan k\u00e4ytt\u00e4\u00e4 samoja prosenttilaskennan tapoja kuin kaikessa muussakin prosenttilaskennassa. Korkolaskenta liittyy tilanteisiin, jossa lainataan tai talletetaan rahaa. N\u00e4iss\u00e4 esimerkeiss\u00e4 ei oteta huomioon sit\u00e4, ett\u00e4 talletuksesta pit\u00e4isi maksaa viel\u00e4 l\u00e4hdevero eli pankin perim\u00e4 ja valtiolle tilitt\u00e4m\u00e4 kertyneest\u00e4 korosta muodostuva vero. Laskuissa k\u00e4ytet\u00e4\u00e4n saksalaista korkolaskun tapaa. Se tarkoittaa, ett\u00e4 kuukaudessa on 30 p\u00e4iv\u00e4\u00e4 ja vuodessa &hellip; Jatka lukemista Korot &rarr;","og_url":"https:\/\/blogit.gradia.fi\/mab07\/korot\/","og_site_name":"Prosenttilaskujen osaaminen","article_modified_time":"2021-03-26T13:23:49+00:00","twitter_card":"summary_large_image","twitter_misc":{"Arvioitu lukuaika":"2 minuuttia"},"schema":{"@context":"https:\/\/schema.org","@graph":[{"@type":"WebPage","@id":"https:\/\/blogit.gradia.fi\/mab07\/korot\/","url":"https:\/\/blogit.gradia.fi\/mab07\/korot\/","name":"Korot - Prosenttilaskujen osaaminen","isPartOf":{"@id":"https:\/\/blogit.gradia.fi\/mab07\/#website"},"datePublished":"2021-03-25T11:05:34+00:00","dateModified":"2021-03-26T13:23:49+00:00","breadcrumb":{"@id":"https:\/\/blogit.gradia.fi\/mab07\/korot\/#breadcrumb"},"inLanguage":"fi","potentialAction":[{"@type":"ReadAction","target":["https:\/\/blogit.gradia.fi\/mab07\/korot\/"]}]},{"@type":"BreadcrumbList","@id":"https:\/\/blogit.gradia.fi\/mab07\/korot\/#breadcrumb","itemListElement":[{"@type":"ListItem","position":1,"name":"Home","item":"https:\/\/blogit.gradia.fi\/mab07\/"},{"@type":"ListItem","position":2,"name":"Korot"}]},{"@type":"WebSite","@id":"https:\/\/blogit.gradia.fi\/mab07\/#website","url":"https:\/\/blogit.gradia.fi\/mab07\/","name":"Prosenttilaskujen osaaminen","description":"YTO Matematiikka","potentialAction":[{"@type":"SearchAction","target":{"@type":"EntryPoint","urlTemplate":"https:\/\/blogit.gradia.fi\/mab07\/?s={search_term_string}"},"query-input":{"@type":"PropertyValueSpecification","valueRequired":true,"valueName":"search_term_string"}}],"inLanguage":"fi"}]}},"uagb_featured_image_src":{"full":false,"thumbnail":false,"medium":false,"medium_large":false,"large":false,"1536x1536":false,"2048x2048":false,"post-thumbnail":false},"uagb_author_info":{"display_name":"Hannu Tabell","author_link":"https:\/\/blogit.gradia.fi\/mab07\/author\/htabell\/"},"uagb_comment_info":0,"uagb_excerpt":"Teht\u00e4v\u00e4t Korkolaskennassa voidaan k\u00e4ytt\u00e4\u00e4 samoja prosenttilaskennan tapoja kuin kaikessa muussakin prosenttilaskennassa. Korkolaskenta liittyy tilanteisiin, jossa lainataan tai talletetaan rahaa. N\u00e4iss\u00e4 esimerkeiss\u00e4 ei oteta huomioon sit\u00e4, ett\u00e4 talletuksesta pit\u00e4isi maksaa viel\u00e4 l\u00e4hdevero eli pankin perim\u00e4 ja valtiolle tilitt\u00e4m\u00e4 kertyneest\u00e4 korosta muodostuva vero. Laskuissa k\u00e4ytet\u00e4\u00e4n saksalaista korkolaskun tapaa. Se tarkoittaa, ett\u00e4 kuukaudessa on 30 p\u00e4iv\u00e4\u00e4 ja vuodessa&hellip;","_links":{"self":[{"href":"https:\/\/blogit.gradia.fi\/mab07\/wp-json\/wp\/v2\/pages\/148","targetHints":{"allow":["GET"]}}],"collection":[{"href":"https:\/\/blogit.gradia.fi\/mab07\/wp-json\/wp\/v2\/pages"}],"about":[{"href":"https:\/\/blogit.gradia.fi\/mab07\/wp-json\/wp\/v2\/types\/page"}],"author":[{"embeddable":true,"href":"https:\/\/blogit.gradia.fi\/mab07\/wp-json\/wp\/v2\/users\/111"}],"replies":[{"embeddable":true,"href":"https:\/\/blogit.gradia.fi\/mab07\/wp-json\/wp\/v2\/comments?post=148"}],"version-history":[{"count":24,"href":"https:\/\/blogit.gradia.fi\/mab07\/wp-json\/wp\/v2\/pages\/148\/revisions"}],"predecessor-version":[{"id":196,"href":"https:\/\/blogit.gradia.fi\/mab07\/wp-json\/wp\/v2\/pages\/148\/revisions\/196"}],"wp:attachment":[{"href":"https:\/\/blogit.gradia.fi\/mab07\/wp-json\/wp\/v2\/media?parent=148"}],"curies":[{"name":"wp","href":"https:\/\/api.w.org\/{rel}","templated":true}]}}