{"id":846,"date":"2021-01-05T16:59:42","date_gmt":"2021-01-05T14:59:42","guid":{"rendered":"https:\/\/blogit.gradia.fi\/lukiolaisettyoelamaan\/?page_id=846"},"modified":"2021-01-05T16:59:43","modified_gmt":"2021-01-05T14:59:43","slug":"toiminimi-anna-juujarvi-kaikki-on-mahdollista-kun-uskoo-itseensa","status":"publish","type":"page","link":"https:\/\/blogit.gradia.fi\/lukiolaisettyoelamaan\/toiminimi-anna-juujarvi-kaikki-on-mahdollista-kun-uskoo-itseensa\/","title":{"rendered":"Toiminimi Anna Juuj\u00e4rvi: Kaikki on mahdollista, kun uskoo itseens\u00e4!"},"content":{"rendered":"\n<figure class=\"wp-block-image size-large\"><img loading=\"lazy\" decoding=\"async\" width=\"1024\" height=\"680\" src=\"https:\/\/blogit.gradia.fi\/lukiolaisettyoelamaan\/wp-content\/uploads\/sites\/169\/2021\/01\/Anna-Juujarvi-1024x680.png\" alt=\"\" class=\"wp-image-847\" srcset=\"https:\/\/blogit.gradia.fi\/lukiolaisettyoelamaan\/wp-content\/uploads\/sites\/169\/2021\/01\/Anna-Juujarvi-1024x680.png 1024w, https:\/\/blogit.gradia.fi\/lukiolaisettyoelamaan\/wp-content\/uploads\/sites\/169\/2021\/01\/Anna-Juujarvi-300x199.png 300w, https:\/\/blogit.gradia.fi\/lukiolaisettyoelamaan\/wp-content\/uploads\/sites\/169\/2021\/01\/Anna-Juujarvi-768x510.png 768w, https:\/\/blogit.gradia.fi\/lukiolaisettyoelamaan\/wp-content\/uploads\/sites\/169\/2021\/01\/Anna-Juujarvi.png 1268w\" sizes=\"auto, (max-width: 1024px) 100vw, 1024px\" \/><\/figure>\n\n\n\n<h3 class=\"wp-block-heading\">Toiminimi Anna Juuj\u00e4rvi<\/h3>\n\n\n\n<p>Yritykseni on perustettu vuonna 2007. <strong>Rakennan kansainv\u00e4list\u00e4 jakelijaverkostoa,\u00a0jossa on myyntijohtajia, myyntihenkil\u00f6it\u00e4 ja asiakkaita.<\/strong>\u00a0<\/p>\n\n\n\n<p>Tuotteet ovat kokonaisvaltaiseen hyvinvointiin suunnattuja perustuotteita, joita jokainen k\u00e4ytt\u00e4\u00e4 joka p\u00e4iv\u00e4. K\u00e4ymme suihkussa, pesemme hampaita ja laitamme jotain rasvaa nahkaamme. Lis\u00e4ksi my\u00f6s tutkitut ja laadukkaat ravintolis\u00e4t kuuluvat verkkokaupan valikoimaan. My\u00f6s verkkokauppa on yksi meid\u00e4n tuotteista.\u00a0<\/p>\n\n\n\n<p>Henkil\u00f6st\u00f6tiimiss\u00e4\u00a0on todella laajaa asiantuntemusta monelta eri alalta: <strong>kosmetologista kuvataiteilijaan ja digimarkkinoijasta\u00a0somevaikuttajaan<\/strong>.\u00a0<\/p>\n\n\n\n<p>Toimintaamme ohjaavat keskeiset periaatteet ja arvot\u00a0ovat\u00a0<strong>innovatiivisuus,\u00a0ty\u00f6yhteis\u00f6n kannustaminen, palkitseminen, ty\u00f6yhteis\u00f6n hyvinvointi, eettisyys vastuullisuus, rohkeus ja riskinotto, avoimuus, itsens\u00e4 kehitt\u00e4minen\u00a0ja\u00a0omaehtoinen kouluttautuminen.<\/strong>\u00a0\u00a0<\/p>\n\n\n\n<p>Rekrytointien yhteydess\u00e4 korostamme erityisesti\u00a0<strong>avointa mielt\u00e4, pitk\u00e4j\u00e4nteisyytt\u00e4 ja\u00a0rohkeutta olla oma itsens\u00e4<\/strong>.\u00a0<\/p>\n\n\n\n<p>Viestini nuorille, jotka ovat kiinnostuneita yrityksemme toimialasta:\u00a0<strong>Kaikki on mahdollista, kun uskoo itseens\u00e4. Suurin riski on olla ottamatta riski\u00e4.\u00a0<\/strong><\/p>\n\n\n\n<p><a href=\"https:\/\/annajuujarvi.mynuskin.com\/content\/nuskin\/fi_FI\/mysite\/mysite-home.mysite.html?storeId=FIW8858908#home\" target=\"_blank\" rel=\"noreferrer noopener\">annajuujarvi.mynuskin.com\u00a0<\/a>\u00a0\u00a0<\/p>\n","protected":false},"excerpt":{"rendered":"<p>Toiminimi Anna Juuj\u00e4rvi Yritykseni on perustettu vuonna 2007. Rakennan kansainv\u00e4list\u00e4 jakelijaverkostoa,\u00a0jossa on myyntijohtajia, myyntihenkil\u00f6it\u00e4 ja asiakkaita.\u00a0 Tuotteet ovat kokonaisvaltaiseen hyvinvointiin suunnattuja perustuotteita, joita jokainen k\u00e4ytt\u00e4\u00e4 joka p\u00e4iv\u00e4. K\u00e4ymme suihkussa, pesemme hampaita ja laitamme jotain rasvaa nahkaamme. Lis\u00e4ksi my\u00f6s tutkitut ja laadukkaat ravintolis\u00e4t kuuluvat verkkokaupan valikoimaan. My\u00f6s verkkokauppa on yksi meid\u00e4n tuotteista.\u00a0 Henkil\u00f6st\u00f6tiimiss\u00e4\u00a0on todella laajaa asiantuntemusta &hellip; <a href=\"https:\/\/blogit.gradia.fi\/lukiolaisettyoelamaan\/toiminimi-anna-juujarvi-kaikki-on-mahdollista-kun-uskoo-itseensa\/\" class=\"more-link\">Jatka lukemista <span class=\"screen-reader-text\">Toiminimi Anna Juuj\u00e4rvi: Kaikki on mahdollista, kun uskoo itseens\u00e4!<\/span> <span class=\"meta-nav\">&rarr;<\/span><\/a><\/p>\n","protected":false},"author":705,"featured_media":0,"parent":0,"menu_order":0,"comment_status":"closed","ping_status":"closed","template":"","meta":{"_uag_custom_page_level_css":"","footnotes":""},"class_list":["post-846","page","type-page","status-publish","hentry"],"yoast_head":"<!-- This site is optimized with the Yoast SEO plugin v27.2 - https:\/\/yoast.com\/product\/yoast-seo-wordpress\/ -->\n<title>Toiminimi Anna Juuj\u00e4rvi: Kaikki on mahdollista, kun uskoo itseens\u00e4! - Lukiolaiset ty\u00f6el\u00e4m\u00e4\u00e4n<\/title>\n<meta name=\"robots\" content=\"index, follow, max-snippet:-1, max-image-preview:large, max-video-preview:-1\" \/>\n<link rel=\"canonical\" href=\"https:\/\/blogit.gradia.fi\/lukiolaisettyoelamaan\/toiminimi-anna-juujarvi-kaikki-on-mahdollista-kun-uskoo-itseensa\/\" \/>\n<meta property=\"og:locale\" content=\"fi_FI\" \/>\n<meta property=\"og:type\" content=\"article\" \/>\n<meta property=\"og:title\" content=\"Toiminimi Anna Juuj\u00e4rvi: Kaikki on mahdollista, kun uskoo itseens\u00e4! - Lukiolaiset ty\u00f6el\u00e4m\u00e4\u00e4n\" \/>\n<meta property=\"og:description\" content=\"Toiminimi Anna Juuj\u00e4rvi Yritykseni on perustettu vuonna 2007. Rakennan kansainv\u00e4list\u00e4 jakelijaverkostoa,\u00a0jossa on myyntijohtajia, myyntihenkil\u00f6it\u00e4 ja asiakkaita.\u00a0 Tuotteet ovat kokonaisvaltaiseen hyvinvointiin suunnattuja perustuotteita, joita jokainen k\u00e4ytt\u00e4\u00e4 joka p\u00e4iv\u00e4. K\u00e4ymme suihkussa, pesemme hampaita ja laitamme jotain rasvaa nahkaamme. Lis\u00e4ksi my\u00f6s tutkitut ja laadukkaat ravintolis\u00e4t kuuluvat verkkokaupan valikoimaan. My\u00f6s verkkokauppa on yksi meid\u00e4n tuotteista.\u00a0 Henkil\u00f6st\u00f6tiimiss\u00e4\u00a0on todella laajaa asiantuntemusta &hellip; Jatka lukemista Toiminimi Anna Juuj\u00e4rvi: Kaikki on mahdollista, kun uskoo itseens\u00e4! &rarr;\" \/>\n<meta property=\"og:url\" content=\"https:\/\/blogit.gradia.fi\/lukiolaisettyoelamaan\/toiminimi-anna-juujarvi-kaikki-on-mahdollista-kun-uskoo-itseensa\/\" \/>\n<meta property=\"og:site_name\" content=\"Lukiolaiset ty\u00f6el\u00e4m\u00e4\u00e4n\" \/>\n<meta property=\"article:modified_time\" content=\"2021-01-05T14:59:43+00:00\" \/>\n<meta property=\"og:image\" content=\"https:\/\/blogit.gradia.fi\/lukiolaisettyoelamaan\/wp-content\/uploads\/sites\/169\/2021\/01\/Anna-Juujarvi-1024x680.png\" \/>\n<meta name=\"twitter:card\" content=\"summary_large_image\" \/>\n<meta name=\"twitter:label1\" content=\"Arvioitu lukuaika\" \/>\n\t<meta name=\"twitter:data1\" content=\"1 minuutti\" \/>\n<script type=\"application\/ld+json\" class=\"yoast-schema-graph\">{\"@context\":\"https:\/\/schema.org\",\"@graph\":[{\"@type\":\"WebPage\",\"@id\":\"https:\/\/blogit.gradia.fi\/lukiolaisettyoelamaan\/toiminimi-anna-juujarvi-kaikki-on-mahdollista-kun-uskoo-itseensa\/\",\"url\":\"https:\/\/blogit.gradia.fi\/lukiolaisettyoelamaan\/toiminimi-anna-juujarvi-kaikki-on-mahdollista-kun-uskoo-itseensa\/\",\"name\":\"Toiminimi Anna Juuj\u00e4rvi: Kaikki on mahdollista, kun uskoo itseens\u00e4! - Lukiolaiset ty\u00f6el\u00e4m\u00e4\u00e4n\",\"isPartOf\":{\"@id\":\"https:\/\/blogit.gradia.fi\/lukiolaisettyoelamaan\/#website\"},\"primaryImageOfPage\":{\"@id\":\"https:\/\/blogit.gradia.fi\/lukiolaisettyoelamaan\/toiminimi-anna-juujarvi-kaikki-on-mahdollista-kun-uskoo-itseensa\/#primaryimage\"},\"image\":{\"@id\":\"https:\/\/blogit.gradia.fi\/lukiolaisettyoelamaan\/toiminimi-anna-juujarvi-kaikki-on-mahdollista-kun-uskoo-itseensa\/#primaryimage\"},\"thumbnailUrl\":\"https:\/\/blogit.gradia.fi\/lukiolaisettyoelamaan\/wp-content\/uploads\/sites\/169\/2021\/01\/Anna-Juujarvi-1024x680.png\",\"datePublished\":\"2021-01-05T14:59:42+00:00\",\"dateModified\":\"2021-01-05T14:59:43+00:00\",\"breadcrumb\":{\"@id\":\"https:\/\/blogit.gradia.fi\/lukiolaisettyoelamaan\/toiminimi-anna-juujarvi-kaikki-on-mahdollista-kun-uskoo-itseensa\/#breadcrumb\"},\"inLanguage\":\"fi\",\"potentialAction\":[{\"@type\":\"ReadAction\",\"target\":[\"https:\/\/blogit.gradia.fi\/lukiolaisettyoelamaan\/toiminimi-anna-juujarvi-kaikki-on-mahdollista-kun-uskoo-itseensa\/\"]}]},{\"@type\":\"ImageObject\",\"inLanguage\":\"fi\",\"@id\":\"https:\/\/blogit.gradia.fi\/lukiolaisettyoelamaan\/toiminimi-anna-juujarvi-kaikki-on-mahdollista-kun-uskoo-itseensa\/#primaryimage\",\"url\":\"https:\/\/blogit.gradia.fi\/lukiolaisettyoelamaan\/wp-content\/uploads\/sites\/169\/2021\/01\/Anna-Juujarvi.png\",\"contentUrl\":\"https:\/\/blogit.gradia.fi\/lukiolaisettyoelamaan\/wp-content\/uploads\/sites\/169\/2021\/01\/Anna-Juujarvi.png\",\"width\":1268,\"height\":842},{\"@type\":\"BreadcrumbList\",\"@id\":\"https:\/\/blogit.gradia.fi\/lukiolaisettyoelamaan\/toiminimi-anna-juujarvi-kaikki-on-mahdollista-kun-uskoo-itseensa\/#breadcrumb\",\"itemListElement\":[{\"@type\":\"ListItem\",\"position\":1,\"name\":\"Home\",\"item\":\"https:\/\/blogit.gradia.fi\/lukiolaisettyoelamaan\/\"},{\"@type\":\"ListItem\",\"position\":2,\"name\":\"Toiminimi Anna Juuj\u00e4rvi: Kaikki on mahdollista, kun uskoo itseens\u00e4!\"}]},{\"@type\":\"WebSite\",\"@id\":\"https:\/\/blogit.gradia.fi\/lukiolaisettyoelamaan\/#website\",\"url\":\"https:\/\/blogit.gradia.fi\/lukiolaisettyoelamaan\/\",\"name\":\"Lukiolaiset ty\u00f6el\u00e4m\u00e4\u00e4n\",\"description\":\"Tervetuloa tutustumaan ja poimimaan hyvi\u00e4 k\u00e4yt\u00e4nteit\u00e4!\",\"potentialAction\":[{\"@type\":\"SearchAction\",\"target\":{\"@type\":\"EntryPoint\",\"urlTemplate\":\"https:\/\/blogit.gradia.fi\/lukiolaisettyoelamaan\/?s={search_term_string}\"},\"query-input\":{\"@type\":\"PropertyValueSpecification\",\"valueRequired\":true,\"valueName\":\"search_term_string\"}}],\"inLanguage\":\"fi\"}]}<\/script>\n<!-- \/ Yoast SEO plugin. -->","yoast_head_json":{"title":"Toiminimi Anna Juuj\u00e4rvi: Kaikki on mahdollista, kun uskoo itseens\u00e4! - Lukiolaiset ty\u00f6el\u00e4m\u00e4\u00e4n","robots":{"index":"index","follow":"follow","max-snippet":"max-snippet:-1","max-image-preview":"max-image-preview:large","max-video-preview":"max-video-preview:-1"},"canonical":"https:\/\/blogit.gradia.fi\/lukiolaisettyoelamaan\/toiminimi-anna-juujarvi-kaikki-on-mahdollista-kun-uskoo-itseensa\/","og_locale":"fi_FI","og_type":"article","og_title":"Toiminimi Anna Juuj\u00e4rvi: Kaikki on mahdollista, kun uskoo itseens\u00e4! - Lukiolaiset ty\u00f6el\u00e4m\u00e4\u00e4n","og_description":"Toiminimi Anna Juuj\u00e4rvi Yritykseni on perustettu vuonna 2007. Rakennan kansainv\u00e4list\u00e4 jakelijaverkostoa,\u00a0jossa on myyntijohtajia, myyntihenkil\u00f6it\u00e4 ja asiakkaita.\u00a0 Tuotteet ovat kokonaisvaltaiseen hyvinvointiin suunnattuja perustuotteita, joita jokainen k\u00e4ytt\u00e4\u00e4 joka p\u00e4iv\u00e4. K\u00e4ymme suihkussa, pesemme hampaita ja laitamme jotain rasvaa nahkaamme. Lis\u00e4ksi my\u00f6s tutkitut ja laadukkaat ravintolis\u00e4t kuuluvat verkkokaupan valikoimaan. My\u00f6s verkkokauppa on yksi meid\u00e4n tuotteista.\u00a0 Henkil\u00f6st\u00f6tiimiss\u00e4\u00a0on todella laajaa asiantuntemusta &hellip; Jatka lukemista Toiminimi Anna Juuj\u00e4rvi: Kaikki on mahdollista, kun uskoo itseens\u00e4! &rarr;","og_url":"https:\/\/blogit.gradia.fi\/lukiolaisettyoelamaan\/toiminimi-anna-juujarvi-kaikki-on-mahdollista-kun-uskoo-itseensa\/","og_site_name":"Lukiolaiset ty\u00f6el\u00e4m\u00e4\u00e4n","article_modified_time":"2021-01-05T14:59:43+00:00","og_image":[{"url":"https:\/\/blogit.gradia.fi\/lukiolaisettyoelamaan\/wp-content\/uploads\/sites\/169\/2021\/01\/Anna-Juujarvi-1024x680.png","type":"","width":"","height":""}],"twitter_card":"summary_large_image","twitter_misc":{"Arvioitu lukuaika":"1 minuutti"},"schema":{"@context":"https:\/\/schema.org","@graph":[{"@type":"WebPage","@id":"https:\/\/blogit.gradia.fi\/lukiolaisettyoelamaan\/toiminimi-anna-juujarvi-kaikki-on-mahdollista-kun-uskoo-itseensa\/","url":"https:\/\/blogit.gradia.fi\/lukiolaisettyoelamaan\/toiminimi-anna-juujarvi-kaikki-on-mahdollista-kun-uskoo-itseensa\/","name":"Toiminimi Anna Juuj\u00e4rvi: Kaikki on mahdollista, kun uskoo itseens\u00e4! - Lukiolaiset ty\u00f6el\u00e4m\u00e4\u00e4n","isPartOf":{"@id":"https:\/\/blogit.gradia.fi\/lukiolaisettyoelamaan\/#website"},"primaryImageOfPage":{"@id":"https:\/\/blogit.gradia.fi\/lukiolaisettyoelamaan\/toiminimi-anna-juujarvi-kaikki-on-mahdollista-kun-uskoo-itseensa\/#primaryimage"},"image":{"@id":"https:\/\/blogit.gradia.fi\/lukiolaisettyoelamaan\/toiminimi-anna-juujarvi-kaikki-on-mahdollista-kun-uskoo-itseensa\/#primaryimage"},"thumbnailUrl":"https:\/\/blogit.gradia.fi\/lukiolaisettyoelamaan\/wp-content\/uploads\/sites\/169\/2021\/01\/Anna-Juujarvi-1024x680.png","datePublished":"2021-01-05T14:59:42+00:00","dateModified":"2021-01-05T14:59:43+00:00","breadcrumb":{"@id":"https:\/\/blogit.gradia.fi\/lukiolaisettyoelamaan\/toiminimi-anna-juujarvi-kaikki-on-mahdollista-kun-uskoo-itseensa\/#breadcrumb"},"inLanguage":"fi","potentialAction":[{"@type":"ReadAction","target":["https:\/\/blogit.gradia.fi\/lukiolaisettyoelamaan\/toiminimi-anna-juujarvi-kaikki-on-mahdollista-kun-uskoo-itseensa\/"]}]},{"@type":"ImageObject","inLanguage":"fi","@id":"https:\/\/blogit.gradia.fi\/lukiolaisettyoelamaan\/toiminimi-anna-juujarvi-kaikki-on-mahdollista-kun-uskoo-itseensa\/#primaryimage","url":"https:\/\/blogit.gradia.fi\/lukiolaisettyoelamaan\/wp-content\/uploads\/sites\/169\/2021\/01\/Anna-Juujarvi.png","contentUrl":"https:\/\/blogit.gradia.fi\/lukiolaisettyoelamaan\/wp-content\/uploads\/sites\/169\/2021\/01\/Anna-Juujarvi.png","width":1268,"height":842},{"@type":"BreadcrumbList","@id":"https:\/\/blogit.gradia.fi\/lukiolaisettyoelamaan\/toiminimi-anna-juujarvi-kaikki-on-mahdollista-kun-uskoo-itseensa\/#breadcrumb","itemListElement":[{"@type":"ListItem","position":1,"name":"Home","item":"https:\/\/blogit.gradia.fi\/lukiolaisettyoelamaan\/"},{"@type":"ListItem","position":2,"name":"Toiminimi Anna Juuj\u00e4rvi: Kaikki on mahdollista, kun uskoo itseens\u00e4!"}]},{"@type":"WebSite","@id":"https:\/\/blogit.gradia.fi\/lukiolaisettyoelamaan\/#website","url":"https:\/\/blogit.gradia.fi\/lukiolaisettyoelamaan\/","name":"Lukiolaiset ty\u00f6el\u00e4m\u00e4\u00e4n","description":"Tervetuloa tutustumaan ja poimimaan hyvi\u00e4 k\u00e4yt\u00e4nteit\u00e4!","potentialAction":[{"@type":"SearchAction","target":{"@type":"EntryPoint","urlTemplate":"https:\/\/blogit.gradia.fi\/lukiolaisettyoelamaan\/?s={search_term_string}"},"query-input":{"@type":"PropertyValueSpecification","valueRequired":true,"valueName":"search_term_string"}}],"inLanguage":"fi"}]}},"uagb_featured_image_src":{"full":false,"thumbnail":false,"medium":false,"medium_large":false,"large":false,"1536x1536":false,"2048x2048":false,"post-thumbnail":false},"uagb_author_info":{"display_name":"Birgitta Mannila","author_link":"https:\/\/blogit.gradia.fi\/lukiolaisettyoelamaan\/author\/mannibir\/"},"uagb_comment_info":0,"uagb_excerpt":"Toiminimi Anna Juuj\u00e4rvi Yritykseni on perustettu vuonna 2007. Rakennan kansainv\u00e4list\u00e4 jakelijaverkostoa,\u00a0jossa on myyntijohtajia, myyntihenkil\u00f6it\u00e4 ja asiakkaita.\u00a0 Tuotteet ovat kokonaisvaltaiseen hyvinvointiin suunnattuja perustuotteita, joita jokainen k\u00e4ytt\u00e4\u00e4 joka p\u00e4iv\u00e4. K\u00e4ymme suihkussa, pesemme hampaita ja laitamme jotain rasvaa nahkaamme. Lis\u00e4ksi my\u00f6s tutkitut ja laadukkaat ravintolis\u00e4t kuuluvat verkkokaupan valikoimaan. My\u00f6s verkkokauppa on yksi meid\u00e4n tuotteista.\u00a0 Henkil\u00f6st\u00f6tiimiss\u00e4\u00a0on todella laajaa asiantuntemusta&hellip;","_links":{"self":[{"href":"https:\/\/blogit.gradia.fi\/lukiolaisettyoelamaan\/wp-json\/wp\/v2\/pages\/846","targetHints":{"allow":["GET"]}}],"collection":[{"href":"https:\/\/blogit.gradia.fi\/lukiolaisettyoelamaan\/wp-json\/wp\/v2\/pages"}],"about":[{"href":"https:\/\/blogit.gradia.fi\/lukiolaisettyoelamaan\/wp-json\/wp\/v2\/types\/page"}],"author":[{"embeddable":true,"href":"https:\/\/blogit.gradia.fi\/lukiolaisettyoelamaan\/wp-json\/wp\/v2\/users\/705"}],"replies":[{"embeddable":true,"href":"https:\/\/blogit.gradia.fi\/lukiolaisettyoelamaan\/wp-json\/wp\/v2\/comments?post=846"}],"version-history":[{"count":1,"href":"https:\/\/blogit.gradia.fi\/lukiolaisettyoelamaan\/wp-json\/wp\/v2\/pages\/846\/revisions"}],"predecessor-version":[{"id":848,"href":"https:\/\/blogit.gradia.fi\/lukiolaisettyoelamaan\/wp-json\/wp\/v2\/pages\/846\/revisions\/848"}],"wp:attachment":[{"href":"https:\/\/blogit.gradia.fi\/lukiolaisettyoelamaan\/wp-json\/wp\/v2\/media?parent=846"}],"curies":[{"name":"wp","href":"https:\/\/api.w.org\/{rel}","templated":true}]}}