{"id":487,"date":"2020-11-11T13:48:46","date_gmt":"2020-11-11T11:48:46","guid":{"rendered":"https:\/\/blogit.gradia.fi\/lukiolaisettyoelamaan\/?page_id=487"},"modified":"2021-01-12T17:20:37","modified_gmt":"2021-01-12T15:20:37","slug":"gradia-lukiot-2","status":"publish","type":"page","link":"https:\/\/blogit.gradia.fi\/lukiolaisettyoelamaan\/hankkeen-tiedot\/gradia-lukiot-2\/","title":{"rendered":"Gradia-lukiot"},"content":{"rendered":"\n<div class=\"wp-block-media-text alignwide is-stacked-on-mobile\"><figure class=\"wp-block-media-text__media\"><img loading=\"lazy\" decoding=\"async\" width=\"1024\" height=\"683\" src=\"https:\/\/blogit.gradia.fi\/lukiolaisettyoelamaan\/wp-content\/uploads\/sites\/169\/2021\/01\/gradia-schildtin-lukio-2018-web-2048px-3573-1-1024x683.jpg\" alt=\"Gradian opiskelija soittaa kitaraa\" class=\"wp-image-868 size-full\" srcset=\"https:\/\/blogit.gradia.fi\/lukiolaisettyoelamaan\/wp-content\/uploads\/sites\/169\/2021\/01\/gradia-schildtin-lukio-2018-web-2048px-3573-1-1024x683.jpg 1024w, https:\/\/blogit.gradia.fi\/lukiolaisettyoelamaan\/wp-content\/uploads\/sites\/169\/2021\/01\/gradia-schildtin-lukio-2018-web-2048px-3573-1-300x200.jpg 300w, https:\/\/blogit.gradia.fi\/lukiolaisettyoelamaan\/wp-content\/uploads\/sites\/169\/2021\/01\/gradia-schildtin-lukio-2018-web-2048px-3573-1-768x512.jpg 768w, https:\/\/blogit.gradia.fi\/lukiolaisettyoelamaan\/wp-content\/uploads\/sites\/169\/2021\/01\/gradia-schildtin-lukio-2018-web-2048px-3573-1-1536x1024.jpg 1536w, https:\/\/blogit.gradia.fi\/lukiolaisettyoelamaan\/wp-content\/uploads\/sites\/169\/2021\/01\/gradia-schildtin-lukio-2018-web-2048px-3573-1.jpg 2048w\" sizes=\"auto, (max-width: 1024px) 100vw, 1024px\" \/><\/figure><div class=\"wp-block-media-text__content\">\n<h2 class=\"wp-block-heading\">Gradia-lukiot eli Jyv\u00e4skyl\u00e4n Lyseon lukio, Schildtin lukio ja Jyv\u00e4skyl\u00e4n aikuislukio<\/h2>\n\n\n\n<p>Gradia-lukiot tarjoavat yleissivistyst\u00e4 ja ylioppilastutkinnon. Eri linjavaihtoehdoissa on mahdollisuus painottaa opintoja itse\u00e4 kiinnostavaan sis\u00e4lt\u00f6\u00f6n. Gradia-lukioihin kuuluvat Jyv\u00e4skyl\u00e4n Lyseon lukio, Schildtin lukio ja Jyv\u00e4skyl\u00e4n aikuislukio. Gradia-lukioissa on opiskelijoita noin 3 400. <\/p>\n\n\n\n<p><\/p>\n<\/div><\/div>\n\n\n\n<p><strong>P\u00e4\u00e4toteuttaja:<\/strong><br><a rel=\"noreferrer noopener\" href=\"https:\/\/www.gradia.fi\/\" target=\"_blank\">Jyv\u00e4skyl\u00e4n koulutuskuntayhtym\u00e4 Gradia<\/a><\/p>\n\n\n\n<p>Projektip\u00e4\u00e4llikk\u00f6 <strong>Birgitta Mannila<\/strong><br>Jyv\u00e4skyl\u00e4n koulutuskuntayhtym\u00e4 Gradia <br>Viitaniementie 1 A, 40101 Jyv\u00e4skyl\u00e4<br>040 341 5594<br>birgitta.mannila@gradia.fi<\/p>\n\n\n\n<p><\/p>\n","protected":false},"excerpt":{"rendered":"<p>Gradia-lukiot eli Jyv\u00e4skyl\u00e4n Lyseon lukio, Schildtin lukio ja Jyv\u00e4skyl\u00e4n aikuislukio Gradia-lukiot tarjoavat yleissivistyst\u00e4 ja ylioppilastutkinnon. Eri linjavaihtoehdoissa on mahdollisuus painottaa opintoja itse\u00e4 kiinnostavaan sis\u00e4lt\u00f6\u00f6n. Gradia-lukioihin kuuluvat Jyv\u00e4skyl\u00e4n Lyseon lukio, Schildtin lukio ja Jyv\u00e4skyl\u00e4n aikuislukio. Gradia-lukioissa on opiskelijoita noin 3 400. P\u00e4\u00e4toteuttaja:Jyv\u00e4skyl\u00e4n koulutuskuntayhtym\u00e4 Gradia Projektip\u00e4\u00e4llikk\u00f6 Birgitta MannilaJyv\u00e4skyl\u00e4n koulutuskuntayhtym\u00e4 Gradia Viitaniementie 1 A, 40101 Jyv\u00e4skyl\u00e4040 341 5594birgitta.mannila@gradia.fi<\/p>\n","protected":false},"author":152,"featured_media":0,"parent":89,"menu_order":1,"comment_status":"closed","ping_status":"closed","template":"","meta":{"_uag_custom_page_level_css":"","footnotes":""},"class_list":["post-487","page","type-page","status-publish","hentry"],"yoast_head":"<!-- This site is optimized with the Yoast SEO plugin v27.2 - https:\/\/yoast.com\/product\/yoast-seo-wordpress\/ -->\n<title>Gradia-lukiot - Lukiolaiset ty\u00f6el\u00e4m\u00e4\u00e4n<\/title>\n<meta name=\"description\" content=\"Gradia-lukiot on mukana Ohjatusti kohti tulevaisuuden ty\u00f6el\u00e4m\u00e4\u00e4 -hankkeessa. Gradia-lukioihin kuuluvat Jyv\u00e4skyl\u00e4n Lyseon lukio, Schildtin lukio ja Jyv\u00e4skyl\u00e4n aikuislukio.\" \/>\n<meta name=\"robots\" content=\"index, follow, max-snippet:-1, max-image-preview:large, max-video-preview:-1\" \/>\n<link rel=\"canonical\" href=\"https:\/\/blogit.gradia.fi\/lukiolaisettyoelamaan\/hankkeen-tiedot\/gradia-lukiot-2\/\" \/>\n<meta property=\"og:locale\" content=\"fi_FI\" \/>\n<meta property=\"og:type\" content=\"article\" \/>\n<meta property=\"og:title\" content=\"Gradia-lukiot - Lukiolaiset ty\u00f6el\u00e4m\u00e4\u00e4n\" \/>\n<meta property=\"og:description\" content=\"Gradia-lukiot on mukana Ohjatusti kohti tulevaisuuden ty\u00f6el\u00e4m\u00e4\u00e4 -hankkeessa. Gradia-lukioihin kuuluvat Jyv\u00e4skyl\u00e4n Lyseon lukio, Schildtin lukio ja Jyv\u00e4skyl\u00e4n aikuislukio.\" \/>\n<meta property=\"og:url\" content=\"https:\/\/blogit.gradia.fi\/lukiolaisettyoelamaan\/hankkeen-tiedot\/gradia-lukiot-2\/\" \/>\n<meta property=\"og:site_name\" content=\"Lukiolaiset ty\u00f6el\u00e4m\u00e4\u00e4n\" \/>\n<meta property=\"article:modified_time\" content=\"2021-01-12T15:20:37+00:00\" \/>\n<meta property=\"og:image\" content=\"https:\/\/blogit.gradia.fi\/lukiolaisettyoelamaan\/wp-content\/uploads\/sites\/169\/2021\/01\/gradia-schildtin-lukio-2018-web-2048px-3573-1-1024x683.jpg\" \/>\n<meta name=\"twitter:card\" content=\"summary_large_image\" \/>\n<meta name=\"twitter:label1\" content=\"Arvioitu lukuaika\" \/>\n\t<meta name=\"twitter:data1\" content=\"1 minuutti\" \/>\n<script type=\"application\/ld+json\" class=\"yoast-schema-graph\">{\"@context\":\"https:\/\/schema.org\",\"@graph\":[{\"@type\":\"WebPage\",\"@id\":\"https:\/\/blogit.gradia.fi\/lukiolaisettyoelamaan\/hankkeen-tiedot\/gradia-lukiot-2\/\",\"url\":\"https:\/\/blogit.gradia.fi\/lukiolaisettyoelamaan\/hankkeen-tiedot\/gradia-lukiot-2\/\",\"name\":\"Gradia-lukiot - Lukiolaiset ty\u00f6el\u00e4m\u00e4\u00e4n\",\"isPartOf\":{\"@id\":\"https:\/\/blogit.gradia.fi\/lukiolaisettyoelamaan\/#website\"},\"primaryImageOfPage\":{\"@id\":\"https:\/\/blogit.gradia.fi\/lukiolaisettyoelamaan\/hankkeen-tiedot\/gradia-lukiot-2\/#primaryimage\"},\"image\":{\"@id\":\"https:\/\/blogit.gradia.fi\/lukiolaisettyoelamaan\/hankkeen-tiedot\/gradia-lukiot-2\/#primaryimage\"},\"thumbnailUrl\":\"https:\/\/blogit.gradia.fi\/lukiolaisettyoelamaan\/wp-content\/uploads\/sites\/169\/2021\/01\/gradia-schildtin-lukio-2018-web-2048px-3573-1-1024x683.jpg\",\"datePublished\":\"2020-11-11T11:48:46+00:00\",\"dateModified\":\"2021-01-12T15:20:37+00:00\",\"description\":\"Gradia-lukiot on mukana Ohjatusti kohti tulevaisuuden ty\u00f6el\u00e4m\u00e4\u00e4 -hankkeessa. Gradia-lukioihin kuuluvat Jyv\u00e4skyl\u00e4n Lyseon lukio, Schildtin lukio ja Jyv\u00e4skyl\u00e4n aikuislukio.\",\"breadcrumb\":{\"@id\":\"https:\/\/blogit.gradia.fi\/lukiolaisettyoelamaan\/hankkeen-tiedot\/gradia-lukiot-2\/#breadcrumb\"},\"inLanguage\":\"fi\",\"potentialAction\":[{\"@type\":\"ReadAction\",\"target\":[\"https:\/\/blogit.gradia.fi\/lukiolaisettyoelamaan\/hankkeen-tiedot\/gradia-lukiot-2\/\"]}]},{\"@type\":\"ImageObject\",\"inLanguage\":\"fi\",\"@id\":\"https:\/\/blogit.gradia.fi\/lukiolaisettyoelamaan\/hankkeen-tiedot\/gradia-lukiot-2\/#primaryimage\",\"url\":\"https:\/\/blogit.gradia.fi\/lukiolaisettyoelamaan\/wp-content\/uploads\/sites\/169\/2021\/01\/gradia-schildtin-lukio-2018-web-2048px-3573-1.jpg\",\"contentUrl\":\"https:\/\/blogit.gradia.fi\/lukiolaisettyoelamaan\/wp-content\/uploads\/sites\/169\/2021\/01\/gradia-schildtin-lukio-2018-web-2048px-3573-1.jpg\",\"width\":2048,\"height\":1365,\"caption\":\"Gradian opiskelija soittaa kitaraa\"},{\"@type\":\"BreadcrumbList\",\"@id\":\"https:\/\/blogit.gradia.fi\/lukiolaisettyoelamaan\/hankkeen-tiedot\/gradia-lukiot-2\/#breadcrumb\",\"itemListElement\":[{\"@type\":\"ListItem\",\"position\":1,\"name\":\"Home\",\"item\":\"https:\/\/blogit.gradia.fi\/lukiolaisettyoelamaan\/\"},{\"@type\":\"ListItem\",\"position\":2,\"name\":\"Hankkeen tiedot\",\"item\":\"https:\/\/blogit.gradia.fi\/lukiolaisettyoelamaan\/hankkeen-tiedot\/\"},{\"@type\":\"ListItem\",\"position\":3,\"name\":\"Gradia-lukiot\"}]},{\"@type\":\"WebSite\",\"@id\":\"https:\/\/blogit.gradia.fi\/lukiolaisettyoelamaan\/#website\",\"url\":\"https:\/\/blogit.gradia.fi\/lukiolaisettyoelamaan\/\",\"name\":\"Lukiolaiset ty\u00f6el\u00e4m\u00e4\u00e4n\",\"description\":\"Tervetuloa tutustumaan ja poimimaan hyvi\u00e4 k\u00e4yt\u00e4nteit\u00e4!\",\"potentialAction\":[{\"@type\":\"SearchAction\",\"target\":{\"@type\":\"EntryPoint\",\"urlTemplate\":\"https:\/\/blogit.gradia.fi\/lukiolaisettyoelamaan\/?s={search_term_string}\"},\"query-input\":{\"@type\":\"PropertyValueSpecification\",\"valueRequired\":true,\"valueName\":\"search_term_string\"}}],\"inLanguage\":\"fi\"}]}<\/script>\n<!-- \/ Yoast SEO plugin. -->","yoast_head_json":{"title":"Gradia-lukiot - Lukiolaiset ty\u00f6el\u00e4m\u00e4\u00e4n","description":"Gradia-lukiot on mukana Ohjatusti kohti tulevaisuuden ty\u00f6el\u00e4m\u00e4\u00e4 -hankkeessa. Gradia-lukioihin kuuluvat Jyv\u00e4skyl\u00e4n Lyseon lukio, Schildtin lukio ja Jyv\u00e4skyl\u00e4n aikuislukio.","robots":{"index":"index","follow":"follow","max-snippet":"max-snippet:-1","max-image-preview":"max-image-preview:large","max-video-preview":"max-video-preview:-1"},"canonical":"https:\/\/blogit.gradia.fi\/lukiolaisettyoelamaan\/hankkeen-tiedot\/gradia-lukiot-2\/","og_locale":"fi_FI","og_type":"article","og_title":"Gradia-lukiot - Lukiolaiset ty\u00f6el\u00e4m\u00e4\u00e4n","og_description":"Gradia-lukiot on mukana Ohjatusti kohti tulevaisuuden ty\u00f6el\u00e4m\u00e4\u00e4 -hankkeessa. Gradia-lukioihin kuuluvat Jyv\u00e4skyl\u00e4n Lyseon lukio, Schildtin lukio ja Jyv\u00e4skyl\u00e4n aikuislukio.","og_url":"https:\/\/blogit.gradia.fi\/lukiolaisettyoelamaan\/hankkeen-tiedot\/gradia-lukiot-2\/","og_site_name":"Lukiolaiset ty\u00f6el\u00e4m\u00e4\u00e4n","article_modified_time":"2021-01-12T15:20:37+00:00","og_image":[{"url":"https:\/\/blogit.gradia.fi\/lukiolaisettyoelamaan\/wp-content\/uploads\/sites\/169\/2021\/01\/gradia-schildtin-lukio-2018-web-2048px-3573-1-1024x683.jpg","type":"","width":"","height":""}],"twitter_card":"summary_large_image","twitter_misc":{"Arvioitu lukuaika":"1 minuutti"},"schema":{"@context":"https:\/\/schema.org","@graph":[{"@type":"WebPage","@id":"https:\/\/blogit.gradia.fi\/lukiolaisettyoelamaan\/hankkeen-tiedot\/gradia-lukiot-2\/","url":"https:\/\/blogit.gradia.fi\/lukiolaisettyoelamaan\/hankkeen-tiedot\/gradia-lukiot-2\/","name":"Gradia-lukiot - Lukiolaiset ty\u00f6el\u00e4m\u00e4\u00e4n","isPartOf":{"@id":"https:\/\/blogit.gradia.fi\/lukiolaisettyoelamaan\/#website"},"primaryImageOfPage":{"@id":"https:\/\/blogit.gradia.fi\/lukiolaisettyoelamaan\/hankkeen-tiedot\/gradia-lukiot-2\/#primaryimage"},"image":{"@id":"https:\/\/blogit.gradia.fi\/lukiolaisettyoelamaan\/hankkeen-tiedot\/gradia-lukiot-2\/#primaryimage"},"thumbnailUrl":"https:\/\/blogit.gradia.fi\/lukiolaisettyoelamaan\/wp-content\/uploads\/sites\/169\/2021\/01\/gradia-schildtin-lukio-2018-web-2048px-3573-1-1024x683.jpg","datePublished":"2020-11-11T11:48:46+00:00","dateModified":"2021-01-12T15:20:37+00:00","description":"Gradia-lukiot on mukana Ohjatusti kohti tulevaisuuden ty\u00f6el\u00e4m\u00e4\u00e4 -hankkeessa. Gradia-lukioihin kuuluvat Jyv\u00e4skyl\u00e4n Lyseon lukio, Schildtin lukio ja Jyv\u00e4skyl\u00e4n aikuislukio.","breadcrumb":{"@id":"https:\/\/blogit.gradia.fi\/lukiolaisettyoelamaan\/hankkeen-tiedot\/gradia-lukiot-2\/#breadcrumb"},"inLanguage":"fi","potentialAction":[{"@type":"ReadAction","target":["https:\/\/blogit.gradia.fi\/lukiolaisettyoelamaan\/hankkeen-tiedot\/gradia-lukiot-2\/"]}]},{"@type":"ImageObject","inLanguage":"fi","@id":"https:\/\/blogit.gradia.fi\/lukiolaisettyoelamaan\/hankkeen-tiedot\/gradia-lukiot-2\/#primaryimage","url":"https:\/\/blogit.gradia.fi\/lukiolaisettyoelamaan\/wp-content\/uploads\/sites\/169\/2021\/01\/gradia-schildtin-lukio-2018-web-2048px-3573-1.jpg","contentUrl":"https:\/\/blogit.gradia.fi\/lukiolaisettyoelamaan\/wp-content\/uploads\/sites\/169\/2021\/01\/gradia-schildtin-lukio-2018-web-2048px-3573-1.jpg","width":2048,"height":1365,"caption":"Gradian opiskelija soittaa kitaraa"},{"@type":"BreadcrumbList","@id":"https:\/\/blogit.gradia.fi\/lukiolaisettyoelamaan\/hankkeen-tiedot\/gradia-lukiot-2\/#breadcrumb","itemListElement":[{"@type":"ListItem","position":1,"name":"Home","item":"https:\/\/blogit.gradia.fi\/lukiolaisettyoelamaan\/"},{"@type":"ListItem","position":2,"name":"Hankkeen tiedot","item":"https:\/\/blogit.gradia.fi\/lukiolaisettyoelamaan\/hankkeen-tiedot\/"},{"@type":"ListItem","position":3,"name":"Gradia-lukiot"}]},{"@type":"WebSite","@id":"https:\/\/blogit.gradia.fi\/lukiolaisettyoelamaan\/#website","url":"https:\/\/blogit.gradia.fi\/lukiolaisettyoelamaan\/","name":"Lukiolaiset ty\u00f6el\u00e4m\u00e4\u00e4n","description":"Tervetuloa tutustumaan ja poimimaan hyvi\u00e4 k\u00e4yt\u00e4nteit\u00e4!","potentialAction":[{"@type":"SearchAction","target":{"@type":"EntryPoint","urlTemplate":"https:\/\/blogit.gradia.fi\/lukiolaisettyoelamaan\/?s={search_term_string}"},"query-input":{"@type":"PropertyValueSpecification","valueRequired":true,"valueName":"search_term_string"}}],"inLanguage":"fi"}]}},"uagb_featured_image_src":{"full":false,"thumbnail":false,"medium":false,"medium_large":false,"large":false,"1536x1536":false,"2048x2048":false,"post-thumbnail":false},"uagb_author_info":{"display_name":"Anna Saari","author_link":"https:\/\/blogit.gradia.fi\/lukiolaisettyoelamaan\/author\/palviann\/"},"uagb_comment_info":0,"uagb_excerpt":"Gradia-lukiot eli Jyv\u00e4skyl\u00e4n Lyseon lukio, Schildtin lukio ja Jyv\u00e4skyl\u00e4n aikuislukio Gradia-lukiot tarjoavat yleissivistyst\u00e4 ja ylioppilastutkinnon. Eri linjavaihtoehdoissa on mahdollisuus painottaa opintoja itse\u00e4 kiinnostavaan sis\u00e4lt\u00f6\u00f6n. Gradia-lukioihin kuuluvat Jyv\u00e4skyl\u00e4n Lyseon lukio, Schildtin lukio ja Jyv\u00e4skyl\u00e4n aikuislukio. Gradia-lukioissa on opiskelijoita noin 3 400. P\u00e4\u00e4toteuttaja:Jyv\u00e4skyl\u00e4n koulutuskuntayhtym\u00e4 Gradia Projektip\u00e4\u00e4llikk\u00f6 Birgitta MannilaJyv\u00e4skyl\u00e4n koulutuskuntayhtym\u00e4 Gradia Viitaniementie 1 A, 40101 Jyv\u00e4skyl\u00e4040 341 5594birgitta.mannila@gradia.fi","_links":{"self":[{"href":"https:\/\/blogit.gradia.fi\/lukiolaisettyoelamaan\/wp-json\/wp\/v2\/pages\/487","targetHints":{"allow":["GET"]}}],"collection":[{"href":"https:\/\/blogit.gradia.fi\/lukiolaisettyoelamaan\/wp-json\/wp\/v2\/pages"}],"about":[{"href":"https:\/\/blogit.gradia.fi\/lukiolaisettyoelamaan\/wp-json\/wp\/v2\/types\/page"}],"author":[{"embeddable":true,"href":"https:\/\/blogit.gradia.fi\/lukiolaisettyoelamaan\/wp-json\/wp\/v2\/users\/152"}],"replies":[{"embeddable":true,"href":"https:\/\/blogit.gradia.fi\/lukiolaisettyoelamaan\/wp-json\/wp\/v2\/comments?post=487"}],"version-history":[{"count":5,"href":"https:\/\/blogit.gradia.fi\/lukiolaisettyoelamaan\/wp-json\/wp\/v2\/pages\/487\/revisions"}],"predecessor-version":[{"id":903,"href":"https:\/\/blogit.gradia.fi\/lukiolaisettyoelamaan\/wp-json\/wp\/v2\/pages\/487\/revisions\/903"}],"up":[{"embeddable":true,"href":"https:\/\/blogit.gradia.fi\/lukiolaisettyoelamaan\/wp-json\/wp\/v2\/pages\/89"}],"wp:attachment":[{"href":"https:\/\/blogit.gradia.fi\/lukiolaisettyoelamaan\/wp-json\/wp\/v2\/media?parent=487"}],"curies":[{"name":"wp","href":"https:\/\/api.w.org\/{rel}","templated":true}]}}