{"id":1014,"date":"2021-01-20T14:02:19","date_gmt":"2021-01-20T12:02:19","guid":{"rendered":"https:\/\/blogit.gradia.fi\/lukiolaisettyoelamaan\/?page_id=1014"},"modified":"2021-01-27T13:34:32","modified_gmt":"2021-01-27T11:34:32","slug":"tiimijakso-teemana-tulevaisuus-webinaari","status":"publish","type":"page","link":"https:\/\/blogit.gradia.fi\/lukiolaisettyoelamaan\/tiimijakso-teemana-tulevaisuus-webinaari\/","title":{"rendered":"Webinaari:  Tiimijakso \u2013 teemana tulevaisuus!"},"content":{"rendered":"\n<p><strong>Tervetuloa Tiimijakso \u2013 teemana tulevaisuus! -webinaariin!<\/strong> Luvassa on kiinnostavia kokemuksia Kuopion klassillisessa lukiossa. Kerromme mm. englannin opetuksesta tiimijaksossa sek\u00e4 Innovaatioviikko-yritt\u00e4jyysprojektista yhteisty\u00f6ss\u00e4 <a href=\"https:\/\/www.bcpohjois-savo.fi\/\" target=\"_blank\" rel=\"noreferrer noopener\">Pohjois-Savon Business Centerin<\/a> kanssa. <\/p>\n\n\n\n<p><strong>Aika:&nbsp;maanantai 1.2.2021 klo 14.30-16.00<br>Paikka: verkossa<\/strong><\/p>\n\n\n\n<p>14.30\u201314.35&nbsp; <strong>Webinaarin avaus\u202fja k\u00e4yt\u00e4nn\u00f6n ohjeistukset<\/strong>&nbsp;<\/p>\n\n\n\n<ul class=\"wp-block-list\"><li>Apulaisrehtori Inka Kokkonen, <a href=\"https:\/\/blogit.gradia.fi\/lukiolaisettyoelamaan\/\">Ohjatusti kohti tulevaisuuden ty\u00f6el\u00e4m\u00e4\u00e4<\/a> -hankkeen Kuopion koordinaattori&nbsp;<\/li><\/ul>\n\n\n\n<p>14.40\u201315.05&nbsp; <strong>Tiimijakso Klassikassa<\/strong>&nbsp;<\/p>\n\n\n\n<ul class=\"wp-block-list\"><li>Lehtori Riikka Salminen, Kuopion klassillinen lukio&nbsp;<\/li><\/ul>\n\n\n\n<p>15.05\u201315.25&nbsp; <strong>Englannin opetus tiimijaksossa<\/strong>&nbsp;<\/p>\n\n\n\n<ul class=\"wp-block-list\"><li>Lehtori Hanna Sutinen, Kuopion klassillinen lukio&nbsp;<\/li><li>Iiro Ker\u00e4nen, kielten opiskelija, Jyv\u00e4skyl\u00e4n yliopisto&nbsp;<\/li><\/ul>\n\n\n\n<p>15.25\u201315.55&nbsp; <strong>Innovaatioviikko \u2013 yritt\u00e4jyysprojekti lukiolaiselle<\/strong>&nbsp;<\/p>\n\n\n\n<ul class=\"wp-block-list\"><li>Matti Laitinen,\u202fInnovaatioasiantuntija, Pohjois-Savon Business Center&nbsp;<\/li><\/ul>\n\n\n\n<p>15.55\u201316.00&nbsp; <strong>Tilaisuuden lopetus<\/strong>&nbsp;<\/p>\n\n\n\n<p><a href=\"https:\/\/forms.office.com\/Pages\/ResponsePage.aspx?id=gUEUTmgvH0Cqhp7J5ADmsxviw5RpuSJIvp1kIxjEFY1UM0lRUTNJSExFN1NMOFpSWENBSFM1QTZSNi4u\" target=\"_blank\" rel=\"noreferrer noopener\"><strong>Ilmoittaudu webinaariin t\u00e4m<\/strong><\/a><strong><a href=\"https:\/\/forms.office.com\/Pages\/ResponsePage.aspx?id=gUEUTmgvH0Cqhp7J5ADmsxviw5RpuSJIvp1kIxjEFY1UM0lRUTNJSExFN1NMOFpSWENBSFM1QTZSNi4u\" target=\"_blank\" rel=\"noreferrer noopener\">\u00e4n linkin kautta viimeist\u00e4\u00e4n 30.1.2021<\/a><\/strong><\/p>\n\n\n\n<p><strong>Lis\u00e4tietoja<\/strong> <strong>Inka Kokkonen, Kuopion lukiot<\/strong><br><strong>044\u202f718 4541&nbsp;<\/strong>&nbsp;<br><strong>inka.kokkonen@kuopio.fi<\/strong>&nbsp;<\/p>\n","protected":false},"excerpt":{"rendered":"<p>Tervetuloa Tiimijakso \u2013 teemana tulevaisuus! -webinaariin! Luvassa on kiinnostavia kokemuksia Kuopion klassillisessa lukiossa. Kerromme mm. englannin opetuksesta tiimijaksossa sek\u00e4 Innovaatioviikko-yritt\u00e4jyysprojektista yhteisty\u00f6ss\u00e4 Pohjois-Savon Business Centerin kanssa. Aika:&nbsp;maanantai 1.2.2021 klo 14.30-16.00Paikka: verkossa 14.30\u201314.35&nbsp; Webinaarin avaus\u202fja k\u00e4yt\u00e4nn\u00f6n ohjeistukset&nbsp; Apulaisrehtori Inka Kokkonen, Ohjatusti kohti tulevaisuuden ty\u00f6el\u00e4m\u00e4\u00e4 -hankkeen Kuopion koordinaattori&nbsp; 14.40\u201315.05&nbsp; Tiimijakso Klassikassa&nbsp; Lehtori Riikka Salminen, Kuopion klassillinen lukio&nbsp; 15.05\u201315.25&nbsp; &hellip; <a href=\"https:\/\/blogit.gradia.fi\/lukiolaisettyoelamaan\/tiimijakso-teemana-tulevaisuus-webinaari\/\" class=\"more-link\">Jatka lukemista <span class=\"screen-reader-text\">Webinaari:  Tiimijakso \u2013 teemana tulevaisuus!<\/span> <span class=\"meta-nav\">&rarr;<\/span><\/a><\/p>\n","protected":false},"author":152,"featured_media":0,"parent":0,"menu_order":0,"comment_status":"closed","ping_status":"closed","template":"","meta":{"_uag_custom_page_level_css":"","footnotes":""},"class_list":["post-1014","page","type-page","status-publish","hentry"],"yoast_head":"<!-- This site is optimized with the Yoast SEO plugin v27.2 - https:\/\/yoast.com\/product\/yoast-seo-wordpress\/ -->\n<title>Webinaari: Tiimijakso \u2013 teemana tulevaisuus! - Lukiolaiset ty\u00f6el\u00e4m\u00e4\u00e4n<\/title>\n<meta name=\"description\" content=\"Tervetuloa Tiimijakso \u2013 teemana tulevaisuus! -webinaariin! Luvassa on kiinnostavia kokemuksia Kuopion klassillisessa lukiossa.\" \/>\n<meta name=\"robots\" content=\"index, follow, max-snippet:-1, max-image-preview:large, max-video-preview:-1\" \/>\n<link rel=\"canonical\" href=\"https:\/\/blogit.gradia.fi\/lukiolaisettyoelamaan\/tiimijakso-teemana-tulevaisuus-webinaari\/\" \/>\n<meta property=\"og:locale\" content=\"fi_FI\" \/>\n<meta property=\"og:type\" content=\"article\" \/>\n<meta property=\"og:title\" content=\"Webinaari: Tiimijakso \u2013 teemana tulevaisuus! - Lukiolaiset ty\u00f6el\u00e4m\u00e4\u00e4n\" \/>\n<meta property=\"og:description\" content=\"Tervetuloa Tiimijakso \u2013 teemana tulevaisuus! -webinaariin! Luvassa on kiinnostavia kokemuksia Kuopion klassillisessa lukiossa.\" \/>\n<meta property=\"og:url\" content=\"https:\/\/blogit.gradia.fi\/lukiolaisettyoelamaan\/tiimijakso-teemana-tulevaisuus-webinaari\/\" \/>\n<meta property=\"og:site_name\" content=\"Lukiolaiset ty\u00f6el\u00e4m\u00e4\u00e4n\" \/>\n<meta property=\"article:modified_time\" content=\"2021-01-27T11:34:32+00:00\" \/>\n<meta name=\"twitter:card\" content=\"summary_large_image\" \/>\n<meta name=\"twitter:label1\" content=\"Arvioitu lukuaika\" \/>\n\t<meta name=\"twitter:data1\" content=\"1 minuutti\" \/>\n<script type=\"application\/ld+json\" class=\"yoast-schema-graph\">{\"@context\":\"https:\/\/schema.org\",\"@graph\":[{\"@type\":\"WebPage\",\"@id\":\"https:\/\/blogit.gradia.fi\/lukiolaisettyoelamaan\/tiimijakso-teemana-tulevaisuus-webinaari\/\",\"url\":\"https:\/\/blogit.gradia.fi\/lukiolaisettyoelamaan\/tiimijakso-teemana-tulevaisuus-webinaari\/\",\"name\":\"Webinaari: Tiimijakso \u2013 teemana tulevaisuus! - Lukiolaiset ty\u00f6el\u00e4m\u00e4\u00e4n\",\"isPartOf\":{\"@id\":\"https:\/\/blogit.gradia.fi\/lukiolaisettyoelamaan\/#website\"},\"datePublished\":\"2021-01-20T12:02:19+00:00\",\"dateModified\":\"2021-01-27T11:34:32+00:00\",\"description\":\"Tervetuloa Tiimijakso \u2013 teemana tulevaisuus! -webinaariin! Luvassa on kiinnostavia kokemuksia Kuopion klassillisessa lukiossa.\",\"breadcrumb\":{\"@id\":\"https:\/\/blogit.gradia.fi\/lukiolaisettyoelamaan\/tiimijakso-teemana-tulevaisuus-webinaari\/#breadcrumb\"},\"inLanguage\":\"fi\",\"potentialAction\":[{\"@type\":\"ReadAction\",\"target\":[\"https:\/\/blogit.gradia.fi\/lukiolaisettyoelamaan\/tiimijakso-teemana-tulevaisuus-webinaari\/\"]}]},{\"@type\":\"BreadcrumbList\",\"@id\":\"https:\/\/blogit.gradia.fi\/lukiolaisettyoelamaan\/tiimijakso-teemana-tulevaisuus-webinaari\/#breadcrumb\",\"itemListElement\":[{\"@type\":\"ListItem\",\"position\":1,\"name\":\"Home\",\"item\":\"https:\/\/blogit.gradia.fi\/lukiolaisettyoelamaan\/\"},{\"@type\":\"ListItem\",\"position\":2,\"name\":\"Webinaari: Tiimijakso \u2013 teemana tulevaisuus!\"}]},{\"@type\":\"WebSite\",\"@id\":\"https:\/\/blogit.gradia.fi\/lukiolaisettyoelamaan\/#website\",\"url\":\"https:\/\/blogit.gradia.fi\/lukiolaisettyoelamaan\/\",\"name\":\"Lukiolaiset ty\u00f6el\u00e4m\u00e4\u00e4n\",\"description\":\"Tervetuloa tutustumaan ja poimimaan hyvi\u00e4 k\u00e4yt\u00e4nteit\u00e4!\",\"potentialAction\":[{\"@type\":\"SearchAction\",\"target\":{\"@type\":\"EntryPoint\",\"urlTemplate\":\"https:\/\/blogit.gradia.fi\/lukiolaisettyoelamaan\/?s={search_term_string}\"},\"query-input\":{\"@type\":\"PropertyValueSpecification\",\"valueRequired\":true,\"valueName\":\"search_term_string\"}}],\"inLanguage\":\"fi\"}]}<\/script>\n<!-- \/ Yoast SEO plugin. -->","yoast_head_json":{"title":"Webinaari: Tiimijakso \u2013 teemana tulevaisuus! - Lukiolaiset ty\u00f6el\u00e4m\u00e4\u00e4n","description":"Tervetuloa Tiimijakso \u2013 teemana tulevaisuus! -webinaariin! Luvassa on kiinnostavia kokemuksia Kuopion klassillisessa lukiossa.","robots":{"index":"index","follow":"follow","max-snippet":"max-snippet:-1","max-image-preview":"max-image-preview:large","max-video-preview":"max-video-preview:-1"},"canonical":"https:\/\/blogit.gradia.fi\/lukiolaisettyoelamaan\/tiimijakso-teemana-tulevaisuus-webinaari\/","og_locale":"fi_FI","og_type":"article","og_title":"Webinaari: Tiimijakso \u2013 teemana tulevaisuus! - Lukiolaiset ty\u00f6el\u00e4m\u00e4\u00e4n","og_description":"Tervetuloa Tiimijakso \u2013 teemana tulevaisuus! -webinaariin! Luvassa on kiinnostavia kokemuksia Kuopion klassillisessa lukiossa.","og_url":"https:\/\/blogit.gradia.fi\/lukiolaisettyoelamaan\/tiimijakso-teemana-tulevaisuus-webinaari\/","og_site_name":"Lukiolaiset ty\u00f6el\u00e4m\u00e4\u00e4n","article_modified_time":"2021-01-27T11:34:32+00:00","twitter_card":"summary_large_image","twitter_misc":{"Arvioitu lukuaika":"1 minuutti"},"schema":{"@context":"https:\/\/schema.org","@graph":[{"@type":"WebPage","@id":"https:\/\/blogit.gradia.fi\/lukiolaisettyoelamaan\/tiimijakso-teemana-tulevaisuus-webinaari\/","url":"https:\/\/blogit.gradia.fi\/lukiolaisettyoelamaan\/tiimijakso-teemana-tulevaisuus-webinaari\/","name":"Webinaari: Tiimijakso \u2013 teemana tulevaisuus! - Lukiolaiset ty\u00f6el\u00e4m\u00e4\u00e4n","isPartOf":{"@id":"https:\/\/blogit.gradia.fi\/lukiolaisettyoelamaan\/#website"},"datePublished":"2021-01-20T12:02:19+00:00","dateModified":"2021-01-27T11:34:32+00:00","description":"Tervetuloa Tiimijakso \u2013 teemana tulevaisuus! -webinaariin! Luvassa on kiinnostavia kokemuksia Kuopion klassillisessa lukiossa.","breadcrumb":{"@id":"https:\/\/blogit.gradia.fi\/lukiolaisettyoelamaan\/tiimijakso-teemana-tulevaisuus-webinaari\/#breadcrumb"},"inLanguage":"fi","potentialAction":[{"@type":"ReadAction","target":["https:\/\/blogit.gradia.fi\/lukiolaisettyoelamaan\/tiimijakso-teemana-tulevaisuus-webinaari\/"]}]},{"@type":"BreadcrumbList","@id":"https:\/\/blogit.gradia.fi\/lukiolaisettyoelamaan\/tiimijakso-teemana-tulevaisuus-webinaari\/#breadcrumb","itemListElement":[{"@type":"ListItem","position":1,"name":"Home","item":"https:\/\/blogit.gradia.fi\/lukiolaisettyoelamaan\/"},{"@type":"ListItem","position":2,"name":"Webinaari: Tiimijakso \u2013 teemana tulevaisuus!"}]},{"@type":"WebSite","@id":"https:\/\/blogit.gradia.fi\/lukiolaisettyoelamaan\/#website","url":"https:\/\/blogit.gradia.fi\/lukiolaisettyoelamaan\/","name":"Lukiolaiset ty\u00f6el\u00e4m\u00e4\u00e4n","description":"Tervetuloa tutustumaan ja poimimaan hyvi\u00e4 k\u00e4yt\u00e4nteit\u00e4!","potentialAction":[{"@type":"SearchAction","target":{"@type":"EntryPoint","urlTemplate":"https:\/\/blogit.gradia.fi\/lukiolaisettyoelamaan\/?s={search_term_string}"},"query-input":{"@type":"PropertyValueSpecification","valueRequired":true,"valueName":"search_term_string"}}],"inLanguage":"fi"}]}},"uagb_featured_image_src":{"full":false,"thumbnail":false,"medium":false,"medium_large":false,"large":false,"1536x1536":false,"2048x2048":false,"post-thumbnail":false},"uagb_author_info":{"display_name":"Anna Saari","author_link":"https:\/\/blogit.gradia.fi\/lukiolaisettyoelamaan\/author\/palviann\/"},"uagb_comment_info":0,"uagb_excerpt":"Tervetuloa Tiimijakso \u2013 teemana tulevaisuus! -webinaariin! Luvassa on kiinnostavia kokemuksia Kuopion klassillisessa lukiossa. Kerromme mm. englannin opetuksesta tiimijaksossa sek\u00e4 Innovaatioviikko-yritt\u00e4jyysprojektista yhteisty\u00f6ss\u00e4 Pohjois-Savon Business Centerin kanssa. Aika:&nbsp;maanantai 1.2.2021 klo 14.30-16.00Paikka: verkossa 14.30\u201314.35&nbsp; Webinaarin avaus\u202fja k\u00e4yt\u00e4nn\u00f6n ohjeistukset&nbsp; Apulaisrehtori Inka Kokkonen, Ohjatusti kohti tulevaisuuden ty\u00f6el\u00e4m\u00e4\u00e4 -hankkeen Kuopion koordinaattori&nbsp; 14.40\u201315.05&nbsp; Tiimijakso Klassikassa&nbsp; Lehtori Riikka Salminen, Kuopion klassillinen lukio&nbsp; 15.05\u201315.25&nbsp;&hellip;","_links":{"self":[{"href":"https:\/\/blogit.gradia.fi\/lukiolaisettyoelamaan\/wp-json\/wp\/v2\/pages\/1014","targetHints":{"allow":["GET"]}}],"collection":[{"href":"https:\/\/blogit.gradia.fi\/lukiolaisettyoelamaan\/wp-json\/wp\/v2\/pages"}],"about":[{"href":"https:\/\/blogit.gradia.fi\/lukiolaisettyoelamaan\/wp-json\/wp\/v2\/types\/page"}],"author":[{"embeddable":true,"href":"https:\/\/blogit.gradia.fi\/lukiolaisettyoelamaan\/wp-json\/wp\/v2\/users\/152"}],"replies":[{"embeddable":true,"href":"https:\/\/blogit.gradia.fi\/lukiolaisettyoelamaan\/wp-json\/wp\/v2\/comments?post=1014"}],"version-history":[{"count":4,"href":"https:\/\/blogit.gradia.fi\/lukiolaisettyoelamaan\/wp-json\/wp\/v2\/pages\/1014\/revisions"}],"predecessor-version":[{"id":1052,"href":"https:\/\/blogit.gradia.fi\/lukiolaisettyoelamaan\/wp-json\/wp\/v2\/pages\/1014\/revisions\/1052"}],"wp:attachment":[{"href":"https:\/\/blogit.gradia.fi\/lukiolaisettyoelamaan\/wp-json\/wp\/v2\/media?parent=1014"}],"curies":[{"name":"wp","href":"https:\/\/api.w.org\/{rel}","templated":true}]}}