{"id":32,"date":"2016-09-07T12:45:55","date_gmt":"2016-09-07T09:45:55","guid":{"rendered":"https:\/\/blogit.gradia.fi\/yhteiskuntataidot\/?page_id=32"},"modified":"2019-05-07T09:50:38","modified_gmt":"2019-05-07T06:50:38","slug":"kuluttajan-oikeudet-ja-velvollisuudet","status":"publish","type":"page","link":"https:\/\/blogit.gradia.fi\/kestavakehitys\/kuluttajan-oikeudet-ja-velvollisuudet\/","title":{"rendered":"Ilmastonmuutos"},"content":{"rendered":"<p><img loading=\"lazy\" decoding=\"async\" class=\"alignnone size-medium wp-image-272\" src=\"https:\/\/blogit.gradia.fi\/kestavakehitys\/wp-content\/uploads\/sites\/34\/2018\/11\/1-300x200.jpg\" alt=\"\" width=\"300\" height=\"200\" srcset=\"https:\/\/blogit.gradia.fi\/kestavakehitys\/wp-content\/uploads\/sites\/34\/2018\/11\/1-300x200.jpg 300w, https:\/\/blogit.gradia.fi\/kestavakehitys\/wp-content\/uploads\/sites\/34\/2018\/11\/1-768x512.jpg 768w, https:\/\/blogit.gradia.fi\/kestavakehitys\/wp-content\/uploads\/sites\/34\/2018\/11\/1-624x416.jpg 624w, https:\/\/blogit.gradia.fi\/kestavakehitys\/wp-content\/uploads\/sites\/34\/2018\/11\/1.jpg 1000w\" sizes=\"auto, (max-width: 300px) 100vw, 300px\" \/><\/p>\n<p>Etsi tietoa ilmastonmuutoksesta, sen <strong>vaikutuksista ja hillinn\u00e4st\u00e4<\/strong>. Mit\u00e4 uhkia, mahdollisuuksia ja muutospaineita ilmastonmuutos (soputuminen ja hillint\u00e4) aiheuttaa omalla ammattialallasi? Laadi kaksi tietoiskua esimerkiksi seuraavista aiheista:<\/p>\n<ul>\n<li>ilmastonmuutos ja energian tuotanto<\/li>\n<li>ilmastonmuutos ja energian k\u00e4ytt\u00f6<\/li>\n<li>ilmastonmuutos ja l\u00e4mmitys<\/li>\n<li>ilmastonmuutos ja ravinto<\/li>\n<li>ilmastonmuutos ja vesi<\/li>\n<li>ilmastonmuutos ja liikkuminen<\/li>\n<li>ilmaston muutos ja teollinen tuotanto<\/li>\n<li>ilmastonmuutos ja luonnon monimuotoisuus<\/li>\n<li>ilmastonmuutos ja matkailu<\/li>\n<\/ul>\n<p>Palauta tietoiskut sovitulle oppimisalustalle m\u00e4\u00e4r\u00e4aikaan menness\u00e4.<\/p>\n<p>Voit etsi\u00e4 tietoa esim. n\u00e4ist\u00e4 linkeist\u00e4:<\/p>\n<ul>\n<li><a href=\"http:\/\/ilmasto-opas.fi\/fi\/ilmastonmuutos\/vaikutukset\" target=\"_blank\" rel=\"noopener noreferrer\">Ilmasto-opas.fi: ilmastonmuutoksen vaikutukset<\/a><\/li>\n<li><a href=\"http:\/\/ilmasto-opas.fi\/fi\/ilmastonmuutos\/videot-ja-visualisoinnit\/-\/artikkeli\/b4df9633-7e1f-4389-9dd0-a0539588f211\/visualisoinnit.html#vaikutusartikkelit\" target=\"_blank\" rel=\"noopener noreferrer\">Ilmasto-opas.fi: ilmastonmuutoksen vaikutukset, artikkelit<\/a><\/li>\n<li><a href=\"http:\/\/ilmasto-opas.fi\/fi\/ilmastonmuutos\/hillinta\" target=\"_blank\" rel=\"noopener noreferrer\">Ilmasto-opas.fi: ilmastonmuutoksen hillint\u00e4<\/a><\/li>\n<li><a href=\"http:\/\/www.ymparisto.fi\/fi-FI\/Ilmasto_ja_ilma\/Ilmastonmuutoksen_hillinta\" target=\"_blank\" rel=\"noopener noreferrer\">Ymp\u00e4rist\u00f6hallinto: ilmastonmuutoksen hillint\u00e4<\/a><\/li>\n<li><a href=\"http:\/\/www.ymparisto.fi\/fi-FI\/Ilmasto_ja_ilma\/Ilmastonmuutokseen_sopeutuminen\" target=\"_blank\" rel=\"noopener noreferrer\">Ymp\u00e4rist\u00f6hallinto: ilmastonmuutokseen sopeutuminen<\/a><\/li>\n<li><a href=\"http:\/\/www.ymparisto.fi\/fi-FI\/Ilmasto_ja_ilma\/Ilmastonmuutoksen_vaikutukset\" target=\"_blank\" rel=\"noopener noreferrer\">Ymp\u00e4rist\u00f6hallinto: ilmastonmuutoksen vaikutukset<\/a><\/li>\n<\/ul>\n","protected":false},"excerpt":{"rendered":"<p>Etsi tietoa ilmastonmuutoksesta, sen vaikutuksista ja hillinn\u00e4st\u00e4. Mit\u00e4 uhkia, mahdollisuuksia ja muutospaineita ilmastonmuutos (soputuminen ja hillint\u00e4) aiheuttaa omalla ammattialallasi? Laadi kaksi tietoiskua esimerkiksi seuraavista aiheista: ilmastonmuutos ja energian tuotanto ilmastonmuutos ja energian k\u00e4ytt\u00f6 ilmastonmuutos ja l\u00e4mmitys ilmastonmuutos ja ravinto ilmastonmuutos ja vesi ilmastonmuutos ja liikkuminen ilmaston muutos ja teollinen tuotanto ilmastonmuutos ja luonnon monimuotoisuus ilmastonmuutos [&hellip;]<\/p>\n","protected":false},"author":262,"featured_media":0,"parent":0,"menu_order":0,"comment_status":"closed","ping_status":"closed","template":"","meta":{"_uag_custom_page_level_css":"","footnotes":""},"class_list":["post-32","page","type-page","status-publish","hentry"],"yoast_head":"<!-- This site is optimized with the Yoast SEO plugin v27.4 - https:\/\/yoast.com\/product\/yoast-seo-wordpress\/ -->\n<title>Ilmastonmuutos - Kest\u00e4v\u00e4n kehityksen - verkkokurssi<\/title>\n<meta name=\"robots\" content=\"index, follow, max-snippet:-1, max-image-preview:large, max-video-preview:-1\" \/>\n<link rel=\"canonical\" href=\"https:\/\/blogit.gradia.fi\/kestavakehitys\/kuluttajan-oikeudet-ja-velvollisuudet\/\" \/>\n<meta property=\"og:locale\" content=\"fi_FI\" \/>\n<meta property=\"og:type\" content=\"article\" \/>\n<meta property=\"og:title\" content=\"Ilmastonmuutos - Kest\u00e4v\u00e4n kehityksen - verkkokurssi\" \/>\n<meta property=\"og:description\" content=\"Etsi tietoa ilmastonmuutoksesta, sen vaikutuksista ja hillinn\u00e4st\u00e4. Mit\u00e4 uhkia, mahdollisuuksia ja muutospaineita ilmastonmuutos (soputuminen ja hillint\u00e4) aiheuttaa omalla ammattialallasi? Laadi kaksi tietoiskua esimerkiksi seuraavista aiheista: ilmastonmuutos ja energian tuotanto ilmastonmuutos ja energian k\u00e4ytt\u00f6 ilmastonmuutos ja l\u00e4mmitys ilmastonmuutos ja ravinto ilmastonmuutos ja vesi ilmastonmuutos ja liikkuminen ilmaston muutos ja teollinen tuotanto ilmastonmuutos ja luonnon monimuotoisuus ilmastonmuutos [&hellip;]\" \/>\n<meta property=\"og:url\" content=\"https:\/\/blogit.gradia.fi\/kestavakehitys\/kuluttajan-oikeudet-ja-velvollisuudet\/\" \/>\n<meta property=\"og:site_name\" content=\"Kest\u00e4v\u00e4n kehityksen - verkkokurssi\" \/>\n<meta property=\"article:modified_time\" content=\"2019-05-07T06:50:38+00:00\" \/>\n<meta property=\"og:image\" content=\"https:\/\/blogit.gradia.fi\/kestavakehitys\/wp-content\/uploads\/sites\/34\/2018\/11\/1-300x200.jpg\" \/>\n<meta name=\"twitter:card\" content=\"summary_large_image\" \/>\n<meta name=\"twitter:label1\" content=\"Arvioitu lukuaika\" \/>\n\t<meta name=\"twitter:data1\" content=\"1 minuutti\" \/>\n<script type=\"application\/ld+json\" class=\"yoast-schema-graph\">{\"@context\":\"https:\\\/\\\/schema.org\",\"@graph\":[{\"@type\":\"WebPage\",\"@id\":\"https:\\\/\\\/blogit.gradia.fi\\\/kestavakehitys\\\/kuluttajan-oikeudet-ja-velvollisuudet\\\/\",\"url\":\"https:\\\/\\\/blogit.gradia.fi\\\/kestavakehitys\\\/kuluttajan-oikeudet-ja-velvollisuudet\\\/\",\"name\":\"Ilmastonmuutos - Kest\u00e4v\u00e4n kehityksen - verkkokurssi\",\"isPartOf\":{\"@id\":\"https:\\\/\\\/blogit.gradia.fi\\\/kestavakehitys\\\/#website\"},\"primaryImageOfPage\":{\"@id\":\"https:\\\/\\\/blogit.gradia.fi\\\/kestavakehitys\\\/kuluttajan-oikeudet-ja-velvollisuudet\\\/#primaryimage\"},\"image\":{\"@id\":\"https:\\\/\\\/blogit.gradia.fi\\\/kestavakehitys\\\/kuluttajan-oikeudet-ja-velvollisuudet\\\/#primaryimage\"},\"thumbnailUrl\":\"https:\\\/\\\/blogit.gradia.fi\\\/kestavakehitys\\\/wp-content\\\/uploads\\\/sites\\\/34\\\/2018\\\/11\\\/1-300x200.jpg\",\"datePublished\":\"2016-09-07T09:45:55+00:00\",\"dateModified\":\"2019-05-07T06:50:38+00:00\",\"inLanguage\":\"fi\",\"potentialAction\":[{\"@type\":\"ReadAction\",\"target\":[\"https:\\\/\\\/blogit.gradia.fi\\\/kestavakehitys\\\/kuluttajan-oikeudet-ja-velvollisuudet\\\/\"]}]},{\"@type\":\"ImageObject\",\"inLanguage\":\"fi\",\"@id\":\"https:\\\/\\\/blogit.gradia.fi\\\/kestavakehitys\\\/kuluttajan-oikeudet-ja-velvollisuudet\\\/#primaryimage\",\"url\":\"https:\\\/\\\/blogit.gradia.fi\\\/kestavakehitys\\\/wp-content\\\/uploads\\\/sites\\\/34\\\/2018\\\/11\\\/1.jpg\",\"contentUrl\":\"https:\\\/\\\/blogit.gradia.fi\\\/kestavakehitys\\\/wp-content\\\/uploads\\\/sites\\\/34\\\/2018\\\/11\\\/1.jpg\",\"width\":1000,\"height\":667},{\"@type\":\"WebSite\",\"@id\":\"https:\\\/\\\/blogit.gradia.fi\\\/kestavakehitys\\\/#website\",\"url\":\"https:\\\/\\\/blogit.gradia.fi\\\/kestavakehitys\\\/\",\"name\":\"Kest\u00e4v\u00e4n kehityksen - verkkokurssi\",\"description\":\"Uusi ao-blogit -sivusto\",\"potentialAction\":[{\"@type\":\"SearchAction\",\"target\":{\"@type\":\"EntryPoint\",\"urlTemplate\":\"https:\\\/\\\/blogit.gradia.fi\\\/kestavakehitys\\\/?s={search_term_string}\"},\"query-input\":{\"@type\":\"PropertyValueSpecification\",\"valueRequired\":true,\"valueName\":\"search_term_string\"}}],\"inLanguage\":\"fi\"}]}<\/script>\n<!-- \/ Yoast SEO plugin. -->","yoast_head_json":{"title":"Ilmastonmuutos - Kest\u00e4v\u00e4n kehityksen - verkkokurssi","robots":{"index":"index","follow":"follow","max-snippet":"max-snippet:-1","max-image-preview":"max-image-preview:large","max-video-preview":"max-video-preview:-1"},"canonical":"https:\/\/blogit.gradia.fi\/kestavakehitys\/kuluttajan-oikeudet-ja-velvollisuudet\/","og_locale":"fi_FI","og_type":"article","og_title":"Ilmastonmuutos - Kest\u00e4v\u00e4n kehityksen - verkkokurssi","og_description":"Etsi tietoa ilmastonmuutoksesta, sen vaikutuksista ja hillinn\u00e4st\u00e4. Mit\u00e4 uhkia, mahdollisuuksia ja muutospaineita ilmastonmuutos (soputuminen ja hillint\u00e4) aiheuttaa omalla ammattialallasi? Laadi kaksi tietoiskua esimerkiksi seuraavista aiheista: ilmastonmuutos ja energian tuotanto ilmastonmuutos ja energian k\u00e4ytt\u00f6 ilmastonmuutos ja l\u00e4mmitys ilmastonmuutos ja ravinto ilmastonmuutos ja vesi ilmastonmuutos ja liikkuminen ilmaston muutos ja teollinen tuotanto ilmastonmuutos ja luonnon monimuotoisuus ilmastonmuutos [&hellip;]","og_url":"https:\/\/blogit.gradia.fi\/kestavakehitys\/kuluttajan-oikeudet-ja-velvollisuudet\/","og_site_name":"Kest\u00e4v\u00e4n kehityksen - verkkokurssi","article_modified_time":"2019-05-07T06:50:38+00:00","og_image":[{"url":"https:\/\/blogit.gradia.fi\/kestavakehitys\/wp-content\/uploads\/sites\/34\/2018\/11\/1-300x200.jpg","type":"","width":"","height":""}],"twitter_card":"summary_large_image","twitter_misc":{"Arvioitu lukuaika":"1 minuutti"},"schema":{"@context":"https:\/\/schema.org","@graph":[{"@type":"WebPage","@id":"https:\/\/blogit.gradia.fi\/kestavakehitys\/kuluttajan-oikeudet-ja-velvollisuudet\/","url":"https:\/\/blogit.gradia.fi\/kestavakehitys\/kuluttajan-oikeudet-ja-velvollisuudet\/","name":"Ilmastonmuutos - Kest\u00e4v\u00e4n kehityksen - verkkokurssi","isPartOf":{"@id":"https:\/\/blogit.gradia.fi\/kestavakehitys\/#website"},"primaryImageOfPage":{"@id":"https:\/\/blogit.gradia.fi\/kestavakehitys\/kuluttajan-oikeudet-ja-velvollisuudet\/#primaryimage"},"image":{"@id":"https:\/\/blogit.gradia.fi\/kestavakehitys\/kuluttajan-oikeudet-ja-velvollisuudet\/#primaryimage"},"thumbnailUrl":"https:\/\/blogit.gradia.fi\/kestavakehitys\/wp-content\/uploads\/sites\/34\/2018\/11\/1-300x200.jpg","datePublished":"2016-09-07T09:45:55+00:00","dateModified":"2019-05-07T06:50:38+00:00","inLanguage":"fi","potentialAction":[{"@type":"ReadAction","target":["https:\/\/blogit.gradia.fi\/kestavakehitys\/kuluttajan-oikeudet-ja-velvollisuudet\/"]}]},{"@type":"ImageObject","inLanguage":"fi","@id":"https:\/\/blogit.gradia.fi\/kestavakehitys\/kuluttajan-oikeudet-ja-velvollisuudet\/#primaryimage","url":"https:\/\/blogit.gradia.fi\/kestavakehitys\/wp-content\/uploads\/sites\/34\/2018\/11\/1.jpg","contentUrl":"https:\/\/blogit.gradia.fi\/kestavakehitys\/wp-content\/uploads\/sites\/34\/2018\/11\/1.jpg","width":1000,"height":667},{"@type":"WebSite","@id":"https:\/\/blogit.gradia.fi\/kestavakehitys\/#website","url":"https:\/\/blogit.gradia.fi\/kestavakehitys\/","name":"Kest\u00e4v\u00e4n kehityksen - verkkokurssi","description":"Uusi ao-blogit -sivusto","potentialAction":[{"@type":"SearchAction","target":{"@type":"EntryPoint","urlTemplate":"https:\/\/blogit.gradia.fi\/kestavakehitys\/?s={search_term_string}"},"query-input":{"@type":"PropertyValueSpecification","valueRequired":true,"valueName":"search_term_string"}}],"inLanguage":"fi"}]}},"uagb_featured_image_src":{"full":false,"thumbnail":false,"medium":false,"medium_large":false,"large":false,"1536x1536":false,"2048x2048":false,"post-thumbnail":false},"uagb_author_info":{"display_name":"Ari Porki","author_link":"https:\/\/blogit.gradia.fi\/kestavakehitys\/author\/porkiari\/"},"uagb_comment_info":0,"uagb_excerpt":"Etsi tietoa ilmastonmuutoksesta, sen vaikutuksista ja hillinn\u00e4st\u00e4. Mit\u00e4 uhkia, mahdollisuuksia ja muutospaineita ilmastonmuutos (soputuminen ja hillint\u00e4) aiheuttaa omalla ammattialallasi? Laadi kaksi tietoiskua esimerkiksi seuraavista aiheista: ilmastonmuutos ja energian tuotanto ilmastonmuutos ja energian k\u00e4ytt\u00f6 ilmastonmuutos ja l\u00e4mmitys ilmastonmuutos ja ravinto ilmastonmuutos ja vesi ilmastonmuutos ja liikkuminen ilmaston muutos ja teollinen tuotanto ilmastonmuutos ja luonnon monimuotoisuus ilmastonmuutos&hellip;","_links":{"self":[{"href":"https:\/\/blogit.gradia.fi\/kestavakehitys\/wp-json\/wp\/v2\/pages\/32","targetHints":{"allow":["GET"]}}],"collection":[{"href":"https:\/\/blogit.gradia.fi\/kestavakehitys\/wp-json\/wp\/v2\/pages"}],"about":[{"href":"https:\/\/blogit.gradia.fi\/kestavakehitys\/wp-json\/wp\/v2\/types\/page"}],"author":[{"embeddable":true,"href":"https:\/\/blogit.gradia.fi\/kestavakehitys\/wp-json\/wp\/v2\/users\/262"}],"replies":[{"embeddable":true,"href":"https:\/\/blogit.gradia.fi\/kestavakehitys\/wp-json\/wp\/v2\/comments?post=32"}],"version-history":[{"count":1,"href":"https:\/\/blogit.gradia.fi\/kestavakehitys\/wp-json\/wp\/v2\/pages\/32\/revisions"}],"predecessor-version":[{"id":318,"href":"https:\/\/blogit.gradia.fi\/kestavakehitys\/wp-json\/wp\/v2\/pages\/32\/revisions\/318"}],"wp:attachment":[{"href":"https:\/\/blogit.gradia.fi\/kestavakehitys\/wp-json\/wp\/v2\/media?parent=32"}],"curies":[{"name":"wp","href":"https:\/\/api.w.org\/{rel}","templated":true}]}}