{"id":22,"date":"2020-03-19T18:56:59","date_gmt":"2020-03-19T16:56:59","guid":{"rendered":"https:\/\/blogit.gradia.fi\/katjan-korneri\/?page_id=22"},"modified":"2020-04-28T12:05:20","modified_gmt":"2020-04-28T09:05:20","slug":"miesten-kuntosalikoulun-kotitreenit","status":"publish","type":"page","link":"https:\/\/blogit.gradia.fi\/katjan-korneri\/miesten-kuntosalikoulun-kotitreenit\/","title":{"rendered":"Miesten kuntosalikoulun kotitreenit"},"content":{"rendered":"\n<p>Pekka Porttikivi vet\u00e4\u00e4 meill\u00e4 normaalisti miesten kuntosalikoulua kahtena p\u00e4iv\u00e4n\u00e4 viikossa Viitaniemess\u00e4. Treenit on kunnon punttisaliharjoittelua. Nyt poikkeusajalla Pekka pit\u00e4\u00e4 koulua ryhm\u00e4l\u00e4isille s\u00e4hk\u00f6postilla ja videoin monenlaisin teemoin ja ryhm\u00e4n treenivideot kootaan t\u00e4nne. <\/p>\n\n\n\n<p><\/p>\n\n\n\n<p>Tervehdys hyv\u00e4 jumppaaja, <\/p>\n\n\n\n<p>Mahtavaa saada juuri sinut t\u00e4nne treenailemaan kanssani. T\u00e4\u00e4lt\u00e4 l\u00f6yd\u00e4t monipuolisen viikoittain laajenevan valikoiman erilaisia kotitreenej\u00e4. Treenit on suunniteltu siten, ett\u00e4 niit\u00e4 pystyy jokainen tekem\u00e4\u00e4n, eik\u00e4 ylim\u00e4\u00e4r\u00e4isille v\u00e4lineillekk\u00e4\u00e4n ole sen isompaa tarvetta. Yhteen treeniin on hyv\u00e4 varata aikaa noin 30 minuuttia. Kalorit saavat varmasti kyyti\u00e4 mm. kuntonyrkkeilyn ja erilaisten HIIT-treenien parissa. Luvassa my\u00f6s esim. tuolijumppaa, villasukkatreeni\u00e4, koordinaatioharjoittelua sun muuta omalla kehonpainolla teht\u00e4v\u00e4\u00e4 lihaskuntoharjoittelua. Joogan, pilateksen ja keppijumpan avulla vahvistetaan ryhtilihaksia ja huolletaan kokonaisvaltaisesti omaa kehoa.<\/p>\n\n\n\n<p>Viikon treenit koostuvat kahdesta intensiivisemm\u00e4st\u00e4\ntreenist\u00e4 ja yhdest\u00e4 kehoa huoltavasta treenist\u00e4. Treenit vaihtuvat joka\nviikko, joten et varmasti tule kyll\u00e4stym\u00e4\u00e4n. Valitse vaihtoehdoista itsellesi\nmieluisimmat tai tee vaikka kaikki.<\/p>\n\n\n\n<p>Voit hy\u00f6dynt\u00e4\u00e4 harjoituksia tai tulla s\u00e4hk\u00f6postiryhm\u00e4\u00e4ni mukaan. Ohjeistan aina viikon alussa ryhm\u00e4l\u00e4isille viikon vinkit. Mik\u00e4li haluat s\u00e4hl\u00f6postiryhm\u00e4\u00e4ni mukaan, ilmoittaudu meilill\u00e4 Katjalle.<\/p>\n\n\n\n<p>Pekka<\/p>\n\n\n\n<p>VIIKKO 1<\/p>\n\n\n\n<p>Harjoitus 1 &#8211; varjonyrkkeily osa 1<\/p>\n\n\n\n<p><a href=\"https:\/\/drive.google.com\/file\/d\/1CrrpNzYzh1eaPiX_eSZxYiub-8wE6GO1\/view?usp=sharing\">https:\/\/drive.google.com\/open?id=1YlZOhC836j5c1lu1TDmq386Dn0m9rzcC<\/a><\/p>\n\n\n\n<p>Harjoitus 2 &#8211; varjonyrkkeily osa 2 <\/p>\n\n\n\n<p><a href=\"https:\/\/drive.google.com\/file\/d\/1yAQoRX5j71R_DGyQQUeroP-04y5uHKF1\/view?usp=sharing\">https:\/\/drive.google.com\/file\/d\/1yAQoRX5j71R_DGyQQUeroP-04y5uHKF1\/view?usp=sharing<\/a><\/p>\n\n\n\n<p>Harjoitus 3 &#8211; hengitys ja astangajoogan venytyksien opettelu (tee oman liikkuvuutesi mukaan, es sel\u00e4n taaksetaivutus vaan puoliv\u00e4liin?)<\/p>\n\n\n\n<p><a href=\"https:\/\/drive.google.com\/file\/d\/1-9ZS0JgRiyqr4LbHAb8HeZFC9xcGxbh3\/view?usp=sharing\">https:\/\/drive.google.com\/file\/d\/1-9ZS0JgRiyqr4LbHAb8HeZFC9xcGxbh3\/view?usp=sharing<\/a><\/p>\n\n\n\n<p>VIIKKO 2<\/p>\n\n\n\n<p>Harjoitus 1 &#8211; Tabata 1 (8 min treeni, alle alkul\u00e4mm\u00f6t)<\/p>\n\n\n\n<p><a href=\"https:\/\/drive.google.com\/file\/d\/1myalVX5liVncXuPxidFsxSHHw6PKoE8O\/view?usp=sharing\">https:\/\/drive.google.com\/file\/d\/1myalVX5liVncXuPxidFsxSHHw6PKoE8O\/view?usp=sharing<\/a><\/p>\n\n\n\n<p>Harjoitus 2 &#8211; Tabata 2 (8 min treeni, alle alkul\u00e4mm\u00f6t)<\/p>\n\n\n\n<p><a href=\"https:\/\/drive.google.com\/file\/d\/1IeNtzP-_FSf8EysNd3O012iRurdhYMFD\/view?usp=sharing\">https:\/\/drive.google.com\/file\/d\/1IeNtzP-_FSf8EysNd3O012iRurdhYMFD\/view?usp=sharing<\/a><\/p>\n\n\n\n<p>VIIKKO 3<\/p>\n\n\n\n<p>Harjoitus 1 &#8211; AMRAP (10 min treeni ulkona tukevan penkin avulla)<\/p>\n\n\n\n<p><a href=\"https:\/\/drive.google.com\/file\/d\/1Xhoa2hy5HSk2JDm-lf76vvkP85G5CEvx\/view?usp=sharing\">https:\/\/drive.google.com\/file\/d\/1Xhoa2hy5HSk2JDm-lf76vvkP85G5CEvx\/view?usp=sharing<\/a><\/p>\n\n\n\n<p>Harjoitus 2 &#8211; Keppijumppa (20 minuutin treeni sis\u00e4ll\u00e4, keppi&amp;matto)<\/p>\n\n\n\n<p><a href=\"https:\/\/drive.google.com\/file\/d\/1ozpOfqUuKNIifLPwN_NjvaM-F0wK7HIr\/view?usp=sharing\">https:\/\/drive.google.com\/file\/d\/1ozpOfqUuKNIifLPwN_NjvaM-F0wK7HIr\/view?usp=sharing<\/a><\/p>\n\n\n\n<p>VIIKKO 4<\/p>\n\n\n\n<p>Harjoitus 1 &#8211; Kahvakuula 1 (tekniikka ja perusteita)<\/p>\n\n\n\n<figure class=\"wp-block-embed-youtube wp-block-embed is-type-video is-provider-youtube wp-embed-aspect-16-9 wp-has-aspect-ratio\"><div class=\"wp-block-embed__wrapper\">\n<iframe loading=\"lazy\" title=\"Kahvakuula (part 1 &amp; 2)\" width=\"580\" height=\"326\" src=\"https:\/\/www.youtube.com\/embed\/ncA7SeCjsnQ?feature=oembed\" frameborder=\"0\" allow=\"accelerometer; autoplay; clipboard-write; encrypted-media; gyroscope; picture-in-picture; web-share\" referrerpolicy=\"strict-origin-when-cross-origin\" allowfullscreen><\/iframe>\n<\/div><\/figure>\n\n\n\n<p>Harjoitus 2: Kahvakuula 2 (sykett\u00e4 yl\u00f6s)<\/p>\n\n\n\n<figure class=\"wp-block-embed-youtube wp-block-embed is-type-video is-provider-youtube wp-embed-aspect-16-9 wp-has-aspect-ratio\"><div class=\"wp-block-embed__wrapper\">\n<iframe loading=\"lazy\" title=\"Kahvakuula (part 3 &amp; 4)\" width=\"580\" height=\"326\" src=\"https:\/\/www.youtube.com\/embed\/GAsiyJx-dic?list=PLkOqALC0-U7D5GM-anIVOH-fVkozddxem\" frameborder=\"0\" allow=\"accelerometer; autoplay; clipboard-write; encrypted-media; gyroscope; picture-in-picture; web-share\" referrerpolicy=\"strict-origin-when-cross-origin\" allowfullscreen><\/iframe>\n<\/div><\/figure>\n\n\n\n<p>Harjoitus 3: Pilates (15 min treeni syville lihaksille)<\/p>\n\n\n\n<figure class=\"wp-block-embed-youtube wp-block-embed is-type-video is-provider-youtube wp-embed-aspect-16-9 wp-has-aspect-ratio\"><div class=\"wp-block-embed__wrapper\">\n<iframe loading=\"lazy\" title=\"Pilates (part1)\" width=\"580\" height=\"326\" src=\"https:\/\/www.youtube.com\/embed\/sdf1KJH_P60?feature=oembed\" frameborder=\"0\" allow=\"accelerometer; autoplay; clipboard-write; encrypted-media; gyroscope; picture-in-picture; web-share\" referrerpolicy=\"strict-origin-when-cross-origin\" allowfullscreen><\/iframe>\n<\/div><\/figure>\n","protected":false},"excerpt":{"rendered":"<p>Pekka Porttikivi vet\u00e4\u00e4 meill\u00e4 normaalisti miesten kuntosalikoulua kahtena p\u00e4iv\u00e4n\u00e4 viikossa Viitaniemess\u00e4. Treenit on kunnon punttisaliharjoittelua. Nyt poikkeusajalla Pekka pit\u00e4\u00e4 koulua ryhm\u00e4l\u00e4isille s\u00e4hk\u00f6postilla ja videoin monenlaisin teemoin ja ryhm\u00e4n treenivideot kootaan t\u00e4nne. Tervehdys hyv\u00e4 jumppaaja, Mahtavaa saada juuri sinut t\u00e4nne treenailemaan kanssani. T\u00e4\u00e4lt\u00e4 l\u00f6yd\u00e4t monipuolisen viikoittain laajenevan valikoiman erilaisia kotitreenej\u00e4. Treenit on suunniteltu siten, ett\u00e4 niit\u00e4 [&hellip;]<\/p>\n","protected":false},"author":664,"featured_media":0,"parent":0,"menu_order":0,"comment_status":"closed","ping_status":"closed","template":"","meta":{"_uag_custom_page_level_css":"","footnotes":""},"class_list":["post-22","page","type-page","status-publish","hentry"],"yoast_head":"<!-- This site is optimized with the Yoast SEO plugin v27.2 - https:\/\/yoast.com\/product\/yoast-seo-wordpress\/ -->\n<title>Miesten kuntosalikoulun kotitreenit - Katjan korneri<\/title>\n<meta name=\"robots\" content=\"index, follow, max-snippet:-1, max-image-preview:large, max-video-preview:-1\" \/>\n<link rel=\"canonical\" href=\"https:\/\/blogit.gradia.fi\/katjan-korneri\/miesten-kuntosalikoulun-kotitreenit\/\" \/>\n<meta property=\"og:locale\" content=\"fi_FI\" \/>\n<meta property=\"og:type\" content=\"article\" \/>\n<meta property=\"og:title\" content=\"Miesten kuntosalikoulun kotitreenit - Katjan korneri\" \/>\n<meta property=\"og:description\" content=\"Pekka Porttikivi vet\u00e4\u00e4 meill\u00e4 normaalisti miesten kuntosalikoulua kahtena p\u00e4iv\u00e4n\u00e4 viikossa Viitaniemess\u00e4. Treenit on kunnon punttisaliharjoittelua. Nyt poikkeusajalla Pekka pit\u00e4\u00e4 koulua ryhm\u00e4l\u00e4isille s\u00e4hk\u00f6postilla ja videoin monenlaisin teemoin ja ryhm\u00e4n treenivideot kootaan t\u00e4nne. Tervehdys hyv\u00e4 jumppaaja, Mahtavaa saada juuri sinut t\u00e4nne treenailemaan kanssani. T\u00e4\u00e4lt\u00e4 l\u00f6yd\u00e4t monipuolisen viikoittain laajenevan valikoiman erilaisia kotitreenej\u00e4. Treenit on suunniteltu siten, ett\u00e4 niit\u00e4 [&hellip;]\" \/>\n<meta property=\"og:url\" content=\"https:\/\/blogit.gradia.fi\/katjan-korneri\/miesten-kuntosalikoulun-kotitreenit\/\" \/>\n<meta property=\"og:site_name\" content=\"Katjan korneri\" \/>\n<meta property=\"article:modified_time\" content=\"2020-04-28T09:05:20+00:00\" \/>\n<meta name=\"twitter:card\" content=\"summary_large_image\" \/>\n<meta name=\"twitter:label1\" content=\"Arvioitu lukuaika\" \/>\n\t<meta name=\"twitter:data1\" content=\"2 minuuttia\" \/>\n<script type=\"application\/ld+json\" class=\"yoast-schema-graph\">{\"@context\":\"https:\/\/schema.org\",\"@graph\":[{\"@type\":\"WebPage\",\"@id\":\"https:\/\/blogit.gradia.fi\/katjan-korneri\/miesten-kuntosalikoulun-kotitreenit\/\",\"url\":\"https:\/\/blogit.gradia.fi\/katjan-korneri\/miesten-kuntosalikoulun-kotitreenit\/\",\"name\":\"Miesten kuntosalikoulun kotitreenit - Katjan korneri\",\"isPartOf\":{\"@id\":\"https:\/\/blogit.gradia.fi\/katjan-korneri\/#website\"},\"datePublished\":\"2020-03-19T16:56:59+00:00\",\"dateModified\":\"2020-04-28T09:05:20+00:00\",\"breadcrumb\":{\"@id\":\"https:\/\/blogit.gradia.fi\/katjan-korneri\/miesten-kuntosalikoulun-kotitreenit\/#breadcrumb\"},\"inLanguage\":\"fi\",\"potentialAction\":[{\"@type\":\"ReadAction\",\"target\":[\"https:\/\/blogit.gradia.fi\/katjan-korneri\/miesten-kuntosalikoulun-kotitreenit\/\"]}]},{\"@type\":\"BreadcrumbList\",\"@id\":\"https:\/\/blogit.gradia.fi\/katjan-korneri\/miesten-kuntosalikoulun-kotitreenit\/#breadcrumb\",\"itemListElement\":[{\"@type\":\"ListItem\",\"position\":1,\"name\":\"Home\",\"item\":\"https:\/\/blogit.gradia.fi\/katjan-korneri\/\"},{\"@type\":\"ListItem\",\"position\":2,\"name\":\"Miesten kuntosalikoulun kotitreenit\"}]},{\"@type\":\"WebSite\",\"@id\":\"https:\/\/blogit.gradia.fi\/katjan-korneri\/#website\",\"url\":\"https:\/\/blogit.gradia.fi\/katjan-korneri\/\",\"name\":\"Katjan korneri\",\"description\":\"Uusi Gradia-blogit-sivustot -sivusto\",\"potentialAction\":[{\"@type\":\"SearchAction\",\"target\":{\"@type\":\"EntryPoint\",\"urlTemplate\":\"https:\/\/blogit.gradia.fi\/katjan-korneri\/?s={search_term_string}\"},\"query-input\":{\"@type\":\"PropertyValueSpecification\",\"valueRequired\":true,\"valueName\":\"search_term_string\"}}],\"inLanguage\":\"fi\"}]}<\/script>\n<!-- \/ Yoast SEO plugin. -->","yoast_head_json":{"title":"Miesten kuntosalikoulun kotitreenit - Katjan korneri","robots":{"index":"index","follow":"follow","max-snippet":"max-snippet:-1","max-image-preview":"max-image-preview:large","max-video-preview":"max-video-preview:-1"},"canonical":"https:\/\/blogit.gradia.fi\/katjan-korneri\/miesten-kuntosalikoulun-kotitreenit\/","og_locale":"fi_FI","og_type":"article","og_title":"Miesten kuntosalikoulun kotitreenit - Katjan korneri","og_description":"Pekka Porttikivi vet\u00e4\u00e4 meill\u00e4 normaalisti miesten kuntosalikoulua kahtena p\u00e4iv\u00e4n\u00e4 viikossa Viitaniemess\u00e4. Treenit on kunnon punttisaliharjoittelua. Nyt poikkeusajalla Pekka pit\u00e4\u00e4 koulua ryhm\u00e4l\u00e4isille s\u00e4hk\u00f6postilla ja videoin monenlaisin teemoin ja ryhm\u00e4n treenivideot kootaan t\u00e4nne. Tervehdys hyv\u00e4 jumppaaja, Mahtavaa saada juuri sinut t\u00e4nne treenailemaan kanssani. T\u00e4\u00e4lt\u00e4 l\u00f6yd\u00e4t monipuolisen viikoittain laajenevan valikoiman erilaisia kotitreenej\u00e4. Treenit on suunniteltu siten, ett\u00e4 niit\u00e4 [&hellip;]","og_url":"https:\/\/blogit.gradia.fi\/katjan-korneri\/miesten-kuntosalikoulun-kotitreenit\/","og_site_name":"Katjan korneri","article_modified_time":"2020-04-28T09:05:20+00:00","twitter_card":"summary_large_image","twitter_misc":{"Arvioitu lukuaika":"2 minuuttia"},"schema":{"@context":"https:\/\/schema.org","@graph":[{"@type":"WebPage","@id":"https:\/\/blogit.gradia.fi\/katjan-korneri\/miesten-kuntosalikoulun-kotitreenit\/","url":"https:\/\/blogit.gradia.fi\/katjan-korneri\/miesten-kuntosalikoulun-kotitreenit\/","name":"Miesten kuntosalikoulun kotitreenit - Katjan korneri","isPartOf":{"@id":"https:\/\/blogit.gradia.fi\/katjan-korneri\/#website"},"datePublished":"2020-03-19T16:56:59+00:00","dateModified":"2020-04-28T09:05:20+00:00","breadcrumb":{"@id":"https:\/\/blogit.gradia.fi\/katjan-korneri\/miesten-kuntosalikoulun-kotitreenit\/#breadcrumb"},"inLanguage":"fi","potentialAction":[{"@type":"ReadAction","target":["https:\/\/blogit.gradia.fi\/katjan-korneri\/miesten-kuntosalikoulun-kotitreenit\/"]}]},{"@type":"BreadcrumbList","@id":"https:\/\/blogit.gradia.fi\/katjan-korneri\/miesten-kuntosalikoulun-kotitreenit\/#breadcrumb","itemListElement":[{"@type":"ListItem","position":1,"name":"Home","item":"https:\/\/blogit.gradia.fi\/katjan-korneri\/"},{"@type":"ListItem","position":2,"name":"Miesten kuntosalikoulun kotitreenit"}]},{"@type":"WebSite","@id":"https:\/\/blogit.gradia.fi\/katjan-korneri\/#website","url":"https:\/\/blogit.gradia.fi\/katjan-korneri\/","name":"Katjan korneri","description":"Uusi Gradia-blogit-sivustot -sivusto","potentialAction":[{"@type":"SearchAction","target":{"@type":"EntryPoint","urlTemplate":"https:\/\/blogit.gradia.fi\/katjan-korneri\/?s={search_term_string}"},"query-input":{"@type":"PropertyValueSpecification","valueRequired":true,"valueName":"search_term_string"}}],"inLanguage":"fi"}]}},"uagb_featured_image_src":{"full":false,"thumbnail":false,"medium":false,"medium_large":false,"large":false,"1536x1536":false,"2048x2048":false,"post-thumbnail":false,"twentytwenty-fullscreen":false},"uagb_author_info":{"display_name":"Katja Saari","author_link":"https:\/\/blogit.gradia.fi\/katjan-korneri\/author\/saarikat\/"},"uagb_comment_info":0,"uagb_excerpt":"Pekka Porttikivi vet\u00e4\u00e4 meill\u00e4 normaalisti miesten kuntosalikoulua kahtena p\u00e4iv\u00e4n\u00e4 viikossa Viitaniemess\u00e4. Treenit on kunnon punttisaliharjoittelua. Nyt poikkeusajalla Pekka pit\u00e4\u00e4 koulua ryhm\u00e4l\u00e4isille s\u00e4hk\u00f6postilla ja videoin monenlaisin teemoin ja ryhm\u00e4n treenivideot kootaan t\u00e4nne. Tervehdys hyv\u00e4 jumppaaja, Mahtavaa saada juuri sinut t\u00e4nne treenailemaan kanssani. T\u00e4\u00e4lt\u00e4 l\u00f6yd\u00e4t monipuolisen viikoittain laajenevan valikoiman erilaisia kotitreenej\u00e4. Treenit on suunniteltu siten, ett\u00e4 niit\u00e4&hellip;","_links":{"self":[{"href":"https:\/\/blogit.gradia.fi\/katjan-korneri\/wp-json\/wp\/v2\/pages\/22","targetHints":{"allow":["GET"]}}],"collection":[{"href":"https:\/\/blogit.gradia.fi\/katjan-korneri\/wp-json\/wp\/v2\/pages"}],"about":[{"href":"https:\/\/blogit.gradia.fi\/katjan-korneri\/wp-json\/wp\/v2\/types\/page"}],"author":[{"embeddable":true,"href":"https:\/\/blogit.gradia.fi\/katjan-korneri\/wp-json\/wp\/v2\/users\/664"}],"replies":[{"embeddable":true,"href":"https:\/\/blogit.gradia.fi\/katjan-korneri\/wp-json\/wp\/v2\/comments?post=22"}],"version-history":[{"count":23,"href":"https:\/\/blogit.gradia.fi\/katjan-korneri\/wp-json\/wp\/v2\/pages\/22\/revisions"}],"predecessor-version":[{"id":269,"href":"https:\/\/blogit.gradia.fi\/katjan-korneri\/wp-json\/wp\/v2\/pages\/22\/revisions\/269"}],"wp:attachment":[{"href":"https:\/\/blogit.gradia.fi\/katjan-korneri\/wp-json\/wp\/v2\/media?parent=22"}],"curies":[{"name":"wp","href":"https:\/\/api.w.org\/{rel}","templated":true}]}}