{"id":29,"date":"2021-10-11T13:44:49","date_gmt":"2021-10-11T10:44:49","guid":{"rendered":"https:\/\/blogit.gradia.fi\/karirannila-pupt2103\/?page_id=29"},"modified":"2021-11-17T12:13:43","modified_gmt":"2021-11-17T10:13:43","slug":"etusivu","status":"publish","type":"page","link":"https:\/\/blogit.gradia.fi\/karirannila-pupt2103\/","title":{"rendered":""},"content":{"rendered":"\n<p>Tervetuloa oppimisp\u00e4iv\u00e4kirjaani! <\/p>\n\n\n\n<p>Kohdasta &#8221;Blogi&#8221; p\u00e4\u00e4set n\u00e4kem\u00e4\u00e4n  t\u00f6it\u00e4ni.                                                                                                 <\/p>\n","protected":false},"excerpt":{"rendered":"<p>Tervetuloa oppimisp\u00e4iv\u00e4kirjaani! Kohdasta &#8221;Blogi&#8221; p\u00e4\u00e4set n\u00e4kem\u00e4\u00e4n t\u00f6it\u00e4ni.<\/p>\n","protected":false},"author":808,"featured_media":0,"parent":0,"menu_order":0,"comment_status":"closed","ping_status":"closed","template":"","meta":{"_uag_custom_page_level_css":"","footnotes":""},"class_list":["post-29","page","type-page","status-publish","hentry"],"yoast_head":"<!-- This site is optimized with the Yoast SEO plugin v27.2 - https:\/\/yoast.com\/product\/yoast-seo-wordpress\/ -->\n<title>- OPPIMISP\u00c4IV\u00c4KIRJA - Kari Rannila<\/title>\n<meta name=\"robots\" content=\"index, follow, max-snippet:-1, max-image-preview:large, max-video-preview:-1\" \/>\n<link rel=\"canonical\" href=\"https:\/\/blogit.gradia.fi\/karirannila-pupt2103\/\" \/>\n<meta property=\"og:locale\" content=\"fi_FI\" \/>\n<meta property=\"og:type\" content=\"article\" \/>\n<meta property=\"og:title\" content=\"- OPPIMISP\u00c4IV\u00c4KIRJA - Kari Rannila\" \/>\n<meta property=\"og:description\" content=\"Tervetuloa oppimisp\u00e4iv\u00e4kirjaani! Kohdasta &#8221;Blogi&#8221; p\u00e4\u00e4set n\u00e4kem\u00e4\u00e4n t\u00f6it\u00e4ni.\" \/>\n<meta property=\"og:url\" content=\"https:\/\/blogit.gradia.fi\/karirannila-pupt2103\/\" \/>\n<meta property=\"og:site_name\" content=\"OPPIMISP\u00c4IV\u00c4KIRJA - Kari Rannila\" \/>\n<meta property=\"article:modified_time\" content=\"2021-11-17T10:13:43+00:00\" \/>\n<meta name=\"twitter:card\" content=\"summary_large_image\" \/>\n<meta name=\"twitter:label1\" content=\"Arvioitu lukuaika\" \/>\n\t<meta name=\"twitter:data1\" content=\"1 minuutti\" \/>\n<script type=\"application\/ld+json\" class=\"yoast-schema-graph\">{\"@context\":\"https:\/\/schema.org\",\"@graph\":[{\"@type\":\"WebPage\",\"@id\":\"https:\/\/blogit.gradia.fi\/karirannila-pupt2103\/\",\"url\":\"https:\/\/blogit.gradia.fi\/karirannila-pupt2103\/\",\"name\":\"- OPPIMISP\u00c4IV\u00c4KIRJA - Kari Rannila\",\"isPartOf\":{\"@id\":\"https:\/\/blogit.gradia.fi\/karirannila-pupt2103\/#website\"},\"datePublished\":\"2021-10-11T10:44:49+00:00\",\"dateModified\":\"2021-11-17T10:13:43+00:00\",\"inLanguage\":\"fi\",\"potentialAction\":[{\"@type\":\"ReadAction\",\"target\":[\"https:\/\/blogit.gradia.fi\/karirannila-pupt2103\/\"]}]},{\"@type\":\"WebSite\",\"@id\":\"https:\/\/blogit.gradia.fi\/karirannila-pupt2103\/#website\",\"url\":\"https:\/\/blogit.gradia.fi\/karirannila-pupt2103\/\",\"name\":\"OPPIMISP\u00c4IV\u00c4KIRJA - Kari Rannila\",\"description\":\"2021\",\"potentialAction\":[{\"@type\":\"SearchAction\",\"target\":{\"@type\":\"EntryPoint\",\"urlTemplate\":\"https:\/\/blogit.gradia.fi\/karirannila-pupt2103\/?s={search_term_string}\"},\"query-input\":{\"@type\":\"PropertyValueSpecification\",\"valueRequired\":true,\"valueName\":\"search_term_string\"}}],\"inLanguage\":\"fi\"}]}<\/script>\n<!-- \/ Yoast SEO plugin. -->","yoast_head_json":{"title":"- OPPIMISP\u00c4IV\u00c4KIRJA - Kari Rannila","robots":{"index":"index","follow":"follow","max-snippet":"max-snippet:-1","max-image-preview":"max-image-preview:large","max-video-preview":"max-video-preview:-1"},"canonical":"https:\/\/blogit.gradia.fi\/karirannila-pupt2103\/","og_locale":"fi_FI","og_type":"article","og_title":"- OPPIMISP\u00c4IV\u00c4KIRJA - Kari Rannila","og_description":"Tervetuloa oppimisp\u00e4iv\u00e4kirjaani! Kohdasta &#8221;Blogi&#8221; p\u00e4\u00e4set n\u00e4kem\u00e4\u00e4n t\u00f6it\u00e4ni.","og_url":"https:\/\/blogit.gradia.fi\/karirannila-pupt2103\/","og_site_name":"OPPIMISP\u00c4IV\u00c4KIRJA - Kari Rannila","article_modified_time":"2021-11-17T10:13:43+00:00","twitter_card":"summary_large_image","twitter_misc":{"Arvioitu lukuaika":"1 minuutti"},"schema":{"@context":"https:\/\/schema.org","@graph":[{"@type":"WebPage","@id":"https:\/\/blogit.gradia.fi\/karirannila-pupt2103\/","url":"https:\/\/blogit.gradia.fi\/karirannila-pupt2103\/","name":"- OPPIMISP\u00c4IV\u00c4KIRJA - Kari Rannila","isPartOf":{"@id":"https:\/\/blogit.gradia.fi\/karirannila-pupt2103\/#website"},"datePublished":"2021-10-11T10:44:49+00:00","dateModified":"2021-11-17T10:13:43+00:00","inLanguage":"fi","potentialAction":[{"@type":"ReadAction","target":["https:\/\/blogit.gradia.fi\/karirannila-pupt2103\/"]}]},{"@type":"WebSite","@id":"https:\/\/blogit.gradia.fi\/karirannila-pupt2103\/#website","url":"https:\/\/blogit.gradia.fi\/karirannila-pupt2103\/","name":"OPPIMISP\u00c4IV\u00c4KIRJA - Kari Rannila","description":"2021","potentialAction":[{"@type":"SearchAction","target":{"@type":"EntryPoint","urlTemplate":"https:\/\/blogit.gradia.fi\/karirannila-pupt2103\/?s={search_term_string}"},"query-input":{"@type":"PropertyValueSpecification","valueRequired":true,"valueName":"search_term_string"}}],"inLanguage":"fi"}]}},"uagb_featured_image_src":{"full":false,"thumbnail":false,"medium":false,"medium_large":false,"large":false,"1536x1536":false,"2048x2048":false,"twentyseventeen-featured-image":false,"twentyseventeen-thumbnail-avatar":false},"uagb_author_info":{"display_name":"Kari Rannila","author_link":"https:\/\/blogit.gradia.fi\/karirannila-pupt2103\/author\/gr267960\/"},"uagb_comment_info":0,"uagb_excerpt":"Tervetuloa oppimisp\u00e4iv\u00e4kirjaani! Kohdasta &#8221;Blogi&#8221; p\u00e4\u00e4set n\u00e4kem\u00e4\u00e4n t\u00f6it\u00e4ni.","_links":{"self":[{"href":"https:\/\/blogit.gradia.fi\/karirannila-pupt2103\/wp-json\/wp\/v2\/pages\/29","targetHints":{"allow":["GET"]}}],"collection":[{"href":"https:\/\/blogit.gradia.fi\/karirannila-pupt2103\/wp-json\/wp\/v2\/pages"}],"about":[{"href":"https:\/\/blogit.gradia.fi\/karirannila-pupt2103\/wp-json\/wp\/v2\/types\/page"}],"author":[{"embeddable":true,"href":"https:\/\/blogit.gradia.fi\/karirannila-pupt2103\/wp-json\/wp\/v2\/users\/808"}],"replies":[{"embeddable":true,"href":"https:\/\/blogit.gradia.fi\/karirannila-pupt2103\/wp-json\/wp\/v2\/comments?post=29"}],"version-history":[{"count":4,"href":"https:\/\/blogit.gradia.fi\/karirannila-pupt2103\/wp-json\/wp\/v2\/pages\/29\/revisions"}],"predecessor-version":[{"id":216,"href":"https:\/\/blogit.gradia.fi\/karirannila-pupt2103\/wp-json\/wp\/v2\/pages\/29\/revisions\/216"}],"wp:attachment":[{"href":"https:\/\/blogit.gradia.fi\/karirannila-pupt2103\/wp-json\/wp\/v2\/media?parent=29"}],"curies":[{"name":"wp","href":"https:\/\/api.w.org\/{rel}","templated":true}]}}