{"id":84,"date":"2016-10-31T19:29:53","date_gmt":"2016-10-31T17:29:53","guid":{"rendered":"https:\/\/blogit.gradia.fi\/jaroslavl\/?page_id=84"},"modified":"2016-11-15T22:43:03","modified_gmt":"2016-11-15T20:43:03","slug":"tervetuloa-blogiin","status":"publish","type":"page","link":"https:\/\/blogit.gradia.fi\/jaroslavl\/","title":{"rendered":"Tervetuloa blogiin!"},"content":{"rendered":"<p>Yst\u00e4vyytt\u00e4 Jyv\u00e4skyl\u00e4n lyseon lukion ven\u00e4l\u00e4isen yst\u00e4v\u00e4koulun kanssa ollaan toteutettu jo 26 vuotta eri muodoissa. Viime vuonna saimme majoittaa kotonamme Jaroslavlista tulleet vieraat. T\u00e4n\u00e4 vuonna kun saimme vastavierailupyynn\u00f6n lokakuulle, l\u00e4hdimme heti suunnittelemaan reissua! Matka Jaroslavliin toteutettiin 12.-18.10.2016. Matkaan l\u00e4htiv\u00e4t opiskelijat Oona Huttunen, Helj\u00e4 Hakkarainen, Julia Pohto, Heidi Tainio ja Alexi Syki\u00e4inen. Ihastuttavana matkaseurana meill\u00e4 oli mukana opettajat Ulla Aarnio ja Arto Hjelt sek\u00e4 Harjun toimipisteen entinen rehtori Yrj\u00f6 Damsk\u00e4gg.<\/p>\n<p><a href=\"https:\/\/blogit.gradia.fi\/jaroslavl\/artikkelit\/\">Artikkelit<\/a>-sivulta l\u00f6yd\u00e4t opiskelijoiden p\u00e4iv\u00e4kohtaiset kirjoitukset ja <a href=\"https:\/\/blogit.gradia.fi\/jaroslavl\/valokuvia\/\">valokuvia<\/a>-osuudesta l\u00f6ytyy valikoima ikuistettuja hetki\u00e4.<\/p>\n<p>&nbsp;<\/p>\n","protected":false},"excerpt":{"rendered":"<p>Yst\u00e4vyytt\u00e4 Jyv\u00e4skyl\u00e4n lyseon lukion ven\u00e4l\u00e4isen yst\u00e4v\u00e4koulun kanssa ollaan toteutettu jo 26 vuotta eri muodoissa. Viime vuonna saimme majoittaa kotonamme Jaroslavlista tulleet vieraat. T\u00e4n\u00e4 vuonna kun saimme vastavierailupyynn\u00f6n lokakuulle, l\u00e4hdimme heti suunnittelemaan reissua! Matka Jaroslavliin toteutettiin 12.-18.10.2016. Matkaan l\u00e4htiv\u00e4t opiskelijat Oona Huttunen, Helj\u00e4 Hakkarainen, Julia Pohto, Heidi Tainio ja Alexi Syki\u00e4inen. Ihastuttavana matkaseurana meill\u00e4 oli mukana [&hellip;]<\/p>\n","protected":false},"author":443,"featured_media":0,"parent":0,"menu_order":0,"comment_status":"closed","ping_status":"closed","template":"","meta":{"_uag_custom_page_level_css":"","footnotes":""},"class_list":["post-84","page","type-page","status-publish","hentry"],"yoast_head":"<!-- This site is optimized with the Yoast SEO plugin v27.5 - https:\/\/yoast.com\/product\/yoast-seo-wordpress\/ -->\n<title>Tervetuloa blogiin! - Vieraanvaraisuutta vastavierailulla Jaroslavlissa Ven\u00e4j\u00e4ll\u00e4<\/title>\n<meta name=\"robots\" content=\"index, follow, max-snippet:-1, max-image-preview:large, max-video-preview:-1\" \/>\n<link rel=\"canonical\" href=\"https:\/\/blogit.gradia.fi\/jaroslavl\/\" \/>\n<meta property=\"og:locale\" content=\"fi_FI\" \/>\n<meta property=\"og:type\" content=\"article\" \/>\n<meta property=\"og:title\" content=\"Tervetuloa blogiin! - Vieraanvaraisuutta vastavierailulla Jaroslavlissa Ven\u00e4j\u00e4ll\u00e4\" \/>\n<meta property=\"og:description\" content=\"Yst\u00e4vyytt\u00e4 Jyv\u00e4skyl\u00e4n lyseon lukion ven\u00e4l\u00e4isen yst\u00e4v\u00e4koulun kanssa ollaan toteutettu jo 26 vuotta eri muodoissa. Viime vuonna saimme majoittaa kotonamme Jaroslavlista tulleet vieraat. T\u00e4n\u00e4 vuonna kun saimme vastavierailupyynn\u00f6n lokakuulle, l\u00e4hdimme heti suunnittelemaan reissua! Matka Jaroslavliin toteutettiin 12.-18.10.2016. Matkaan l\u00e4htiv\u00e4t opiskelijat Oona Huttunen, Helj\u00e4 Hakkarainen, Julia Pohto, Heidi Tainio ja Alexi Syki\u00e4inen. Ihastuttavana matkaseurana meill\u00e4 oli mukana [&hellip;]\" \/>\n<meta property=\"og:url\" content=\"https:\/\/blogit.gradia.fi\/jaroslavl\/\" \/>\n<meta property=\"og:site_name\" content=\"Vieraanvaraisuutta vastavierailulla Jaroslavlissa Ven\u00e4j\u00e4ll\u00e4\" \/>\n<meta property=\"article:modified_time\" content=\"2016-11-15T20:43:03+00:00\" \/>\n<meta name=\"twitter:card\" content=\"summary_large_image\" \/>\n<script type=\"application\/ld+json\" class=\"yoast-schema-graph\">{\"@context\":\"https:\\\/\\\/schema.org\",\"@graph\":[{\"@type\":\"WebPage\",\"@id\":\"https:\\\/\\\/blogit.gradia.fi\\\/jaroslavl\\\/\",\"url\":\"https:\\\/\\\/blogit.gradia.fi\\\/jaroslavl\\\/\",\"name\":\"Tervetuloa blogiin! - Vieraanvaraisuutta vastavierailulla Jaroslavlissa Ven\u00e4j\u00e4ll\u00e4\",\"isPartOf\":{\"@id\":\"https:\\\/\\\/blogit.gradia.fi\\\/jaroslavl\\\/#website\"},\"datePublished\":\"2016-10-31T17:29:53+00:00\",\"dateModified\":\"2016-11-15T20:43:03+00:00\",\"inLanguage\":\"fi\",\"potentialAction\":[{\"@type\":\"ReadAction\",\"target\":[\"https:\\\/\\\/blogit.gradia.fi\\\/jaroslavl\\\/\"]}]},{\"@type\":\"WebSite\",\"@id\":\"https:\\\/\\\/blogit.gradia.fi\\\/jaroslavl\\\/#website\",\"url\":\"https:\\\/\\\/blogit.gradia.fi\\\/jaroslavl\\\/\",\"name\":\"Vieraanvaraisuutta vastavierailulla Jaroslavlissa Ven\u00e4j\u00e4ll\u00e4\",\"description\":\"Uusi ao-blogit -sivusto\",\"potentialAction\":[{\"@type\":\"SearchAction\",\"target\":{\"@type\":\"EntryPoint\",\"urlTemplate\":\"https:\\\/\\\/blogit.gradia.fi\\\/jaroslavl\\\/?s={search_term_string}\"},\"query-input\":{\"@type\":\"PropertyValueSpecification\",\"valueRequired\":true,\"valueName\":\"search_term_string\"}}],\"inLanguage\":\"fi\"}]}<\/script>\n<!-- \/ Yoast SEO plugin. -->","yoast_head_json":{"title":"Tervetuloa blogiin! - Vieraanvaraisuutta vastavierailulla Jaroslavlissa Ven\u00e4j\u00e4ll\u00e4","robots":{"index":"index","follow":"follow","max-snippet":"max-snippet:-1","max-image-preview":"max-image-preview:large","max-video-preview":"max-video-preview:-1"},"canonical":"https:\/\/blogit.gradia.fi\/jaroslavl\/","og_locale":"fi_FI","og_type":"article","og_title":"Tervetuloa blogiin! - Vieraanvaraisuutta vastavierailulla Jaroslavlissa Ven\u00e4j\u00e4ll\u00e4","og_description":"Yst\u00e4vyytt\u00e4 Jyv\u00e4skyl\u00e4n lyseon lukion ven\u00e4l\u00e4isen yst\u00e4v\u00e4koulun kanssa ollaan toteutettu jo 26 vuotta eri muodoissa. Viime vuonna saimme majoittaa kotonamme Jaroslavlista tulleet vieraat. T\u00e4n\u00e4 vuonna kun saimme vastavierailupyynn\u00f6n lokakuulle, l\u00e4hdimme heti suunnittelemaan reissua! Matka Jaroslavliin toteutettiin 12.-18.10.2016. Matkaan l\u00e4htiv\u00e4t opiskelijat Oona Huttunen, Helj\u00e4 Hakkarainen, Julia Pohto, Heidi Tainio ja Alexi Syki\u00e4inen. Ihastuttavana matkaseurana meill\u00e4 oli mukana [&hellip;]","og_url":"https:\/\/blogit.gradia.fi\/jaroslavl\/","og_site_name":"Vieraanvaraisuutta vastavierailulla Jaroslavlissa Ven\u00e4j\u00e4ll\u00e4","article_modified_time":"2016-11-15T20:43:03+00:00","twitter_card":"summary_large_image","schema":{"@context":"https:\/\/schema.org","@graph":[{"@type":"WebPage","@id":"https:\/\/blogit.gradia.fi\/jaroslavl\/","url":"https:\/\/blogit.gradia.fi\/jaroslavl\/","name":"Tervetuloa blogiin! - Vieraanvaraisuutta vastavierailulla Jaroslavlissa Ven\u00e4j\u00e4ll\u00e4","isPartOf":{"@id":"https:\/\/blogit.gradia.fi\/jaroslavl\/#website"},"datePublished":"2016-10-31T17:29:53+00:00","dateModified":"2016-11-15T20:43:03+00:00","inLanguage":"fi","potentialAction":[{"@type":"ReadAction","target":["https:\/\/blogit.gradia.fi\/jaroslavl\/"]}]},{"@type":"WebSite","@id":"https:\/\/blogit.gradia.fi\/jaroslavl\/#website","url":"https:\/\/blogit.gradia.fi\/jaroslavl\/","name":"Vieraanvaraisuutta vastavierailulla Jaroslavlissa Ven\u00e4j\u00e4ll\u00e4","description":"Uusi ao-blogit -sivusto","potentialAction":[{"@type":"SearchAction","target":{"@type":"EntryPoint","urlTemplate":"https:\/\/blogit.gradia.fi\/jaroslavl\/?s={search_term_string}"},"query-input":{"@type":"PropertyValueSpecification","valueRequired":true,"valueName":"search_term_string"}}],"inLanguage":"fi"}]}},"uagb_featured_image_src":{"full":false,"thumbnail":false,"medium":false,"medium_large":false,"large":false,"1536x1536":false,"2048x2048":false,"post-thumbnail":false},"uagb_author_info":{"display_name":"Oona Huttunen","author_link":"https:\/\/blogit.gradia.fi\/jaroslavl\/author\/lk101388\/"},"uagb_comment_info":0,"uagb_excerpt":"Yst\u00e4vyytt\u00e4 Jyv\u00e4skyl\u00e4n lyseon lukion ven\u00e4l\u00e4isen yst\u00e4v\u00e4koulun kanssa ollaan toteutettu jo 26 vuotta eri muodoissa. Viime vuonna saimme majoittaa kotonamme Jaroslavlista tulleet vieraat. T\u00e4n\u00e4 vuonna kun saimme vastavierailupyynn\u00f6n lokakuulle, l\u00e4hdimme heti suunnittelemaan reissua! Matka Jaroslavliin toteutettiin 12.-18.10.2016. Matkaan l\u00e4htiv\u00e4t opiskelijat Oona Huttunen, Helj\u00e4 Hakkarainen, Julia Pohto, Heidi Tainio ja Alexi Syki\u00e4inen. Ihastuttavana matkaseurana meill\u00e4 oli mukana&hellip;","_links":{"self":[{"href":"https:\/\/blogit.gradia.fi\/jaroslavl\/wp-json\/wp\/v2\/pages\/84","targetHints":{"allow":["GET"]}}],"collection":[{"href":"https:\/\/blogit.gradia.fi\/jaroslavl\/wp-json\/wp\/v2\/pages"}],"about":[{"href":"https:\/\/blogit.gradia.fi\/jaroslavl\/wp-json\/wp\/v2\/types\/page"}],"author":[{"embeddable":true,"href":"https:\/\/blogit.gradia.fi\/jaroslavl\/wp-json\/wp\/v2\/users\/443"}],"replies":[{"embeddable":true,"href":"https:\/\/blogit.gradia.fi\/jaroslavl\/wp-json\/wp\/v2\/comments?post=84"}],"version-history":[{"count":0,"href":"https:\/\/blogit.gradia.fi\/jaroslavl\/wp-json\/wp\/v2\/pages\/84\/revisions"}],"wp:attachment":[{"href":"https:\/\/blogit.gradia.fi\/jaroslavl\/wp-json\/wp\/v2\/media?parent=84"}],"curies":[{"name":"wp","href":"https:\/\/api.w.org\/{rel}","templated":true}]}}

<p>Ystävyyttä Jyväskylän lyseon lukion venäläisen ystäväkoulun kanssa ollaan toteutettu jo 26 vuotta eri muodoissa. Viime vuonna saimme majoittaa kotonamme Jaroslavlista tulleet vieraat. Tänä vuonna kun saimme vastavierailupyynnön lokakuulle, lähdimme heti suunnittelemaan reissua! Matka Jaroslavliin toteutettiin 12.-18.10.2016. Matkaan lähtivät opiskelijat Oona Huttunen, Heljä Hakkarainen, Julia Pohto, Heidi Tainio ja Alexi Sykiäinen. Ihastuttavana matkaseurana meillä oli mukana opettajat Ulla Aarnio ja Arto Hjelt sekä Harjun toimipisteen entinen rehtori Yrjö Damskägg.</p>
<p><a href="https://blogit.gradia.fi/jaroslavl/artikkelit/">Artikkelit</a>-sivulta löydät opiskelijoiden päiväkohtaiset kirjoitukset ja <a href="https://blogit.gradia.fi/jaroslavl/valokuvia/">valokuvia</a>-osuudesta löytyy valikoima ikuistettuja hetkiä.</p>
<p>&nbsp;</p>

<p>Ystävyyttä Jyväskylän lyseon lukion venäläisen ystäväkoulun kanssa ollaan toteutettu jo 26 vuotta eri muodoissa. Viime vuonna saimme majoittaa kotonamme Jaroslavlista tulleet vieraat. Tänä vuonna kun saimme vastavierailupyynnön lokakuulle, lähdimme heti suunnittelemaan reissua! Matka Jaroslavliin toteutettiin 12.-18.10.2016. Matkaan lähtivät opiskelijat Oona Huttunen, Heljä Hakkarainen, Julia Pohto, Heidi Tainio ja Alexi Sykiäinen. Ihastuttavana matkaseurana meillä oli mukana [&hellip;]</p>

<!-- This site is optimized with the Yoast SEO plugin v27.5 - https://yoast.com/product/yoast-seo-wordpress/ -->
<title>Tervetuloa blogiin! - Vieraanvaraisuutta vastavierailulla Jaroslavlissa Venäjällä</title>
<meta name="robots" content="index, follow, max-snippet:-1, max-image-preview:large, max-video-preview:-1" />
<link rel="canonical" href="https://blogit.gradia.fi/jaroslavl/" />
<meta property="og:locale" content="fi_FI" />
<meta property="og:type" content="article" />
<meta property="og:title" content="Tervetuloa blogiin! - Vieraanvaraisuutta vastavierailulla Jaroslavlissa Venäjällä" />
<meta property="og:description" content="Ystävyyttä Jyväskylän lyseon lukion venäläisen ystäväkoulun kanssa ollaan toteutettu jo 26 vuotta eri muodoissa. Viime vuonna saimme majoittaa kotonamme Jaroslavlista tulleet vieraat. Tänä vuonna kun saimme vastavierailupyynnön lokakuulle, lähdimme heti suunnittelemaan reissua! Matka Jaroslavliin toteutettiin 12.-18.10.2016. Matkaan lähtivät opiskelijat Oona Huttunen, Heljä Hakkarainen, Julia Pohto, Heidi Tainio ja Alexi Sykiäinen. Ihastuttavana matkaseurana meillä oli mukana [&hellip;]" />
<meta property="og:url" content="https://blogit.gradia.fi/jaroslavl/" />
<meta property="og:site_name" content="Vieraanvaraisuutta vastavierailulla Jaroslavlissa Venäjällä" />
<meta property="article:modified_time" content="2016-11-15T20:43:03+00:00" />
<meta name="twitter:card" content="summary_large_image" />
<script type="application/ld+json" class="yoast-schema-graph">{"@context":"https:\/\/schema.org","@graph":[{"@type":"WebPage","@id":"https:\/\/blogit.gradia.fi\/jaroslavl\/","url":"https:\/\/blogit.gradia.fi\/jaroslavl\/","name":"Tervetuloa blogiin! - Vieraanvaraisuutta vastavierailulla Jaroslavlissa Venäjällä","isPartOf":{"@id":"https:\/\/blogit.gradia.fi\/jaroslavl\/#website"},"datePublished":"2016-10-31T17:29:53+00:00","dateModified":"2016-11-15T20:43:03+00:00","inLanguage":"fi","potentialAction":[{"@type":"ReadAction","target":["https:\/\/blogit.gradia.fi\/jaroslavl\/"]}]},{"@type":"WebSite","@id":"https:\/\/blogit.gradia.fi\/jaroslavl\/#website","url":"https:\/\/blogit.gradia.fi\/jaroslavl\/","name":"Vieraanvaraisuutta vastavierailulla Jaroslavlissa Venäjällä","description":"Uusi ao-blogit -sivusto","potentialAction":[{"@type":"SearchAction","target":{"@type":"EntryPoint","urlTemplate":"https:\/\/blogit.gradia.fi\/jaroslavl\/?s={search_term_string}"},"query-input":{"@type":"PropertyValueSpecification","valueRequired":true,"valueName":"search_term_string"}}],"inLanguage":"fi"}]}</script>
<!-- / Yoast SEO plugin. -->

Tervetuloa blogiin! - Vieraanvaraisuutta vastavierailulla Jaroslavlissa Venäjällä

Ystävyyttä Jyväskylän lyseon lukion venäläisen ystäväkoulun kanssa ollaan toteutettu jo 26 vuotta eri muodoissa. Viime vuonna saimme majoittaa kotonamme Jaroslavlista tulleet vieraat. Tänä vuonna kun saimme vastavierailupyynnön lokakuulle, lähdimme heti suunnittelemaan reissua! Matka Jaroslavliin toteutettiin 12.-18.10.2016. Matkaan lähtivät opiskelijat Oona Huttunen, Heljä Hakkarainen, Julia Pohto, Heidi Tainio ja Alexi Sykiäinen. Ihastuttavana matkaseurana meillä oli mukana [&hellip;]

Vieraanvaraisuutta vastavierailulla Jaroslavlissa Venäjällä

Ystävyyttä Jyväskylän lyseon lukion venäläisen ystäväkoulun kanssa ollaan toteutettu jo 26 vuotta eri muodoissa. Viime vuonna saimme majoittaa kotonamme Jaroslavlista tulleet vieraat. Tänä vuonna kun saimme vastavierailupyynnön lokakuulle, lähdimme heti suunnittelemaan reissua! Matka Jaroslavliin toteutettiin 12.-18.10.2016. Matkaan lähtivät opiskelijat Oona Huttunen, Heljä Hakkarainen, Julia Pohto, Heidi Tainio ja Alexi Sykiäinen. Ihastuttavana matkaseurana meillä oli mukana&hellip;
