{"id":865,"date":"2015-12-21T10:45:26","date_gmt":"2015-12-21T08:45:26","guid":{"rendered":"https:\/\/blogit.gradia.fi\/hiuskilta\/?page_id=865"},"modified":"2018-04-10T15:39:42","modified_gmt":"2018-04-10T12:39:42","slug":"3-5-hiusalan-yrittajyys-ja-yritystoiminta","status":"publish","type":"page","link":"https:\/\/blogit.gradia.fi\/hiuskilta\/ammattiosaamisen-naytot\/3-vuosi\/3-5-hiusalan-yrittajyys-ja-yritystoiminta\/","title":{"rendered":"3.5 Hiusalan yritt\u00e4jyys ja yritystoiminta"},"content":{"rendered":"<p>&nbsp;<\/p>\n<p>Opiskelija ty\u00f6skentelee hiusalan asiakaspalveluteht\u00e4viss\u00e4 ja kohtaa erilaisia asiakkaita. N\u00e4ytt\u00f6\u00f6n sis\u00e4ltyy asiakkaiden tarpeidenja odotusten selvitt\u00e4mist\u00e4, tuotteiden ja palveluiden esittely\u00e4 ja myynti\u00e4. H\u00e4n noudattaa hyvi\u00e4 asiakaspalvelutapoja sek\u00e4 toimii vastuuntuntoisesti. Yritystoiminnan n\u00e4yt\u00f6ss\u00e4 arvioidaan opiskelijan toimintaa asiakaspalvelutilanteessa yhden viikonmittaisella seurantajaksolla sek\u00e4 <a href=\"https:\/\/jaofi-my.sharepoint.com\/personal\/satub_gradia_fi\/_layouts\/15\/guestaccess.aspx?docid=02d53f5dbc85946f2a636141cc8210dcb&amp;authkey=Ad4wspPQS_Id3kYSd-EoBCw\" target=\"_blank\" rel=\"noopener\">pohdintateht\u00e4v\u00e4ll\u00e4<\/a>.<\/p>\n<p>OHJAAVA PALAUTE JA ARVIOINTI<\/p>\n<p>Opiskelija arvioi ty\u00f6skentely\u00e4\u00e4n kun koko asiakaspalvelujakso on p\u00e4\u00e4ttynyt, erillisten <a href=\"https:\/\/eperusteet.opintopolku.fi\/#\/fi\/esitys\/1571584\/ops\/tutkinnonosat\/1572370\" target=\"_blank\" rel=\"noopener\">arviointikriteerien<\/a> avulla. Ohjaaja merkitsee omat huomionsa omaan lomakkeensa. Opiskeija ja ohjaaja k\u00e4yv\u00e4t ohjaavan palutekeskustelun lomakkeitten pohjalta. Keskustelussa on t\u00e4rke\u00e4\u00e4 l\u00f6yt\u00e4\u00e4 ne kohdat, jotka sujuvat hyvin sek\u00e4 kohdat, jotka vaativat kehitt\u00e4mist\u00e4.<\/p>\n<p>Arviointikeskusteluun osallistuvat opiskelija ,ty\u00f6el\u00e4m\u00e4n edustaja ja opettaja. Puheenvuoro on ensin opiskelijalla.\u00a0 Arviointi perustuu tutkinnon osan arvioinnin kohteisiin ja kriteereihin, opiskelijan itsearviointiin ja arviointikeskusteluun. Arvosanasta p\u00e4\u00e4tt\u00e4v\u00e4t opettaja ja ty\u00f6el\u00e4m\u00e4n edustaja yhdess\u00e4. Tutkinnon osan ammattiosaamisen n\u00e4ytt\u00f6 voidaan toteuttaa\u00a0 ty\u00f6skentelem\u00e4ll\u00e4 NY-yrityksess\u00e4, osuuskuntatoiminnassa,Taitaja- kilpailussa tai ty\u00f6ss\u00e4oppien yritt\u00e4j\u00e4n\u00e4.<\/p>\n<p>Opettaja kokoaa n\u00e4yt\u00f6n arvioinnin ja dokumentoi sen kirjallisesti. N\u00e4yt\u00f6n dokumentointi: (<a href=\"https:\/\/jaofi-my.sharepoint.com\/personal\/myllyrii_gradia_fi\/_layouts\/15\/guestaccess.aspx?guestaccesstoken=oKJDUk3Cnm7j2aq8aLN5m4z%2bSspNsNiZAKl%2bhEgmVdw%3d&amp;docid=08c6265c8900347b0b43a3098cdc03bb1\" target=\"_blank\" rel=\"noopener\">lomake<\/a>)<\/p>\n","protected":false},"excerpt":{"rendered":"<p>&nbsp; Opiskelija ty\u00f6skentelee hiusalan asiakaspalveluteht\u00e4viss\u00e4 ja kohtaa erilaisia asiakkaita. N\u00e4ytt\u00f6\u00f6n sis\u00e4ltyy asiakkaiden tarpeidenja odotusten selvitt\u00e4mist\u00e4, tuotteiden ja palveluiden esittely\u00e4 ja myynti\u00e4. H\u00e4n noudattaa hyvi\u00e4 asiakaspalvelutapoja sek\u00e4 toimii vastuuntuntoisesti. Yritystoiminnan n\u00e4yt\u00f6ss\u00e4 arvioidaan opiskelijan toimintaa asiakaspalvelutilanteessa yhden viikonmittaisella seurantajaksolla sek\u00e4 pohdintateht\u00e4v\u00e4ll\u00e4. OHJAAVA PALAUTE JA ARVIOINTI Opiskelija arvioi ty\u00f6skentely\u00e4\u00e4n kun koko asiakaspalvelujakso on p\u00e4\u00e4ttynyt, erillisten arviointikriteerien avulla. Ohjaaja &hellip; <a href=\"https:\/\/blogit.gradia.fi\/hiuskilta\/ammattiosaamisen-naytot\/3-vuosi\/3-5-hiusalan-yrittajyys-ja-yritystoiminta\/\" class=\"more-link\">Jatka lukemista <span class=\"screen-reader-text\">3.5 Hiusalan yritt\u00e4jyys ja yritystoiminta<\/span> <span class=\"meta-nav\">&rarr;<\/span><\/a><\/p>\n","protected":false},"author":161,"featured_media":0,"parent":557,"menu_order":0,"comment_status":"open","ping_status":"open","template":"","meta":{"_uag_custom_page_level_css":"","footnotes":""},"class_list":["post-865","page","type-page","status-publish","hentry"],"yoast_head":"<!-- This site is optimized with the Yoast SEO plugin v27.4 - https:\/\/yoast.com\/product\/yoast-seo-wordpress\/ -->\n<title>3.5 Hiusalan yritt\u00e4jyys ja yritystoiminta - Hiuskilta Original<\/title>\n<meta name=\"robots\" content=\"index, follow, max-snippet:-1, max-image-preview:large, max-video-preview:-1\" \/>\n<link rel=\"canonical\" href=\"https:\/\/blogit.gradia.fi\/hiuskilta\/ammattiosaamisen-naytot\/3-vuosi\/3-5-hiusalan-yrittajyys-ja-yritystoiminta\/\" \/>\n<meta property=\"og:locale\" content=\"fi_FI\" \/>\n<meta property=\"og:type\" content=\"article\" \/>\n<meta property=\"og:title\" content=\"3.5 Hiusalan yritt\u00e4jyys ja yritystoiminta - Hiuskilta Original\" \/>\n<meta property=\"og:description\" content=\"&nbsp; Opiskelija ty\u00f6skentelee hiusalan asiakaspalveluteht\u00e4viss\u00e4 ja kohtaa erilaisia asiakkaita. N\u00e4ytt\u00f6\u00f6n sis\u00e4ltyy asiakkaiden tarpeidenja odotusten selvitt\u00e4mist\u00e4, tuotteiden ja palveluiden esittely\u00e4 ja myynti\u00e4. H\u00e4n noudattaa hyvi\u00e4 asiakaspalvelutapoja sek\u00e4 toimii vastuuntuntoisesti. Yritystoiminnan n\u00e4yt\u00f6ss\u00e4 arvioidaan opiskelijan toimintaa asiakaspalvelutilanteessa yhden viikonmittaisella seurantajaksolla sek\u00e4 pohdintateht\u00e4v\u00e4ll\u00e4. OHJAAVA PALAUTE JA ARVIOINTI Opiskelija arvioi ty\u00f6skentely\u00e4\u00e4n kun koko asiakaspalvelujakso on p\u00e4\u00e4ttynyt, erillisten arviointikriteerien avulla. Ohjaaja &hellip; Jatka lukemista 3.5 Hiusalan yritt\u00e4jyys ja yritystoiminta &rarr;\" \/>\n<meta property=\"og:url\" content=\"https:\/\/blogit.gradia.fi\/hiuskilta\/ammattiosaamisen-naytot\/3-vuosi\/3-5-hiusalan-yrittajyys-ja-yritystoiminta\/\" \/>\n<meta property=\"og:site_name\" content=\"Hiuskilta Original\" \/>\n<meta property=\"article:modified_time\" content=\"2018-04-10T12:39:42+00:00\" \/>\n<meta name=\"twitter:card\" content=\"summary_large_image\" \/>\n<meta name=\"twitter:label1\" content=\"Arvioitu lukuaika\" \/>\n\t<meta name=\"twitter:data1\" content=\"1 minuutti\" \/>\n<script type=\"application\/ld+json\" class=\"yoast-schema-graph\">{\"@context\":\"https:\\\/\\\/schema.org\",\"@graph\":[{\"@type\":\"WebPage\",\"@id\":\"https:\\\/\\\/blogit.gradia.fi\\\/hiuskilta\\\/ammattiosaamisen-naytot\\\/3-vuosi\\\/3-5-hiusalan-yrittajyys-ja-yritystoiminta\\\/\",\"url\":\"https:\\\/\\\/blogit.gradia.fi\\\/hiuskilta\\\/ammattiosaamisen-naytot\\\/3-vuosi\\\/3-5-hiusalan-yrittajyys-ja-yritystoiminta\\\/\",\"name\":\"3.5 Hiusalan yritt\u00e4jyys ja yritystoiminta - Hiuskilta Original\",\"isPartOf\":{\"@id\":\"https:\\\/\\\/blogit.gradia.fi\\\/hiuskilta\\\/#website\"},\"datePublished\":\"2015-12-21T08:45:26+00:00\",\"dateModified\":\"2018-04-10T12:39:42+00:00\",\"breadcrumb\":{\"@id\":\"https:\\\/\\\/blogit.gradia.fi\\\/hiuskilta\\\/ammattiosaamisen-naytot\\\/3-vuosi\\\/3-5-hiusalan-yrittajyys-ja-yritystoiminta\\\/#breadcrumb\"},\"inLanguage\":\"fi\",\"potentialAction\":[{\"@type\":\"ReadAction\",\"target\":[\"https:\\\/\\\/blogit.gradia.fi\\\/hiuskilta\\\/ammattiosaamisen-naytot\\\/3-vuosi\\\/3-5-hiusalan-yrittajyys-ja-yritystoiminta\\\/\"]}]},{\"@type\":\"BreadcrumbList\",\"@id\":\"https:\\\/\\\/blogit.gradia.fi\\\/hiuskilta\\\/ammattiosaamisen-naytot\\\/3-vuosi\\\/3-5-hiusalan-yrittajyys-ja-yritystoiminta\\\/#breadcrumb\",\"itemListElement\":[{\"@type\":\"ListItem\",\"position\":1,\"name\":\"Ammattiosaamisen n\u00e4yt\u00f6t\",\"item\":\"https:\\\/\\\/blogit.gradia.fi\\\/hiuskilta\\\/ammattiosaamisen-naytot\\\/\"},{\"@type\":\"ListItem\",\"position\":2,\"name\":\"3. vuosi\",\"item\":\"https:\\\/\\\/blogit.gradia.fi\\\/hiuskilta\\\/ammattiosaamisen-naytot\\\/3-vuosi\\\/\"},{\"@type\":\"ListItem\",\"position\":3,\"name\":\"3.5 Hiusalan yritt\u00e4jyys ja yritystoiminta\"}]},{\"@type\":\"WebSite\",\"@id\":\"https:\\\/\\\/blogit.gradia.fi\\\/hiuskilta\\\/#website\",\"url\":\"https:\\\/\\\/blogit.gradia.fi\\\/hiuskilta\\\/\",\"name\":\"Hiuskilta Original\",\"description\":\"Gradia Jyv\u00e4skyl\u00e4n hiusalan avoin oppimisymp\u00e4rist\u00f6\",\"potentialAction\":[{\"@type\":\"SearchAction\",\"target\":{\"@type\":\"EntryPoint\",\"urlTemplate\":\"https:\\\/\\\/blogit.gradia.fi\\\/hiuskilta\\\/?s={search_term_string}\"},\"query-input\":{\"@type\":\"PropertyValueSpecification\",\"valueRequired\":true,\"valueName\":\"search_term_string\"}}],\"inLanguage\":\"fi\"}]}<\/script>\n<!-- \/ Yoast SEO plugin. -->","yoast_head_json":{"title":"3.5 Hiusalan yritt\u00e4jyys ja yritystoiminta - Hiuskilta Original","robots":{"index":"index","follow":"follow","max-snippet":"max-snippet:-1","max-image-preview":"max-image-preview:large","max-video-preview":"max-video-preview:-1"},"canonical":"https:\/\/blogit.gradia.fi\/hiuskilta\/ammattiosaamisen-naytot\/3-vuosi\/3-5-hiusalan-yrittajyys-ja-yritystoiminta\/","og_locale":"fi_FI","og_type":"article","og_title":"3.5 Hiusalan yritt\u00e4jyys ja yritystoiminta - Hiuskilta Original","og_description":"&nbsp; Opiskelija ty\u00f6skentelee hiusalan asiakaspalveluteht\u00e4viss\u00e4 ja kohtaa erilaisia asiakkaita. N\u00e4ytt\u00f6\u00f6n sis\u00e4ltyy asiakkaiden tarpeidenja odotusten selvitt\u00e4mist\u00e4, tuotteiden ja palveluiden esittely\u00e4 ja myynti\u00e4. H\u00e4n noudattaa hyvi\u00e4 asiakaspalvelutapoja sek\u00e4 toimii vastuuntuntoisesti. Yritystoiminnan n\u00e4yt\u00f6ss\u00e4 arvioidaan opiskelijan toimintaa asiakaspalvelutilanteessa yhden viikonmittaisella seurantajaksolla sek\u00e4 pohdintateht\u00e4v\u00e4ll\u00e4. OHJAAVA PALAUTE JA ARVIOINTI Opiskelija arvioi ty\u00f6skentely\u00e4\u00e4n kun koko asiakaspalvelujakso on p\u00e4\u00e4ttynyt, erillisten arviointikriteerien avulla. Ohjaaja &hellip; Jatka lukemista 3.5 Hiusalan yritt\u00e4jyys ja yritystoiminta &rarr;","og_url":"https:\/\/blogit.gradia.fi\/hiuskilta\/ammattiosaamisen-naytot\/3-vuosi\/3-5-hiusalan-yrittajyys-ja-yritystoiminta\/","og_site_name":"Hiuskilta Original","article_modified_time":"2018-04-10T12:39:42+00:00","twitter_card":"summary_large_image","twitter_misc":{"Arvioitu lukuaika":"1 minuutti"},"schema":{"@context":"https:\/\/schema.org","@graph":[{"@type":"WebPage","@id":"https:\/\/blogit.gradia.fi\/hiuskilta\/ammattiosaamisen-naytot\/3-vuosi\/3-5-hiusalan-yrittajyys-ja-yritystoiminta\/","url":"https:\/\/blogit.gradia.fi\/hiuskilta\/ammattiosaamisen-naytot\/3-vuosi\/3-5-hiusalan-yrittajyys-ja-yritystoiminta\/","name":"3.5 Hiusalan yritt\u00e4jyys ja yritystoiminta - Hiuskilta Original","isPartOf":{"@id":"https:\/\/blogit.gradia.fi\/hiuskilta\/#website"},"datePublished":"2015-12-21T08:45:26+00:00","dateModified":"2018-04-10T12:39:42+00:00","breadcrumb":{"@id":"https:\/\/blogit.gradia.fi\/hiuskilta\/ammattiosaamisen-naytot\/3-vuosi\/3-5-hiusalan-yrittajyys-ja-yritystoiminta\/#breadcrumb"},"inLanguage":"fi","potentialAction":[{"@type":"ReadAction","target":["https:\/\/blogit.gradia.fi\/hiuskilta\/ammattiosaamisen-naytot\/3-vuosi\/3-5-hiusalan-yrittajyys-ja-yritystoiminta\/"]}]},{"@type":"BreadcrumbList","@id":"https:\/\/blogit.gradia.fi\/hiuskilta\/ammattiosaamisen-naytot\/3-vuosi\/3-5-hiusalan-yrittajyys-ja-yritystoiminta\/#breadcrumb","itemListElement":[{"@type":"ListItem","position":1,"name":"Ammattiosaamisen n\u00e4yt\u00f6t","item":"https:\/\/blogit.gradia.fi\/hiuskilta\/ammattiosaamisen-naytot\/"},{"@type":"ListItem","position":2,"name":"3. vuosi","item":"https:\/\/blogit.gradia.fi\/hiuskilta\/ammattiosaamisen-naytot\/3-vuosi\/"},{"@type":"ListItem","position":3,"name":"3.5 Hiusalan yritt\u00e4jyys ja yritystoiminta"}]},{"@type":"WebSite","@id":"https:\/\/blogit.gradia.fi\/hiuskilta\/#website","url":"https:\/\/blogit.gradia.fi\/hiuskilta\/","name":"Hiuskilta Original","description":"Gradia Jyv\u00e4skyl\u00e4n hiusalan avoin oppimisymp\u00e4rist\u00f6","potentialAction":[{"@type":"SearchAction","target":{"@type":"EntryPoint","urlTemplate":"https:\/\/blogit.gradia.fi\/hiuskilta\/?s={search_term_string}"},"query-input":{"@type":"PropertyValueSpecification","valueRequired":true,"valueName":"search_term_string"}}],"inLanguage":"fi"}]}},"uagb_featured_image_src":{"full":false,"thumbnail":false,"medium":false,"medium_large":false,"large":false,"1536x1536":false,"2048x2048":false,"post-thumbnail":false,"twentyfourteen-full-width":false},"uagb_author_info":{"display_name":"Hanna Frilander","author_link":"https:\/\/blogit.gradia.fi\/hiuskilta\/author\/frilahan\/"},"uagb_comment_info":0,"uagb_excerpt":"&nbsp; Opiskelija ty\u00f6skentelee hiusalan asiakaspalveluteht\u00e4viss\u00e4 ja kohtaa erilaisia asiakkaita. N\u00e4ytt\u00f6\u00f6n sis\u00e4ltyy asiakkaiden tarpeidenja odotusten selvitt\u00e4mist\u00e4, tuotteiden ja palveluiden esittely\u00e4 ja myynti\u00e4. H\u00e4n noudattaa hyvi\u00e4 asiakaspalvelutapoja sek\u00e4 toimii vastuuntuntoisesti. Yritystoiminnan n\u00e4yt\u00f6ss\u00e4 arvioidaan opiskelijan toimintaa asiakaspalvelutilanteessa yhden viikonmittaisella seurantajaksolla sek\u00e4 pohdintateht\u00e4v\u00e4ll\u00e4. OHJAAVA PALAUTE JA ARVIOINTI Opiskelija arvioi ty\u00f6skentely\u00e4\u00e4n kun koko asiakaspalvelujakso on p\u00e4\u00e4ttynyt, erillisten arviointikriteerien avulla. Ohjaaja&hellip;","_links":{"self":[{"href":"https:\/\/blogit.gradia.fi\/hiuskilta\/wp-json\/wp\/v2\/pages\/865","targetHints":{"allow":["GET"]}}],"collection":[{"href":"https:\/\/blogit.gradia.fi\/hiuskilta\/wp-json\/wp\/v2\/pages"}],"about":[{"href":"https:\/\/blogit.gradia.fi\/hiuskilta\/wp-json\/wp\/v2\/types\/page"}],"author":[{"embeddable":true,"href":"https:\/\/blogit.gradia.fi\/hiuskilta\/wp-json\/wp\/v2\/users\/161"}],"replies":[{"embeddable":true,"href":"https:\/\/blogit.gradia.fi\/hiuskilta\/wp-json\/wp\/v2\/comments?post=865"}],"version-history":[{"count":0,"href":"https:\/\/blogit.gradia.fi\/hiuskilta\/wp-json\/wp\/v2\/pages\/865\/revisions"}],"up":[{"embeddable":true,"href":"https:\/\/blogit.gradia.fi\/hiuskilta\/wp-json\/wp\/v2\/pages\/557"}],"wp:attachment":[{"href":"https:\/\/blogit.gradia.fi\/hiuskilta\/wp-json\/wp\/v2\/media?parent=865"}],"curies":[{"name":"wp","href":"https:\/\/api.w.org\/{rel}","templated":true}]}}