{"id":677,"date":"2015-05-25T10:26:04","date_gmt":"2015-05-25T07:26:04","guid":{"rendered":"https:\/\/blogit.gradia.fi\/hiuskilta\/?page_id=677"},"modified":"2015-09-24T11:53:48","modified_gmt":"2015-09-24T08:53:48","slug":"varikasittelyt","status":"publish","type":"page","link":"https:\/\/blogit.gradia.fi\/hiuskilta\/hiusalan-verkko-oppimateriaalit\/varikasittelyt\/","title":{"rendered":"V\u00e4rik\u00e4sittelyt"},"content":{"rendered":"<p>&nbsp;<\/p>\n<p><a href=\"http:\/\/www.schwarzkopf-professional.fi\/skp\/fi\/fi\/home\/koulutus\/ask\/essential-skills\/0415\/tiedatko-varituotteiden-perusaineosat.html\" target=\"_blank\">Schwartzkopf Finland, v\u00e4rituotteiden perusaineosat<\/a><\/p>\n<p><a href=\"https:\/\/blogit.gradia.fi\/hiuskilta\/wp-content\/uploads\/sites\/74\/2015\/09\/KCprofessional-v\u00e4rit.pdf\" target=\"_blank\">KC Color, v\u00e4rimestari 1 -kertausdiat<\/a><\/p>\n<p>Koulutuskeskus Salpauksen projekti 2014:<\/p>\n<p><iframe loading=\"lazy\" title=\"HIUSALA - Hiusten v\u00e4rj\u00e4ys ja leikkaus\" width=\"474\" height=\"267\" src=\"https:\/\/www.youtube.com\/embed\/LRyH00DDV94?feature=oembed\" frameborder=\"0\" allow=\"accelerometer; autoplay; clipboard-write; encrypted-media; gyroscope; picture-in-picture; web-share\" referrerpolicy=\"strict-origin-when-cross-origin\" allowfullscreen><\/iframe><\/p>\n<p>VirtuaaliTOP\u00a0 &#8211; ty\u00f6ss\u00e4oppimiseen liittyvi\u00e4 asioita<\/p>\n<p><a href=\"http:\/\/salpro.salpaus.fi\/virtuaalitop\/index-pano.html#node2\" target=\"_blank\">Virtuaaliesitys, v\u00e4ri- ja pesupiste<\/a><\/p>\n<p>&nbsp;<\/p>\n","protected":false},"excerpt":{"rendered":"<p>&nbsp; Schwartzkopf Finland, v\u00e4rituotteiden perusaineosat KC Color, v\u00e4rimestari 1 -kertausdiat Koulutuskeskus Salpauksen projekti 2014: VirtuaaliTOP\u00a0 &#8211; ty\u00f6ss\u00e4oppimiseen liittyvi\u00e4 asioita Virtuaaliesitys, v\u00e4ri- ja pesupiste &nbsp;<\/p>\n","protected":false},"author":161,"featured_media":0,"parent":623,"menu_order":0,"comment_status":"open","ping_status":"open","template":"","meta":{"_uag_custom_page_level_css":"","footnotes":""},"class_list":["post-677","page","type-page","status-publish","hentry"],"yoast_head":"<!-- This site is optimized with the Yoast SEO plugin v27.4 - https:\/\/yoast.com\/product\/yoast-seo-wordpress\/ -->\n<title>V\u00e4rik\u00e4sittelyt - Hiuskilta Original<\/title>\n<meta name=\"robots\" content=\"index, follow, max-snippet:-1, max-image-preview:large, max-video-preview:-1\" \/>\n<link rel=\"canonical\" href=\"https:\/\/blogit.gradia.fi\/hiuskilta\/hiusalan-verkko-oppimateriaalit\/varikasittelyt\/\" \/>\n<meta property=\"og:locale\" content=\"fi_FI\" \/>\n<meta property=\"og:type\" content=\"article\" \/>\n<meta property=\"og:title\" content=\"V\u00e4rik\u00e4sittelyt - Hiuskilta Original\" \/>\n<meta property=\"og:description\" content=\"&nbsp; Schwartzkopf Finland, v\u00e4rituotteiden perusaineosat KC Color, v\u00e4rimestari 1 -kertausdiat Koulutuskeskus Salpauksen projekti 2014: VirtuaaliTOP\u00a0 &#8211; ty\u00f6ss\u00e4oppimiseen liittyvi\u00e4 asioita Virtuaaliesitys, v\u00e4ri- ja pesupiste &nbsp;\" \/>\n<meta property=\"og:url\" content=\"https:\/\/blogit.gradia.fi\/hiuskilta\/hiusalan-verkko-oppimateriaalit\/varikasittelyt\/\" \/>\n<meta property=\"og:site_name\" content=\"Hiuskilta Original\" \/>\n<meta property=\"article:modified_time\" content=\"2015-09-24T08:53:48+00:00\" \/>\n<meta name=\"twitter:card\" content=\"summary_large_image\" \/>\n<script type=\"application\/ld+json\" class=\"yoast-schema-graph\">{\"@context\":\"https:\\\/\\\/schema.org\",\"@graph\":[{\"@type\":\"WebPage\",\"@id\":\"https:\\\/\\\/blogit.gradia.fi\\\/hiuskilta\\\/hiusalan-verkko-oppimateriaalit\\\/varikasittelyt\\\/\",\"url\":\"https:\\\/\\\/blogit.gradia.fi\\\/hiuskilta\\\/hiusalan-verkko-oppimateriaalit\\\/varikasittelyt\\\/\",\"name\":\"V\u00e4rik\u00e4sittelyt - Hiuskilta Original\",\"isPartOf\":{\"@id\":\"https:\\\/\\\/blogit.gradia.fi\\\/hiuskilta\\\/#website\"},\"datePublished\":\"2015-05-25T07:26:04+00:00\",\"dateModified\":\"2015-09-24T08:53:48+00:00\",\"breadcrumb\":{\"@id\":\"https:\\\/\\\/blogit.gradia.fi\\\/hiuskilta\\\/hiusalan-verkko-oppimateriaalit\\\/varikasittelyt\\\/#breadcrumb\"},\"inLanguage\":\"fi\",\"potentialAction\":[{\"@type\":\"ReadAction\",\"target\":[\"https:\\\/\\\/blogit.gradia.fi\\\/hiuskilta\\\/hiusalan-verkko-oppimateriaalit\\\/varikasittelyt\\\/\"]}]},{\"@type\":\"BreadcrumbList\",\"@id\":\"https:\\\/\\\/blogit.gradia.fi\\\/hiuskilta\\\/hiusalan-verkko-oppimateriaalit\\\/varikasittelyt\\\/#breadcrumb\",\"itemListElement\":[{\"@type\":\"ListItem\",\"position\":1,\"name\":\"Hiusalan verkko-oppimateriaalit\",\"item\":\"https:\\\/\\\/blogit.gradia.fi\\\/hiuskilta\\\/hiusalan-verkko-oppimateriaalit\\\/\"},{\"@type\":\"ListItem\",\"position\":2,\"name\":\"V\u00e4rik\u00e4sittelyt\"}]},{\"@type\":\"WebSite\",\"@id\":\"https:\\\/\\\/blogit.gradia.fi\\\/hiuskilta\\\/#website\",\"url\":\"https:\\\/\\\/blogit.gradia.fi\\\/hiuskilta\\\/\",\"name\":\"Hiuskilta Original\",\"description\":\"Gradia Jyv\u00e4skyl\u00e4n hiusalan avoin oppimisymp\u00e4rist\u00f6\",\"potentialAction\":[{\"@type\":\"SearchAction\",\"target\":{\"@type\":\"EntryPoint\",\"urlTemplate\":\"https:\\\/\\\/blogit.gradia.fi\\\/hiuskilta\\\/?s={search_term_string}\"},\"query-input\":{\"@type\":\"PropertyValueSpecification\",\"valueRequired\":true,\"valueName\":\"search_term_string\"}}],\"inLanguage\":\"fi\"}]}<\/script>\n<!-- \/ Yoast SEO plugin. -->","yoast_head_json":{"title":"V\u00e4rik\u00e4sittelyt - Hiuskilta Original","robots":{"index":"index","follow":"follow","max-snippet":"max-snippet:-1","max-image-preview":"max-image-preview:large","max-video-preview":"max-video-preview:-1"},"canonical":"https:\/\/blogit.gradia.fi\/hiuskilta\/hiusalan-verkko-oppimateriaalit\/varikasittelyt\/","og_locale":"fi_FI","og_type":"article","og_title":"V\u00e4rik\u00e4sittelyt - Hiuskilta Original","og_description":"&nbsp; Schwartzkopf Finland, v\u00e4rituotteiden perusaineosat KC Color, v\u00e4rimestari 1 -kertausdiat Koulutuskeskus Salpauksen projekti 2014: VirtuaaliTOP\u00a0 &#8211; ty\u00f6ss\u00e4oppimiseen liittyvi\u00e4 asioita Virtuaaliesitys, v\u00e4ri- ja pesupiste &nbsp;","og_url":"https:\/\/blogit.gradia.fi\/hiuskilta\/hiusalan-verkko-oppimateriaalit\/varikasittelyt\/","og_site_name":"Hiuskilta Original","article_modified_time":"2015-09-24T08:53:48+00:00","twitter_card":"summary_large_image","schema":{"@context":"https:\/\/schema.org","@graph":[{"@type":"WebPage","@id":"https:\/\/blogit.gradia.fi\/hiuskilta\/hiusalan-verkko-oppimateriaalit\/varikasittelyt\/","url":"https:\/\/blogit.gradia.fi\/hiuskilta\/hiusalan-verkko-oppimateriaalit\/varikasittelyt\/","name":"V\u00e4rik\u00e4sittelyt - Hiuskilta Original","isPartOf":{"@id":"https:\/\/blogit.gradia.fi\/hiuskilta\/#website"},"datePublished":"2015-05-25T07:26:04+00:00","dateModified":"2015-09-24T08:53:48+00:00","breadcrumb":{"@id":"https:\/\/blogit.gradia.fi\/hiuskilta\/hiusalan-verkko-oppimateriaalit\/varikasittelyt\/#breadcrumb"},"inLanguage":"fi","potentialAction":[{"@type":"ReadAction","target":["https:\/\/blogit.gradia.fi\/hiuskilta\/hiusalan-verkko-oppimateriaalit\/varikasittelyt\/"]}]},{"@type":"BreadcrumbList","@id":"https:\/\/blogit.gradia.fi\/hiuskilta\/hiusalan-verkko-oppimateriaalit\/varikasittelyt\/#breadcrumb","itemListElement":[{"@type":"ListItem","position":1,"name":"Hiusalan verkko-oppimateriaalit","item":"https:\/\/blogit.gradia.fi\/hiuskilta\/hiusalan-verkko-oppimateriaalit\/"},{"@type":"ListItem","position":2,"name":"V\u00e4rik\u00e4sittelyt"}]},{"@type":"WebSite","@id":"https:\/\/blogit.gradia.fi\/hiuskilta\/#website","url":"https:\/\/blogit.gradia.fi\/hiuskilta\/","name":"Hiuskilta Original","description":"Gradia Jyv\u00e4skyl\u00e4n hiusalan avoin oppimisymp\u00e4rist\u00f6","potentialAction":[{"@type":"SearchAction","target":{"@type":"EntryPoint","urlTemplate":"https:\/\/blogit.gradia.fi\/hiuskilta\/?s={search_term_string}"},"query-input":{"@type":"PropertyValueSpecification","valueRequired":true,"valueName":"search_term_string"}}],"inLanguage":"fi"}]}},"uagb_featured_image_src":{"full":false,"thumbnail":false,"medium":false,"medium_large":false,"large":false,"1536x1536":false,"2048x2048":false,"post-thumbnail":false,"twentyfourteen-full-width":false},"uagb_author_info":{"display_name":"Hanna Frilander","author_link":"https:\/\/blogit.gradia.fi\/hiuskilta\/author\/frilahan\/"},"uagb_comment_info":0,"uagb_excerpt":"&nbsp; Schwartzkopf Finland, v\u00e4rituotteiden perusaineosat KC Color, v\u00e4rimestari 1 -kertausdiat Koulutuskeskus Salpauksen projekti 2014: VirtuaaliTOP\u00a0 &#8211; ty\u00f6ss\u00e4oppimiseen liittyvi\u00e4 asioita Virtuaaliesitys, v\u00e4ri- ja pesupiste &nbsp;","_links":{"self":[{"href":"https:\/\/blogit.gradia.fi\/hiuskilta\/wp-json\/wp\/v2\/pages\/677","targetHints":{"allow":["GET"]}}],"collection":[{"href":"https:\/\/blogit.gradia.fi\/hiuskilta\/wp-json\/wp\/v2\/pages"}],"about":[{"href":"https:\/\/blogit.gradia.fi\/hiuskilta\/wp-json\/wp\/v2\/types\/page"}],"author":[{"embeddable":true,"href":"https:\/\/blogit.gradia.fi\/hiuskilta\/wp-json\/wp\/v2\/users\/161"}],"replies":[{"embeddable":true,"href":"https:\/\/blogit.gradia.fi\/hiuskilta\/wp-json\/wp\/v2\/comments?post=677"}],"version-history":[{"count":0,"href":"https:\/\/blogit.gradia.fi\/hiuskilta\/wp-json\/wp\/v2\/pages\/677\/revisions"}],"up":[{"embeddable":true,"href":"https:\/\/blogit.gradia.fi\/hiuskilta\/wp-json\/wp\/v2\/pages\/623"}],"wp:attachment":[{"href":"https:\/\/blogit.gradia.fi\/hiuskilta\/wp-json\/wp\/v2\/media?parent=677"}],"curies":[{"name":"wp","href":"https:\/\/api.w.org\/{rel}","templated":true}]}}