{"id":674,"date":"2015-05-25T10:03:31","date_gmt":"2015-05-25T07:03:31","guid":{"rendered":"https:\/\/blogit.gradia.fi\/hiuskilta\/?page_id=674"},"modified":"2016-05-30T10:20:32","modified_gmt":"2016-05-30T07:20:32","slug":"tyossaoppiminen","status":"publish","type":"page","link":"https:\/\/blogit.gradia.fi\/hiuskilta\/tyossaoppiminen\/","title":{"rendered":"Ty\u00f6ss\u00e4oppiminen"},"content":{"rendered":"<p>Yhdess\u00e4 ty\u00f6paikkaohjaajien kanssa on koottu opas opiskelijalle ty\u00f6ss\u00e4oppimispaikan hakemista ja ty\u00f6skentely\u00e4 varten. Opas k\u00e4sitell\u00e4\u00e4n koulussa yhdess\u00e4 opiskelijoiden kanssa ja siit\u00e4 keskustellaan ennen ty\u00f6ss\u00e4oppimisen alkamista.<\/p>\n<p><a href=\"https:\/\/drive.google.com\/file\/d\/0B1jpwEHIXvjpbURtbjV2NGNwTmM\/view?pref=2&amp;pli=1\" target=\"_blank\">Opas opiskelijalle ty\u00f6ss\u00e4oppimispaikan hakemista ja ty\u00f6skentely\u00e4 varten <\/a><\/p>\n<p>Ty\u00f6paikkaohjaajan <a href=\"https:\/\/jaofi-my.sharepoint.com\/personal\/myllyrii_jao_fi\/_layouts\/15\/guestaccess.aspx?guestaccesstoken=41abJ3s4Ab3TV1HP48uv%2bjRYytg2w1BfXfLoxYx31wg%3d&amp;docid=07d50817704da43d9bf84eb44079c9c93\" target=\"_blank\">opas<br \/>\n<\/a><\/p>\n<p>Ty\u00f6paikkaohjaajakoulutus 3ov (Hiusalan sovellus) <a href=\"http:\/\/www.ttl.fi\/fi\/tutkimus\/hankkeet\/NuMaT\/Documents\/NuMaT_Tuotekortti_web_LOPULLINEN%20VERKKOVERSIO.pdf\" target=\"_blank\">Ty\u00f6terveyslaitoksen perehdytt\u00e4misen Top10 -lista<\/a><\/p>\n<p>&nbsp;<\/p>\n","protected":false},"excerpt":{"rendered":"<p>Yhdess\u00e4 ty\u00f6paikkaohjaajien kanssa on koottu opas opiskelijalle ty\u00f6ss\u00e4oppimispaikan hakemista ja ty\u00f6skentely\u00e4 varten. Opas k\u00e4sitell\u00e4\u00e4n koulussa yhdess\u00e4 opiskelijoiden kanssa ja siit\u00e4 keskustellaan ennen ty\u00f6ss\u00e4oppimisen alkamista. Opas opiskelijalle ty\u00f6ss\u00e4oppimispaikan hakemista ja ty\u00f6skentely\u00e4 varten Ty\u00f6paikkaohjaajan opas Ty\u00f6paikkaohjaajakoulutus 3ov (Hiusalan sovellus) Ty\u00f6terveyslaitoksen perehdytt\u00e4misen Top10 -lista &nbsp;<\/p>\n","protected":false},"author":161,"featured_media":0,"parent":0,"menu_order":0,"comment_status":"open","ping_status":"open","template":"","meta":{"_uag_custom_page_level_css":"","footnotes":""},"class_list":["post-674","page","type-page","status-publish","hentry"],"yoast_head":"<!-- This site is optimized with the Yoast SEO plugin v27.4 - https:\/\/yoast.com\/product\/yoast-seo-wordpress\/ -->\n<title>Ty\u00f6ss\u00e4oppiminen - Hiuskilta Original<\/title>\n<meta name=\"robots\" content=\"index, follow, max-snippet:-1, max-image-preview:large, max-video-preview:-1\" \/>\n<link rel=\"canonical\" href=\"https:\/\/blogit.gradia.fi\/hiuskilta\/tyossaoppiminen\/\" \/>\n<meta property=\"og:locale\" content=\"fi_FI\" \/>\n<meta property=\"og:type\" content=\"article\" \/>\n<meta property=\"og:title\" content=\"Ty\u00f6ss\u00e4oppiminen - Hiuskilta Original\" \/>\n<meta property=\"og:description\" content=\"Yhdess\u00e4 ty\u00f6paikkaohjaajien kanssa on koottu opas opiskelijalle ty\u00f6ss\u00e4oppimispaikan hakemista ja ty\u00f6skentely\u00e4 varten. Opas k\u00e4sitell\u00e4\u00e4n koulussa yhdess\u00e4 opiskelijoiden kanssa ja siit\u00e4 keskustellaan ennen ty\u00f6ss\u00e4oppimisen alkamista. Opas opiskelijalle ty\u00f6ss\u00e4oppimispaikan hakemista ja ty\u00f6skentely\u00e4 varten Ty\u00f6paikkaohjaajan opas Ty\u00f6paikkaohjaajakoulutus 3ov (Hiusalan sovellus) Ty\u00f6terveyslaitoksen perehdytt\u00e4misen Top10 -lista &nbsp;\" \/>\n<meta property=\"og:url\" content=\"https:\/\/blogit.gradia.fi\/hiuskilta\/tyossaoppiminen\/\" \/>\n<meta property=\"og:site_name\" content=\"Hiuskilta Original\" \/>\n<meta property=\"article:modified_time\" content=\"2016-05-30T07:20:32+00:00\" \/>\n<meta name=\"twitter:card\" content=\"summary_large_image\" \/>\n<script type=\"application\/ld+json\" class=\"yoast-schema-graph\">{\"@context\":\"https:\\\/\\\/schema.org\",\"@graph\":[{\"@type\":\"WebPage\",\"@id\":\"https:\\\/\\\/blogit.gradia.fi\\\/hiuskilta\\\/tyossaoppiminen\\\/\",\"url\":\"https:\\\/\\\/blogit.gradia.fi\\\/hiuskilta\\\/tyossaoppiminen\\\/\",\"name\":\"Ty\u00f6ss\u00e4oppiminen - Hiuskilta Original\",\"isPartOf\":{\"@id\":\"https:\\\/\\\/blogit.gradia.fi\\\/hiuskilta\\\/#website\"},\"datePublished\":\"2015-05-25T07:03:31+00:00\",\"dateModified\":\"2016-05-30T07:20:32+00:00\",\"inLanguage\":\"fi\",\"potentialAction\":[{\"@type\":\"ReadAction\",\"target\":[\"https:\\\/\\\/blogit.gradia.fi\\\/hiuskilta\\\/tyossaoppiminen\\\/\"]}]},{\"@type\":\"WebSite\",\"@id\":\"https:\\\/\\\/blogit.gradia.fi\\\/hiuskilta\\\/#website\",\"url\":\"https:\\\/\\\/blogit.gradia.fi\\\/hiuskilta\\\/\",\"name\":\"Hiuskilta Original\",\"description\":\"Gradia Jyv\u00e4skyl\u00e4n hiusalan avoin oppimisymp\u00e4rist\u00f6\",\"potentialAction\":[{\"@type\":\"SearchAction\",\"target\":{\"@type\":\"EntryPoint\",\"urlTemplate\":\"https:\\\/\\\/blogit.gradia.fi\\\/hiuskilta\\\/?s={search_term_string}\"},\"query-input\":{\"@type\":\"PropertyValueSpecification\",\"valueRequired\":true,\"valueName\":\"search_term_string\"}}],\"inLanguage\":\"fi\"}]}<\/script>\n<!-- \/ Yoast SEO plugin. -->","yoast_head_json":{"title":"Ty\u00f6ss\u00e4oppiminen - Hiuskilta Original","robots":{"index":"index","follow":"follow","max-snippet":"max-snippet:-1","max-image-preview":"max-image-preview:large","max-video-preview":"max-video-preview:-1"},"canonical":"https:\/\/blogit.gradia.fi\/hiuskilta\/tyossaoppiminen\/","og_locale":"fi_FI","og_type":"article","og_title":"Ty\u00f6ss\u00e4oppiminen - Hiuskilta Original","og_description":"Yhdess\u00e4 ty\u00f6paikkaohjaajien kanssa on koottu opas opiskelijalle ty\u00f6ss\u00e4oppimispaikan hakemista ja ty\u00f6skentely\u00e4 varten. Opas k\u00e4sitell\u00e4\u00e4n koulussa yhdess\u00e4 opiskelijoiden kanssa ja siit\u00e4 keskustellaan ennen ty\u00f6ss\u00e4oppimisen alkamista. Opas opiskelijalle ty\u00f6ss\u00e4oppimispaikan hakemista ja ty\u00f6skentely\u00e4 varten Ty\u00f6paikkaohjaajan opas Ty\u00f6paikkaohjaajakoulutus 3ov (Hiusalan sovellus) Ty\u00f6terveyslaitoksen perehdytt\u00e4misen Top10 -lista &nbsp;","og_url":"https:\/\/blogit.gradia.fi\/hiuskilta\/tyossaoppiminen\/","og_site_name":"Hiuskilta Original","article_modified_time":"2016-05-30T07:20:32+00:00","twitter_card":"summary_large_image","schema":{"@context":"https:\/\/schema.org","@graph":[{"@type":"WebPage","@id":"https:\/\/blogit.gradia.fi\/hiuskilta\/tyossaoppiminen\/","url":"https:\/\/blogit.gradia.fi\/hiuskilta\/tyossaoppiminen\/","name":"Ty\u00f6ss\u00e4oppiminen - Hiuskilta Original","isPartOf":{"@id":"https:\/\/blogit.gradia.fi\/hiuskilta\/#website"},"datePublished":"2015-05-25T07:03:31+00:00","dateModified":"2016-05-30T07:20:32+00:00","inLanguage":"fi","potentialAction":[{"@type":"ReadAction","target":["https:\/\/blogit.gradia.fi\/hiuskilta\/tyossaoppiminen\/"]}]},{"@type":"WebSite","@id":"https:\/\/blogit.gradia.fi\/hiuskilta\/#website","url":"https:\/\/blogit.gradia.fi\/hiuskilta\/","name":"Hiuskilta Original","description":"Gradia Jyv\u00e4skyl\u00e4n hiusalan avoin oppimisymp\u00e4rist\u00f6","potentialAction":[{"@type":"SearchAction","target":{"@type":"EntryPoint","urlTemplate":"https:\/\/blogit.gradia.fi\/hiuskilta\/?s={search_term_string}"},"query-input":{"@type":"PropertyValueSpecification","valueRequired":true,"valueName":"search_term_string"}}],"inLanguage":"fi"}]}},"uagb_featured_image_src":{"full":false,"thumbnail":false,"medium":false,"medium_large":false,"large":false,"1536x1536":false,"2048x2048":false,"post-thumbnail":false,"twentyfourteen-full-width":false},"uagb_author_info":{"display_name":"Hanna Frilander","author_link":"https:\/\/blogit.gradia.fi\/hiuskilta\/author\/frilahan\/"},"uagb_comment_info":0,"uagb_excerpt":"Yhdess\u00e4 ty\u00f6paikkaohjaajien kanssa on koottu opas opiskelijalle ty\u00f6ss\u00e4oppimispaikan hakemista ja ty\u00f6skentely\u00e4 varten. Opas k\u00e4sitell\u00e4\u00e4n koulussa yhdess\u00e4 opiskelijoiden kanssa ja siit\u00e4 keskustellaan ennen ty\u00f6ss\u00e4oppimisen alkamista. Opas opiskelijalle ty\u00f6ss\u00e4oppimispaikan hakemista ja ty\u00f6skentely\u00e4 varten Ty\u00f6paikkaohjaajan opas Ty\u00f6paikkaohjaajakoulutus 3ov (Hiusalan sovellus) Ty\u00f6terveyslaitoksen perehdytt\u00e4misen Top10 -lista &nbsp;","_links":{"self":[{"href":"https:\/\/blogit.gradia.fi\/hiuskilta\/wp-json\/wp\/v2\/pages\/674","targetHints":{"allow":["GET"]}}],"collection":[{"href":"https:\/\/blogit.gradia.fi\/hiuskilta\/wp-json\/wp\/v2\/pages"}],"about":[{"href":"https:\/\/blogit.gradia.fi\/hiuskilta\/wp-json\/wp\/v2\/types\/page"}],"author":[{"embeddable":true,"href":"https:\/\/blogit.gradia.fi\/hiuskilta\/wp-json\/wp\/v2\/users\/161"}],"replies":[{"embeddable":true,"href":"https:\/\/blogit.gradia.fi\/hiuskilta\/wp-json\/wp\/v2\/comments?post=674"}],"version-history":[{"count":0,"href":"https:\/\/blogit.gradia.fi\/hiuskilta\/wp-json\/wp\/v2\/pages\/674\/revisions"}],"wp:attachment":[{"href":"https:\/\/blogit.gradia.fi\/hiuskilta\/wp-json\/wp\/v2\/media?parent=674"}],"curies":[{"name":"wp","href":"https:\/\/api.w.org\/{rel}","templated":true}]}}