{"version":"1.0","provider_name":"Hiuskilta Original","provider_url":"https:\/\/blogit.gradia.fi\/hiuskilta","title":"Tervetuloa uudet ja vanhat opiskelijat! - Hiuskilta Original","type":"rich","width":600,"height":338,"html":"<blockquote class=\"wp-embedded-content\" data-secret=\"tL0ev6bkIU\"><a href=\"https:\/\/blogit.gradia.fi\/hiuskilta\/2017\/08\/08\/tervetuloa-uudet-ja-vanhat-opiskelijat\/\">Tervetuloa uudet ja vanhat opiskelijat!<\/a><\/blockquote><iframe sandbox=\"allow-scripts\" security=\"restricted\" src=\"https:\/\/blogit.gradia.fi\/hiuskilta\/2017\/08\/08\/tervetuloa-uudet-ja-vanhat-opiskelijat\/embed\/#?secret=tL0ev6bkIU\" width=\"600\" height=\"338\" title=\"&#8221;Tervetuloa uudet ja vanhat opiskelijat!&#8221; &#8212; Hiuskilta Original\" data-secret=\"tL0ev6bkIU\" frameborder=\"0\" marginwidth=\"0\" marginheight=\"0\" scrolling=\"no\" class=\"wp-embedded-content\"><\/iframe><script>\n\/*! This file is auto-generated *\/\n!function(d,l){\"use strict\";l.querySelector&&d.addEventListener&&\"undefined\"!=typeof URL&&(d.wp=d.wp||{},d.wp.receiveEmbedMessage||(d.wp.receiveEmbedMessage=function(e){var t=e.data;if((t||t.secret||t.message||t.value)&&!\/[^a-zA-Z0-9]\/.test(t.secret)){for(var s,r,n,a=l.querySelectorAll('iframe[data-secret=\"'+t.secret+'\"]'),o=l.querySelectorAll('blockquote[data-secret=\"'+t.secret+'\"]'),c=new RegExp(\"^https?:$\",\"i\"),i=0;i<o.length;i++)o[i].style.display=\"none\";for(i=0;i<a.length;i++)s=a[i],e.source===s.contentWindow&&(s.removeAttribute(\"style\"),\"height\"===t.message?(1e3<(r=parseInt(t.value,10))?r=1e3:~~r<200&&(r=200),s.height=r):\"link\"===t.message&&(r=new URL(s.getAttribute(\"src\")),n=new URL(t.value),c.test(n.protocol))&&n.host===r.host&&l.activeElement===s&&(d.top.location.href=t.value))}},d.addEventListener(\"message\",d.wp.receiveEmbedMessage,!1),l.addEventListener(\"DOMContentLoaded\",function(){for(var e,t,s=l.querySelectorAll(\"iframe.wp-embedded-content\"),r=0;r<s.length;r++)(t=(e=s[r]).getAttribute(\"data-secret\"))||(t=Math.random().toString(36).substring(2,12),e.src+=\"#?secret=\"+t,e.setAttribute(\"data-secret\",t)),e.contentWindow.postMessage({message:\"ready\",secret:t},\"*\")},!1)))}(window,document);\n\/\/# sourceURL=https:\/\/blogit.gradia.fi\/hiuskilta\/wp-includes\/js\/wp-embed.min.js\n<\/script>\n","description":"Hei, taas on koulun aloitus edess\u00e4 ja ensimm\u00e4inen jakso alkaa! Hienoa n\u00e4hd\u00e4 teid\u00e4t kaikki ja toivottavasti k\u00e4yt\u00e4tte monipuolisesti Hiuskilta sivustoamme, joka on meid\u00e4n yhteinen oppimisymp\u00e4rist\u00f6. Pidet\u00e4\u00e4n toisistamme huolta ja tehd\u00e4\u00e4n opiskelusta yhdess\u00e4 hauskaa! Terv. Ope\/valmentajat","thumbnail_url":"https:\/\/blogit.gradia.fi\/hiuskilta\/wp-content\/uploads\/sites\/74\/2015\/05\/IMG_4196-225x300.jpg"}

Hei, taas on koulun aloitus edessä ja ensimmäinen jakso alkaa! Hienoa nähdä teidät kaikki ja toivottavasti käytätte monipuolisesti Hiuskilta sivustoamme, joka on meidän yhteinen oppimisympäristö. Pidetään toisistamme huolta ja tehdään opiskelusta yhdessä hauskaa! Terv. Ope/valmentajat
